[INFO] fetching crate dpr 1.0.0...
[INFO] testing dpr-1.0.0 against 1.69.0 for beta-1.70-1
[INFO] extracting crate dpr 1.0.0 into /workspace/builds/worker-0-tc1/source
[INFO] validating manifest of crates.io crate dpr 1.0.0 on toolchain 1.69.0
[INFO] running `Command { std: CARGO_HOME="/workspace/cargo-home" RUSTUP_HOME="/workspace/rustup-home" "/workspace/cargo-home/bin/cargo" "+1.69.0" "metadata" "--manifest-path" "Cargo.toml" "--no-deps", kill_on_drop: false }`
[INFO] started tweaking crates.io crate dpr 1.0.0
[INFO] finished tweaking crates.io crate dpr 1.0.0
[INFO] tweaked toml for crates.io crate dpr 1.0.0 written to /workspace/builds/worker-0-tc1/source/Cargo.toml
[INFO] crate crates.io crate dpr 1.0.0 already has a lockfile, it will not be regenerated
[INFO] running `Command { std: CARGO_HOME="/workspace/cargo-home" RUSTUP_HOME="/workspace/rustup-home" "/workspace/cargo-home/bin/cargo" "+1.69.0" "fetch" "--manifest-path" "Cargo.toml", kill_on_drop: false }`
[INFO] [stderr]     Blocking waiting for file lock on package cache
[INFO] [stderr]  Downloading crates ...
[INFO] [stderr]   Downloaded version_check v0.9.1
[INFO] [stderr]   Downloaded rand_xoshiro v0.4.0
[INFO] [stderr]   Downloaded sized-chunks v0.5.3
[INFO] [stderr]   Downloaded im v14.3.0
[INFO] [stderr]   Downloaded idata v0.1.2
[INFO] running `Command { std: "docker" "create" "-v" "/var/lib/crater-agent-workspace/builds/worker-0-tc1/target:/opt/rustwide/target:rw,Z" "-v" "/var/lib/crater-agent-workspace/builds/worker-0-tc1/source:/opt/rustwide/workdir:ro,Z" "-v" "/var/lib/crater-agent-workspace/cargo-home:/opt/rustwide/cargo-home:ro,Z" "-v" "/var/lib/crater-agent-workspace/rustup-home:/opt/rustwide/rustup-home:ro,Z" "-e" "SOURCE_DIR=/opt/rustwide/workdir" "-e" "CARGO_TARGET_DIR=/opt/rustwide/target" "-e" "CARGO_HOME=/opt/rustwide/cargo-home" "-e" "RUSTUP_HOME=/opt/rustwide/rustup-home" "-w" "/opt/rustwide/workdir" "-m" "1610612736" "--user" "0:0" "--network" "none" "ghcr.io/rust-lang/crates-build-env/linux@sha256:97d61d7686bf65f8ecb15491ab51835e82dc9176a96a831f143a431b191fc501" "/opt/rustwide/cargo-home/bin/cargo" "+1.69.0" "metadata" "--no-deps" "--format-version=1", kill_on_drop: false }`
[INFO] [stdout] 41ba815a6e11cb35cc9479c36a543e6e63934534152418a318c8631a5443f7fc
[INFO] running `Command { std: "docker" "start" "-a" "41ba815a6e11cb35cc9479c36a543e6e63934534152418a318c8631a5443f7fc", kill_on_drop: false }`
[INFO] running `Command { std: "docker" "inspect" "41ba815a6e11cb35cc9479c36a543e6e63934534152418a318c8631a5443f7fc", kill_on_drop: false }`
[INFO] running `Command { std: "docker" "rm" "-f" "41ba815a6e11cb35cc9479c36a543e6e63934534152418a318c8631a5443f7fc", kill_on_drop: false }`
[INFO] [stdout] 41ba815a6e11cb35cc9479c36a543e6e63934534152418a318c8631a5443f7fc
[INFO] running `Command { std: "docker" "create" "-v" "/var/lib/crater-agent-workspace/builds/worker-0-tc1/target:/opt/rustwide/target:rw,Z" "-v" "/var/lib/crater-agent-workspace/builds/worker-0-tc1/source:/opt/rustwide/workdir:ro,Z" "-v" "/var/lib/crater-agent-workspace/cargo-home:/opt/rustwide/cargo-home:ro,Z" "-v" "/var/lib/crater-agent-workspace/rustup-home:/opt/rustwide/rustup-home:ro,Z" "-e" "SOURCE_DIR=/opt/rustwide/workdir" "-e" "CARGO_TARGET_DIR=/opt/rustwide/target" "-e" "CARGO_INCREMENTAL=0" "-e" "RUST_BACKTRACE=full" "-e" "RUSTFLAGS=--cap-lints=warn" "-e" "RUSTDOCFLAGS=--cap-lints=warn" "-e" "CARGO_HOME=/opt/rustwide/cargo-home" "-e" "RUSTUP_HOME=/opt/rustwide/rustup-home" "-w" "/opt/rustwide/workdir" "-m" "1610612736" "--user" "0:0" "--network" "none" "ghcr.io/rust-lang/crates-build-env/linux@sha256:97d61d7686bf65f8ecb15491ab51835e82dc9176a96a831f143a431b191fc501" "/opt/rustwide/cargo-home/bin/cargo" "+1.69.0" "build" "--frozen" "--message-format=json", kill_on_drop: false }`
[INFO] [stdout] fa4765478004dfd2f67a3641785744408be05c49f3734c62fff3650a35fbc70b
[INFO] running `Command { std: "docker" "start" "-a" "fa4765478004dfd2f67a3641785744408be05c49f3734c62fff3650a35fbc70b", kill_on_drop: false }`
[INFO] [stderr]    Compiling typenum v1.11.2
[INFO] [stderr]    Compiling version_check v0.9.1
[INFO] [stderr]    Compiling rand_core v0.5.1
[INFO] [stderr]    Compiling idata v0.1.2
[INFO] [stderr]    Compiling rand_xoshiro v0.4.0
[INFO] [stderr]    Compiling im v14.3.0
[INFO] [stderr]    Compiling bitmaps v2.1.0
[INFO] [stderr]    Compiling sized-chunks v0.5.3
[INFO] [stderr]    Compiling dpr v1.0.0 (/opt/rustwide/workdir)
[INFO] [stdout] warning: fields `descr`, `line_before`, `line_after`, and `parsing_rules` are never read
[INFO] [stdout]   --> src/parser/mod.rs:70:16
[INFO] [stdout]    |
[INFO] [stdout] 66 | pub struct Error {
[INFO] [stdout]    |            ----- fields in this struct
[INFO] [stdout] ...
[INFO] [stdout] 70 |     pub(crate) descr: String,
[INFO] [stdout]    |                ^^^^^
[INFO] [stdout] 71 |     /// Line content before where error was produced
[INFO] [stdout] 72 |     pub(crate) line_before: String,
[INFO] [stdout]    |                ^^^^^^^^^^^
[INFO] [stdout] 73 |     /// Line content after where error was produced
[INFO] [stdout] 74 |     pub(crate) line_after: String,
[INFO] [stdout]    |                ^^^^^^^^^^
[INFO] [stdout] ...
[INFO] [stdout] 79 |     pub(crate) parsing_rules: Vec<String>,
[INFO] [stdout]    |                ^^^^^^^^^^^^^
[INFO] [stdout]    |
[INFO] [stdout]    = note: `Error` has derived impls for the traits `Clone` and `Debug`, but these are intentionally ignored during dead code analysis
[INFO] [stdout]    = note: `#[warn(dead_code)]` on by default
[INFO] [stdout] 
[INFO] [stdout] 
[INFO] [stdout] warning: 1 warning emitted
[INFO] [stdout] 
[INFO] [stdout] 
[INFO] [stderr]     Finished dev [unoptimized + debuginfo] target(s) in 3.80s
[INFO] running `Command { std: "docker" "inspect" "fa4765478004dfd2f67a3641785744408be05c49f3734c62fff3650a35fbc70b", kill_on_drop: false }`
[INFO] running `Command { std: "docker" "rm" "-f" "fa4765478004dfd2f67a3641785744408be05c49f3734c62fff3650a35fbc70b", kill_on_drop: false }`
[INFO] [stdout] fa4765478004dfd2f67a3641785744408be05c49f3734c62fff3650a35fbc70b
[INFO] running `Command { std: "docker" "create" "-v" "/var/lib/crater-agent-workspace/builds/worker-0-tc1/target:/opt/rustwide/target:rw,Z" "-v" "/var/lib/crater-agent-workspace/builds/worker-0-tc1/source:/opt/rustwide/workdir:ro,Z" "-v" "/var/lib/crater-agent-workspace/cargo-home:/opt/rustwide/cargo-home:ro,Z" "-v" "/var/lib/crater-agent-workspace/rustup-home:/opt/rustwide/rustup-home:ro,Z" "-e" "SOURCE_DIR=/opt/rustwide/workdir" "-e" "CARGO_TARGET_DIR=/opt/rustwide/target" "-e" "CARGO_INCREMENTAL=0" "-e" "RUST_BACKTRACE=full" "-e" "RUSTFLAGS=--cap-lints=warn" "-e" "RUSTDOCFLAGS=--cap-lints=warn" "-e" "CARGO_HOME=/opt/rustwide/cargo-home" "-e" "RUSTUP_HOME=/opt/rustwide/rustup-home" "-w" "/opt/rustwide/workdir" "-m" "1610612736" "--user" "0:0" "--network" "none" "ghcr.io/rust-lang/crates-build-env/linux@sha256:97d61d7686bf65f8ecb15491ab51835e82dc9176a96a831f143a431b191fc501" "/opt/rustwide/cargo-home/bin/cargo" "+1.69.0" "test" "--frozen" "--no-run" "--message-format=json", kill_on_drop: false }`
[INFO] [stdout] ce57dd16408dfd730746246b8c53f5f43f9d79500a9d95bfe40aa102a3421932
[INFO] running `Command { std: "docker" "start" "-a" "ce57dd16408dfd730746246b8c53f5f43f9d79500a9d95bfe40aa102a3421932", kill_on_drop: false }`
[INFO] [stderr]    Compiling dpr v1.0.0 (/opt/rustwide/workdir)
[INFO] [stdout] warning: fields `descr`, `line_before`, `line_after`, and `parsing_rules` are never read
[INFO] [stdout]   --> src/parser/mod.rs:70:16
[INFO] [stdout]    |
[INFO] [stdout] 66 | pub struct Error {
[INFO] [stdout]    |            ----- fields in this struct
[INFO] [stdout] ...
[INFO] [stdout] 70 |     pub(crate) descr: String,
[INFO] [stdout]    |                ^^^^^
[INFO] [stdout] 71 |     /// Line content before where error was produced
[INFO] [stdout] 72 |     pub(crate) line_before: String,
[INFO] [stdout]    |                ^^^^^^^^^^^
[INFO] [stdout] 73 |     /// Line content after where error was produced
[INFO] [stdout] 74 |     pub(crate) line_after: String,
[INFO] [stdout]    |                ^^^^^^^^^^
[INFO] [stdout] ...
[INFO] [stdout] 79 |     pub(crate) parsing_rules: Vec<String>,
[INFO] [stdout]    |                ^^^^^^^^^^^^^
[INFO] [stdout]    |
[INFO] [stdout]    = note: `Error` has derived impls for the traits `Clone` and `Debug`, but these are intentionally ignored during dead code analysis
[INFO] [stdout]    = note: `#[warn(dead_code)]` on by default
[INFO] [stdout] 
[INFO] [stdout] 
[INFO] [stdout] warning: 1 warning emitted
[INFO] [stdout] 
[INFO] [stdout] 
[INFO] [stdout] warning: fields `descr`, `line_before`, `line_after`, and `parsing_rules` are never read
[INFO] [stdout]   --> src/parser/mod.rs:70:16
[INFO] [stdout]    |
[INFO] [stdout] 66 | pub struct Error {
[INFO] [stdout]    |            ----- fields in this struct
[INFO] [stdout] ...
[INFO] [stdout] 70 |     pub(crate) descr: String,
[INFO] [stdout]    |                ^^^^^
[INFO] [stdout] 71 |     /// Line content before where error was produced
[INFO] [stdout] 72 |     pub(crate) line_before: String,
[INFO] [stdout]    |                ^^^^^^^^^^^
[INFO] [stdout] 73 |     /// Line content after where error was produced
[INFO] [stdout] 74 |     pub(crate) line_after: String,
[INFO] [stdout]    |                ^^^^^^^^^^
[INFO] [stdout] ...
[INFO] [stdout] 79 |     pub(crate) parsing_rules: Vec<String>,
[INFO] [stdout]    |                ^^^^^^^^^^^^^
[INFO] [stdout]    |
[INFO] [stdout]    = note: `Error` has derived impls for the traits `Clone` and `Debug`, but these are intentionally ignored during dead code analysis
[INFO] [stdout]    = note: `#[warn(dead_code)]` on by default
[INFO] [stdout] 
[INFO] [stdout] 
[INFO] [stdout] warning: 1 warning emitted
[INFO] [stdout] 
[INFO] [stdout] 
[INFO] [stderr]     Finished test [unoptimized + debuginfo] target(s) in 0.71s
[INFO] running `Command { std: "docker" "inspect" "ce57dd16408dfd730746246b8c53f5f43f9d79500a9d95bfe40aa102a3421932", kill_on_drop: false }`
[INFO] running `Command { std: "docker" "rm" "-f" "ce57dd16408dfd730746246b8c53f5f43f9d79500a9d95bfe40aa102a3421932", kill_on_drop: false }`
[INFO] [stdout] ce57dd16408dfd730746246b8c53f5f43f9d79500a9d95bfe40aa102a3421932
[INFO] running `Command { std: "docker" "create" "-v" "/var/lib/crater-agent-workspace/builds/worker-0-tc1/target:/opt/rustwide/target:rw,Z" "-v" "/var/lib/crater-agent-workspace/builds/worker-0-tc1/source:/opt/rustwide/workdir:ro,Z" "-v" "/var/lib/crater-agent-workspace/cargo-home:/opt/rustwide/cargo-home:ro,Z" "-v" "/var/lib/crater-agent-workspace/rustup-home:/opt/rustwide/rustup-home:ro,Z" "-e" "SOURCE_DIR=/opt/rustwide/workdir" "-e" "CARGO_TARGET_DIR=/opt/rustwide/target" "-e" "CARGO_INCREMENTAL=0" "-e" "RUST_BACKTRACE=full" "-e" "RUSTFLAGS=--cap-lints=warn" "-e" "RUSTDOCFLAGS=--cap-lints=warn" "-e" "CARGO_HOME=/opt/rustwide/cargo-home" "-e" "RUSTUP_HOME=/opt/rustwide/rustup-home" "-w" "/opt/rustwide/workdir" "-m" "1610612736" "--user" "0:0" "--network" "none" "ghcr.io/rust-lang/crates-build-env/linux@sha256:97d61d7686bf65f8ecb15491ab51835e82dc9176a96a831f143a431b191fc501" "/opt/rustwide/cargo-home/bin/cargo" "+1.69.0" "test" "--frozen", kill_on_drop: false }`
[INFO] [stdout] 3b56fb479af4cd3992ce335eedc9a31db512707e1e007a282265dd29e59eb097
[INFO] running `Command { std: "docker" "start" "-a" "3b56fb479af4cd3992ce335eedc9a31db512707e1e007a282265dd29e59eb097", kill_on_drop: false }`
[INFO] [stderr] warning: fields `descr`, `line_before`, `line_after`, and `parsing_rules` are never read
[INFO] [stderr]   --> src/parser/mod.rs:70:16
[INFO] [stderr]    |
[INFO] [stderr] 66 | pub struct Error {
[INFO] [stderr]    |            ----- fields in this struct
[INFO] [stderr] ...
[INFO] [stderr] 70 |     pub(crate) descr: String,
[INFO] [stderr]    |                ^^^^^
[INFO] [stderr] 71 |     /// Line content before where error was produced
[INFO] [stderr] 72 |     pub(crate) line_before: String,
[INFO] [stderr]    |                ^^^^^^^^^^^
[INFO] [stderr] 73 |     /// Line content after where error was produced
[INFO] [stderr] 74 |     pub(crate) line_after: String,
[INFO] [stderr]    |                ^^^^^^^^^^
[INFO] [stderr] ...
[INFO] [stderr] 79 |     pub(crate) parsing_rules: Vec<String>,
[INFO] [stderr]    |                ^^^^^^^^^^^^^
[INFO] [stderr]    |
[INFO] [stderr]    = note: `Error` has derived impls for the traits `Clone` and `Debug`, but these are intentionally ignored during dead code analysis
[INFO] [stderr]    = note: `#[warn(dead_code)]` on by default
[INFO] [stderr] 
[INFO] [stderr] warning: `dpr` (lib) generated 1 warning
[INFO] [stderr] warning: `dpr` (lib test) generated 1 warning (1 duplicate)
[INFO] [stderr]     Finished test [unoptimized + debuginfo] target(s) in 0.01s
[INFO] [stderr]      Running unittests src/lib.rs (/opt/rustwide/target/debug/deps/dpr-d246aa1134e16eca)
[INFO] [stdout] 
[INFO] [stdout] running 26 tests
[INFO] [stdout] test parser::atom::test::test_parse_literal_fail ... ok
[INFO] [stdout] test parser::atom::test::test_parse_dot ... ok
[INFO] [stdout] test parser::atom::test::test_parse_literal_fail2 ... ok
[INFO] [stdout] test parser::atom::test::test_parse_literal_fail_short_text2parse ... ok
[INFO] [stdout] test parser::atom::test::test_parse_literal_ok ... ok
[INFO] [stdout] test parser::atom::test::test_parse_literal_ok2 ... ok
[INFO] [stdout] test parser::atom::test::test_parse_literal_with_new_line ... ok
[INFO] [stdout] test parser::atom::test::test_parse_match_eof_error ... ok
[INFO] [stdout] test parser::atom::test::test_parse_match_eof_ok ... ok
[INFO] [stdout] test parser::atom::test::test_parse_match_err ... ok
[INFO] [stdout] test parser::atom::test::test_parse_match_ok ... ok
[INFO] [stdout] test parser::expression::test::test_parse_not_fail ... ok
[INFO] [stdout] test parser::expression::test::test_parse_and_fail ... ok
[INFO] [stdout] test parser::expression::test::test_parse_literal_ok ... ok
[INFO] [stdout] test parser::expression::test::test_parse_and_ok ... ok
[INFO] [stdout] test parser::expression::test::test_parse_literal_error ... ok
[INFO] [stdout] test parser::expression::test::test_parse_or_fail ... ok
[INFO] [stdout] test parser::test::test_parse_expr_lit ... ok
[INFO] [stdout] test parser::expression::test::test_parse_repeat_ok ... ok
[INFO] [stdout] test parser::expression::test::test_parse_not_ok ... ok
[INFO] [stdout] test parser::test::test_parse_expr_not_ok ... ok
[INFO] [stdout] test parser::expression::test::test_parse_repeat_fail ... ok
[INFO] [stdout] test parser::expression::test::test_parse_or_ok ... ok
[INFO] [stdout] test parser::test::test_parse_expr_and_ok ... ok
[INFO] [stdout] test parser::test::test_parse_expr_repeat_ok ... ok
[INFO] [stdout] test parser::test::test_parse_expr_or_ok ... ok
[INFO] [stdout] 
[INFO] [stdout] test result: ok. 26 passed; 0 failed; 0 ignored; 0 measured; 0 filtered out; finished in 0.00s
[INFO] [stdout] 
[INFO] [stderr]      Running unittests src/main.rs (/opt/rustwide/target/debug/deps/dpr-5874b144a53d6258)
[INFO] [stdout] 
[INFO] [stdout] running 0 tests
[INFO] [stdout] 
[INFO] [stdout] test result: ok. 0 passed; 0 failed; 0 ignored; 0 measured; 0 filtered out; finished in 0.00s
[INFO] [stdout] 
[INFO] [stderr]    Doc-tests dpr
[INFO] [stdout] 
[INFO] [stdout] running 2 tests
[INFO] [stdout] test src/lib.rs - (line 10) ... FAILED
[INFO] [stdout] test src/lib.rs - print_rules2parse_peg2 (line 109) ... ok
[INFO] [stdout] 
[INFO] [stdout] failures:
[INFO] [stdout] 
[INFO] [stdout] ---- src/lib.rs - (line 10) stdout ----
[INFO] [stdout] error[E0061]: this method takes 1 argument but 0 arguments were supplied
[INFO] [stdout]    --> src/lib.rs:24:6
[INFO] [stdout]     |
[INFO] [stdout] 15  |     .replace()?
[INFO] [stdout]     |      ^^^^^^^-- an argument of type `Option<&FnCallBack>` is missing
[INFO] [stdout]     |
[INFO] [stdout] note: method defined here
[INFO] [stdout]    --> /opt/rustwide/workdir/src/lib.rs:140:12
[INFO] [stdout]     |
[INFO] [stdout] 140 |     pub fn replace(
[INFO] [stdout]     |            ^^^^^^^
[INFO] [stdout] help: provide the argument
[INFO] [stdout]     |
[INFO] [stdout] 15  |     .replace(/* Option<&FnCallBack> */)?
[INFO] [stdout]     |             ~~~~~~~~~~~~~~~~~~~~~~~~~~~
[INFO] [stdout] 
[INFO] [stdout] error: aborting due to previous error
[INFO] [stdout] 
[INFO] [stdout] For more information about this error, try `rustc --explain E0061`.
[INFO] [stdout] Couldn't compile the test.
[INFO] [stdout] 
[INFO] [stdout] failures:
[INFO] [stdout]     src/lib.rs - (line 10)
[INFO] [stdout] 
[INFO] [stdout] test result: FAILED. 1 passed; 1 failed; 0 ignored; 0 measured; 0 filtered out; finished in 0.42s
[INFO] [stdout] 
[INFO] [stderr] error: doctest failed, to rerun pass `--doc`
[INFO] running `Command { std: "docker" "inspect" "3b56fb479af4cd3992ce335eedc9a31db512707e1e007a282265dd29e59eb097", kill_on_drop: false }`
[INFO] running `Command { std: "docker" "rm" "-f" "3b56fb479af4cd3992ce335eedc9a31db512707e1e007a282265dd29e59eb097", kill_on_drop: false }`
[INFO] [stdout] 3b56fb479af4cd3992ce335eedc9a31db512707e1e007a282265dd29e59eb097
