[INFO] fetching crate double-checked-cell-async 2.0.2...
[INFO] testing double-checked-cell-async-2.0.2 against beta-2023-04-20 for beta-1.70-1
[INFO] extracting crate double-checked-cell-async 2.0.2 into /workspace/builds/worker-6-tc2/source
[INFO] validating manifest of crates.io crate double-checked-cell-async 2.0.2 on toolchain beta-2023-04-20
[INFO] running `Command { std: CARGO_HOME="/workspace/cargo-home" RUSTUP_HOME="/workspace/rustup-home" "/workspace/cargo-home/bin/cargo" "+beta-2023-04-20" "metadata" "--manifest-path" "Cargo.toml" "--no-deps", kill_on_drop: false }`
[INFO] started tweaking crates.io crate double-checked-cell-async 2.0.2
[INFO] finished tweaking crates.io crate double-checked-cell-async 2.0.2
[INFO] tweaked toml for crates.io crate double-checked-cell-async 2.0.2 written to /workspace/builds/worker-6-tc2/source/Cargo.toml
[INFO] running `Command { std: CARGO_HOME="/workspace/cargo-home" RUSTUP_HOME="/workspace/rustup-home" __CARGO_TEST_CHANNEL_OVERRIDE_DO_NOT_USE_THIS="nightly" "/workspace/cargo-home/bin/cargo" "+beta-2023-04-20" "generate-lockfile" "--manifest-path" "Cargo.toml" "-Zno-index-update", kill_on_drop: false }`
[INFO] running `Command { std: CARGO_HOME="/workspace/cargo-home" RUSTUP_HOME="/workspace/rustup-home" "/workspace/cargo-home/bin/cargo" "+beta-2023-04-20" "fetch" "--manifest-path" "Cargo.toml", kill_on_drop: false }`
[INFO] running `Command { std: "docker" "create" "-v" "/var/lib/crater-agent-workspace/builds/worker-6-tc2/target:/opt/rustwide/target:rw,Z" "-v" "/var/lib/crater-agent-workspace/builds/worker-6-tc2/source:/opt/rustwide/workdir:ro,Z" "-v" "/var/lib/crater-agent-workspace/cargo-home:/opt/rustwide/cargo-home:ro,Z" "-v" "/var/lib/crater-agent-workspace/rustup-home:/opt/rustwide/rustup-home:ro,Z" "-e" "SOURCE_DIR=/opt/rustwide/workdir" "-e" "CARGO_TARGET_DIR=/opt/rustwide/target" "-e" "CARGO_HOME=/opt/rustwide/cargo-home" "-e" "RUSTUP_HOME=/opt/rustwide/rustup-home" "-w" "/opt/rustwide/workdir" "-m" "1610612736" "--user" "0:0" "--network" "none" "ghcr.io/rust-lang/crates-build-env/linux@sha256:5ff2268d62e97bff2cde7d5815dd6ed5b47097566f13b8d0ca110b04b60e07ed" "/opt/rustwide/cargo-home/bin/cargo" "+beta-2023-04-20" "metadata" "--no-deps" "--format-version=1", kill_on_drop: false }`
[INFO] [stdout] 70f3e2f8bba98d07008cc98494caa742dd615ea490c7eed4fea612164a446c71
[INFO] running `Command { std: "docker" "start" "-a" "70f3e2f8bba98d07008cc98494caa742dd615ea490c7eed4fea612164a446c71", kill_on_drop: false }`
[INFO] running `Command { std: "docker" "inspect" "70f3e2f8bba98d07008cc98494caa742dd615ea490c7eed4fea612164a446c71", kill_on_drop: false }`
[INFO] running `Command { std: "docker" "rm" "-f" "70f3e2f8bba98d07008cc98494caa742dd615ea490c7eed4fea612164a446c71", kill_on_drop: false }`
[INFO] [stdout] 70f3e2f8bba98d07008cc98494caa742dd615ea490c7eed4fea612164a446c71
[INFO] running `Command { std: "docker" "create" "-v" "/var/lib/crater-agent-workspace/builds/worker-6-tc2/target:/opt/rustwide/target:rw,Z" "-v" "/var/lib/crater-agent-workspace/builds/worker-6-tc2/source:/opt/rustwide/workdir:ro,Z" "-v" "/var/lib/crater-agent-workspace/cargo-home:/opt/rustwide/cargo-home:ro,Z" "-v" "/var/lib/crater-agent-workspace/rustup-home:/opt/rustwide/rustup-home:ro,Z" "-e" "SOURCE_DIR=/opt/rustwide/workdir" "-e" "CARGO_TARGET_DIR=/opt/rustwide/target" "-e" "CARGO_INCREMENTAL=0" "-e" "RUST_BACKTRACE=full" "-e" "RUSTFLAGS=--cap-lints=warn" "-e" "RUSTDOCFLAGS=--cap-lints=warn" "-e" "CARGO_HOME=/opt/rustwide/cargo-home" "-e" "RUSTUP_HOME=/opt/rustwide/rustup-home" "-w" "/opt/rustwide/workdir" "-m" "1610612736" "--user" "0:0" "--network" "none" "ghcr.io/rust-lang/crates-build-env/linux@sha256:5ff2268d62e97bff2cde7d5815dd6ed5b47097566f13b8d0ca110b04b60e07ed" "/opt/rustwide/cargo-home/bin/cargo" "+beta-2023-04-20" "build" "--frozen" "--message-format=json", kill_on_drop: false }`
[INFO] [stdout] 80f3738c6e05546fabb5d6beb76c28b67c760708c59a95cbfd6f428fd4e329e5
[INFO] running `Command { std: "docker" "start" "-a" "80f3738c6e05546fabb5d6beb76c28b67c760708c59a95cbfd6f428fd4e329e5", kill_on_drop: false }`
[INFO] [stderr]    Compiling proc-macro2 v1.0.56
[INFO] [stderr]    Compiling autocfg v1.1.0
[INFO] [stderr]    Compiling futures-core v0.3.28
[INFO] [stderr]    Compiling futures-channel v0.3.28
[INFO] [stderr]    Compiling memchr v2.5.0
[INFO] [stderr]    Compiling futures-task v0.3.28
[INFO] [stderr]    Compiling futures-util v0.3.28
[INFO] [stderr]    Compiling futures-sink v0.3.28
[INFO] [stderr]    Compiling futures-io v0.3.28
[INFO] [stderr]    Compiling pin-project-lite v0.2.9
[INFO] [stderr]    Compiling void v1.0.2
[INFO] [stderr]    Compiling pin-utils v0.1.0
[INFO] [stderr]    Compiling unreachable v1.0.0
[INFO] [stderr]    Compiling slab v0.4.8
[INFO] [stderr]    Compiling quote v1.0.26
[INFO] [stderr]    Compiling syn v2.0.15
[INFO] [stderr]    Compiling futures-macro v0.3.28
[INFO] [stderr]    Compiling double-checked-cell-async v2.0.2 (/opt/rustwide/workdir)
[INFO] [stderr]     Finished dev [unoptimized + debuginfo] target(s) in 6.25s
[INFO] running `Command { std: "docker" "inspect" "80f3738c6e05546fabb5d6beb76c28b67c760708c59a95cbfd6f428fd4e329e5", kill_on_drop: false }`
[INFO] running `Command { std: "docker" "rm" "-f" "80f3738c6e05546fabb5d6beb76c28b67c760708c59a95cbfd6f428fd4e329e5", kill_on_drop: false }`
[INFO] [stdout] 80f3738c6e05546fabb5d6beb76c28b67c760708c59a95cbfd6f428fd4e329e5
[INFO] running `Command { std: "docker" "create" "-v" "/var/lib/crater-agent-workspace/builds/worker-6-tc2/target:/opt/rustwide/target:rw,Z" "-v" "/var/lib/crater-agent-workspace/builds/worker-6-tc2/source:/opt/rustwide/workdir:ro,Z" "-v" "/var/lib/crater-agent-workspace/cargo-home:/opt/rustwide/cargo-home:ro,Z" "-v" "/var/lib/crater-agent-workspace/rustup-home:/opt/rustwide/rustup-home:ro,Z" "-e" "SOURCE_DIR=/opt/rustwide/workdir" "-e" "CARGO_TARGET_DIR=/opt/rustwide/target" "-e" "CARGO_INCREMENTAL=0" "-e" "RUST_BACKTRACE=full" "-e" "RUSTFLAGS=--cap-lints=warn" "-e" "RUSTDOCFLAGS=--cap-lints=warn" "-e" "CARGO_HOME=/opt/rustwide/cargo-home" "-e" "RUSTUP_HOME=/opt/rustwide/rustup-home" "-w" "/opt/rustwide/workdir" "-m" "1610612736" "--user" "0:0" "--network" "none" "ghcr.io/rust-lang/crates-build-env/linux@sha256:5ff2268d62e97bff2cde7d5815dd6ed5b47097566f13b8d0ca110b04b60e07ed" "/opt/rustwide/cargo-home/bin/cargo" "+beta-2023-04-20" "test" "--frozen" "--no-run" "--message-format=json", kill_on_drop: false }`
[INFO] [stdout] a74e5868c63b369b7166c79e9fc6718e8fd11751b61d92fcc914ee550b7ff141
[INFO] running `Command { std: "docker" "start" "-a" "a74e5868c63b369b7166c79e9fc6718e8fd11751b61d92fcc914ee550b7ff141", kill_on_drop: false }`
[INFO] [stderr]    Compiling syn v1.0.109
[INFO] [stderr]    Compiling bytes v0.5.6
[INFO] [stderr]    Compiling pin-project-lite v0.1.12
[INFO] [stderr]    Compiling futures-executor v0.3.28
[INFO] [stderr]    Compiling futures v0.3.28
[INFO] [stderr]    Compiling tokio-macros v0.2.6
[INFO] [stderr]    Compiling tokio v0.2.25
[INFO] [stderr]    Compiling double-checked-cell-async v2.0.2 (/opt/rustwide/workdir)
[INFO] [stderr]     Finished test [unoptimized + debuginfo] target(s) in 5.21s
[INFO] running `Command { std: "docker" "inspect" "a74e5868c63b369b7166c79e9fc6718e8fd11751b61d92fcc914ee550b7ff141", kill_on_drop: false }`
[INFO] running `Command { std: "docker" "rm" "-f" "a74e5868c63b369b7166c79e9fc6718e8fd11751b61d92fcc914ee550b7ff141", kill_on_drop: false }`
[INFO] [stdout] a74e5868c63b369b7166c79e9fc6718e8fd11751b61d92fcc914ee550b7ff141
[INFO] running `Command { std: "docker" "create" "-v" "/var/lib/crater-agent-workspace/builds/worker-6-tc2/target:/opt/rustwide/target:rw,Z" "-v" "/var/lib/crater-agent-workspace/builds/worker-6-tc2/source:/opt/rustwide/workdir:ro,Z" "-v" "/var/lib/crater-agent-workspace/cargo-home:/opt/rustwide/cargo-home:ro,Z" "-v" "/var/lib/crater-agent-workspace/rustup-home:/opt/rustwide/rustup-home:ro,Z" "-e" "SOURCE_DIR=/opt/rustwide/workdir" "-e" "CARGO_TARGET_DIR=/opt/rustwide/target" "-e" "CARGO_INCREMENTAL=0" "-e" "RUST_BACKTRACE=full" "-e" "RUSTFLAGS=--cap-lints=warn" "-e" "RUSTDOCFLAGS=--cap-lints=warn" "-e" "CARGO_HOME=/opt/rustwide/cargo-home" "-e" "RUSTUP_HOME=/opt/rustwide/rustup-home" "-w" "/opt/rustwide/workdir" "-m" "1610612736" "--user" "0:0" "--network" "none" "ghcr.io/rust-lang/crates-build-env/linux@sha256:5ff2268d62e97bff2cde7d5815dd6ed5b47097566f13b8d0ca110b04b60e07ed" "/opt/rustwide/cargo-home/bin/cargo" "+beta-2023-04-20" "test" "--frozen", kill_on_drop: false }`
[INFO] [stdout] 90cced1a2214efdb51c0d6cfb6846be3c06aff95bf8492cf12b56dcb0f75dccf
[INFO] running `Command { std: "docker" "start" "-a" "90cced1a2214efdb51c0d6cfb6846be3c06aff95bf8492cf12b56dcb0f75dccf", kill_on_drop: false }`
[INFO] [stderr]     Finished test [unoptimized + debuginfo] target(s) in 0.02s
[INFO] [stderr]      Running unittests src/lib.rs (/opt/rustwide/target/debug/deps/double_checked_cell_async-5bd6c5ad0816c093)
[INFO] [stdout] 
[INFO] [stdout] running 3 tests
[INFO] [stdout] test tests::test_sync_send ... ok
[INFO] [stdout] test tests::test_drop ... ok
[INFO] [stdout] test tests::test_threading ... ok
[INFO] [stdout] 
[INFO] [stdout] test result: ok. 3 passed; 0 failed; 0 ignored; 0 measured; 0 filtered out; finished in 0.00s
[INFO] [stdout] 
[INFO] [stderr]    Doc-tests double-checked-cell-async
[INFO] [stdout] 
[INFO] [stdout] running 7 tests
[INFO] [stdout] test src/lib.rs - (line 48) ... FAILED
[INFO] [stdout] test src/lib.rs - DoubleCheckedCell<T>::get (line 137) ... FAILED
[INFO] [stdout] test src/lib.rs - DoubleCheckedCell<T>::new (line 115) ... FAILED
[INFO] [stdout] test src/lib.rs - DoubleCheckedCell<T>::get_or_init (line 162) ... FAILED
[INFO] [stdout] test src/lib.rs - DoubleCheckedCell<T>::into_inner (line 278) ... FAILED
[INFO] [stdout] test src/lib.rs - DoubleCheckedCell<T>::get_or_try_init (line 202) ... FAILED
[INFO] [stdout] test src/lib.rs - (line 20) ... FAILED
[INFO] [stdout] 
[INFO] [stdout] failures:
[INFO] [stdout] 
[INFO] [stdout] ---- src/lib.rs - (line 48) stdout ----
[INFO] [stdout] error[E0432]: unresolved import `double_checked_cell`
[INFO] [stdout]  --> src/lib.rs:53:5
[INFO] [stdout]   |
[INFO] [stdout] 6 | use double_checked_cell::DoubleCheckedCell;
[INFO] [stdout]   |     ^^^^^^^^^^^^^^^^^^^ use of undeclared crate or module `double_checked_cell`
[INFO] [stdout]   |
[INFO] [stdout] help: there is a crate or module with a similar name
[INFO] [stdout]   |
[INFO] [stdout] 6 | use double_checked_cell_async::DoubleCheckedCell;
[INFO] [stdout]   |     ~~~~~~~~~~~~~~~~~~~~~~~~~
[INFO] [stdout] 
[INFO] [stdout] error: aborting due to previous error
[INFO] [stdout] 
[INFO] [stdout] For more information about this error, try `rustc --explain E0432`.
[INFO] [stdout] Couldn't compile the test.
[INFO] [stdout] ---- src/lib.rs - DoubleCheckedCell<T>::get (line 137) stdout ----
[INFO] [stdout] error[E0432]: unresolved import `double_checked_cell`
[INFO] [stdout]  --> src/lib.rs:140:5
[INFO] [stdout]   |
[INFO] [stdout] 4 | use double_checked_cell::DoubleCheckedCell;
[INFO] [stdout]   |     ^^^^^^^^^^^^^^^^^^^ use of undeclared crate or module `double_checked_cell`
[INFO] [stdout]   |
[INFO] [stdout] help: there is a crate or module with a similar name
[INFO] [stdout]   |
[INFO] [stdout] 4 | use double_checked_cell_async::DoubleCheckedCell;
[INFO] [stdout]   |     ~~~~~~~~~~~~~~~~~~~~~~~~~
[INFO] [stdout] 
[INFO] [stdout] error: aborting due to previous error
[INFO] [stdout] 
[INFO] [stdout] For more information about this error, try `rustc --explain E0432`.
[INFO] [stdout] Couldn't compile the test.
[INFO] [stdout] ---- src/lib.rs - DoubleCheckedCell<T>::new (line 115) stdout ----
[INFO] [stdout] error[E0432]: unresolved import `double_checked_cell`
[INFO] [stdout]  --> src/lib.rs:118:5
[INFO] [stdout]   |
[INFO] [stdout] 4 | use double_checked_cell::DoubleCheckedCell;
[INFO] [stdout]   |     ^^^^^^^^^^^^^^^^^^^ use of undeclared crate or module `double_checked_cell`
[INFO] [stdout]   |
[INFO] [stdout] help: there is a crate or module with a similar name
[INFO] [stdout]   |
[INFO] [stdout] 4 | use double_checked_cell_async::DoubleCheckedCell;
[INFO] [stdout]   |     ~~~~~~~~~~~~~~~~~~~~~~~~~
[INFO] [stdout] 
[INFO] [stdout] error: aborting due to previous error
[INFO] [stdout] 
[INFO] [stdout] For more information about this error, try `rustc --explain E0432`.
[INFO] [stdout] Couldn't compile the test.
[INFO] [stdout] ---- src/lib.rs - DoubleCheckedCell<T>::get_or_init (line 162) stdout ----
[INFO] [stdout] error[E0432]: unresolved import `double_checked_cell`
[INFO] [stdout]  --> src/lib.rs:165:5
[INFO] [stdout]   |
[INFO] [stdout] 4 | use double_checked_cell::DoubleCheckedCell;
[INFO] [stdout]   |     ^^^^^^^^^^^^^^^^^^^ use of undeclared crate or module `double_checked_cell`
[INFO] [stdout]   |
[INFO] [stdout] help: there is a crate or module with a similar name
[INFO] [stdout]   |
[INFO] [stdout] 4 | use double_checked_cell_async::DoubleCheckedCell;
[INFO] [stdout]   |     ~~~~~~~~~~~~~~~~~~~~~~~~~
[INFO] [stdout] 
[INFO] [stdout] error: aborting due to previous error
[INFO] [stdout] 
[INFO] [stdout] For more information about this error, try `rustc --explain E0432`.
[INFO] [stdout] Couldn't compile the test.
[INFO] [stdout] ---- src/lib.rs - DoubleCheckedCell<T>::into_inner (line 278) stdout ----
[INFO] [stdout] error[E0432]: unresolved import `double_checked_cell`
[INFO] [stdout]  --> src/lib.rs:281:5
[INFO] [stdout]   |
[INFO] [stdout] 4 | use double_checked_cell::DoubleCheckedCell;
[INFO] [stdout]   |     ^^^^^^^^^^^^^^^^^^^ use of undeclared crate or module `double_checked_cell`
[INFO] [stdout]   |
[INFO] [stdout] help: there is a crate or module with a similar name
[INFO] [stdout]   |
[INFO] [stdout] 4 | use double_checked_cell_async::DoubleCheckedCell;
[INFO] [stdout]   |     ~~~~~~~~~~~~~~~~~~~~~~~~~
[INFO] [stdout] 
[INFO] [stdout] error: aborting due to previous error
[INFO] [stdout] 
[INFO] [stdout] For more information about this error, try `rustc --explain E0432`.
[INFO] [stdout] Couldn't compile the test.
[INFO] [stdout] ---- src/lib.rs - DoubleCheckedCell<T>::get_or_try_init (line 202) stdout ----
[INFO] [stdout] error[E0432]: unresolved import `double_checked_cell`
[INFO] [stdout]  --> src/lib.rs:205:5
[INFO] [stdout]   |
[INFO] [stdout] 4 | use double_checked_cell::DoubleCheckedCell;
[INFO] [stdout]   |     ^^^^^^^^^^^^^^^^^^^ use of undeclared crate or module `double_checked_cell`
[INFO] [stdout]   |
[INFO] [stdout] help: there is a crate or module with a similar name
[INFO] [stdout]   |
[INFO] [stdout] 4 | use double_checked_cell_async::DoubleCheckedCell;
[INFO] [stdout]   |     ~~~~~~~~~~~~~~~~~~~~~~~~~
[INFO] [stdout] 
[INFO] [stdout] error: aborting due to previous error
[INFO] [stdout] 
[INFO] [stdout] For more information about this error, try `rustc --explain E0432`.
[INFO] [stdout] Couldn't compile the test.
[INFO] [stdout] ---- src/lib.rs - (line 20) stdout ----
[INFO] [stdout] error[E0432]: unresolved import `double_checked_cell`
[INFO] [stdout]  --> src/lib.rs:23:5
[INFO] [stdout]   |
[INFO] [stdout] 4 | use double_checked_cell::DoubleCheckedCell;
[INFO] [stdout]   |     ^^^^^^^^^^^^^^^^^^^ use of undeclared crate or module `double_checked_cell`
[INFO] [stdout]   |
[INFO] [stdout] help: there is a crate or module with a similar name
[INFO] [stdout]   |
[INFO] [stdout] 4 | use double_checked_cell_async::DoubleCheckedCell;
[INFO] [stdout]   |     ~~~~~~~~~~~~~~~~~~~~~~~~~
[INFO] [stdout] 
[INFO] [stdout] error: aborting due to previous error
[INFO] [stdout] 
[INFO] [stdout] For more information about this error, try `rustc --explain E0432`.
[INFO] [stdout] Couldn't compile the test.
[INFO] [stdout] 
[INFO] [stdout] failures:
[INFO] [stdout]     src/lib.rs - (line 20)
[INFO] [stdout]     src/lib.rs - (line 48)
[INFO] [stdout]     src/lib.rs - DoubleCheckedCell<T>::get (line 137)
[INFO] [stdout]     src/lib.rs - DoubleCheckedCell<T>::get_or_init (line 162)
[INFO] [stdout]     src/lib.rs - DoubleCheckedCell<T>::get_or_try_init (line 202)
[INFO] [stdout]     src/lib.rs - DoubleCheckedCell<T>::into_inner (line 278)
[INFO] [stdout]     src/lib.rs - DoubleCheckedCell<T>::new (line 115)
[INFO] [stdout] 
[INFO] [stdout] test result: FAILED. 0 passed; 7 failed; 0 ignored; 0 measured; 0 filtered out; finished in 0.04s
[INFO] [stdout] 
[INFO] [stderr] error: doctest failed, to rerun pass `--doc`
[INFO] running `Command { std: "docker" "inspect" "90cced1a2214efdb51c0d6cfb6846be3c06aff95bf8492cf12b56dcb0f75dccf", kill_on_drop: false }`
[INFO] running `Command { std: "docker" "rm" "-f" "90cced1a2214efdb51c0d6cfb6846be3c06aff95bf8492cf12b56dcb0f75dccf", kill_on_drop: false }`
[INFO] [stdout] 90cced1a2214efdb51c0d6cfb6846be3c06aff95bf8492cf12b56dcb0f75dccf
