[INFO] fetching crate doric 0.1.0...
[INFO] testing doric-0.1.0 against 1.69.0 for beta-1.70-1
[INFO] extracting crate doric 0.1.0 into /workspace/builds/worker-6-tc1/source
[INFO] validating manifest of crates.io crate doric 0.1.0 on toolchain 1.69.0
[INFO] running `Command { std: CARGO_HOME="/workspace/cargo-home" RUSTUP_HOME="/workspace/rustup-home" "/workspace/cargo-home/bin/cargo" "+1.69.0" "metadata" "--manifest-path" "Cargo.toml" "--no-deps", kill_on_drop: false }`
[INFO] started tweaking crates.io crate doric 0.1.0
[INFO] removed 1 missing examples
[INFO] finished tweaking crates.io crate doric 0.1.0
[INFO] tweaked toml for crates.io crate doric 0.1.0 written to /workspace/builds/worker-6-tc1/source/Cargo.toml
[INFO] crate crates.io crate doric 0.1.0 already has a lockfile, it will not be regenerated
[INFO] running `Command { std: CARGO_HOME="/workspace/cargo-home" RUSTUP_HOME="/workspace/rustup-home" "/workspace/cargo-home/bin/cargo" "+1.69.0" "fetch" "--manifest-path" "Cargo.toml", kill_on_drop: false }`
[INFO] [stderr]  Downloading crates ...
[INFO] [stderr]   Downloaded crossbeam-queue v0.3.1
[INFO] [stderr]   Downloaded arc-swap v1.2.0
[INFO] running `Command { std: "docker" "create" "-v" "/var/lib/crater-agent-workspace/builds/worker-6-tc1/target:/opt/rustwide/target:rw,Z" "-v" "/var/lib/crater-agent-workspace/builds/worker-6-tc1/source:/opt/rustwide/workdir:ro,Z" "-v" "/var/lib/crater-agent-workspace/cargo-home:/opt/rustwide/cargo-home:ro,Z" "-v" "/var/lib/crater-agent-workspace/rustup-home:/opt/rustwide/rustup-home:ro,Z" "-e" "SOURCE_DIR=/opt/rustwide/workdir" "-e" "CARGO_TARGET_DIR=/opt/rustwide/target" "-e" "CARGO_HOME=/opt/rustwide/cargo-home" "-e" "RUSTUP_HOME=/opt/rustwide/rustup-home" "-w" "/opt/rustwide/workdir" "-m" "1610612736" "--user" "0:0" "--network" "none" "ghcr.io/rust-lang/crates-build-env/linux@sha256:5ff2268d62e97bff2cde7d5815dd6ed5b47097566f13b8d0ca110b04b60e07ed" "/opt/rustwide/cargo-home/bin/cargo" "+1.69.0" "metadata" "--no-deps" "--format-version=1", kill_on_drop: false }`
[INFO] [stdout] 30aa50cd9fa3a5e43b5b9addda89ccf7c2311dff288abac6416d40f20a82e93b
[INFO] running `Command { std: "docker" "start" "-a" "30aa50cd9fa3a5e43b5b9addda89ccf7c2311dff288abac6416d40f20a82e93b", kill_on_drop: false }`
[INFO] running `Command { std: "docker" "inspect" "30aa50cd9fa3a5e43b5b9addda89ccf7c2311dff288abac6416d40f20a82e93b", kill_on_drop: false }`
[INFO] running `Command { std: "docker" "rm" "-f" "30aa50cd9fa3a5e43b5b9addda89ccf7c2311dff288abac6416d40f20a82e93b", kill_on_drop: false }`
[INFO] [stdout] 30aa50cd9fa3a5e43b5b9addda89ccf7c2311dff288abac6416d40f20a82e93b
[INFO] running `Command { std: "docker" "create" "-v" "/var/lib/crater-agent-workspace/builds/worker-6-tc1/target:/opt/rustwide/target:rw,Z" "-v" "/var/lib/crater-agent-workspace/builds/worker-6-tc1/source:/opt/rustwide/workdir:ro,Z" "-v" "/var/lib/crater-agent-workspace/cargo-home:/opt/rustwide/cargo-home:ro,Z" "-v" "/var/lib/crater-agent-workspace/rustup-home:/opt/rustwide/rustup-home:ro,Z" "-e" "SOURCE_DIR=/opt/rustwide/workdir" "-e" "CARGO_TARGET_DIR=/opt/rustwide/target" "-e" "CARGO_INCREMENTAL=0" "-e" "RUST_BACKTRACE=full" "-e" "RUSTFLAGS=--cap-lints=warn" "-e" "RUSTDOCFLAGS=--cap-lints=warn" "-e" "CARGO_HOME=/opt/rustwide/cargo-home" "-e" "RUSTUP_HOME=/opt/rustwide/rustup-home" "-w" "/opt/rustwide/workdir" "-m" "1610612736" "--user" "0:0" "--network" "none" "ghcr.io/rust-lang/crates-build-env/linux@sha256:5ff2268d62e97bff2cde7d5815dd6ed5b47097566f13b8d0ca110b04b60e07ed" "/opt/rustwide/cargo-home/bin/cargo" "+1.69.0" "build" "--frozen" "--message-format=json", kill_on_drop: false }`
[INFO] [stdout] 5922b94362167710f23e8dcf1a59a813f53371cffccf0f6bc3bdd38bdc30737f
[INFO] running `Command { std: "docker" "start" "-a" "5922b94362167710f23e8dcf1a59a813f53371cffccf0f6bc3bdd38bdc30737f", kill_on_drop: false }`
[INFO] [stderr]    Compiling num-traits v0.2.14
[INFO] [stderr]    Compiling libc v0.2.94
[INFO] [stderr]    Compiling num-integer v0.1.44
[INFO] [stderr]    Compiling crossbeam-utils v0.8.4
[INFO] [stderr]    Compiling arc-swap v1.2.0
[INFO] [stderr]    Compiling time v0.1.44
[INFO] [stderr]    Compiling crossbeam-queue v0.3.1
[INFO] [stderr]    Compiling chrono v0.4.19
[INFO] [stderr]    Compiling doric v0.1.0 (/opt/rustwide/workdir)
[INFO] [stdout] warning: field `mode` is never read
[INFO] [stdout]   --> src/encode/parser.rs:11:5
[INFO] [stdout]    |
[INFO] [stdout] 10 | pub struct Parser {
[INFO] [stdout]    |            ------ field in this struct
[INFO] [stdout] 11 |     mode: i32,
[INFO] [stdout]    |     ^^^^
[INFO] [stdout]    |
[INFO] [stdout]    = note: `Parser` has a derived impl for the trait `Debug`, but this is intentionally ignored during dead code analysis
[INFO] [stdout]    = note: `#[warn(dead_code)]` on by default
[INFO] [stdout] 
[INFO] [stdout] 
[INFO] [stdout] warning: 1 warning emitted
[INFO] [stdout] 
[INFO] [stdout] 
[INFO] [stderr]     Finished dev [unoptimized + debuginfo] target(s) in 2.04s
[INFO] running `Command { std: "docker" "inspect" "5922b94362167710f23e8dcf1a59a813f53371cffccf0f6bc3bdd38bdc30737f", kill_on_drop: false }`
[INFO] running `Command { std: "docker" "rm" "-f" "5922b94362167710f23e8dcf1a59a813f53371cffccf0f6bc3bdd38bdc30737f", kill_on_drop: false }`
[INFO] [stdout] 5922b94362167710f23e8dcf1a59a813f53371cffccf0f6bc3bdd38bdc30737f
[INFO] running `Command { std: "docker" "create" "-v" "/var/lib/crater-agent-workspace/builds/worker-6-tc1/target:/opt/rustwide/target:rw,Z" "-v" "/var/lib/crater-agent-workspace/builds/worker-6-tc1/source:/opt/rustwide/workdir:ro,Z" "-v" "/var/lib/crater-agent-workspace/cargo-home:/opt/rustwide/cargo-home:ro,Z" "-v" "/var/lib/crater-agent-workspace/rustup-home:/opt/rustwide/rustup-home:ro,Z" "-e" "SOURCE_DIR=/opt/rustwide/workdir" "-e" "CARGO_TARGET_DIR=/opt/rustwide/target" "-e" "CARGO_INCREMENTAL=0" "-e" "RUST_BACKTRACE=full" "-e" "RUSTFLAGS=--cap-lints=warn" "-e" "RUSTDOCFLAGS=--cap-lints=warn" "-e" "CARGO_HOME=/opt/rustwide/cargo-home" "-e" "RUSTUP_HOME=/opt/rustwide/rustup-home" "-w" "/opt/rustwide/workdir" "-m" "1610612736" "--user" "0:0" "--network" "none" "ghcr.io/rust-lang/crates-build-env/linux@sha256:5ff2268d62e97bff2cde7d5815dd6ed5b47097566f13b8d0ca110b04b60e07ed" "/opt/rustwide/cargo-home/bin/cargo" "+1.69.0" "test" "--frozen" "--no-run" "--message-format=json", kill_on_drop: false }`
[INFO] [stdout] 8f23caca25150a32a935c7a54b6d379acbe4ff43b9b244ed6df093a049b7b04f
[INFO] running `Command { std: "docker" "start" "-a" "8f23caca25150a32a935c7a54b6d379acbe4ff43b9b244ed6df093a049b7b04f", kill_on_drop: false }`
[INFO] [stderr]     Blocking waiting for file lock on package cache
[INFO] [stdout] warning: field `mode` is never read
[INFO] [stdout]   --> src/encode/parser.rs:11:5
[INFO] [stdout]    |
[INFO] [stdout] 10 | pub struct Parser {
[INFO] [stdout]    |            ------ field in this struct
[INFO] [stdout] 11 |     mode: i32,
[INFO] [stdout]    |     ^^^^
[INFO] [stdout]    |
[INFO] [stdout]    = note: `Parser` has a derived impl for the trait `Debug`, but this is intentionally ignored during dead code analysis
[INFO] [stdout]    = note: `#[warn(dead_code)]` on by default
[INFO] [stdout] 
[INFO] [stdout] 
[INFO] [stderr]    Compiling doric v0.1.0 (/opt/rustwide/workdir)
[INFO] [stdout] warning: 1 warning emitted
[INFO] [stdout] 
[INFO] [stdout] 
[INFO] [stdout] warning: field `mode` is never read
[INFO] [stdout]   --> src/encode/parser.rs:11:5
[INFO] [stdout]    |
[INFO] [stdout] 10 | pub struct Parser {
[INFO] [stdout]    |            ------ field in this struct
[INFO] [stdout] 11 |     mode: i32,
[INFO] [stdout]    |     ^^^^
[INFO] [stdout]    |
[INFO] [stdout]    = note: `Parser` has a derived impl for the trait `Debug`, but this is intentionally ignored during dead code analysis
[INFO] [stdout]    = note: `#[warn(dead_code)]` on by default
[INFO] [stdout] 
[INFO] [stdout] 
[INFO] [stdout] warning: 1 warning emitted
[INFO] [stdout] 
[INFO] [stdout] 
[INFO] [stderr]     Finished test [unoptimized + debuginfo] target(s) in 0.88s
[INFO] running `Command { std: "docker" "inspect" "8f23caca25150a32a935c7a54b6d379acbe4ff43b9b244ed6df093a049b7b04f", kill_on_drop: false }`
[INFO] running `Command { std: "docker" "rm" "-f" "8f23caca25150a32a935c7a54b6d379acbe4ff43b9b244ed6df093a049b7b04f", kill_on_drop: false }`
[INFO] [stdout] 8f23caca25150a32a935c7a54b6d379acbe4ff43b9b244ed6df093a049b7b04f
[INFO] running `Command { std: "docker" "create" "-v" "/var/lib/crater-agent-workspace/builds/worker-6-tc1/target:/opt/rustwide/target:rw,Z" "-v" "/var/lib/crater-agent-workspace/builds/worker-6-tc1/source:/opt/rustwide/workdir:ro,Z" "-v" "/var/lib/crater-agent-workspace/cargo-home:/opt/rustwide/cargo-home:ro,Z" "-v" "/var/lib/crater-agent-workspace/rustup-home:/opt/rustwide/rustup-home:ro,Z" "-e" "SOURCE_DIR=/opt/rustwide/workdir" "-e" "CARGO_TARGET_DIR=/opt/rustwide/target" "-e" "CARGO_INCREMENTAL=0" "-e" "RUST_BACKTRACE=full" "-e" "RUSTFLAGS=--cap-lints=warn" "-e" "RUSTDOCFLAGS=--cap-lints=warn" "-e" "CARGO_HOME=/opt/rustwide/cargo-home" "-e" "RUSTUP_HOME=/opt/rustwide/rustup-home" "-w" "/opt/rustwide/workdir" "-m" "1610612736" "--user" "0:0" "--network" "none" "ghcr.io/rust-lang/crates-build-env/linux@sha256:5ff2268d62e97bff2cde7d5815dd6ed5b47097566f13b8d0ca110b04b60e07ed" "/opt/rustwide/cargo-home/bin/cargo" "+1.69.0" "test" "--frozen", kill_on_drop: false }`
[INFO] [stdout] b238141ea47339d153a46e5eca9f298c2f951b76c1d8650d228838c85049153d
[INFO] running `Command { std: "docker" "start" "-a" "b238141ea47339d153a46e5eca9f298c2f951b76c1d8650d228838c85049153d", kill_on_drop: false }`
[INFO] [stderr] warning: field `mode` is never read
[INFO] [stderr]   --> src/encode/parser.rs:11:5
[INFO] [stderr]    |
[INFO] [stderr] 10 | pub struct Parser {
[INFO] [stderr]    |            ------ field in this struct
[INFO] [stderr] 11 |     mode: i32,
[INFO] [stderr]    |     ^^^^
[INFO] [stderr]    |
[INFO] [stderr]    = note: `Parser` has a derived impl for the trait `Debug`, but this is intentionally ignored during dead code analysis
[INFO] [stderr]    = note: `#[warn(dead_code)]` on by default
[INFO] [stderr] 
[INFO] [stderr] warning: `doric` (lib) generated 1 warning
[INFO] [stderr] warning: `doric` (lib test) generated 1 warning (1 duplicate)
[INFO] [stderr]     Finished test [unoptimized + debuginfo] target(s) in 0.02s
[INFO] [stderr]      Running unittests src/lib.rs (/opt/rustwide/target/debug/deps/doric-edaf1a6889207664)
[INFO] [stderr]    Doc-tests doric
[INFO] [stdout] 
[INFO] [stdout] running 0 tests
[INFO] [stdout] 
[INFO] [stdout] test result: ok. 0 passed; 0 failed; 0 ignored; 0 measured; 0 filtered out; finished in 0.00s
[INFO] [stdout] 
[INFO] [stdout] 
[INFO] [stdout] running 1 test
[INFO] [stdout] test src/config.rs - config::init_config (line 18) ... FAILED
[INFO] [stdout] 
[INFO] [stdout] failures:
[INFO] [stdout] 
[INFO] [stdout] ---- src/config.rs - config::init_config (line 18) stdout ----
[INFO] [stdout] error: cannot find macro `error` in this scope
[INFO] [stdout]   --> src/config.rs:28:1
[INFO] [stdout]    |
[INFO] [stdout] 13 | error!("error log test{:?}", 9090);
[INFO] [stdout]    | ^^^^^
[INFO] [stdout]    |
[INFO] [stdout]    = help: consider importing this macro:
[INFO] [stdout]            log::error
[INFO] [stdout] 
[INFO] [stdout] error[E0433]: failed to resolve: use of undeclared crate or module `config`
[INFO] [stdout]  --> src/config.rs:19:12
[INFO] [stdout]   |
[INFO] [stdout] 4 | let conf = config::Config {
[INFO] [stdout]   |            ^^^^^^ use of undeclared crate or module `config`
[INFO] [stdout] 
[INFO] [stdout] error[E0433]: failed to resolve: use of undeclared crate or module `config`
[INFO] [stdout]   --> src/config.rs:27:1
[INFO] [stdout]    |
[INFO] [stdout] 12 | config::init_config(&conf);
[INFO] [stdout]    | ^^^^^^ use of undeclared crate or module `config`
[INFO] [stdout] 
[INFO] [stdout] error: aborting due to 3 previous errors
[INFO] [stdout] 
[INFO] [stdout] For more information about this error, try `rustc --explain E0433`.
[INFO] [stdout] Couldn't compile the test.
[INFO] [stdout] 
[INFO] [stdout] failures:
[INFO] [stdout]     src/config.rs - config::init_config (line 18)
[INFO] [stdout] 
[INFO] [stdout] test result: FAILED. 0 passed; 1 failed; 0 ignored; 0 measured; 0 filtered out; finished in 0.08s
[INFO] [stdout] 
[INFO] [stderr] error: doctest failed, to rerun pass `--doc`
[INFO] running `Command { std: "docker" "inspect" "b238141ea47339d153a46e5eca9f298c2f951b76c1d8650d228838c85049153d", kill_on_drop: false }`
[INFO] running `Command { std: "docker" "rm" "-f" "b238141ea47339d153a46e5eca9f298c2f951b76c1d8650d228838c85049153d", kill_on_drop: false }`
[INFO] [stdout] b238141ea47339d153a46e5eca9f298c2f951b76c1d8650d228838c85049153d
