[INFO] fetching crate domino_program 0.1.2...
[INFO] testing domino_program-0.1.2 against 1.69.0 for beta-1.70-1
[INFO] extracting crate domino_program 0.1.2 into /workspace/builds/worker-2-tc1/source
[INFO] validating manifest of crates.io crate domino_program 0.1.2 on toolchain 1.69.0
[INFO] running `Command { std: CARGO_HOME="/workspace/cargo-home" RUSTUP_HOME="/workspace/rustup-home" "/workspace/cargo-home/bin/cargo" "+1.69.0" "metadata" "--manifest-path" "Cargo.toml" "--no-deps", kill_on_drop: false }`
[INFO] started tweaking crates.io crate domino_program 0.1.2
[INFO] finished tweaking crates.io crate domino_program 0.1.2
[INFO] tweaked toml for crates.io crate domino_program 0.1.2 written to /workspace/builds/worker-2-tc1/source/Cargo.toml
[INFO] running `Command { std: CARGO_HOME="/workspace/cargo-home" RUSTUP_HOME="/workspace/rustup-home" __CARGO_TEST_CHANNEL_OVERRIDE_DO_NOT_USE_THIS="nightly" "/workspace/cargo-home/bin/cargo" "+1.69.0" "generate-lockfile" "--manifest-path" "Cargo.toml" "-Zno-index-update", kill_on_drop: false }`
[INFO] running `Command { std: CARGO_HOME="/workspace/cargo-home" RUSTUP_HOME="/workspace/rustup-home" "/workspace/cargo-home/bin/cargo" "+1.69.0" "fetch" "--manifest-path" "Cargo.toml", kill_on_drop: false }`
[INFO] [stderr]  Downloading crates ...
[INFO] [stderr]   Downloaded solana-frozen-abi v1.10.0
[INFO] [stderr]   Downloaded solana-frozen-abi-macro v1.10.0
[INFO] [stderr]   Downloaded solana-sdk-macro v1.10.0
[INFO] [stderr]   Downloaded solana-logger v1.10.0
[INFO] running `Command { std: "docker" "create" "-v" "/var/lib/crater-agent-workspace/builds/worker-2-tc1/target:/opt/rustwide/target:rw,Z" "-v" "/var/lib/crater-agent-workspace/builds/worker-2-tc1/source:/opt/rustwide/workdir:ro,Z" "-v" "/var/lib/crater-agent-workspace/cargo-home:/opt/rustwide/cargo-home:ro,Z" "-v" "/var/lib/crater-agent-workspace/rustup-home:/opt/rustwide/rustup-home:ro,Z" "-e" "SOURCE_DIR=/opt/rustwide/workdir" "-e" "CARGO_TARGET_DIR=/opt/rustwide/target" "-e" "CARGO_HOME=/opt/rustwide/cargo-home" "-e" "RUSTUP_HOME=/opt/rustwide/rustup-home" "-w" "/opt/rustwide/workdir" "-m" "1610612736" "--user" "0:0" "--network" "none" "ghcr.io/rust-lang/crates-build-env/linux@sha256:5ff2268d62e97bff2cde7d5815dd6ed5b47097566f13b8d0ca110b04b60e07ed" "/opt/rustwide/cargo-home/bin/cargo" "+1.69.0" "metadata" "--no-deps" "--format-version=1", kill_on_drop: false }`
[INFO] [stdout] adaf2fbe286d66f0ff8f4a4ed1d656f2ee0a5ac14d27d8e4e9757b0b561d711a
[INFO] running `Command { std: "docker" "start" "-a" "adaf2fbe286d66f0ff8f4a4ed1d656f2ee0a5ac14d27d8e4e9757b0b561d711a", kill_on_drop: false }`
[INFO] running `Command { std: "docker" "inspect" "adaf2fbe286d66f0ff8f4a4ed1d656f2ee0a5ac14d27d8e4e9757b0b561d711a", kill_on_drop: false }`
[INFO] running `Command { std: "docker" "rm" "-f" "adaf2fbe286d66f0ff8f4a4ed1d656f2ee0a5ac14d27d8e4e9757b0b561d711a", kill_on_drop: false }`
[INFO] [stdout] adaf2fbe286d66f0ff8f4a4ed1d656f2ee0a5ac14d27d8e4e9757b0b561d711a
[INFO] running `Command { std: "docker" "create" "-v" "/var/lib/crater-agent-workspace/builds/worker-2-tc1/target:/opt/rustwide/target:rw,Z" "-v" "/var/lib/crater-agent-workspace/builds/worker-2-tc1/source:/opt/rustwide/workdir:ro,Z" "-v" "/var/lib/crater-agent-workspace/cargo-home:/opt/rustwide/cargo-home:ro,Z" "-v" "/var/lib/crater-agent-workspace/rustup-home:/opt/rustwide/rustup-home:ro,Z" "-e" "SOURCE_DIR=/opt/rustwide/workdir" "-e" "CARGO_TARGET_DIR=/opt/rustwide/target" "-e" "CARGO_INCREMENTAL=0" "-e" "RUST_BACKTRACE=full" "-e" "RUSTFLAGS=--cap-lints=warn" "-e" "RUSTDOCFLAGS=--cap-lints=warn" "-e" "CARGO_HOME=/opt/rustwide/cargo-home" "-e" "RUSTUP_HOME=/opt/rustwide/rustup-home" "-w" "/opt/rustwide/workdir" "-m" "1610612736" "--user" "0:0" "--network" "none" "ghcr.io/rust-lang/crates-build-env/linux@sha256:5ff2268d62e97bff2cde7d5815dd6ed5b47097566f13b8d0ca110b04b60e07ed" "/opt/rustwide/cargo-home/bin/cargo" "+1.69.0" "build" "--frozen" "--message-format=json", kill_on_drop: false }`
[INFO] [stdout] a094032cb7d665f4351da776fcb7ff8557657beee11a2a4dd07c31bd3c81bb41
[INFO] running `Command { std: "docker" "start" "-a" "a094032cb7d665f4351da776fcb7ff8557657beee11a2a4dd07c31bd3c81bb41", kill_on_drop: false }`
[INFO] [stderr]    Compiling serde v1.0.160
[INFO] [stderr]    Compiling subtle v2.4.1
[INFO] [stderr]    Compiling crunchy v0.2.2
[INFO] [stderr]    Compiling semver v1.0.17
[INFO] [stderr]    Compiling getrandom v0.1.16
[INFO] [stderr]    Compiling generic-array v0.14.7
[INFO] [stderr]    Compiling feature-probe v0.1.1
[INFO] [stderr]    Compiling once_cell v1.17.1
[INFO] [stderr]    Compiling bumpalo v3.12.1
[INFO] [stderr]    Compiling getrandom v0.2.9
[INFO] [stderr]    Compiling rustversion v1.0.12
[INFO] [stderr]    Compiling blake3 v1.3.3
[INFO] [stderr]    Compiling num-traits v0.2.15
[INFO] [stderr]    Compiling borsh-derive-internal v0.9.3
[INFO] [stderr]    Compiling borsh-schema-derive-internal v0.9.3
[INFO] [stderr]    Compiling bv v0.11.1
[INFO] [stderr]    Compiling wasm-bindgen-backend v0.2.84
[INFO] [stderr]    Compiling ahash v0.7.6
[INFO] [stderr]    Compiling bs58 v0.4.0
[INFO] [stderr]    Compiling arrayref v0.3.7
[INFO] [stderr]    Compiling bytemuck_derive v1.4.1
[INFO] [stderr]    Compiling memmap2 v0.5.10
[INFO] [stderr]    Compiling hashbrown v0.11.2
[INFO] [stderr]    Compiling rand_core v0.5.1
[INFO] [stderr]    Compiling keccak v0.1.3
[INFO] [stderr]    Compiling rustc_version v0.4.0
[INFO] [stderr]    Compiling rand_chacha v0.2.2
[INFO] [stderr]    Compiling byteorder v1.4.3
[INFO] [stderr]    Compiling base64 v0.12.3
[INFO] [stderr]    Compiling digest v0.9.0
[INFO] [stderr]    Compiling arrayvec v0.7.2
[INFO] [stderr]    Compiling constant_time_eq v0.2.5
[INFO] [stderr]    Compiling libsecp256k1-core v0.2.2
[INFO] [stderr]    Compiling zeroize v1.3.0
[INFO] [stderr]    Compiling either v1.8.1
[INFO] [stderr]    Compiling rand v0.7.3
[INFO] [stderr]    Compiling num-derive v0.3.3
[INFO] [stderr]    Compiling solana-frozen-abi-macro v1.10.0
[INFO] [stderr]    Compiling solana-frozen-abi v1.10.0
[INFO] [stderr]    Compiling itertools v0.10.5
[INFO] [stderr]    Compiling wasm-bindgen-macro-support v0.2.84
[INFO] [stderr]    Compiling solana-sdk-macro v1.10.0
[INFO] [stderr]    Compiling bytemuck v1.13.1
[INFO] [stderr]    Compiling libsecp256k1-gen-ecmult v0.2.1
[INFO] [stderr]    Compiling libsecp256k1-gen-genmult v0.2.1
[INFO] [stderr]    Compiling libsecp256k1 v0.6.0
[INFO] [stderr]    Compiling wasm-bindgen-macro v0.2.84
[INFO] [stderr]    Compiling wasm-bindgen v0.2.84
[INFO] [stderr]    Compiling toml v0.5.11
[INFO] [stderr]    Compiling serde_bytes v0.11.9
[INFO] [stderr]    Compiling bincode v1.3.3
[INFO] [stderr]    Compiling crypto-common v0.1.6
[INFO] [stderr]    Compiling block-buffer v0.10.4
[INFO] [stderr]    Compiling crypto-mac v0.8.0
[INFO] [stderr]    Compiling block-buffer v0.9.0
[INFO] [stderr]    Compiling digest v0.10.6
[INFO] [stderr]    Compiling hmac v0.8.1
[INFO] [stderr]    Compiling curve25519-dalek v3.2.1
[INFO] [stderr]    Compiling sha2 v0.9.9
[INFO] [stderr]    Compiling hmac-drbg v0.3.0
[INFO] [stderr]    Compiling sha2 v0.10.6
[INFO] [stderr]    Compiling sha3 v0.10.7
[INFO] [stderr]    Compiling proc-macro-crate v0.1.5
[INFO] [stderr]    Compiling borsh-derive v0.9.3
[INFO] [stderr]    Compiling borsh v0.9.3
[INFO] [stderr]    Compiling domino_program v0.1.2 (/opt/rustwide/workdir)
[INFO] [stderr]     Finished dev [unoptimized + debuginfo] target(s) in 19.89s
[INFO] running `Command { std: "docker" "inspect" "a094032cb7d665f4351da776fcb7ff8557657beee11a2a4dd07c31bd3c81bb41", kill_on_drop: false }`
[INFO] running `Command { std: "docker" "rm" "-f" "a094032cb7d665f4351da776fcb7ff8557657beee11a2a4dd07c31bd3c81bb41", kill_on_drop: false }`
[INFO] [stdout] a094032cb7d665f4351da776fcb7ff8557657beee11a2a4dd07c31bd3c81bb41
[INFO] running `Command { std: "docker" "create" "-v" "/var/lib/crater-agent-workspace/builds/worker-2-tc1/target:/opt/rustwide/target:rw,Z" "-v" "/var/lib/crater-agent-workspace/builds/worker-2-tc1/source:/opt/rustwide/workdir:ro,Z" "-v" "/var/lib/crater-agent-workspace/cargo-home:/opt/rustwide/cargo-home:ro,Z" "-v" "/var/lib/crater-agent-workspace/rustup-home:/opt/rustwide/rustup-home:ro,Z" "-e" "SOURCE_DIR=/opt/rustwide/workdir" "-e" "CARGO_TARGET_DIR=/opt/rustwide/target" "-e" "CARGO_INCREMENTAL=0" "-e" "RUST_BACKTRACE=full" "-e" "RUSTFLAGS=--cap-lints=warn" "-e" "RUSTDOCFLAGS=--cap-lints=warn" "-e" "CARGO_HOME=/opt/rustwide/cargo-home" "-e" "RUSTUP_HOME=/opt/rustwide/rustup-home" "-w" "/opt/rustwide/workdir" "-m" "1610612736" "--user" "0:0" "--network" "none" "ghcr.io/rust-lang/crates-build-env/linux@sha256:5ff2268d62e97bff2cde7d5815dd6ed5b47097566f13b8d0ca110b04b60e07ed" "/opt/rustwide/cargo-home/bin/cargo" "+1.69.0" "test" "--frozen" "--no-run" "--message-format=json", kill_on_drop: false }`
[INFO] [stdout] 4f91aecdb4563296c8b2ce9e3556fdcddc24a5cebe5ab40bd95183a334c650d7
[INFO] running `Command { std: "docker" "start" "-a" "4f91aecdb4563296c8b2ce9e3556fdcddc24a5cebe5ab40bd95183a334c650d7", kill_on_drop: false }`
[INFO] [stderr]    Compiling log v0.4.17
[INFO] [stderr]    Compiling aho-corasick v1.0.1
[INFO] [stderr]    Compiling regex-syntax v0.7.1
[INFO] [stderr]    Compiling atty v0.2.14
[INFO] [stderr]    Compiling termcolor v1.2.0
[INFO] [stderr]    Compiling humantime v2.1.0
[INFO] [stderr]    Compiling anyhow v1.0.71
[INFO] [stderr]    Compiling assert_matches v1.5.0
[INFO] [stderr]    Compiling serde_json v1.0.96
[INFO] [stderr]    Compiling wasm-bindgen-backend v0.2.84
[INFO] [stderr]    Compiling solana-frozen-abi v1.10.0
[INFO] [stderr]    Compiling wasm-bindgen-macro-support v0.2.84
[INFO] [stderr]    Compiling regex v1.8.1
[INFO] [stderr]    Compiling wasm-bindgen-macro v0.2.84
[INFO] [stderr]    Compiling env_logger v0.9.3
[INFO] [stderr]    Compiling solana-logger v1.10.0
[INFO] [stderr]    Compiling wasm-bindgen v0.2.84
[INFO] [stderr]    Compiling domino_program v0.1.2 (/opt/rustwide/workdir)
[INFO] [stderr]     Finished test [unoptimized + debuginfo] target(s) in 13.79s
[INFO] running `Command { std: "docker" "inspect" "4f91aecdb4563296c8b2ce9e3556fdcddc24a5cebe5ab40bd95183a334c650d7", kill_on_drop: false }`
[INFO] running `Command { std: "docker" "rm" "-f" "4f91aecdb4563296c8b2ce9e3556fdcddc24a5cebe5ab40bd95183a334c650d7", kill_on_drop: false }`
[INFO] [stdout] 4f91aecdb4563296c8b2ce9e3556fdcddc24a5cebe5ab40bd95183a334c650d7
[INFO] running `Command { std: "docker" "create" "-v" "/var/lib/crater-agent-workspace/builds/worker-2-tc1/target:/opt/rustwide/target:rw,Z" "-v" "/var/lib/crater-agent-workspace/builds/worker-2-tc1/source:/opt/rustwide/workdir:ro,Z" "-v" "/var/lib/crater-agent-workspace/cargo-home:/opt/rustwide/cargo-home:ro,Z" "-v" "/var/lib/crater-agent-workspace/rustup-home:/opt/rustwide/rustup-home:ro,Z" "-e" "SOURCE_DIR=/opt/rustwide/workdir" "-e" "CARGO_TARGET_DIR=/opt/rustwide/target" "-e" "CARGO_INCREMENTAL=0" "-e" "RUST_BACKTRACE=full" "-e" "RUSTFLAGS=--cap-lints=warn" "-e" "RUSTDOCFLAGS=--cap-lints=warn" "-e" "CARGO_HOME=/opt/rustwide/cargo-home" "-e" "RUSTUP_HOME=/opt/rustwide/rustup-home" "-w" "/opt/rustwide/workdir" "-m" "1610612736" "--user" "0:0" "--network" "none" "ghcr.io/rust-lang/crates-build-env/linux@sha256:5ff2268d62e97bff2cde7d5815dd6ed5b47097566f13b8d0ca110b04b60e07ed" "/opt/rustwide/cargo-home/bin/cargo" "+1.69.0" "test" "--frozen", kill_on_drop: false }`
[INFO] [stdout] 3cd92e3db3af45036554fb91cccaf4ccc9d281f3b32bc3ed13ec34caab4fe10b
[INFO] running `Command { std: "docker" "start" "-a" "3cd92e3db3af45036554fb91cccaf4ccc9d281f3b32bc3ed13ec34caab4fe10b", kill_on_drop: false }`
[INFO] [stderr]     Finished test [unoptimized + debuginfo] target(s) in 0.11s
[INFO] [stderr]      Running unittests src/lib.rs (/opt/rustwide/target/debug/deps/domino_program-7e8e13f547126d0a)
[INFO] [stdout] 
[INFO] [stdout] running 170 tests
[INFO] [stdout] test account_info::tests::test_account_info_as_ref ... ok
[INFO] [stdout] test account_info::tests::test_next_account_infos ... ok
[INFO] [stdout] test blake3::tests::test_new_unique ... ok
[INFO] [stdout] test blake3::tests::test_extend_and_hash ... ok
[INFO] [stdout] test borsh::tests::instance_packed_len_with_varying_sizes_in_hashmap ... ok
[INFO] [stdout] test borsh::tests::instance_packed_len_with_vec ... ok
[INFO] [stdout] test blake3::tests::test_hash_fromstr ... ok
[INFO] [stdout] test borsh::tests::instance_packed_len_matches_packed_len ... ok
[INFO] [stdout] test account_info::tests::test_account_info_debug_data ... ok
[INFO] [stdout] test borsh::tests::packed_len ... ok
[INFO] [stdout] test borsh::tests::unchecked_deserialization ... ok
[INFO] [stdout] test bpf_loader::test_id ... ok
[INFO] [stdout] test bpf_loader_deprecated::test_id ... ok
[INFO] [stdout] test bpf_loader_upgradeable::test_id ... ok
[INFO] [stdout] test bpf_loader_upgradeable::tests::test_account_lengths ... ok
[INFO] [stdout] test bpf_loader_upgradeable::tests::test_is_set_authority_instruction ... ok
[INFO] [stdout] test bpf_loader_upgradeable::tests::test_is_upgrade_instruction ... ok
[INFO] [stdout] test config::program::test_id ... ok
[INFO] [stdout] test ed25519_program::test_id ... ok
[INFO] [stdout] test decode_error::tests::test_decode_custom_error_to_enum ... ok
[INFO] [stdout] test entrypoint::test::test_bump_allocator ... ok
[INFO] [stdout] test feature::test_id ... ok
[INFO] [stdout] test fee_calculator::tests::test_fee_calculator_calculate_fee ... ok
[INFO] [stdout] test incinerator::test_id ... ok
[INFO] [stdout] test fee_calculator::tests::test_fee_rate_governor_derived_default ... ok
[INFO] [stdout] test hash::tests::test_new_unique ... ok
[INFO] [stdout] test instruction::test_account_meta_layout ... ok
[INFO] [stdout] test message::legacy::tests::test_message_header_len_constant ... ok
[INFO] [stdout] test message::legacy::tests::test_builtin_program_keys ... ok
[INFO] [stdout] test message::legacy::tests::test_is_non_loader_key ... ok
[INFO] [stdout] test message::legacy::tests::test_message_program_last ... ok
[INFO] [stdout] test message::legacy::tests::test_message_kitchen_sink ... ok
[INFO] [stdout] test message::legacy::tests::test_message_signed_keys_first ... ok
[INFO] [stdout] test feature::test::feature_sizeof ... ok
[INFO] [stdout] test message::legacy::tests::test_message_unique_keys_both_signed ... ok
[INFO] [stdout] test message::legacy::tests::test_message_signed_keys_len ... ok
[INFO] [stdout] test fee_calculator::tests::test_fee_calculator_calculate_fee_secp256k1 ... ok
[INFO] [stdout] test message::legacy::tests::test_message_unique_keys_not_adjacent ... ok
[INFO] [stdout] test message::legacy::tests::test_message_hash ... ok
[INFO] [stdout] test message::legacy::tests::test_message_unique_keys_signed_and_payer ... ok
[INFO] [stdout] test message::legacy::tests::test_message_readonly_keys_last ... ok
[INFO] [stdout] test message::legacy::tests::test_message_unique_keys_one_signed ... ok
[INFO] [stdout] test message::legacy::tests::test_is_writable ... ok
[INFO] [stdout] test message::legacy::tests::test_message_unique_program_ids ... ok
[INFO] [stdout] test message::legacy::tests::test_message_unique_keys_one_readonly_unsigned ... ok
[INFO] [stdout] test message::legacy::tests::test_message_unique_keys_one_readonly_signed ... ok
[INFO] [stdout] test message::legacy::tests::test_message_unique_program_ids_not_adjacent ... ok
[INFO] [stdout] test message::legacy::tests::test_message_unique_program_ids_order_preserved ... ok
[INFO] [stdout] test message::legacy::tests::test_program_ids ... ok
[INFO] [stdout] test message::legacy::tests::test_program_position ... ok
[INFO] [stdout] test message::non_bpf_modules::account_keys::tests::test_get ... ok
[INFO] [stdout] test message::non_bpf_modules::account_keys::tests::test_get_with_dynamic_keys ... ok
[INFO] [stdout] test message::non_bpf_modules::account_keys::tests::test_iter ... ok
[INFO] [stdout] test message::non_bpf_modules::account_keys::tests::test_key_segment_iter ... ok
[INFO] [stdout] test message::non_bpf_modules::account_keys::tests::test_iter_with_dynamic_keys ... ok
[INFO] [stdout] test message::legacy::tests::test_message_unique_keys_order_preserved ... ok
[INFO] [stdout] test message::non_bpf_modules::account_keys::tests::test_len_with_dynamic_keys ... ok
[INFO] [stdout] test message::non_bpf_modules::sanitized::tests::test_num_readonly_accounts ... ok
[INFO] [stdout] test message::legacy::tests::test_message_unique_keys_unsigned_and_payer ... ok
[INFO] [stdout] test message::non_bpf_modules::versions::tests::test_legacy_message_serialization ... ok
[INFO] [stdout] test message::non_bpf_modules::sanitized::tests::test_try_from_message ... ok
[INFO] [stdout] test message::non_bpf_modules::account_keys::tests::test_len ... ok
[INFO] [stdout] test message::legacy::tests::test_is_key_passed_to_program ... ok
[INFO] [stdout] test message::legacy::tests::test_builtin_program_keys_abi_freeze ... ok
[INFO] [stdout] test hash::tests::test_hash_fromstr ... ok
[INFO] [stdout] test message::non_bpf_modules::sanitized::tests::test_is_non_loader_key ... ok
[INFO] [stdout] test message::legacy::tests::test_message_payer_first ... ok
[INFO] [stdout] test message::legacy::tests::test_get_account_keys_by_lock_type ... ok
[INFO] [stdout] test fee_calculator::tests::test_fee_rate_governor_burn ... ok
[INFO] [stdout] test message::non_bpf_modules::sanitized::tests::test_try_compile_instruction ... ok
[INFO] [stdout] test fee_calculator::tests::test_fee_rate_governor_derived_adjust ... ok
[INFO] [stdout] test message::non_bpf_modules::versions::v0::loaded::tests::test_demote_writable_program ... ok
[INFO] [stdout] test message::non_bpf_modules::versions::tests::test_versioned_message_serialization ... ok
[INFO] [stdout] test message::non_bpf_modules::versions::v0::loaded::tests::test_has_duplicates ... ok
[INFO] [stdout] test message::non_bpf_modules::versions::v0::loaded::tests::test_is_writable ... ok
[INFO] [stdout] test message::non_bpf_modules::versions::v0::tests::test_sanitize ... ok
[INFO] [stdout] test message::non_bpf_modules::versions::v0::loaded::tests::test_is_writable_index ... ok
[INFO] [stdout] test message::non_bpf_modules::versions::v0::tests::test_sanitize_with_instruction ... ok
[INFO] [stdout] test message::non_bpf_modules::versions::v0::tests::test_sanitize_with_invalid_ix_account ... ok
[INFO] [stdout] test message::non_bpf_modules::versions::v0::tests::test_sanitize_with_invalid_ix_program_id ... ok
[INFO] [stdout] test message::non_bpf_modules::versions::v0::tests::test_sanitize_with_max_account_keys ... ok
[INFO] [stdout] test message::non_bpf_modules::versions::v0::tests::test_sanitize_with_max_table_loaded_keys ... ok
[INFO] [stdout] test message::non_bpf_modules::versions::v0::tests::test_sanitize_with_table_lookup ... ok
[INFO] [stdout] test message::non_bpf_modules::versions::v0::tests::test_sanitize_with_table_lookup_and_ix ... ok
[INFO] [stdout] test message::non_bpf_modules::versions::v0::tests::test_sanitize_with_too_many_account_keys ... ok
[INFO] [stdout] test message::non_bpf_modules::versions::v0::tests::test_sanitize_with_too_many_table_loaded_keys ... ok
[INFO] [stdout] test message::non_bpf_modules::versions::v0::tests::test_sanitize_without_signer ... ok
[INFO] [stdout] test message::non_bpf_modules::versions::v0::tests::test_serialize ... ok
[INFO] [stdout] test nonce::state::current::test::default_is_uninitialized ... ok
[INFO] [stdout] test program_option::test::test_from_rust_option ... ok
[INFO] [stdout] test program_stubs::tests::test_is_nonoverlapping ... ok
[INFO] [stdout] test message::non_bpf_modules::versions::v0::loaded::tests::test_has_duplicates_with_dupe_keys ... ok
[INFO] [stdout] test program_utils::tests::test_limited_deserialize_advance_nonce_account ... ok
[INFO] [stdout] test message::non_bpf_modules::versions::v0::tests::test_sanitize_with_empty_table_lookup ... ok
[INFO] [stdout] test pubkey::tests::pubkey_fromstr ... ok
[INFO] [stdout] test pubkey::tests::test_create_with_seed ... ok
[INFO] [stdout] test pubkey::tests::test_create_program_address ... ok
[INFO] [stdout] test pubkey::tests::test_create_with_seed_rejects_illegal_owner ... ok
[INFO] [stdout] test pubkey::tests::test_new_unique ... ok
[INFO] [stdout] test rent::tests::test_due ... ok
[INFO] [stdout] test rent::tests::test_rent_due_is_exempt ... ok
[INFO] [stdout] test rent::tests::test_rent_due_lamports ... ok
[INFO] [stdout] test secp256k1_program::test_id ... ok
[INFO] [stdout] test short_vec::tests::test_deserialize ... ok
[INFO] [stdout] test short_vec::tests::test_short_vec_aliased_length ... ok
[INFO] [stdout] test short_vec::tests::test_short_vec_encode_len ... ok
[INFO] [stdout] test short_vec::tests::test_short_vec_json ... ok
[INFO] [stdout] test message::non_bpf_modules::versions::v0::tests::test_sanitize_without_writable_signer ... ok
[INFO] [stdout] test short_vec::tests::test_short_vec_u8 ... ok
[INFO] [stdout] test slot_history::tests::test_older_slot ... ok
[INFO] [stdout] test stake::program::test_id ... ok
[INFO] [stdout] test stake::instruction::tests::test_custom_error_decode ... ok
[INFO] [stdout] test stake::state::test::borsh_deserialization_live_data ... ok
[INFO] [stdout] test stake::state::test::bincode_vs_borsh_deserialization ... ok
[INFO] [stdout] test stake::state::test::bincode_vs_borsh_serialization ... ok
[INFO] [stdout] test stake_history::tests::test_stake_history ... ok
[INFO] [stdout] test epoch_schedule::tests::test_epoch_schedule ... ok
[INFO] [stdout] test stake::config::test_id ... ok
[INFO] [stdout] test slot_hashes::tests::test ... ok
[INFO] [stdout] test system_instruction::tests::test_create_nonce_account ... ok
[INFO] [stdout] test system_instruction::tests::test_move_many ... ok
[INFO] [stdout] test system_instruction::tests::test_instruction_to_nonce_error ... ok
[INFO] [stdout] test sysvar::clock::test_id ... ok
[INFO] [stdout] test sysvar::fees::test_id ... ok
[INFO] [stdout] test short_vec::tests::test_short_vec_u8_too_long ... ok
[INFO] [stdout] test sysvar::epoch_schedule::test_sysvar_id ... ok
[INFO] [stdout] test sysvar::instructions::test_id ... ok
[INFO] [stdout] test sysvar::fees::test_sysvar_id ... ok
[INFO] [stdout] test system_program::test_id ... ok
[INFO] [stdout] test sysvar::epoch_schedule::test_id ... ok
[INFO] [stdout] test system_instruction::tests::test_nonce_error_adapter_compat ... ok
[INFO] [stdout] test sysvar::clock::test_sysvar_id ... ok
[INFO] [stdout] test system_instruction::tests::test_nonce_to_instruction_error ... ok
[INFO] [stdout] test system_instruction::tests::test_nonce_error_decode ... ok
[INFO] [stdout] test sysvar::instructions::tests::test_decompile_instructions_out_of_bounds ... ok
[INFO] [stdout] test sysvar::instructions::tests::test_load_instruction_at_checked ... ok
[INFO] [stdout] test sysvar::recent_blockhashes::tests::test_sysvar_can_hold_all_active_blockhashes ... ok
[INFO] [stdout] test sysvar::recent_blockhashes::test_id ... ok
[INFO] [stdout] test sysvar::recent_blockhashes::test_sysvar_id ... ok
[INFO] [stdout] test sysvar::instructions::tests::test_load_store_instruction ... ok
[INFO] [stdout] test sysvar::rent::test_id ... ok
[INFO] [stdout] test sysvar::recent_blockhashes::tests::test_size_of ... ok
[INFO] [stdout] test sysvar::instructions::tests::test_load_current_index_checked ... ok
[INFO] [stdout] test sysvar::instructions::tests::test_serialize_instructions ... ok
[INFO] [stdout] test sysvar::instructions::tests::test_get_instruction_relative ... ok
[INFO] [stdout] test sysvar::rewards::test_id ... ok
[INFO] [stdout] test sysvar::stake_history::test_id ... ok
[INFO] [stdout] test sysvar::instructions::test_sysvar_id ... ok
[INFO] [stdout] test sysvar::slot_hashes::test_id ... ok
[INFO] [stdout] test sysvar::slot_history::test_sysvar_id ... ok
[INFO] [stdout] test sysvar::rewards::test_sysvar_id ... ok
[INFO] [stdout] test sysvar::rent::test_sysvar_id ... ok
[INFO] [stdout] test sysvar::stake_history::tests::test_create_account ... ok
[INFO] [stdout] test sysvar::slot_hashes::test_sysvar_id ... ok
[INFO] [stdout] test sysvar::stake_history::test_sysvar_id ... ok
[INFO] [stdout] test sysvar::slot_history::tests::test_size_of ... ok
[INFO] [stdout] test sysvar::slot_hashes::tests::test_size_of ... ok
[INFO] [stdout] test sysvar::slot_history::test_id ... ok
[INFO] [stdout] test sysvar::stake_history::tests::test_size_of ... ok
[INFO] [stdout] test sysvar::test_id ... ok
[INFO] [stdout] test sysvar::tests::test_id ... ok
[INFO] [stdout] test vote::program::test_id ... ok
[INFO] [stdout] test tests::test_unchecked_div_by_const ... ok
[INFO] [stdout] test sysvar::tests::test_sysvar_account_info_to_from ... ok
[INFO] [stdout] test pubkey::tests::test_pubkey_off_curve ... ok
[INFO] [stdout] test pubkey::tests::test_find_program_address ... ok
[INFO] [stdout] test slot_history::tests::slot_history_test_same_index ... ok
[INFO] [stdout] test slot_history::tests::test_oldest ... ok
[INFO] [stdout] test slot_history::tests::slot_history_test_wrap ... ok
[INFO] [stdout] test slot_history::tests::slot_history_test1 ... ok
[INFO] [stdout] 
[INFO] [stdout] test result: ok. 170 passed; 0 failed; 0 ignored; 0 measured; 0 filtered out; finished in 0.52s
[INFO] [stdout] 
[INFO] [stderr]    Doc-tests domino_program
[INFO] [stdout] 
[INFO] [stdout] running 62 tests
[INFO] [stdout] test src/entrypoint.rs - entrypoint::custom_panic_default (line 199) ... ignored
[INFO] [stdout] test src/entrypoint.rs - entrypoint::entrypoint (line 50) ... ignored
[INFO] [stdout] test src/account_info.rs - account_info::next_account_infos (line 308) ... FAILED
[INFO] [stdout] test src/account_info.rs - account_info::next_account_info (line 257) ... FAILED
[INFO] [stdout] test src/instruction.rs - instruction::Instruction::new_with_bincode (line 405) ... FAILED
[INFO] [stdout] test src/instruction.rs - instruction::Instruction::new_with_bytes (line 458) ... FAILED
[INFO] [stdout] test src/lib.rs - unchecked_div_by_const (line 155) - compile fail ... ok
[INFO] [stdout] test src/entrypoint.rs - entrypoint::entrypoint (line 89) - compile ... FAILED
[INFO] [stdout] test src/lib.rs - unchecked_div_by_const (line 146) - compile fail ... ok
[INFO] [stdout] test src/lib.rs - pubkey (line 106) ... FAILED
[INFO] [stdout] test src/program_option.rs - program_option::COption<&'_T>::cloned (line 700) ... ignored
[INFO] [stdout] test src/program_option.rs - program_option::COption<&'_T>::copied (line 664) ... ignored
[INFO] [stdout] test src/program_option.rs - program_option::COption<&'_mutT>::cloned (line 718) ... ignored
[INFO] [stdout] test src/program_option.rs - program_option::COption<&'_mutT>::copied (line 682) ... ignored
[INFO] [stdout] test src/program_option.rs - program_option::COption<COption<T>>::flatten (line 920) ... ignored
[INFO] [stdout] test src/lib.rs - unchecked_div_by_const (line 129) - compile fail ... ok
[INFO] [stdout] test src/program_option.rs - program_option::COption<COption<T>>::flatten (line 932) ... ignored
[INFO] [stdout] test src/program_option.rs - program_option::COption<Result<T,E>>::transpose (line 828) ... ignored
[INFO] [stdout] test src/program_option.rs - program_option::COption<T>::and (line 394) ... ignored
[INFO] [stdout] test src/program_option.rs - program_option::COption<T>::and_then (line 428) ... ignored
[INFO] [stdout] test src/program_option.rs - program_option::COption<T>::as_deref (line 778) ... ignored
[INFO] [stdout] test src/program_option.rs - program_option::COption<T>::as_deref_mut (line 800) ... ignored
[INFO] [stdout] test src/instruction.rs - instruction::Instruction::new_with_borsh (line 353) ... FAILED
[INFO] [stdout] test src/program_option.rs - program_option::COption<T>::as_mut (line 137) ... ignored
[INFO] [stdout] test src/program_option.rs - program_option::COption<T>::as_ref (line 118) ... ignored
[INFO] [stdout] test src/lib.rs - declare_id (line 84) ... FAILED
[INFO] [stdout] test src/program_option.rs - program_option::COption<T>::contains (line 77) ... ignored
[INFO] [stdout] test src/program_option.rs - program_option::COption<T>::default (line 887) ... ignored
[INFO] [stdout] test src/program_option.rs - program_option::COption<T>::expect (line 169) ... ignored
[INFO] [stdout] test src/program_option.rs - program_option::COption<T>::filter (line 458) ... ignored
[INFO] [stdout] test src/program_option.rs - program_option::COption<T>::get_or_insert (line 581) ... ignored
[INFO] [stdout] test src/program_option.rs - program_option::COption<T>::get_or_insert_with (line 605) ... ignored
[INFO] [stdout] test src/program_option.rs - program_option::COption<T>::is_none (line 57) ... ignored
[INFO] [stdout] test src/program_option.rs - program_option::COption<T>::is_some (line 35) ... ignored
[INFO] [stdout] test src/program_option.rs - program_option::COption<T>::map (line 270) ... ignored
[INFO] [stdout] test src/program_option.rs - program_option::COption<T>::map_or (line 290) ... ignored
[INFO] [stdout] test src/program_option.rs - program_option::COption<T>::map_or_else (line 310) ... ignored
[INFO] [stdout] test src/program_option.rs - program_option::COption<T>::ok_or (line 343) ... ignored
[INFO] [stdout] test src/program_option.rs - program_option::COption<T>::ok_or_else (line 369) ... ignored
[INFO] [stdout] test src/program_option.rs - program_option::COption<T>::or (line 491) ... ignored
[INFO] [stdout] test src/program_option.rs - program_option::COption<T>::or_else (line 521) ... ignored
[INFO] [stdout] test src/program_option.rs - program_option::COption<T>::replace (line 641) ... ignored
[INFO] [stdout] test src/program_option.rs - program_option::COption<T>::unwrap (line 201) ... ignored
[INFO] [stdout] test src/program_option.rs - program_option::COption<T>::unwrap_or (line 228) ... ignored
[INFO] [stdout] test src/program_option.rs - program_option::COption<T>::unwrap_or_default (line 744) ... ignored
[INFO] [stdout] test src/program_option.rs - program_option::COption<T>::unwrap_or_else (line 244) ... ignored
[INFO] [stdout] test src/program_option.rs - program_option::COption<T>::xor (line 544) ... ignored
[INFO] [stdout] test src/pubkey.rs - pubkey::Pubkey::find_program_address (line 349) ... ignored
[INFO] [stdout] test src/instruction.rs - instruction::AccountMeta::new (line 547) ... FAILED
[INFO] [stdout] test src/lib.rs - unchecked_div_by_const (line 164) - compile fail ... ok
[INFO] [stdout] test src/instruction.rs - instruction::AccountMeta::new_readonly (line 582) ... FAILED
[INFO] [stdout] test src/lib.rs - unchecked_div_by_const (line 203) - compile fail ... ok
[INFO] [stdout] test src/lib.rs - unchecked_div_by_const (line 184) - compile fail ... ok
[INFO] [stdout] test src/lib.rs - unchecked_div_by_const (line 174) - compile fail ... ok
[INFO] [stdout] test src/lib.rs - unchecked_div_by_const (line 137) - compile fail ... ok
[INFO] [stdout] test src/lib.rs - unchecked_div_by_const (line 193) - compile fail ... ok
[INFO] [stdout] test src/loader_upgradeable_instruction.rs - loader_upgradeable_instruction::UpgradeableLoaderInstruction::DeployWithMaxDataLen (line 49) ... FAILED
[INFO] [stdout] test src/message/legacy.rs - message::legacy::Message::new (line 264) ... FAILED
[INFO] [stdout] test src/message/legacy.rs - message::legacy::Message::new_with_nonce (line 435) ... FAILED
[INFO] [stdout] test src/message/legacy.rs - message::legacy::Message::new_with_blockhash (line 335) ... FAILED
[INFO] [stdout] test src/pubkey.rs - pubkey::Pubkey::create_program_address (line 523) ... FAILED
[INFO] [stdout] test src/pubkey.rs - pubkey::Pubkey::find_program_address (line 270) ... FAILED
[INFO] [stdout] 
[INFO] [stdout] failures:
[INFO] [stdout] 
[INFO] [stdout] ---- src/account_info.rs - account_info::next_account_infos (line 308) stdout ----
[INFO] [stdout] error[E0433]: failed to resolve: use of undeclared crate or module `solana_program`
[INFO] [stdout]  --> src/account_info.rs:309:5
[INFO] [stdout]   |
[INFO] [stdout] 3 | use solana_program::{
[INFO] [stdout]   |     ^^^^^^^^^^^^^^ use of undeclared crate or module `solana_program`
[INFO] [stdout]   |
[INFO] [stdout] help: there is a crate or module with a similar name
[INFO] [stdout]   |
[INFO] [stdout] 3 | use domino_program::{
[INFO] [stdout]   |     ~~~~~~~~~~~~~~
[INFO] [stdout] 
[INFO] [stdout] error[E0433]: failed to resolve: use of undeclared crate or module `solana_program`
[INFO] [stdout]  --> src/account_info.rs:314:5
[INFO] [stdout]   |
[INFO] [stdout] 8 | use solana_program::program_error::ProgramError;
[INFO] [stdout]   |     ^^^^^^^^^^^^^^ use of undeclared crate or module `solana_program`
[INFO] [stdout]   |
[INFO] [stdout] help: there is a crate or module with a similar name
[INFO] [stdout]   |
[INFO] [stdout] 8 | use domino_program::program_error::ProgramError;
[INFO] [stdout]   |     ~~~~~~~~~~~~~~
[INFO] [stdout] 
[INFO] [stdout] error: aborting due to 2 previous errors
[INFO] [stdout] 
[INFO] [stdout] For more information about this error, try `rustc --explain E0433`.
[INFO] [stdout] Couldn't compile the test.
[INFO] [stdout] ---- src/account_info.rs - account_info::next_account_info (line 257) stdout ----
[INFO] [stdout] error[E0433]: failed to resolve: use of undeclared crate or module `solana_program`
[INFO] [stdout]  --> src/account_info.rs:258:5
[INFO] [stdout]   |
[INFO] [stdout] 3 | use solana_program::{
[INFO] [stdout]   |     ^^^^^^^^^^^^^^ use of undeclared crate or module `solana_program`
[INFO] [stdout]   |
[INFO] [stdout] help: there is a crate or module with a similar name
[INFO] [stdout]   |
[INFO] [stdout] 3 | use domino_program::{
[INFO] [stdout]   |     ~~~~~~~~~~~~~~
[INFO] [stdout] 
[INFO] [stdout] error[E0433]: failed to resolve: use of undeclared crate or module `solana_program`
[INFO] [stdout]  --> src/account_info.rs:263:5
[INFO] [stdout]   |
[INFO] [stdout] 8 | use solana_program::program_error::ProgramError;
[INFO] [stdout]   |     ^^^^^^^^^^^^^^ use of undeclared crate or module `solana_program`
[INFO] [stdout]   |
[INFO] [stdout] help: there is a crate or module with a similar name
[INFO] [stdout]   |
[INFO] [stdout] 8 | use domino_program::program_error::ProgramError;
[INFO] [stdout]   |     ~~~~~~~~~~~~~~
[INFO] [stdout] 
[INFO] [stdout] error: aborting due to 2 previous errors
[INFO] [stdout] 
[INFO] [stdout] For more information about this error, try `rustc --explain E0433`.
[INFO] [stdout] Couldn't compile the test.
[INFO] [stdout] ---- src/instruction.rs - instruction::Instruction::new_with_bincode (line 405) stdout ----
[INFO] [stdout] error[E0433]: failed to resolve: use of undeclared crate or module `solana_program`
[INFO] [stdout]  --> src/instruction.rs:406:5
[INFO] [stdout]   |
[INFO] [stdout] 3 | use solana_program::{
[INFO] [stdout]   |     ^^^^^^^^^^^^^^ use of undeclared crate or module `solana_program`
[INFO] [stdout]   |
[INFO] [stdout] help: there is a crate or module with a similar name
[INFO] [stdout]   |
[INFO] [stdout] 3 | use domino_program::{
[INFO] [stdout]   |     ~~~~~~~~~~~~~~
[INFO] [stdout] 
[INFO] [stdout] error: aborting due to previous error
[INFO] [stdout] 
[INFO] [stdout] For more information about this error, try `rustc --explain E0433`.
[INFO] [stdout] Couldn't compile the test.
[INFO] [stdout] ---- src/instruction.rs - instruction::Instruction::new_with_bytes (line 458) stdout ----
[INFO] [stdout] error[E0433]: failed to resolve: use of undeclared crate or module `solana_program`
[INFO] [stdout]  --> src/instruction.rs:459:5
[INFO] [stdout]   |
[INFO] [stdout] 3 | use solana_program::{
[INFO] [stdout]   |     ^^^^^^^^^^^^^^ use of undeclared crate or module `solana_program`
[INFO] [stdout]   |
[INFO] [stdout] help: there is a crate or module with a similar name
[INFO] [stdout]   |
[INFO] [stdout] 3 | use domino_program::{
[INFO] [stdout]   |     ~~~~~~~~~~~~~~
[INFO] [stdout] 
[INFO] [stdout] error: aborting due to previous error
[INFO] [stdout] 
[INFO] [stdout] For more information about this error, try `rustc --explain E0433`.
[INFO] [stdout] Couldn't compile the test.
[INFO] [stdout] ---- src/entrypoint.rs - entrypoint::entrypoint (line 89) stdout ----
[INFO] [stdout] error[E0433]: failed to resolve: use of undeclared crate or module `solana_program`
[INFO] [stdout]  --> src/entrypoint.rs:93:9
[INFO] [stdout]   |
[INFO] [stdout] 6 |     use solana_program::{
[INFO] [stdout]   |         ^^^^^^^^^^^^^^ use of undeclared crate or module `solana_program`
[INFO] [stdout]   |
[INFO] [stdout] help: there is a crate or module with a similar name
[INFO] [stdout]   |
[INFO] [stdout] 6 |     use domino_program::{
[INFO] [stdout]   |         ~~~~~~~~~~~~~~
[INFO] [stdout] 
[INFO] [stdout] error[E0432]: unresolved import `solana_program`
[INFO] [stdout]  --> src/entrypoint.rs:93:9
[INFO] [stdout]   |
[INFO] [stdout] 6 |     use solana_program::{
[INFO] [stdout]   |         ^^^^^^^^^^^^^^ use of undeclared crate or module `solana_program`
[INFO] [stdout]   |
[INFO] [stdout] help: there is a crate or module with a similar name
[INFO] [stdout]   |
[INFO] [stdout] 6 |     use domino_program::{
[INFO] [stdout]   |         ~~~~~~~~~~~~~~
[INFO] [stdout] 
[INFO] [stdout] error: cannot determine resolution for the macro `msg`
[INFO] [stdout]   --> src/entrypoint.rs:108:9
[INFO] [stdout]    |
[INFO] [stdout] 21 |         msg!("Hello world");
[INFO] [stdout]    |         ^^^
[INFO] [stdout]    |
[INFO] [stdout]    = note: import resolution is stuck, try simplifying macro imports
[INFO] [stdout] 
[INFO] [stdout] error: cannot determine resolution for the macro `entrypoint`
[INFO] [stdout]   --> src/entrypoint.rs:101:5
[INFO] [stdout]    |
[INFO] [stdout] 14 |     entrypoint!(process_instruction);
[INFO] [stdout]    |     ^^^^^^^^^^
[INFO] [stdout]    |
[INFO] [stdout]    = note: import resolution is stuck, try simplifying macro imports
[INFO] [stdout] 
[INFO] [stdout] error: aborting due to 4 previous errors
[INFO] [stdout] 
[INFO] [stdout] Some errors have detailed explanations: E0432, E0433.
[INFO] [stdout] For more information about an error, try `rustc --explain E0432`.
[INFO] [stdout] Couldn't compile the test.
[INFO] [stdout] ---- src/lib.rs - pubkey (line 106) stdout ----
[INFO] [stdout] error[E0433]: failed to resolve: use of undeclared crate or module `solana_program`
[INFO] [stdout]  --> src/lib.rs:108:5
[INFO] [stdout]   |
[INFO] [stdout] 4 | use solana_program::{pubkey, pubkey::Pubkey};
[INFO] [stdout]   |     ^^^^^^^^^^^^^^ use of undeclared crate or module `solana_program`
[INFO] [stdout]   |
[INFO] [stdout] help: there is a crate or module with a similar name
[INFO] [stdout]   |
[INFO] [stdout] 4 | use domino_program::{pubkey, pubkey::Pubkey};
[INFO] [stdout]   |     ~~~~~~~~~~~~~~
[INFO] [stdout] 
[INFO] [stdout] error[E0432]: unresolved import `solana_program`
[INFO] [stdout]  --> src/lib.rs:108:5
[INFO] [stdout]   |
[INFO] [stdout] 4 | use solana_program::{pubkey, pubkey::Pubkey};
[INFO] [stdout]   |     ^^^^^^^^^^^^^^ use of undeclared crate or module `solana_program`
[INFO] [stdout]   |
[INFO] [stdout] help: there is a crate or module with a similar name
[INFO] [stdout]   |
[INFO] [stdout] 4 | use domino_program::{pubkey, pubkey::Pubkey};
[INFO] [stdout]   |     ~~~~~~~~~~~~~~
[INFO] [stdout] 
[INFO] [stdout] error: cannot determine resolution for the macro `pubkey`
[INFO] [stdout]  --> src/lib.rs:110:21
[INFO] [stdout]   |
[INFO] [stdout] 6 | static ID: Pubkey = pubkey!("My11111111111111111111111111111111111111111");
[INFO] [stdout]   |                     ^^^^^^
[INFO] [stdout]   |
[INFO] [stdout]   = note: import resolution is stuck, try simplifying macro imports
[INFO] [stdout] 
[INFO] [stdout] error: aborting due to 3 previous errors
[INFO] [stdout] 
[INFO] [stdout] Some errors have detailed explanations: E0432, E0433.
[INFO] [stdout] For more information about an error, try `rustc --explain E0432`.
[INFO] [stdout] Couldn't compile the test.
[INFO] [stdout] ---- src/instruction.rs - instruction::Instruction::new_with_borsh (line 353) stdout ----
[INFO] [stdout] error[E0433]: failed to resolve: use of undeclared crate or module `solana_program`
[INFO] [stdout]  --> src/instruction.rs:354:5
[INFO] [stdout]   |
[INFO] [stdout] 3 | use solana_program::{
[INFO] [stdout]   |     ^^^^^^^^^^^^^^ use of undeclared crate or module `solana_program`
[INFO] [stdout]   |
[INFO] [stdout] help: there is a crate or module with a similar name
[INFO] [stdout]   |
[INFO] [stdout] 3 | use domino_program::{
[INFO] [stdout]   |     ~~~~~~~~~~~~~~
[INFO] [stdout] 
[INFO] [stdout] error: aborting due to previous error
[INFO] [stdout] 
[INFO] [stdout] For more information about this error, try `rustc --explain E0433`.
[INFO] [stdout] Couldn't compile the test.
[INFO] [stdout] ---- src/lib.rs - declare_id (line 84) stdout ----
[INFO] [stdout] error[E0433]: failed to resolve: use of undeclared crate or module `solana_program`
[INFO] [stdout]  --> src/lib.rs:88:5
[INFO] [stdout]   |
[INFO] [stdout] 6 | use solana_program::{declare_id, pubkey::Pubkey};
[INFO] [stdout]   |     ^^^^^^^^^^^^^^ use of undeclared crate or module `solana_program`
[INFO] [stdout]   |
[INFO] [stdout] help: there is a crate or module with a similar name
[INFO] [stdout]   |
[INFO] [stdout] 6 | use domino_program::{declare_id, pubkey::Pubkey};
[INFO] [stdout]   |     ~~~~~~~~~~~~~~
[INFO] [stdout] 
[INFO] [stdout] error[E0432]: unresolved import `solana_program`
[INFO] [stdout]  --> src/lib.rs:88:5
[INFO] [stdout]   |
[INFO] [stdout] 6 | use solana_program::{declare_id, pubkey::Pubkey};
[INFO] [stdout]   |     ^^^^^^^^^^^^^^ use of undeclared crate or module `solana_program`
[INFO] [stdout]   |
[INFO] [stdout] help: there is a crate or module with a similar name
[INFO] [stdout]   |
[INFO] [stdout] 6 | use domino_program::{declare_id, pubkey::Pubkey};
[INFO] [stdout]   |     ~~~~~~~~~~~~~~
[INFO] [stdout] 
[INFO] [stdout] error[E0432]: unresolved import `solana_program`
[INFO] [stdout]  --> src/lib.rs:91:7
[INFO] [stdout]   |
[INFO] [stdout] 9 |   use solana_program::declare_id;
[INFO] [stdout]   |       ^^^^^^^^^^^^^^ use of undeclared crate or module `solana_program`
[INFO] [stdout]   |
[INFO] [stdout] help: there is a crate or module with a similar name
[INFO] [stdout]   |
[INFO] [stdout] 9 |   use domino_program::declare_id;
[INFO] [stdout]   |       ~~~~~~~~~~~~~~
[INFO] [stdout] 
[INFO] [stdout] error[E0432]: unresolved import `item_wrapper::id`
[INFO] [stdout]   --> src/lib.rs:94:5
[INFO] [stdout]    |
[INFO] [stdout] 12 | use item_wrapper::id;
[INFO] [stdout]    |     ^^^^^^^^^^^^^^^^ no `id` in `<opaque>::<opaque>::item_wrapper`
[INFO] [stdout] 
[INFO] [stdout] error: cannot determine resolution for the macro `declare_id`
[INFO] [stdout]   --> src/lib.rs:92:1
[INFO] [stdout]    |
[INFO] [stdout] 10 | declare_id!("My11111111111111111111111111111111111111111");
[INFO] [stdout]    | ^^^^^^^^^^
[INFO] [stdout]    |
[INFO] [stdout]    = note: import resolution is stuck, try simplifying macro imports
[INFO] [stdout] 
[INFO] [stdout] error: aborting due to 5 previous errors
[INFO] [stdout] 
[INFO] [stdout] Some errors have detailed explanations: E0432, E0433.
[INFO] [stdout] For more information about an error, try `rustc --explain E0432`.
[INFO] [stdout] Couldn't compile the test.
[INFO] [stdout] ---- src/instruction.rs - instruction::AccountMeta::new (line 547) stdout ----
[INFO] [stdout] error[E0433]: failed to resolve: use of undeclared crate or module `solana_program`
[INFO] [stdout]  --> src/instruction.rs:548:5
[INFO] [stdout]   |
[INFO] [stdout] 3 | use solana_program::{
[INFO] [stdout]   |     ^^^^^^^^^^^^^^ use of undeclared crate or module `solana_program`
[INFO] [stdout]   |
[INFO] [stdout] help: there is a crate or module with a similar name
[INFO] [stdout]   |
[INFO] [stdout] 3 | use domino_program::{
[INFO] [stdout]   |     ~~~~~~~~~~~~~~
[INFO] [stdout] 
[INFO] [stdout] error: aborting due to previous error
[INFO] [stdout] 
[INFO] [stdout] For more information about this error, try `rustc --explain E0433`.
[INFO] [stdout] Couldn't compile the test.
[INFO] [stdout] ---- src/instruction.rs - instruction::AccountMeta::new_readonly (line 582) stdout ----
[INFO] [stdout] error[E0433]: failed to resolve: use of undeclared crate or module `solana_program`
[INFO] [stdout]  --> src/instruction.rs:583:5
[INFO] [stdout]   |
[INFO] [stdout] 3 | use solana_program::{
[INFO] [stdout]   |     ^^^^^^^^^^^^^^ use of undeclared crate or module `solana_program`
[INFO] [stdout]   |
[INFO] [stdout] help: there is a crate or module with a similar name
[INFO] [stdout]   |
[INFO] [stdout] 3 | use domino_program::{
[INFO] [stdout]   |     ~~~~~~~~~~~~~~
[INFO] [stdout] 
[INFO] [stdout] error: aborting due to previous error
[INFO] [stdout] 
[INFO] [stdout] For more information about this error, try `rustc --explain E0433`.
[INFO] [stdout] Couldn't compile the test.
[INFO] [stdout] ---- src/loader_upgradeable_instruction.rs - loader_upgradeable_instruction::UpgradeableLoaderInstruction::DeployWithMaxDataLen (line 49) stdout ----
[INFO] [stdout] error[E0433]: failed to resolve: use of undeclared crate or module `solana_program`
[INFO] [stdout]  --> src/loader_upgradeable_instruction.rs:50:5
[INFO] [stdout]   |
[INFO] [stdout] 3 | use solana_program::pubkey::Pubkey;
[INFO] [stdout]   |     ^^^^^^^^^^^^^^ use of undeclared crate or module `solana_program`
[INFO] [stdout]   |
[INFO] [stdout] help: there is a crate or module with a similar name
[INFO] [stdout]   |
[INFO] [stdout] 3 | use domino_program::pubkey::Pubkey;
[INFO] [stdout]   |     ~~~~~~~~~~~~~~
[INFO] [stdout] 
[INFO] [stdout] error[E0432]: unresolved import `solana_program`
[INFO] [stdout]  --> src/loader_upgradeable_instruction.rs:51:5
[INFO] [stdout]   |
[INFO] [stdout] 4 | use solana_program::bpf_loader_upgradeable;
[INFO] [stdout]   |     ^^^^^^^^^^^^^^ use of undeclared crate or module `solana_program`
[INFO] [stdout]   |
[INFO] [stdout] help: there is a crate or module with a similar name
[INFO] [stdout]   |
[INFO] [stdout] 4 | use domino_program::bpf_loader_upgradeable;
[INFO] [stdout]   |     ~~~~~~~~~~~~~~
[INFO] [stdout] 
[INFO] [stdout] error: aborting due to 2 previous errors
[INFO] [stdout] 
[INFO] [stdout] Some errors have detailed explanations: E0432, E0433.
[INFO] [stdout] For more information about an error, try `rustc --explain E0432`.
[INFO] [stdout] Couldn't compile the test.
[INFO] [stdout] ---- src/message/legacy.rs - message::legacy::Message::new (line 264) stdout ----
[INFO] [stdout] error[E0433]: failed to resolve: use of undeclared crate or module `solana_program`
[INFO] [stdout]  --> src/message/legacy.rs:265:5
[INFO] [stdout]   |
[INFO] [stdout] 3 | use solana_program::example_mocks::solana_sdk;
[INFO] [stdout]   |     ^^^^^^^^^^^^^^ use of undeclared crate or module `solana_program`
[INFO] [stdout]   |
[INFO] [stdout] help: there is a crate or module with a similar name
[INFO] [stdout]   |
[INFO] [stdout] 3 | use domino_program::example_mocks::solana_sdk;
[INFO] [stdout]   |     ~~~~~~~~~~~~~~
[INFO] [stdout] 
[INFO] [stdout] error[E0433]: failed to resolve: use of undeclared crate or module `solana_program`
[INFO] [stdout]  --> src/message/legacy.rs:266:5
[INFO] [stdout]   |
[INFO] [stdout] 4 | use solana_program::example_mocks::solana_client;
[INFO] [stdout]   |     ^^^^^^^^^^^^^^ use of undeclared crate or module `solana_program`
[INFO] [stdout]   |
[INFO] [stdout] help: there is a crate or module with a similar name
[INFO] [stdout]   |
[INFO] [stdout] 4 | use domino_program::example_mocks::solana_client;
[INFO] [stdout]   |     ~~~~~~~~~~~~~~
[INFO] [stdout] 
[INFO] [stdout] error[E0432]: unresolved imports `solana_client::rpc_client::RpcClient`, `solana_sdk::instruction::Instruction`, `solana_sdk::message::Message`, `solana_sdk::pubkey::Pubkey`, `solana_sdk::signature::Keypair`, `solana_sdk::transaction::Transaction`
[INFO] [stdout]   --> src/message/legacy.rs:269:5
[INFO] [stdout]    |
[INFO] [stdout] 7  | use solana_client::rpc_client::RpcClient;
[INFO] [stdout]    |     ^^^^^^^^^^^^^^^^^^^^^^^^^^^^^^^^^^^^
[INFO] [stdout] 8  | use solana_sdk::{
[INFO] [stdout] 9  |      instruction::Instruction,
[INFO] [stdout]    |      ^^^^^^^^^^^^^^^^^^^^^^^^
[INFO] [stdout] 10 |      message::Message,
[INFO] [stdout]    |      ^^^^^^^^^^^^^^^^
[INFO] [stdout] 11 |      pubkey::Pubkey,
[INFO] [stdout]    |      ^^^^^^^^^^^^^^
[INFO] [stdout] 12 |      signature::Keypair,
[INFO] [stdout]    |      ^^^^^^^^^^^^^^^^^^
[INFO] [stdout] 13 |      transaction::Transaction,
[INFO] [stdout]    |      ^^^^^^^^^^^^^^^^^^^^^^^^
[INFO] [stdout] 
[INFO] [stdout] error: aborting due to 3 previous errors
[INFO] [stdout] 
[INFO] [stdout] Some errors have detailed explanations: E0432, E0433.
[INFO] [stdout] For more information about an error, try `rustc --explain E0432`.
[INFO] [stdout] Couldn't compile the test.
[INFO] [stdout] ---- src/message/legacy.rs - message::legacy::Message::new_with_nonce (line 435) stdout ----
[INFO] [stdout] error[E0433]: failed to resolve: use of undeclared crate or module `solana_program`
[INFO] [stdout]  --> src/message/legacy.rs:436:5
[INFO] [stdout]   |
[INFO] [stdout] 3 | use solana_program::example_mocks::solana_sdk;
[INFO] [stdout]   |     ^^^^^^^^^^^^^^ use of undeclared crate or module `solana_program`
[INFO] [stdout]   |
[INFO] [stdout] help: there is a crate or module with a similar name
[INFO] [stdout]   |
[INFO] [stdout] 3 | use domino_program::example_mocks::solana_sdk;
[INFO] [stdout]   |     ~~~~~~~~~~~~~~
[INFO] [stdout] 
[INFO] [stdout] error[E0433]: failed to resolve: use of undeclared crate or module `solana_program`
[INFO] [stdout]  --> src/message/legacy.rs:437:5
[INFO] [stdout]   |
[INFO] [stdout] 4 | use solana_program::example_mocks::solana_client;
[INFO] [stdout]   |     ^^^^^^^^^^^^^^ use of undeclared crate or module `solana_program`
[INFO] [stdout]   |
[INFO] [stdout] help: there is a crate or module with a similar name
[INFO] [stdout]   |
[INFO] [stdout] 4 | use domino_program::example_mocks::solana_client;
[INFO] [stdout]   |     ~~~~~~~~~~~~~~
[INFO] [stdout] 
[INFO] [stdout] error[E0432]: unresolved imports `solana_client::rpc_client::RpcClient`, `solana_sdk::hash::Hash`, `solana_sdk::instruction::Instruction`, `solana_sdk::message::Message`, `solana_sdk::nonce`, `solana_sdk::pubkey::Pubkey`, `solana_sdk::signature::Keypair`, `solana_sdk::system_instruction`, `solana_sdk::transaction::Transaction`
[INFO] [stdout]   --> src/message/legacy.rs:440:5
[INFO] [stdout]    |
[INFO] [stdout] 7  | use solana_client::rpc_client::RpcClient;
[INFO] [stdout]    |     ^^^^^^^^^^^^^^^^^^^^^^^^^^^^^^^^^^^^
[INFO] [stdout] 8  | use solana_sdk::{
[INFO] [stdout] 9  |      hash::Hash,
[INFO] [stdout]    |      ^^^^^^^^^^
[INFO] [stdout] 10 |      instruction::Instruction,
[INFO] [stdout]    |      ^^^^^^^^^^^^^^^^^^^^^^^^
[INFO] [stdout] 11 |      message::Message,
[INFO] [stdout]    |      ^^^^^^^^^^^^^^^^
[INFO] [stdout] 12 |      nonce,
[INFO] [stdout]    |      ^^^^^
[INFO] [stdout] 13 |      pubkey::Pubkey,
[INFO] [stdout]    |      ^^^^^^^^^^^^^^
[INFO] [stdout] 14 |      signature::Keypair,
[INFO] [stdout]    |      ^^^^^^^^^^^^^^^^^^
[INFO] [stdout] 15 |      system_instruction,
[INFO] [stdout]    |      ^^^^^^^^^^^^^^^^^^
[INFO] [stdout] 16 |      transaction::Transaction,
[INFO] [stdout]    |      ^^^^^^^^^^^^^^^^^^^^^^^^
[INFO] [stdout] 
[INFO] [stdout] error: aborting due to 3 previous errors
[INFO] [stdout] 
[INFO] [stdout] Some errors have detailed explanations: E0432, E0433.
[INFO] [stdout] For more information about an error, try `rustc --explain E0432`.
[INFO] [stdout] Couldn't compile the test.
[INFO] [stdout] ---- src/message/legacy.rs - message::legacy::Message::new_with_blockhash (line 335) stdout ----
[INFO] [stdout] error[E0433]: failed to resolve: use of undeclared crate or module `solana_program`
[INFO] [stdout]  --> src/message/legacy.rs:336:5
[INFO] [stdout]   |
[INFO] [stdout] 3 | use solana_program::example_mocks::solana_sdk;
[INFO] [stdout]   |     ^^^^^^^^^^^^^^ use of undeclared crate or module `solana_program`
[INFO] [stdout]   |
[INFO] [stdout] help: there is a crate or module with a similar name
[INFO] [stdout]   |
[INFO] [stdout] 3 | use domino_program::example_mocks::solana_sdk;
[INFO] [stdout]   |     ~~~~~~~~~~~~~~
[INFO] [stdout] 
[INFO] [stdout] error[E0433]: failed to resolve: use of undeclared crate or module `solana_program`
[INFO] [stdout]  --> src/message/legacy.rs:337:5
[INFO] [stdout]   |
[INFO] [stdout] 4 | use solana_program::example_mocks::solana_client;
[INFO] [stdout]   |     ^^^^^^^^^^^^^^ use of undeclared crate or module `solana_program`
[INFO] [stdout]   |
[INFO] [stdout] help: there is a crate or module with a similar name
[INFO] [stdout]   |
[INFO] [stdout] 4 | use domino_program::example_mocks::solana_client;
[INFO] [stdout]   |     ~~~~~~~~~~~~~~
[INFO] [stdout] 
[INFO] [stdout] error[E0432]: unresolved imports `solana_client::rpc_client::RpcClient`, `solana_sdk::instruction::Instruction`, `solana_sdk::message::Message`, `solana_sdk::pubkey::Pubkey`, `solana_sdk::signature::Keypair`, `solana_sdk::transaction::Transaction`
[INFO] [stdout]   --> src/message/legacy.rs:340:5
[INFO] [stdout]    |
[INFO] [stdout] 7  | use solana_client::rpc_client::RpcClient;
[INFO] [stdout]    |     ^^^^^^^^^^^^^^^^^^^^^^^^^^^^^^^^^^^^
[INFO] [stdout] 8  | use solana_sdk::{
[INFO] [stdout] 9  |      instruction::Instruction,
[INFO] [stdout]    |      ^^^^^^^^^^^^^^^^^^^^^^^^
[INFO] [stdout] 10 |      message::Message,
[INFO] [stdout]    |      ^^^^^^^^^^^^^^^^
[INFO] [stdout] 11 |      pubkey::Pubkey,
[INFO] [stdout]    |      ^^^^^^^^^^^^^^
[INFO] [stdout] 12 |      signature::Keypair,
[INFO] [stdout]    |      ^^^^^^^^^^^^^^^^^^
[INFO] [stdout] 13 |      transaction::Transaction,
[INFO] [stdout]    |      ^^^^^^^^^^^^^^^^^^^^^^^^
[INFO] [stdout] 
[INFO] [stdout] error: aborting due to 3 previous errors
[INFO] [stdout] 
[INFO] [stdout] Some errors have detailed explanations: E0432, E0433.
[INFO] [stdout] For more information about an error, try `rustc --explain E0432`.
[INFO] [stdout] Couldn't compile the test.
[INFO] [stdout] ---- src/pubkey.rs - pubkey::Pubkey::create_program_address (line 523) stdout ----
[INFO] [stdout] error[E0433]: failed to resolve: use of undeclared crate or module `solana_program`
[INFO] [stdout]  --> src/pubkey.rs:524:5
[INFO] [stdout]   |
[INFO] [stdout] 3 | use solana_program::pubkey::Pubkey;
[INFO] [stdout]   |     ^^^^^^^^^^^^^^ use of undeclared crate or module `solana_program`
[INFO] [stdout]   |
[INFO] [stdout] help: there is a crate or module with a similar name
[INFO] [stdout]   |
[INFO] [stdout] 3 | use domino_program::pubkey::Pubkey;
[INFO] [stdout]   |     ~~~~~~~~~~~~~~
[INFO] [stdout] 
[INFO] [stdout] error[E0308]: mismatched types
[INFO] [stdout]  --> src/pubkey.rs:527:61
[INFO] [stdout]   |
[INFO] [stdout] 6 | let actual_pda = Pubkey::create_program_address(&[b"vault", &[bump_seed]], &program_id)?;
[INFO] [stdout]   |                                                             ^^^^^^^^^^^^ expected an array with a fixed size of 5 elements, found one with 1 element
[INFO] [stdout] 
[INFO] [stdout] error: aborting due to 2 previous errors
[INFO] [stdout] 
[INFO] [stdout] Some errors have detailed explanations: E0308, E0433.
[INFO] [stdout] For more information about an error, try `rustc --explain E0308`.
[INFO] [stdout] Couldn't compile the test.
[INFO] [stdout] ---- src/pubkey.rs - pubkey::Pubkey::find_program_address (line 270) stdout ----
[INFO] [stdout] error[E0433]: failed to resolve: use of undeclared crate or module `solana_program`
[INFO] [stdout]  --> src/pubkey.rs:272:5
[INFO] [stdout]   |
[INFO] [stdout] 4 | use solana_program::{
[INFO] [stdout]   |     ^^^^^^^^^^^^^^ use of undeclared crate or module `solana_program`
[INFO] [stdout]   |
[INFO] [stdout] help: there is a crate or module with a similar name
[INFO] [stdout]   |
[INFO] [stdout] 4 | use domino_program::{
[INFO] [stdout]   |     ~~~~~~~~~~~~~~
[INFO] [stdout] 
[INFO] [stdout] error[E0432]: unresolved import `solana_program`
[INFO] [stdout]  --> src/pubkey.rs:272:5
[INFO] [stdout]   |
[INFO] [stdout] 4 | use solana_program::{
[INFO] [stdout]   |     ^^^^^^^^^^^^^^ use of undeclared crate or module `solana_program`
[INFO] [stdout]   |
[INFO] [stdout] help: there is a crate or module with a similar name
[INFO] [stdout]   |
[INFO] [stdout] 4 | use domino_program::{
[INFO] [stdout]   |     ~~~~~~~~~~~~~~
[INFO] [stdout] 
[INFO] [stdout] error: aborting due to 2 previous errors
[INFO] [stdout] 
[INFO] [stdout] Some errors have detailed explanations: E0432, E0433.
[INFO] [stdout] For more information about an error, try `rustc --explain E0432`.
[INFO] [stdout] Couldn't compile the test.
[INFO] [stdout] 
[INFO] [stdout] failures:
[INFO] [stdout]     src/account_info.rs - account_info::next_account_info (line 257)
[INFO] [stdout]     src/account_info.rs - account_info::next_account_infos (line 308)
[INFO] [stdout]     src/entrypoint.rs - entrypoint::entrypoint (line 89)
[INFO] [stdout]     src/instruction.rs - instruction::AccountMeta::new (line 547)
[INFO] [stdout]     src/instruction.rs - instruction::AccountMeta::new_readonly (line 582)
[INFO] [stdout]     src/instruction.rs - instruction::Instruction::new_with_bincode (line 405)
[INFO] [stdout]     src/instruction.rs - instruction::Instruction::new_with_borsh (line 353)
[INFO] [stdout]     src/instruction.rs - instruction::Instruction::new_with_bytes (line 458)
[INFO] [stdout]     src/lib.rs - declare_id (line 84)
[INFO] [stdout]     src/lib.rs - pubkey (line 106)
[INFO] [stdout]     src/loader_upgradeable_instruction.rs - loader_upgradeable_instruction::UpgradeableLoaderInstruction::DeployWithMaxDataLen (line 49)
[INFO] [stdout]     src/message/legacy.rs - message::legacy::Message::new (line 264)
[INFO] [stdout]     src/message/legacy.rs - message::legacy::Message::new_with_blockhash (line 335)
[INFO] [stdout]     src/message/legacy.rs - message::legacy::Message::new_with_nonce (line 435)
[INFO] [stdout]     src/pubkey.rs - pubkey::Pubkey::create_program_address (line 523)
[INFO] [stdout]     src/pubkey.rs - pubkey::Pubkey::find_program_address (line 270)
[INFO] [stdout] 
[INFO] [stdout] test result: FAILED. 9 passed; 16 failed; 37 ignored; 0 measured; 0 filtered out; finished in 0.19s
[INFO] [stdout] 
[INFO] [stderr] error: doctest failed, to rerun pass `--doc`
[INFO] running `Command { std: "docker" "inspect" "3cd92e3db3af45036554fb91cccaf4ccc9d281f3b32bc3ed13ec34caab4fe10b", kill_on_drop: false }`
[INFO] running `Command { std: "docker" "rm" "-f" "3cd92e3db3af45036554fb91cccaf4ccc9d281f3b32bc3ed13ec34caab4fe10b", kill_on_drop: false }`
[INFO] [stdout] 3cd92e3db3af45036554fb91cccaf4ccc9d281f3b32bc3ed13ec34caab4fe10b
