[INFO] fetching crate doku 0.21.0...
[INFO] testing doku-0.21.0 against beta-2023-04-20 for beta-1.70-1
[INFO] extracting crate doku 0.21.0 into /workspace/builds/worker-0-tc2/source
[INFO] validating manifest of crates.io crate doku 0.21.0 on toolchain beta-2023-04-20
[INFO] running `Command { std: CARGO_HOME="/workspace/cargo-home" RUSTUP_HOME="/workspace/rustup-home" "/workspace/cargo-home/bin/cargo" "+beta-2023-04-20" "metadata" "--manifest-path" "Cargo.toml" "--no-deps", kill_on_drop: false }`
[INFO] started tweaking crates.io crate doku 0.21.0
[INFO] finished tweaking crates.io crate doku 0.21.0
[INFO] tweaked toml for crates.io crate doku 0.21.0 written to /workspace/builds/worker-0-tc2/source/Cargo.toml
[INFO] crate crates.io crate doku 0.21.0 already has a lockfile, it will not be regenerated
[INFO] running `Command { std: CARGO_HOME="/workspace/cargo-home" RUSTUP_HOME="/workspace/rustup-home" "/workspace/cargo-home/bin/cargo" "+beta-2023-04-20" "fetch" "--manifest-path" "Cargo.toml", kill_on_drop: false }`
[INFO] [stderr]     Updating crates.io index
[INFO] [stderr]  Downloading crates ...
[INFO] [stderr]   Downloaded once_cell v0.2.4
[INFO] [stderr]   Downloaded trybuild v1.0.80
[INFO] [stderr]   Downloaded parking_lot_core v0.6.3
[INFO] [stderr]   Downloaded test-case v1.2.3
[INFO] [stderr]   Downloaded doku-derive v0.21.0
[INFO] [stderr]   Downloaded basic-toml v0.1.2
[INFO] [stderr]   Downloaded indoc v1.0.9
[INFO] [stderr]   Downloaded dissimilar v1.0.6
[INFO] running `Command { std: "docker" "create" "-v" "/var/lib/crater-agent-workspace/builds/worker-0-tc2/target:/opt/rustwide/target:rw,Z" "-v" "/var/lib/crater-agent-workspace/builds/worker-0-tc2/source:/opt/rustwide/workdir:ro,Z" "-v" "/var/lib/crater-agent-workspace/cargo-home:/opt/rustwide/cargo-home:ro,Z" "-v" "/var/lib/crater-agent-workspace/rustup-home:/opt/rustwide/rustup-home:ro,Z" "-e" "SOURCE_DIR=/opt/rustwide/workdir" "-e" "CARGO_TARGET_DIR=/opt/rustwide/target" "-e" "CARGO_HOME=/opt/rustwide/cargo-home" "-e" "RUSTUP_HOME=/opt/rustwide/rustup-home" "-w" "/opt/rustwide/workdir" "-m" "1610612736" "--user" "0:0" "--network" "none" "ghcr.io/rust-lang/crates-build-env/linux@sha256:5ff2268d62e97bff2cde7d5815dd6ed5b47097566f13b8d0ca110b04b60e07ed" "/opt/rustwide/cargo-home/bin/cargo" "+beta-2023-04-20" "metadata" "--no-deps" "--format-version=1", kill_on_drop: false }`
[INFO] [stdout] 81fb1e198043549d2869669c95f001c1c2c5d5c8af059ed32e3ff8b37a2aad70
[INFO] running `Command { std: "docker" "start" "-a" "81fb1e198043549d2869669c95f001c1c2c5d5c8af059ed32e3ff8b37a2aad70", kill_on_drop: false }`
[INFO] running `Command { std: "docker" "inspect" "81fb1e198043549d2869669c95f001c1c2c5d5c8af059ed32e3ff8b37a2aad70", kill_on_drop: false }`
[INFO] running `Command { std: "docker" "rm" "-f" "81fb1e198043549d2869669c95f001c1c2c5d5c8af059ed32e3ff8b37a2aad70", kill_on_drop: false }`
[INFO] [stdout] 81fb1e198043549d2869669c95f001c1c2c5d5c8af059ed32e3ff8b37a2aad70
[INFO] running `Command { std: "docker" "create" "-v" "/var/lib/crater-agent-workspace/builds/worker-0-tc2/target:/opt/rustwide/target:rw,Z" "-v" "/var/lib/crater-agent-workspace/builds/worker-0-tc2/source:/opt/rustwide/workdir:ro,Z" "-v" "/var/lib/crater-agent-workspace/cargo-home:/opt/rustwide/cargo-home:ro,Z" "-v" "/var/lib/crater-agent-workspace/rustup-home:/opt/rustwide/rustup-home:ro,Z" "-e" "SOURCE_DIR=/opt/rustwide/workdir" "-e" "CARGO_TARGET_DIR=/opt/rustwide/target" "-e" "CARGO_INCREMENTAL=0" "-e" "RUST_BACKTRACE=full" "-e" "RUSTFLAGS=--cap-lints=warn" "-e" "RUSTDOCFLAGS=--cap-lints=warn" "-e" "CARGO_HOME=/opt/rustwide/cargo-home" "-e" "RUSTUP_HOME=/opt/rustwide/rustup-home" "-w" "/opt/rustwide/workdir" "-m" "1610612736" "--user" "0:0" "--network" "none" "ghcr.io/rust-lang/crates-build-env/linux@sha256:5ff2268d62e97bff2cde7d5815dd6ed5b47097566f13b8d0ca110b04b60e07ed" "/opt/rustwide/cargo-home/bin/cargo" "+beta-2023-04-20" "build" "--frozen" "--message-format=json", kill_on_drop: false }`
[INFO] [stdout] 789a6dc2fc0091a4200458ac8a31fd08e2050712084f4361b22451573f389a68
[INFO] running `Command { std: "docker" "start" "-a" "789a6dc2fc0091a4200458ac8a31fd08e2050712084f4361b22451573f389a68", kill_on_drop: false }`
[INFO] [stderr]    Compiling syn v1.0.109
[INFO] [stderr]    Compiling serde_derive v1.0.160
[INFO] [stderr]    Compiling serde v1.0.160
[INFO] [stderr]    Compiling serde_json v1.0.96
[INFO] [stderr]    Compiling itoa v1.0.6
[INFO] [stderr]    Compiling ryu v1.0.13
[INFO] [stderr]    Compiling darling_core v0.13.4
[INFO] [stderr]    Compiling darling_macro v0.13.4
[INFO] [stderr]    Compiling darling v0.13.4
[INFO] [stderr]    Compiling doku-derive v0.21.0
[INFO] [stderr]    Compiling doku v0.21.0 (/opt/rustwide/workdir)
[INFO] [stderr]     Finished dev [unoptimized + debuginfo] target(s) in 9.53s
[INFO] running `Command { std: "docker" "inspect" "789a6dc2fc0091a4200458ac8a31fd08e2050712084f4361b22451573f389a68", kill_on_drop: false }`
[INFO] running `Command { std: "docker" "rm" "-f" "789a6dc2fc0091a4200458ac8a31fd08e2050712084f4361b22451573f389a68", kill_on_drop: false }`
[INFO] [stdout] 789a6dc2fc0091a4200458ac8a31fd08e2050712084f4361b22451573f389a68
[INFO] running `Command { std: "docker" "create" "-v" "/var/lib/crater-agent-workspace/builds/worker-0-tc2/target:/opt/rustwide/target:rw,Z" "-v" "/var/lib/crater-agent-workspace/builds/worker-0-tc2/source:/opt/rustwide/workdir:ro,Z" "-v" "/var/lib/crater-agent-workspace/cargo-home:/opt/rustwide/cargo-home:ro,Z" "-v" "/var/lib/crater-agent-workspace/rustup-home:/opt/rustwide/rustup-home:ro,Z" "-e" "SOURCE_DIR=/opt/rustwide/workdir" "-e" "CARGO_TARGET_DIR=/opt/rustwide/target" "-e" "CARGO_INCREMENTAL=0" "-e" "RUST_BACKTRACE=full" "-e" "RUSTFLAGS=--cap-lints=warn" "-e" "RUSTDOCFLAGS=--cap-lints=warn" "-e" "CARGO_HOME=/opt/rustwide/cargo-home" "-e" "RUSTUP_HOME=/opt/rustwide/rustup-home" "-w" "/opt/rustwide/workdir" "-m" "1610612736" "--user" "0:0" "--network" "none" "ghcr.io/rust-lang/crates-build-env/linux@sha256:5ff2268d62e97bff2cde7d5815dd6ed5b47097566f13b8d0ca110b04b60e07ed" "/opt/rustwide/cargo-home/bin/cargo" "+beta-2023-04-20" "test" "--frozen" "--no-run" "--message-format=json", kill_on_drop: false }`
[INFO] [stdout] 1ce86b63cbace678882b7594c10e48bdfce06d5e3a8191c7dee72e8b382233ed
[INFO] running `Command { std: "docker" "start" "-a" "1ce86b63cbace678882b7594c10e48bdfce06d5e3a8191c7dee72e8b382233ed", kill_on_drop: false }`
[INFO] [stderr]    Compiling semver-parser v0.7.0
[INFO] [stderr]    Compiling maybe-uninit v2.0.0
[INFO] [stderr]    Compiling libc v0.2.141
[INFO] [stderr]    Compiling version_check v0.9.4
[INFO] [stderr]    Compiling lock_api v0.3.4
[INFO] [stderr]    Compiling trybuild v1.0.80
[INFO] [stderr]    Compiling dissimilar v1.0.6
[INFO] [stderr]    Compiling cfg-if v1.0.0
[INFO] [stderr]    Compiling difference v2.0.0
[INFO] [stderr]    Compiling indoc v1.0.9
[INFO] [stderr]    Compiling basic-toml v0.1.2
[INFO] [stderr]    Compiling semver v0.9.0
[INFO] [stderr]    Compiling test-case v1.2.3
[INFO] [stderr]    Compiling rustc_version v0.2.3
[INFO] [stderr]    Compiling smallvec v0.6.14
[INFO] [stderr]    Compiling parking_lot_core v0.6.3
[INFO] [stderr]    Compiling parking_lot v0.9.0
[INFO] [stderr]    Compiling once_cell v0.2.4
[INFO] [stderr]    Compiling doku v0.21.0 (/opt/rustwide/workdir)
[INFO] [stderr]     Finished test [unoptimized + debuginfo] target(s) in 9.82s
[INFO] running `Command { std: "docker" "inspect" "1ce86b63cbace678882b7594c10e48bdfce06d5e3a8191c7dee72e8b382233ed", kill_on_drop: false }`
[INFO] running `Command { std: "docker" "rm" "-f" "1ce86b63cbace678882b7594c10e48bdfce06d5e3a8191c7dee72e8b382233ed", kill_on_drop: false }`
[INFO] [stdout] 1ce86b63cbace678882b7594c10e48bdfce06d5e3a8191c7dee72e8b382233ed
[INFO] running `Command { std: "docker" "create" "-v" "/var/lib/crater-agent-workspace/builds/worker-0-tc2/target:/opt/rustwide/target:rw,Z" "-v" "/var/lib/crater-agent-workspace/builds/worker-0-tc2/source:/opt/rustwide/workdir:ro,Z" "-v" "/var/lib/crater-agent-workspace/cargo-home:/opt/rustwide/cargo-home:ro,Z" "-v" "/var/lib/crater-agent-workspace/rustup-home:/opt/rustwide/rustup-home:ro,Z" "-e" "SOURCE_DIR=/opt/rustwide/workdir" "-e" "CARGO_TARGET_DIR=/opt/rustwide/target" "-e" "CARGO_INCREMENTAL=0" "-e" "RUST_BACKTRACE=full" "-e" "RUSTFLAGS=--cap-lints=warn" "-e" "RUSTDOCFLAGS=--cap-lints=warn" "-e" "CARGO_HOME=/opt/rustwide/cargo-home" "-e" "RUSTUP_HOME=/opt/rustwide/rustup-home" "-w" "/opt/rustwide/workdir" "-m" "1610612736" "--user" "0:0" "--network" "none" "ghcr.io/rust-lang/crates-build-env/linux@sha256:5ff2268d62e97bff2cde7d5815dd6ed5b47097566f13b8d0ca110b04b60e07ed" "/opt/rustwide/cargo-home/bin/cargo" "+beta-2023-04-20" "test" "--frozen", kill_on_drop: false }`
[INFO] [stdout] 14fe30c2c4a8d5beef14ed042e60325d1ea3855a1f0119d7d8ecd2b10247b208
[INFO] running `Command { std: "docker" "start" "-a" "14fe30c2c4a8d5beef14ed042e60325d1ea3855a1f0119d7d8ecd2b10247b208", kill_on_drop: false }`
[INFO] [stderr]     Finished test [unoptimized + debuginfo] target(s) in 0.06s
[INFO] [stderr]      Running unittests src/lib.rs (/opt/rustwide/target/debug/deps/doku-f8c74d28e58dc80a)
[INFO] [stdout] 
[INFO] [stdout] running 33 tests
[INFO] [stdout] test printers::common::value_to_string::tests::returns::bool_false ... ok
[INFO] [stdout] test printers::common::value_to_string::tests::returns::bool_true ... ok
[INFO] [stdout] test printers::common::value_to_string::tests::returns::char_ ... ok
[INFO] [stdout] test printers::common::value_to_string::tests::returns::char_a ... ok
[INFO] [stdout] test printers::common::value_to_string::tests::returns::char_n ... ok
[INFO] [stdout] test printers::common::value_to_string::tests::returns::array ... ok
[INFO] [stdout] test printers::common::value_to_string::tests::returns::char_r ... ok
[INFO] [stdout] test printers::common::value_to_string::tests::returns::char_t ... ok
[INFO] [stdout] test printers::common::value_to_string::tests::returns::none ... ok
[INFO] [stdout] test printers::common::value_to_string::tests::returns::string ... ok
[INFO] [stdout] test printers::common::value_to_string::tests::returns::u32 ... ok
[INFO] [stdout] test printers::common::value_to_string::tests::returns::i64 ... ok
[INFO] [stdout] test printers::common::value_to_string::tests::returns::u8 ... ok
[INFO] [stdout] test printers::common::value_to_string::tests::returns::i32 ... ok
[INFO] [stdout] test printers::common::value_to_string::tests::returns::u64 ... ok
[INFO] [stdout] test printers::common::value_to_string::tests::returns::u16 ... ok
[INFO] [stdout] test printers::common::value_to_string::tests::returns::f32 ... ok
[INFO] [stdout] test printers::common::value_to_string::tests::returns::u128 ... ok
[INFO] [stdout] test printers::common::value_to_string::tests::returns::i16 ... ok
[INFO] [stdout] test printers::common::value_to_string::tests::returns::isize ... ok
[INFO] [stdout] test printers::common::value_to_string::tests::returns::usize ... ok
[INFO] [stdout] test printers::common::value_to_string::tests::returns::f64 ... ok
[INFO] [stdout] test printers::json::print_array::comment::tests::when_hint::is_disabled::then_doesnt_print_hint ... ok
[INFO] [stdout] test printers::json::print_optional::tests::when_hint::is_disabled::then_doesnt_print_hint ... ok
[INFO] [stderr]      Running tests/attributes.rs (/opt/rustwide/target/debug/deps/attributes-55deffb0ae61de1a)
[INFO] [stdout] test printers::common::value_to_string::tests::returns::i8 ... ok
[INFO] [stdout] test printers::toml::print_optional::tests::when_hint::is_disabled::then_doesnt_print_hint ... ok
[INFO] [stdout] test printers::toml::print_array::comment::tests::when_hint::is_enabled::then_prints_hint ... ok
[INFO] [stdout] test printers::toml::print_array::comment::tests::when_hint::is_disabled::then_doesnt_print_hint ... ok
[INFO] [stdout] test printers::toml::print_optional::tests::when_hint::is_enabled::then_prints_hint ... ok
[INFO] [stdout] test printers::common::value_to_string::tests::returns::map ... ok
[INFO] [stdout] test printers::common::value_to_string::tests::returns::i128 ... ok
[INFO] [stdout] test printers::json::print_array::comment::tests::when_hint::is_enabled::then_prints_hint ... ok
[INFO] [stdout] test printers::json::print_optional::tests::when_hint::is_enabled::then_prints_hint ... ok
[INFO] [stdout] 
[INFO] [stdout] test result: ok. 33 passed; 0 failed; 0 ignored; 0 measured; 0 filtered out; finished in 0.04s
[INFO] [stdout] 
[INFO] [stdout] 
[INFO] [stdout] running 1 test
[INFO] [stdout] test serde_aliases_are_collected_by_document ... ok
[INFO] [stdout] 
[INFO] [stdout] test result: ok. 1 passed; 0 failed; 0 ignored; 0 measured; 0 filtered out; finished in 0.00s
[INFO] [stdout] 
[INFO] [stderr]      Running tests/compiletest.rs (/opt/rustwide/target/debug/deps/compiletest-b10dbf3535f38af2)
[INFO] [stdout] 
[INFO] [stdout] running 1 test
[INFO] [stderr]    Compiling proc-macro2 v1.0.56
[INFO] [stderr]    Compiling unicode-ident v1.0.8
[INFO] [stderr]    Compiling quote v1.0.26
[INFO] [stderr]    Compiling semver-parser v0.7.0
[INFO] [stderr]    Compiling syn v1.0.109
[INFO] [stderr]    Compiling maybe-uninit v2.0.0
[INFO] [stderr]    Compiling libc v0.2.141
[INFO] [stderr]    Compiling serde_derive v1.0.160
[INFO] [stderr]    Compiling serde v1.0.160
[INFO] [stderr]    Compiling version_check v0.9.4
[INFO] [stderr]    Compiling serde_json v1.0.96
[INFO] [stderr]     Checking cfg-if v0.1.10
[INFO] [stderr]     Checking lock_api v0.3.4
[INFO] [stderr]     Checking itoa v1.0.6
[INFO] [stderr]     Checking ryu v1.0.13
[INFO] [stderr]    Compiling indoc v1.0.9
[INFO] [stderr]     Checking difference v2.0.0
[INFO] [stderr]    Compiling semver v0.9.0
[INFO] [stderr]    Compiling test-case v1.2.3
[INFO] [stderr]    Compiling rustc_version v0.2.3
[INFO] [stderr]     Checking smallvec v0.6.14
[INFO] [stderr]    Compiling parking_lot_core v0.6.3
[INFO] [stderr]    Compiling parking_lot v0.9.0
[INFO] [stderr]    Compiling syn v2.0.15
[INFO] [stderr]     Checking once_cell v0.2.4
[INFO] [stderr]    Compiling darling_core v0.13.4
[INFO] [stderr]    Compiling darling_macro v0.13.4
[INFO] [stderr]    Compiling darling v0.13.4
[INFO] [stderr]    Compiling doku-derive v0.21.0
[INFO] [stderr]     Checking doku v0.21.0 (/opt/rustwide/workdir)
[INFO] [stderr]     Checking doku-tests v0.0.0 (/opt/rustwide/target/tests/trybuild/doku)
[INFO] [stderr]     Finished dev [unoptimized + debuginfo] target(s) in 13.95s
[INFO] [stderr] 
[INFO] [stderr] 
[INFO] [stderr] test tests/compiletest/attrs/missing_example.rs ... ok
[INFO] [stderr] test tests/compiletest/attrs/non_existent_parameter.rs ... ok
[INFO] [stderr] test tests/compiletest/items/union.rs ... ok
[INFO] [stderr] test tests/compiletest/trait/field_not_impl_document.rs ... mismatch
[INFO] [stderr] 
[INFO] [stderr] EXPECTED:
[INFO] [stderr] ┈┈┈┈┈┈┈┈┈┈┈┈┈┈┈┈┈┈┈┈┈┈┈┈┈┈┈┈┈┈┈┈┈┈┈┈┈┈┈┈┈┈┈┈┈┈┈┈┈┈┈┈┈┈┈┈┈┈┈┈
[INFO] [stderr] error[E0277]: the trait bound `Bar: Document` is not satisfied
[INFO] [stderr]  --> tests/compiletest/trait/field_not_impl_document.rs:3:10
[INFO] [stderr]   |
[INFO] [stderr] 3 | #[derive(Document)]
[INFO] [stderr]   |          ^^^^^^^^ the trait `Document` is not implemented for `Bar`
[INFO] [stderr]   |
[INFO] [stderr]   = note: this error originates in the derive macro `Document` (in Nightly builds, run with -Z macro-backtrace for more info)
[INFO] [stderr] ┈┈┈┈┈┈┈┈┈┈┈┈┈┈┈┈┈┈┈┈┈┈┈┈┈┈┈┈┈┈┈┈┈┈┈┈┈┈┈┈┈┈┈┈┈┈┈┈┈┈┈┈┈┈┈┈┈┈┈┈
[INFO] [stderr] 
[INFO] [stderr] ACTUAL OUTPUT:
[INFO] [stderr] ┈┈┈┈┈┈┈┈┈┈┈┈┈┈┈┈┈┈┈┈┈┈┈┈┈┈┈┈┈┈┈┈┈┈┈┈┈┈┈┈┈┈┈┈┈┈┈┈┈┈┈┈┈┈┈┈┈┈┈┈
[INFO] [stderr] error[E0277]: the trait bound `Bar: Document` is not satisfied
[INFO] [stderr]  --> tests/compiletest/trait/field_not_impl_document.rs:3:10
[INFO] [stderr]   |
[INFO] [stderr] 3 | #[derive(Document)]
[INFO] [stderr]   |          ^^^^^^^^ the trait `Document` is not implemented for `Bar`
[INFO] [stderr]   |
[INFO] [stderr]   = help: the following other types implement trait `Document`:
[INFO] [stderr]             &Path
[INFO] [stderr]             &T
[INFO] [stderr]             &[T]
[INFO] [stderr]             &mut T
[INFO] [stderr]             &mut [T]
[INFO] [stderr]             ()
[INFO] [stderr]             (A, B)
[INFO] [stderr]             (A, B, C)
[INFO] [stderr]           and $N others
[INFO] [stderr]   = note: this error originates in the derive macro `Document` (in Nightly builds, run with -Z macro-backtrace for more info)
[INFO] [stderr] ┈┈┈┈┈┈┈┈┈┈┈┈┈┈┈┈┈┈┈┈┈┈┈┈┈┈┈┈┈┈┈┈┈┈┈┈┈┈┈┈┈┈┈┈┈┈┈┈┈┈┈┈┈┈┈┈┈┈┈┈
[INFO] [stderr] note: If the actual output is the correct output you can bless it by rerunning
[INFO] [stderr]       your test with the environment variable TRYBUILD=overwrite
[INFO] [stderr] 
[INFO] [stderr] 
[INFO] [stderr] 
[INFO] [stdout] test compiletest ... FAILED
[INFO] [stdout] 
[INFO] [stdout] failures:
[INFO] [stdout] 
[INFO] [stdout] ---- compiletest stdout ----
[INFO] [stdout] thread 'compiletest' panicked at '1 of 4 tests failed', /opt/rustwide/cargo-home/registry/src/index.crates.io-6f17d22bba15001f/trybuild-1.0.80/src/run.rs:101:13
[INFO] [stdout] stack backtrace:
[INFO] [stdout]    0:     0x562e9afaf5aa - std::backtrace_rs::backtrace::libunwind::trace::h2f05d0192276a8f6
[INFO] [stdout]                                at /rustc/1b7dd2252b99671ce5d1cb9664c5f8636329436d/library/std/src/../../backtrace/src/backtrace/libunwind.rs:93:5
[INFO] [stdout]    1:     0x562e9afaf5aa - std::backtrace_rs::backtrace::trace_unsynchronized::hedc23dff7a1af150
[INFO] [stdout]                                at /rustc/1b7dd2252b99671ce5d1cb9664c5f8636329436d/library/std/src/../../backtrace/src/backtrace/mod.rs:66:5
[INFO] [stdout]    2:     0x562e9afaf5aa - std::sys_common::backtrace::_print_fmt::h17541ef7592f3ce2
[INFO] [stdout]                                at /rustc/1b7dd2252b99671ce5d1cb9664c5f8636329436d/library/std/src/sys_common/backtrace.rs:65:5
[INFO] [stdout]    3:     0x562e9afaf5aa - <std::sys_common::backtrace::_print::DisplayBacktrace as core::fmt::Display>::fmt::h20f75df5ab0c0792
[INFO] [stdout]                                at /rustc/1b7dd2252b99671ce5d1cb9664c5f8636329436d/library/std/src/sys_common/backtrace.rs:44:22
[INFO] [stdout]    4:     0x562e9afd593f - core::fmt::write::h78109e6f466b3af6
[INFO] [stdout]                                at /rustc/1b7dd2252b99671ce5d1cb9664c5f8636329436d/library/core/src/fmt/mod.rs:1254:17
[INFO] [stdout]    5:     0x562e9afabb35 - std::io::Write::write_fmt::hd24bfb68a1b35a25
[INFO] [stdout]                                at /rustc/1b7dd2252b99671ce5d1cb9664c5f8636329436d/library/std/src/io/mod.rs:1698:15
[INFO] [stdout]    6:     0x562e9afaf375 - std::sys_common::backtrace::_print::h8dac57a9f8fbf9a5
[INFO] [stdout]                                at /rustc/1b7dd2252b99671ce5d1cb9664c5f8636329436d/library/std/src/sys_common/backtrace.rs:47:5
[INFO] [stdout]    7:     0x562e9afaf375 - std::sys_common::backtrace::print::hf9ecbf41d1aa712f
[INFO] [stdout]                                at /rustc/1b7dd2252b99671ce5d1cb9664c5f8636329436d/library/std/src/sys_common/backtrace.rs:34:9
[INFO] [stdout]    8:     0x562e9afb102e - std::panicking::default_hook::{{closure}}::h04c07acfc84ca028
[INFO] [stdout]                                at /rustc/1b7dd2252b99671ce5d1cb9664c5f8636329436d/library/std/src/panicking.rs:269:22
[INFO] [stdout]    9:     0x562e9afb0d61 - std::panicking::default_hook::h01f6bb23e1eceb2c
[INFO] [stdout]                                at /rustc/1b7dd2252b99671ce5d1cb9664c5f8636329436d/library/std/src/panicking.rs:285:9
[INFO] [stdout]   10:     0x562e9af8283b - <alloc::boxed::Box<F,A> as core::ops::function::Fn<Args>>::call::h87fe9f7b2fd49e4c
[INFO] [stdout]                                at /rustc/1b7dd2252b99671ce5d1cb9664c5f8636329436d/library/alloc/src/boxed.rs:1987:9
[INFO] [stdout]   11:     0x562e9af8283b - test::test_main::{{closure}}::he94d679243a7531b
[INFO] [stdout]                                at /rustc/1b7dd2252b99671ce5d1cb9664c5f8636329436d/library/test/src/lib.rs:134:21
[INFO] [stdout]   12:     0x562e9afb1714 - <alloc::boxed::Box<F,A> as core::ops::function::Fn<Args>>::call::h3f2d6d8b14c4769f
[INFO] [stdout]                                at /rustc/1b7dd2252b99671ce5d1cb9664c5f8636329436d/library/alloc/src/boxed.rs:1987:9
[INFO] [stdout]   13:     0x562e9afb1714 - std::panicking::rust_panic_with_hook::h2bb3722bbaf2f6df
[INFO] [stdout]                                at /rustc/1b7dd2252b99671ce5d1cb9664c5f8636329436d/library/std/src/panicking.rs:695:13
[INFO] [stdout]   14:     0x562e9afb1489 - std::panicking::begin_panic_handler::{{closure}}::h91bc7f36a4be011b
[INFO] [stdout]                                at /rustc/1b7dd2252b99671ce5d1cb9664c5f8636329436d/library/std/src/panicking.rs:582:13
[INFO] [stdout]   15:     0x562e9afafa16 - std::sys_common::backtrace::__rust_end_short_backtrace::h8b3d3717114f9e59
[INFO] [stdout]                                at /rustc/1b7dd2252b99671ce5d1cb9664c5f8636329436d/library/std/src/sys_common/backtrace.rs:150:18
[INFO] [stdout]   16:     0x562e9afb11e2 - rust_begin_unwind
[INFO] [stdout]                                at /rustc/1b7dd2252b99671ce5d1cb9664c5f8636329436d/library/std/src/panicking.rs:578:5
[INFO] [stdout]   17:     0x562e9ad42e73 - core::panicking::panic_fmt::hfd368e3fbdabea26
[INFO] [stdout]                                at /rustc/1b7dd2252b99671ce5d1cb9664c5f8636329436d/library/core/src/panicking.rs:67:14
[INFO] [stdout]   18:     0x562e9ad8d327 - trybuild::run::<impl trybuild::Runner>::run::h35b9fba0b623dc05
[INFO] [stdout]                                at /opt/rustwide/cargo-home/registry/src/index.crates.io-6f17d22bba15001f/trybuild-1.0.80/src/run.rs:101:13
[INFO] [stdout]   19:     0x562e9ad92b9a - <trybuild::TestCases as core::ops::drop::Drop>::drop::hf5ad8b6f62b45d91
[INFO] [stdout]                                at /opt/rustwide/cargo-home/registry/src/index.crates.io-6f17d22bba15001f/trybuild-1.0.80/src/lib.rs:315:13
[INFO] [stdout]   20:     0x562e9ad44877 - core::ptr::drop_in_place<trybuild::TestCases>::h783d5e802d18f97c
[INFO] [stdout]                                at /rustc/1b7dd2252b99671ce5d1cb9664c5f8636329436d/library/core/src/ptr/mod.rs:490:1
[INFO] [stdout]   21:     0x562e9ad44743 - compiletest::compiletest::h747b2f2c385cbe8d
[INFO] [stdout]                                at /opt/rustwide/workdir/tests/compiletest.rs:3:73
[INFO] [stdout]   22:     0x562e9ad446d7 - compiletest::compiletest::{{closure}}::h6c8a4528c363d097
[INFO] [stdout]                                at /opt/rustwide/workdir/tests/compiletest.rs:2:18
[INFO] [stdout]   23:     0x562e9ad44815 - core::ops::function::FnOnce::call_once::h1dbdd1858d998bc3
[INFO] [stdout]                                at /rustc/1b7dd2252b99671ce5d1cb9664c5f8636329436d/library/core/src/ops/function.rs:250:5
[INFO] [stdout]   24:     0x562e9af8770f - core::ops::function::FnOnce::call_once::ha6a70e79f7481a7e
[INFO] [stdout]                                at /rustc/1b7dd2252b99671ce5d1cb9664c5f8636329436d/library/core/src/ops/function.rs:250:5
[INFO] [stdout]   25:     0x562e9af8770f - test::__rust_begin_short_backtrace::hce33033019b61e69
[INFO] [stdout]                                at /rustc/1b7dd2252b99671ce5d1cb9664c5f8636329436d/library/test/src/lib.rs:655:18
[INFO] [stdout]   26:     0x562e9af54efc - test::run_test::{{closure}}::h858d3528838ae3e5
[INFO] [stdout]                                at /rustc/1b7dd2252b99671ce5d1cb9664c5f8636329436d/library/test/src/lib.rs:646:30
[INFO] [stdout]   27:     0x562e9af54efc - core::ops::function::FnOnce::call_once{{vtable.shim}}::he8ac2b00f01ae79e
[INFO] [stdout]                                at /rustc/1b7dd2252b99671ce5d1cb9664c5f8636329436d/library/core/src/ops/function.rs:250:5
[INFO] [stdout]   28:     0x562e9af867e6 - <alloc::boxed::Box<F,A> as core::ops::function::FnOnce<Args>>::call_once::h8093d25b522725ef
[INFO] [stdout]                                at /rustc/1b7dd2252b99671ce5d1cb9664c5f8636329436d/library/alloc/src/boxed.rs:1973:9
[INFO] [stdout]   29:     0x562e9af867e6 - <core::panic::unwind_safe::AssertUnwindSafe<F> as core::ops::function::FnOnce<()>>::call_once::h5c334c204e4a3913
[INFO] [stdout]                                at /rustc/1b7dd2252b99671ce5d1cb9664c5f8636329436d/library/core/src/panic/unwind_safe.rs:271:9
[INFO] [stdout]   30:     0x562e9af867e6 - std::panicking::try::do_call::ha8b740c7b9478074
[INFO] [stdout]                                at /rustc/1b7dd2252b99671ce5d1cb9664c5f8636329436d/library/std/src/panicking.rs:485:40
[INFO] [stdout]   31:     0x562e9af867e6 - std::panicking::try::h5d34f63d0e41b64e
[INFO] [stdout]                                at /rustc/1b7dd2252b99671ce5d1cb9664c5f8636329436d/library/std/src/panicking.rs:449:19
[INFO] [stdout]   32:     0x562e9af867e6 - std::panic::catch_unwind::hcfbb511e1aa7fc67
[INFO] [stdout]                                at /rustc/1b7dd2252b99671ce5d1cb9664c5f8636329436d/library/std/src/panic.rs:140:14
[INFO] [stdout]   33:     0x562e9af867e6 - test::run_test_in_process::h9abda90f802eaf21
[INFO] [stdout]                                at /rustc/1b7dd2252b99671ce5d1cb9664c5f8636329436d/library/test/src/lib.rs:678:27
[INFO] [stdout]   34:     0x562e9af867e6 - test::run_test::run_test_inner::{{closure}}::h0f058de91f6c6edf
[INFO] [stdout]                                at /rustc/1b7dd2252b99671ce5d1cb9664c5f8636329436d/library/test/src/lib.rs:572:39
[INFO] [stdout]   35:     0x562e9af4f705 - test::run_test::run_test_inner::{{closure}}::h5ca48a4c59c6c1fb
[INFO] [stdout]                                at /rustc/1b7dd2252b99671ce5d1cb9664c5f8636329436d/library/test/src/lib.rs:599:37
[INFO] [stdout]   36:     0x562e9af4f705 - std::sys_common::backtrace::__rust_begin_short_backtrace::h32bd51e1495d4a33
[INFO] [stdout]                                at /rustc/1b7dd2252b99671ce5d1cb9664c5f8636329436d/library/std/src/sys_common/backtrace.rs:134:18
[INFO] [stdout]   37:     0x562e9af54c41 - std::thread::Builder::spawn_unchecked_::{{closure}}::{{closure}}::hc086fae9b128b2db
[INFO] [stdout]                                at /rustc/1b7dd2252b99671ce5d1cb9664c5f8636329436d/library/std/src/thread/mod.rs:526:17
[INFO] [stdout]   38:     0x562e9af54c41 - <core::panic::unwind_safe::AssertUnwindSafe<F> as core::ops::function::FnOnce<()>>::call_once::hb66571888d270d43
[INFO] [stdout]                                at /rustc/1b7dd2252b99671ce5d1cb9664c5f8636329436d/library/core/src/panic/unwind_safe.rs:271:9
[INFO] [stdout]   39:     0x562e9af54c41 - std::panicking::try::do_call::h4fa2ef4f6e51fecf
[INFO] [stdout]                                at /rustc/1b7dd2252b99671ce5d1cb9664c5f8636329436d/library/std/src/panicking.rs:485:40
[INFO] [stdout]   40:     0x562e9af54c41 - std::panicking::try::h1e9e22b8584489b5
[INFO] [stdout]                                at /rustc/1b7dd2252b99671ce5d1cb9664c5f8636329436d/library/std/src/panicking.rs:449:19
[INFO] [stdout]   41:     0x562e9af54c41 - std::panic::catch_unwind::h44698a3de0e0769e
[INFO] [stdout]                                at /rustc/1b7dd2252b99671ce5d1cb9664c5f8636329436d/library/std/src/panic.rs:140:14
[INFO] [stdout]   42:     0x562e9af54c41 - std::thread::Builder::spawn_unchecked_::{{closure}}::h50153abde3fe239e
[INFO] [stdout]                                at /rustc/1b7dd2252b99671ce5d1cb9664c5f8636329436d/library/std/src/thread/mod.rs:525:30
[INFO] [stdout]   43:     0x562e9af54c41 - core::ops::function::FnOnce::call_once{{vtable.shim}}::hbe5bbf6f38394364
[INFO] [stdout]                                at /rustc/1b7dd2252b99671ce5d1cb9664c5f8636329436d/library/core/src/ops/function.rs:250:5
[INFO] [stdout]   44:     0x562e9afb6b65 - <alloc::boxed::Box<F,A> as core::ops::function::FnOnce<Args>>::call_once::h0d83cb2920a49046
[INFO] [stdout]                                at /rustc/1b7dd2252b99671ce5d1cb9664c5f8636329436d/library/alloc/src/boxed.rs:1973:9
[INFO] [stdout]   45:     0x562e9afb6b65 - <alloc::boxed::Box<F,A> as core::ops::function::FnOnce<Args>>::call_once::hbe0a008aa7d9ef59
[INFO] [stdout]                                at /rustc/1b7dd2252b99671ce5d1cb9664c5f8636329436d/library/alloc/src/boxed.rs:1973:9
[INFO] [stdout]   46:     0x562e9afb6b65 - std::sys::unix::thread::Thread::new::thread_start::h3a466996bdf6b1f9
[INFO] [stdout]                                at /rustc/1b7dd2252b99671ce5d1cb9664c5f8636329436d/library/std/src/sys/unix/thread.rs:108:17
[INFO] [stdout]   47:     0x7f1931259b43 - <unknown>
[INFO] [stdout]   48:     0x7f19312eabb4 - __clone
[INFO] [stdout]   49:                0x0 - <unknown>
[INFO] [stdout] 
[INFO] [stdout] 
[INFO] [stdout] failures:
[INFO] [stdout]     compiletest
[INFO] [stdout] 
[INFO] [stdout] test result: FAILED. 0 passed; 1 failed; 0 ignored; 0 measured; 0 filtered out; finished in 14.57s
[INFO] [stdout] 
[INFO] [stderr] error: test failed, to rerun pass `--test compiletest`
[INFO] running `Command { std: "docker" "inspect" "14fe30c2c4a8d5beef14ed042e60325d1ea3855a1f0119d7d8ecd2b10247b208", kill_on_drop: false }`
[INFO] running `Command { std: "docker" "rm" "-f" "14fe30c2c4a8d5beef14ed042e60325d1ea3855a1f0119d7d8ecd2b10247b208", kill_on_drop: false }`
[INFO] [stdout] 14fe30c2c4a8d5beef14ed042e60325d1ea3855a1f0119d7d8ecd2b10247b208
