[INFO] fetching crate doi2bib 0.1.5...
[INFO] testing doi2bib-0.1.5 against beta-2023-04-20 for beta-1.70-1
[INFO] extracting crate doi2bib 0.1.5 into /workspace/builds/worker-6-tc2/source
[INFO] validating manifest of crates.io crate doi2bib 0.1.5 on toolchain beta-2023-04-20
[INFO] running `Command { std: CARGO_HOME="/workspace/cargo-home" RUSTUP_HOME="/workspace/rustup-home" "/workspace/cargo-home/bin/cargo" "+beta-2023-04-20" "metadata" "--manifest-path" "Cargo.toml" "--no-deps", kill_on_drop: false }`
[INFO] started tweaking crates.io crate doi2bib 0.1.5
[INFO] finished tweaking crates.io crate doi2bib 0.1.5
[INFO] tweaked toml for crates.io crate doi2bib 0.1.5 written to /workspace/builds/worker-6-tc2/source/Cargo.toml
[INFO] crate crates.io crate doi2bib 0.1.5 already has a lockfile, it will not be regenerated
[INFO] running `Command { std: CARGO_HOME="/workspace/cargo-home" RUSTUP_HOME="/workspace/rustup-home" "/workspace/cargo-home/bin/cargo" "+beta-2023-04-20" "fetch" "--manifest-path" "Cargo.toml", kill_on_drop: false }`
[INFO] [stderr]     Updating crates.io index
[INFO] [stderr]  Downloading crates ...
[INFO] [stderr]   Downloaded reqwest v0.11.10
[INFO] [stderr]   Downloaded rustversion v1.0.6
[INFO] [stderr]   Downloaded tracing-core v0.1.24
[INFO] [stderr]   Downloaded httparse v1.6.0
[INFO] [stderr]   Downloaded numerals v0.1.4
[INFO] [stderr]   Downloaded hyper v0.14.18
[INFO] [stderr]   Downloaded ipnet v2.4.0
[INFO] [stderr]   Downloaded syn v1.0.90
[INFO] [stderr]   Downloaded unscanny v0.1.0
[INFO] [stderr]   Downloaded biblatex v0.6.2
[INFO] running `Command { std: "docker" "create" "-v" "/var/lib/crater-agent-workspace/builds/worker-6-tc2/target:/opt/rustwide/target:rw,Z" "-v" "/var/lib/crater-agent-workspace/builds/worker-6-tc2/source:/opt/rustwide/workdir:ro,Z" "-v" "/var/lib/crater-agent-workspace/cargo-home:/opt/rustwide/cargo-home:ro,Z" "-v" "/var/lib/crater-agent-workspace/rustup-home:/opt/rustwide/rustup-home:ro,Z" "-e" "SOURCE_DIR=/opt/rustwide/workdir" "-e" "CARGO_TARGET_DIR=/opt/rustwide/target" "-e" "CARGO_HOME=/opt/rustwide/cargo-home" "-e" "RUSTUP_HOME=/opt/rustwide/rustup-home" "-w" "/opt/rustwide/workdir" "-m" "1610612736" "--user" "0:0" "--network" "none" "ghcr.io/rust-lang/crates-build-env/linux@sha256:5ff2268d62e97bff2cde7d5815dd6ed5b47097566f13b8d0ca110b04b60e07ed" "/opt/rustwide/cargo-home/bin/cargo" "+beta-2023-04-20" "metadata" "--no-deps" "--format-version=1", kill_on_drop: false }`
[INFO] [stdout] 43db0ba419f8119760a8aacd5dbeb21b8ba2b7af7c45653a5c63c6bfc55846bd
[INFO] running `Command { std: "docker" "start" "-a" "43db0ba419f8119760a8aacd5dbeb21b8ba2b7af7c45653a5c63c6bfc55846bd", kill_on_drop: false }`
[INFO] running `Command { std: "docker" "inspect" "43db0ba419f8119760a8aacd5dbeb21b8ba2b7af7c45653a5c63c6bfc55846bd", kill_on_drop: false }`
[INFO] running `Command { std: "docker" "rm" "-f" "43db0ba419f8119760a8aacd5dbeb21b8ba2b7af7c45653a5c63c6bfc55846bd", kill_on_drop: false }`
[INFO] [stdout] 43db0ba419f8119760a8aacd5dbeb21b8ba2b7af7c45653a5c63c6bfc55846bd
[INFO] running `Command { std: "docker" "create" "-v" "/var/lib/crater-agent-workspace/builds/worker-6-tc2/target:/opt/rustwide/target:rw,Z" "-v" "/var/lib/crater-agent-workspace/builds/worker-6-tc2/source:/opt/rustwide/workdir:ro,Z" "-v" "/var/lib/crater-agent-workspace/cargo-home:/opt/rustwide/cargo-home:ro,Z" "-v" "/var/lib/crater-agent-workspace/rustup-home:/opt/rustwide/rustup-home:ro,Z" "-e" "SOURCE_DIR=/opt/rustwide/workdir" "-e" "CARGO_TARGET_DIR=/opt/rustwide/target" "-e" "CARGO_INCREMENTAL=0" "-e" "RUST_BACKTRACE=full" "-e" "RUSTFLAGS=--cap-lints=warn" "-e" "RUSTDOCFLAGS=--cap-lints=warn" "-e" "CARGO_HOME=/opt/rustwide/cargo-home" "-e" "RUSTUP_HOME=/opt/rustwide/rustup-home" "-w" "/opt/rustwide/workdir" "-m" "1610612736" "--user" "0:0" "--network" "none" "ghcr.io/rust-lang/crates-build-env/linux@sha256:5ff2268d62e97bff2cde7d5815dd6ed5b47097566f13b8d0ca110b04b60e07ed" "/opt/rustwide/cargo-home/bin/cargo" "+beta-2023-04-20" "build" "--frozen" "--message-format=json", kill_on_drop: false }`
[INFO] [stdout] 44478e6dab545bd601d87d205fe3cd746e4edbc52b792802e7e539b846e44492
[INFO] running `Command { std: "docker" "start" "-a" "44478e6dab545bd601d87d205fe3cd746e4edbc52b792802e7e539b846e44492", kill_on_drop: false }`
[INFO] [stderr]     Blocking waiting for file lock on package cache
[INFO] [stderr]    Compiling libc v0.2.121
[INFO] [stderr]    Compiling log v0.4.16
[INFO] [stderr]    Compiling proc-macro2 v1.0.36
[INFO] [stderr]    Compiling memchr v2.4.1
[INFO] [stderr]    Compiling cc v1.0.73
[INFO] [stderr]    Compiling pin-project-lite v0.2.8
[INFO] [stderr]    Compiling pkg-config v0.3.25
[INFO] [stderr]    Compiling unicode-xid v0.2.2
[INFO] [stderr]    Compiling bytes v1.1.0
[INFO] [stderr]    Compiling futures-core v0.3.21
[INFO] [stderr]    Compiling syn v1.0.90
[INFO] [stderr]    Compiling tokio v1.22.0
[INFO] [stderr]    Compiling itoa v1.0.1
[INFO] [stderr]    Compiling futures-task v0.3.21
[INFO] [stderr]    Compiling tracing-core v0.1.24
[INFO] [stderr]    Compiling indexmap v1.8.1
[INFO] [stderr]    Compiling futures-util v0.3.21
[INFO] [stderr]    Compiling foreign-types-shared v0.1.1
[INFO] [stderr]    Compiling openssl v0.10.38
[INFO] [stderr]    Compiling foreign-types v0.3.2
[INFO] [stderr]    Compiling native-tls v0.2.10
[INFO] [stderr]    Compiling httparse v1.6.0
[INFO] [stderr]    Compiling futures-sink v0.3.21
[INFO] [stderr]    Compiling http v0.2.6
[INFO] [stderr]    Compiling futures-channel v0.3.21
[INFO] [stderr]    Compiling matches v0.1.9
[INFO] [stderr]    Compiling tinyvec_macros v0.1.0
[INFO] [stderr]    Compiling once_cell v1.16.0
[INFO] [stderr]    Compiling hashbrown v0.11.2
[INFO] [stderr]    Compiling tinyvec v1.5.1
[INFO] [stderr]    Compiling slab v0.4.6
[INFO] [stderr]    Compiling openssl-probe v0.1.5
[INFO] [stderr]    Compiling try-lock v0.2.3
[INFO] [stderr]    Compiling serde v1.0.136
[INFO] [stderr]    Compiling percent-encoding v2.1.0
[INFO] [stderr]    Compiling want v0.3.0
[INFO] [stderr]    Compiling encoding_rs v0.8.30
[INFO] [stderr]    Compiling quote v1.0.17
[INFO] [stderr]    Compiling form_urlencoded v1.0.1
[INFO] [stderr]    Compiling unicode-bidi v0.3.7
[INFO] [stderr]    Compiling tower-service v0.3.1
[INFO] [stderr]    Compiling ryu v1.0.9
[INFO] [stderr]    Compiling socket2 v0.4.4
[INFO] [stderr]    Compiling mio v0.8.4
[INFO] [stderr]    Compiling openssl-sys v0.9.72
[INFO] [stderr]    Compiling aho-corasick v0.7.18
[INFO] [stderr]    Compiling ipnet v2.4.0
[INFO] [stderr]    Compiling base64 v0.13.0
[INFO] [stderr]    Compiling regex-syntax v0.6.27
[INFO] [stderr]    Compiling mime v0.3.16
[INFO] [stderr]    Compiling unicode-normalization v0.1.19
[INFO] [stderr]    Compiling http-body v0.4.4
[INFO] [stderr]    Compiling idna v0.2.3
[INFO] [stderr]    Compiling url v2.2.2
[INFO] [stderr]    Compiling regex v1.7.0
[INFO] [stderr]    Compiling serde_urlencoded v0.7.1
[INFO] [stderr]    Compiling tokio-native-tls v0.3.0
[INFO] [stderr]    Compiling tracing-attributes v0.1.20
[INFO] [stderr]    Compiling tracing v0.1.32
[INFO] [stderr]    Compiling tokio-util v0.7.1
[INFO] [stderr]    Compiling h2 v0.3.13
[INFO] [stderr]    Compiling hyper v0.14.18
[INFO] [stderr]    Compiling hyper-tls v0.5.0
[INFO] [stderr]    Compiling reqwest v0.11.10
[INFO] [stderr]    Compiling doi2bib v0.1.5 (/opt/rustwide/workdir)
[INFO] [stderr]     Finished dev [unoptimized + debuginfo] target(s) in 29.31s
[INFO] running `Command { std: "docker" "inspect" "44478e6dab545bd601d87d205fe3cd746e4edbc52b792802e7e539b846e44492", kill_on_drop: false }`
[INFO] running `Command { std: "docker" "rm" "-f" "44478e6dab545bd601d87d205fe3cd746e4edbc52b792802e7e539b846e44492", kill_on_drop: false }`
[INFO] [stdout] 44478e6dab545bd601d87d205fe3cd746e4edbc52b792802e7e539b846e44492
[INFO] running `Command { std: "docker" "create" "-v" "/var/lib/crater-agent-workspace/builds/worker-6-tc2/target:/opt/rustwide/target:rw,Z" "-v" "/var/lib/crater-agent-workspace/builds/worker-6-tc2/source:/opt/rustwide/workdir:ro,Z" "-v" "/var/lib/crater-agent-workspace/cargo-home:/opt/rustwide/cargo-home:ro,Z" "-v" "/var/lib/crater-agent-workspace/rustup-home:/opt/rustwide/rustup-home:ro,Z" "-e" "SOURCE_DIR=/opt/rustwide/workdir" "-e" "CARGO_TARGET_DIR=/opt/rustwide/target" "-e" "CARGO_INCREMENTAL=0" "-e" "RUST_BACKTRACE=full" "-e" "RUSTFLAGS=--cap-lints=warn" "-e" "RUSTDOCFLAGS=--cap-lints=warn" "-e" "CARGO_HOME=/opt/rustwide/cargo-home" "-e" "RUSTUP_HOME=/opt/rustwide/rustup-home" "-w" "/opt/rustwide/workdir" "-m" "1610612736" "--user" "0:0" "--network" "none" "ghcr.io/rust-lang/crates-build-env/linux@sha256:5ff2268d62e97bff2cde7d5815dd6ed5b47097566f13b8d0ca110b04b60e07ed" "/opt/rustwide/cargo-home/bin/cargo" "+beta-2023-04-20" "test" "--frozen" "--no-run" "--message-format=json", kill_on_drop: false }`
[INFO] [stdout] 1c89a85c43fe03b07e03df4c08f969965ca4f8fd36526b2044b0a663b212f04e
[INFO] running `Command { std: "docker" "start" "-a" "1c89a85c43fe03b07e03df4c08f969965ca4f8fd36526b2044b0a663b212f04e", kill_on_drop: false }`
[INFO] [stderr]    Compiling syn v1.0.90
[INFO] [stderr]    Compiling tokio v1.22.0
[INFO] [stderr]    Compiling num-traits v0.2.14
[INFO] [stderr]    Compiling rustversion v1.0.6
[INFO] [stderr]    Compiling num-integer v0.1.44
[INFO] [stderr]    Compiling heck v0.4.0
[INFO] [stderr]    Compiling numerals v0.1.4
[INFO] [stderr]    Compiling unscanny v0.1.0
[INFO] [stderr]    Compiling paste v1.0.7
[INFO] [stderr]    Compiling chrono v0.4.19
[INFO] [stderr]    Compiling tokio-macros v1.7.0
[INFO] [stderr]    Compiling tracing-attributes v0.1.20
[INFO] [stderr]    Compiling strum_macros v0.24.3
[INFO] [stderr]    Compiling tracing v0.1.32
[INFO] [stderr]    Compiling strum v0.24.1
[INFO] [stderr]    Compiling biblatex v0.6.2
[INFO] [stderr]    Compiling tokio-util v0.7.1
[INFO] [stderr]    Compiling tokio-native-tls v0.3.0
[INFO] [stderr]    Compiling h2 v0.3.13
[INFO] [stderr]    Compiling hyper v0.14.18
[INFO] [stderr]    Compiling hyper-tls v0.5.0
[INFO] [stderr]    Compiling reqwest v0.11.10
[INFO] [stderr]    Compiling doi2bib v0.1.5 (/opt/rustwide/workdir)
[INFO] [stderr]     Finished test [unoptimized + debuginfo] target(s) in 28.60s
[INFO] running `Command { std: "docker" "inspect" "1c89a85c43fe03b07e03df4c08f969965ca4f8fd36526b2044b0a663b212f04e", kill_on_drop: false }`
[INFO] running `Command { std: "docker" "rm" "-f" "1c89a85c43fe03b07e03df4c08f969965ca4f8fd36526b2044b0a663b212f04e", kill_on_drop: false }`
[INFO] [stdout] 1c89a85c43fe03b07e03df4c08f969965ca4f8fd36526b2044b0a663b212f04e
[INFO] running `Command { std: "docker" "create" "-v" "/var/lib/crater-agent-workspace/builds/worker-6-tc2/target:/opt/rustwide/target:rw,Z" "-v" "/var/lib/crater-agent-workspace/builds/worker-6-tc2/source:/opt/rustwide/workdir:ro,Z" "-v" "/var/lib/crater-agent-workspace/cargo-home:/opt/rustwide/cargo-home:ro,Z" "-v" "/var/lib/crater-agent-workspace/rustup-home:/opt/rustwide/rustup-home:ro,Z" "-e" "SOURCE_DIR=/opt/rustwide/workdir" "-e" "CARGO_TARGET_DIR=/opt/rustwide/target" "-e" "CARGO_INCREMENTAL=0" "-e" "RUST_BACKTRACE=full" "-e" "RUSTFLAGS=--cap-lints=warn" "-e" "RUSTDOCFLAGS=--cap-lints=warn" "-e" "CARGO_HOME=/opt/rustwide/cargo-home" "-e" "RUSTUP_HOME=/opt/rustwide/rustup-home" "-w" "/opt/rustwide/workdir" "-m" "1610612736" "--user" "0:0" "--network" "none" "ghcr.io/rust-lang/crates-build-env/linux@sha256:5ff2268d62e97bff2cde7d5815dd6ed5b47097566f13b8d0ca110b04b60e07ed" "/opt/rustwide/cargo-home/bin/cargo" "+beta-2023-04-20" "test" "--frozen", kill_on_drop: false }`
[INFO] [stdout] a75831cf01e26a3cc978a8825701afbc2b1b289262c31368dba2aa7461164c98
[INFO] running `Command { std: "docker" "start" "-a" "a75831cf01e26a3cc978a8825701afbc2b1b289262c31368dba2aa7461164c98", kill_on_drop: false }`
[INFO] [stderr]     Finished test [unoptimized + debuginfo] target(s) in 0.15s
[INFO] [stderr]      Running unittests src/lib.rs (/opt/rustwide/target/debug/deps/doi2bib-d243e8cc1ec87e82)
[INFO] [stdout] 
[INFO] [stdout] running 2 tests
[INFO] [stdout] test tests::test_doi_pattern ... ok
[INFO] [stdout] test tests::test_resolve ... FAILED
[INFO] [stdout] 
[INFO] [stdout] failures:
[INFO] [stdout] 
[INFO] [stdout] ---- tests::test_resolve stdout ----
[INFO] [stdout] thread 'tests::test_resolve' panicked at 'called `Result::unwrap()` on an `Err` value: reqwest::Error { kind: Request, url: Url { scheme: "https", cannot_be_a_base: false, username: "", password: None, host: Some(Domain("doi.org")), port: None, path: "/10.1109/5.771073", query: None, fragment: None }, source: hyper::Error(Connect, ConnectError("dns error", Custom { kind: Uncategorized, error: "failed to lookup address information: Temporary failure in name resolution" })) }', src/lib.rs:61:68
[INFO] [stdout] stack backtrace:
[INFO] [stdout]    0:     0x55d624a7dbfa - std::backtrace_rs::backtrace::libunwind::trace::h2f05d0192276a8f6
[INFO] [stdout]                                at /rustc/1b7dd2252b99671ce5d1cb9664c5f8636329436d/library/std/src/../../backtrace/src/backtrace/libunwind.rs:93:5
[INFO] [stdout]    1:     0x55d624a7dbfa - std::backtrace_rs::backtrace::trace_unsynchronized::hedc23dff7a1af150
[INFO] [stdout]                                at /rustc/1b7dd2252b99671ce5d1cb9664c5f8636329436d/library/std/src/../../backtrace/src/backtrace/mod.rs:66:5
[INFO] [stdout]    2:     0x55d624a7dbfa - std::sys_common::backtrace::_print_fmt::h17541ef7592f3ce2
[INFO] [stdout]                                at /rustc/1b7dd2252b99671ce5d1cb9664c5f8636329436d/library/std/src/sys_common/backtrace.rs:65:5
[INFO] [stdout]    3:     0x55d624a7dbfa - <std::sys_common::backtrace::_print::DisplayBacktrace as core::fmt::Display>::fmt::h20f75df5ab0c0792
[INFO] [stdout]                                at /rustc/1b7dd2252b99671ce5d1cb9664c5f8636329436d/library/std/src/sys_common/backtrace.rs:44:22
[INFO] [stdout]    4:     0x55d624aa591f - core::fmt::write::h78109e6f466b3af6
[INFO] [stdout]                                at /rustc/1b7dd2252b99671ce5d1cb9664c5f8636329436d/library/core/src/fmt/mod.rs:1254:17
[INFO] [stdout]    5:     0x55d624a7a485 - std::io::Write::write_fmt::hd24bfb68a1b35a25
[INFO] [stdout]                                at /rustc/1b7dd2252b99671ce5d1cb9664c5f8636329436d/library/std/src/io/mod.rs:1698:15
[INFO] [stdout]    6:     0x55d624a7d9c5 - std::sys_common::backtrace::_print::h8dac57a9f8fbf9a5
[INFO] [stdout]                                at /rustc/1b7dd2252b99671ce5d1cb9664c5f8636329436d/library/std/src/sys_common/backtrace.rs:47:5
[INFO] [stdout]    7:     0x55d624a7d9c5 - std::sys_common::backtrace::print::hf9ecbf41d1aa712f
[INFO] [stdout]                                at /rustc/1b7dd2252b99671ce5d1cb9664c5f8636329436d/library/std/src/sys_common/backtrace.rs:34:9
[INFO] [stdout]    8:     0x55d624a7f67e - std::panicking::default_hook::{{closure}}::h04c07acfc84ca028
[INFO] [stdout]                                at /rustc/1b7dd2252b99671ce5d1cb9664c5f8636329436d/library/std/src/panicking.rs:269:22
[INFO] [stdout]    9:     0x55d624a7f3b1 - std::panicking::default_hook::h01f6bb23e1eceb2c
[INFO] [stdout]                                at /rustc/1b7dd2252b99671ce5d1cb9664c5f8636329436d/library/std/src/panicking.rs:285:9
[INFO] [stdout]   10:     0x55d6244469eb - <alloc::boxed::Box<F,A> as core::ops::function::Fn<Args>>::call::h87fe9f7b2fd49e4c
[INFO] [stdout]                                at /rustc/1b7dd2252b99671ce5d1cb9664c5f8636329436d/library/alloc/src/boxed.rs:1987:9
[INFO] [stdout]   11:     0x55d6244469eb - test::test_main::{{closure}}::he94d679243a7531b
[INFO] [stdout]                                at /rustc/1b7dd2252b99671ce5d1cb9664c5f8636329436d/library/test/src/lib.rs:134:21
[INFO] [stdout]   12:     0x55d624a7fd64 - <alloc::boxed::Box<F,A> as core::ops::function::Fn<Args>>::call::h3f2d6d8b14c4769f
[INFO] [stdout]                                at /rustc/1b7dd2252b99671ce5d1cb9664c5f8636329436d/library/alloc/src/boxed.rs:1987:9
[INFO] [stdout]   13:     0x55d624a7fd64 - std::panicking::rust_panic_with_hook::h2bb3722bbaf2f6df
[INFO] [stdout]                                at /rustc/1b7dd2252b99671ce5d1cb9664c5f8636329436d/library/std/src/panicking.rs:695:13
[INFO] [stdout]   14:     0x55d624a7fad9 - std::panicking::begin_panic_handler::{{closure}}::h91bc7f36a4be011b
[INFO] [stdout]                                at /rustc/1b7dd2252b99671ce5d1cb9664c5f8636329436d/library/std/src/panicking.rs:582:13
[INFO] [stdout]   15:     0x55d624a7e066 - std::sys_common::backtrace::__rust_end_short_backtrace::h8b3d3717114f9e59
[INFO] [stdout]                                at /rustc/1b7dd2252b99671ce5d1cb9664c5f8636329436d/library/std/src/sys_common/backtrace.rs:150:18
[INFO] [stdout]   16:     0x55d624a7f832 - rust_begin_unwind
[INFO] [stdout]                                at /rustc/1b7dd2252b99671ce5d1cb9664c5f8636329436d/library/std/src/panicking.rs:578:5
[INFO] [stdout]   17:     0x55d6244064c3 - core::panicking::panic_fmt::hfd368e3fbdabea26
[INFO] [stdout]                                at /rustc/1b7dd2252b99671ce5d1cb9664c5f8636329436d/library/core/src/panicking.rs:67:14
[INFO] [stdout]   18:     0x55d624406a63 - core::result::unwrap_failed::he54eb4b2f125b26f
[INFO] [stdout]                                at /rustc/1b7dd2252b99671ce5d1cb9664c5f8636329436d/library/core/src/result.rs:1687:5
[INFO] [stdout]   19:     0x55d62440f57c - core::result::Result<T,E>::unwrap::h3ea254582f3a9bbb
[INFO] [stdout]                                at /rustc/1b7dd2252b99671ce5d1cb9664c5f8636329436d/library/core/src/result.rs:1089:23
[INFO] [stdout]   20:     0x55d62440be7f - doi2bib::tests::test_resolve::{{closure}}::he274c8393fc73fe3
[INFO] [stdout]                                at /opt/rustwide/workdir/src/lib.rs:61:22
[INFO] [stdout]   21:     0x55d62440db0b - <core::pin::Pin<P> as core::future::future::Future>::poll::ha41aad0fe7e32b8c
[INFO] [stdout]                                at /rustc/1b7dd2252b99671ce5d1cb9664c5f8636329436d/library/core/src/future/future.rs:125:9
[INFO] [stdout]   22:     0x55d624409e24 - tokio::runtime::scheduler::current_thread::CoreGuard::block_on::{{closure}}::{{closure}}::{{closure}}::habeff75d88822f5b
[INFO] [stdout]                                at /opt/rustwide/cargo-home/registry/src/index.crates.io-6f17d22bba15001f/tokio-1.22.0/src/runtime/scheduler/current_thread.rs:531:57
[INFO] [stdout]   23:     0x55d624409d61 - tokio::runtime::coop::with_budget::h14806e5608be3eb3
[INFO] [stdout]                                at /opt/rustwide/cargo-home/registry/src/index.crates.io-6f17d22bba15001f/tokio-1.22.0/src/runtime/coop.rs:102:5
[INFO] [stdout]   24:     0x55d624409d61 - tokio::runtime::coop::budget::h758098661b8f9a52
[INFO] [stdout]                                at /opt/rustwide/cargo-home/registry/src/index.crates.io-6f17d22bba15001f/tokio-1.22.0/src/runtime/coop.rs:68:5
[INFO] [stdout]   25:     0x55d624409d61 - tokio::runtime::scheduler::current_thread::CoreGuard::block_on::{{closure}}::{{closure}}::hcf7be00a68789ec4
[INFO] [stdout]                                at /opt/rustwide/cargo-home/registry/src/index.crates.io-6f17d22bba15001f/tokio-1.22.0/src/runtime/scheduler/current_thread.rs:531:25
[INFO] [stdout]   26:     0x55d624408569 - tokio::runtime::scheduler::current_thread::Context::enter::h9105027ccd57f4b9
[INFO] [stdout]                                at /opt/rustwide/cargo-home/registry/src/index.crates.io-6f17d22bba15001f/tokio-1.22.0/src/runtime/scheduler/current_thread.rs:340:19
[INFO] [stdout]   27:     0x55d624409352 - tokio::runtime::scheduler::current_thread::CoreGuard::block_on::{{closure}}::h7a100699223cb712
[INFO] [stdout]                                at /opt/rustwide/cargo-home/registry/src/index.crates.io-6f17d22bba15001f/tokio-1.22.0/src/runtime/scheduler/current_thread.rs:530:36
[INFO] [stdout]   28:     0x55d62440906b - tokio::runtime::scheduler::current_thread::CoreGuard::enter::{{closure}}::hd577b88e0d24ebf1
[INFO] [stdout]                                at /opt/rustwide/cargo-home/registry/src/index.crates.io-6f17d22bba15001f/tokio-1.22.0/src/runtime/scheduler/current_thread.rs:601:57
[INFO] [stdout]   29:     0x55d62440af5d - tokio::macros::scoped_tls::ScopedKey<T>::set::h317fa92322bdcffe
[INFO] [stdout]                                at /opt/rustwide/cargo-home/registry/src/index.crates.io-6f17d22bba15001f/tokio-1.22.0/src/macros/scoped_tls.rs:61:9
[INFO] [stdout]   30:     0x55d624408e06 - tokio::runtime::scheduler::current_thread::CoreGuard::enter::h986b76e66af20ccc
[INFO] [stdout]                                at /opt/rustwide/cargo-home/registry/src/index.crates.io-6f17d22bba15001f/tokio-1.22.0/src/runtime/scheduler/current_thread.rs:601:27
[INFO] [stdout]   31:     0x55d62440909c - tokio::runtime::scheduler::current_thread::CoreGuard::block_on::h0650403cc7fc2dfd
[INFO] [stdout]                                at /opt/rustwide/cargo-home/registry/src/index.crates.io-6f17d22bba15001f/tokio-1.22.0/src/runtime/scheduler/current_thread.rs:520:19
[INFO] [stdout]   32:     0x55d624407ffb - tokio::runtime::scheduler::current_thread::CurrentThread::block_on::hd8797b02316babce
[INFO] [stdout]                                at /opt/rustwide/cargo-home/registry/src/index.crates.io-6f17d22bba15001f/tokio-1.22.0/src/runtime/scheduler/current_thread.rs:154:24
[INFO] [stdout]   33:     0x55d6244131eb - tokio::runtime::runtime::Runtime::block_on::hf942d42e6ad165b9
[INFO] [stdout]                                at /opt/rustwide/cargo-home/registry/src/index.crates.io-6f17d22bba15001f/tokio-1.22.0/src/runtime/runtime.rs:279:47
[INFO] [stdout]   34:     0x55d62440bafb - doi2bib::tests::test_resolve::he080a156501e4661
[INFO] [stdout]                                at /opt/rustwide/workdir/src/lib.rs:69:9
[INFO] [stdout]   35:     0x55d62440b9c7 - doi2bib::tests::test_resolve::{{closure}}::h0a06ff18a94a71dd
[INFO] [stdout]                                at /opt/rustwide/workdir/src/lib.rs:59:29
[INFO] [stdout]   36:     0x55d624406e95 - core::ops::function::FnOnce::call_once::hec994b98830562e0
[INFO] [stdout]                                at /rustc/1b7dd2252b99671ce5d1cb9664c5f8636329436d/library/core/src/ops/function.rs:250:5
[INFO] [stdout]   37:     0x55d62444b8bf - core::ops::function::FnOnce::call_once::ha6a70e79f7481a7e
[INFO] [stdout]                                at /rustc/1b7dd2252b99671ce5d1cb9664c5f8636329436d/library/core/src/ops/function.rs:250:5
[INFO] [stdout]   38:     0x55d62444b8bf - test::__rust_begin_short_backtrace::hce33033019b61e69
[INFO] [stdout]                                at /rustc/1b7dd2252b99671ce5d1cb9664c5f8636329436d/library/test/src/lib.rs:655:18
[INFO] [stdout]   39:     0x55d6244190ac - test::run_test::{{closure}}::h858d3528838ae3e5
[INFO] [stdout]                                at /rustc/1b7dd2252b99671ce5d1cb9664c5f8636329436d/library/test/src/lib.rs:646:30
[INFO] [stdout]   40:     0x55d6244190ac - core::ops::function::FnOnce::call_once{{vtable.shim}}::he8ac2b00f01ae79e
[INFO] [stdout]                                at /rustc/1b7dd2252b99671ce5d1cb9664c5f8636329436d/library/core/src/ops/function.rs:250:5
[INFO] [stdout]   41:     0x55d62444a996 - <alloc::boxed::Box<F,A> as core::ops::function::FnOnce<Args>>::call_once::h8093d25b522725ef
[INFO] [stdout]                                at /rustc/1b7dd2252b99671ce5d1cb9664c5f8636329436d/library/alloc/src/boxed.rs:1973:9
[INFO] [stdout]   42:     0x55d62444a996 - <core::panic::unwind_safe::AssertUnwindSafe<F> as core::ops::function::FnOnce<()>>::call_once::h5c334c204e4a3913
[INFO] [stdout]                                at /rustc/1b7dd2252b99671ce5d1cb9664c5f8636329436d/library/core/src/panic/unwind_safe.rs:271:9
[INFO] [stdout]   43:     0x55d62444a996 - std::panicking::try::do_call::ha8b740c7b9478074
[INFO] [stdout]                                at /rustc/1b7dd2252b99671ce5d1cb9664c5f8636329436d/library/std/src/panicking.rs:485:40
[INFO] [stdout]   44:     0x55d62444a996 - std::panicking::try::h5d34f63d0e41b64e
[INFO] [stdout]                                at /rustc/1b7dd2252b99671ce5d1cb9664c5f8636329436d/library/std/src/panicking.rs:449:19
[INFO] [stdout]   45:     0x55d62444a996 - std::panic::catch_unwind::hcfbb511e1aa7fc67
[INFO] [stdout]                                at /rustc/1b7dd2252b99671ce5d1cb9664c5f8636329436d/library/std/src/panic.rs:140:14
[INFO] [stdout]   46:     0x55d62444a996 - test::run_test_in_process::h9abda90f802eaf21
[INFO] [stdout]                                at /rustc/1b7dd2252b99671ce5d1cb9664c5f8636329436d/library/test/src/lib.rs:678:27
[INFO] [stdout]   47:     0x55d62444a996 - test::run_test::run_test_inner::{{closure}}::h0f058de91f6c6edf
[INFO] [stdout]                                at /rustc/1b7dd2252b99671ce5d1cb9664c5f8636329436d/library/test/src/lib.rs:572:39
[INFO] [stdout]   48:     0x55d6244138b5 - test::run_test::run_test_inner::{{closure}}::h5ca48a4c59c6c1fb
[INFO] [stdout]                                at /rustc/1b7dd2252b99671ce5d1cb9664c5f8636329436d/library/test/src/lib.rs:599:37
[INFO] [stdout]   49:     0x55d6244138b5 - std::sys_common::backtrace::__rust_begin_short_backtrace::h32bd51e1495d4a33
[INFO] [stdout]                                at /rustc/1b7dd2252b99671ce5d1cb9664c5f8636329436d/library/std/src/sys_common/backtrace.rs:134:18
[INFO] [stdout]   50:     0x55d624418df1 - std::thread::Builder::spawn_unchecked_::{{closure}}::{{closure}}::hc086fae9b128b2db
[INFO] [stdout]                                at /rustc/1b7dd2252b99671ce5d1cb9664c5f8636329436d/library/std/src/thread/mod.rs:526:17
[INFO] [stdout]   51:     0x55d624418df1 - <core::panic::unwind_safe::AssertUnwindSafe<F> as core::ops::function::FnOnce<()>>::call_once::hb66571888d270d43
[INFO] [stdout]                                at /rustc/1b7dd2252b99671ce5d1cb9664c5f8636329436d/library/core/src/panic/unwind_safe.rs:271:9
[INFO] [stdout]   52:     0x55d624418df1 - std::panicking::try::do_call::h4fa2ef4f6e51fecf
[INFO] [stdout]                                at /rustc/1b7dd2252b99671ce5d1cb9664c5f8636329436d/library/std/src/panicking.rs:485:40
[INFO] [stdout]   53:     0x55d624418df1 - std::panicking::try::h1e9e22b8584489b5
[INFO] [stdout]                                at /rustc/1b7dd2252b99671ce5d1cb9664c5f8636329436d/library/std/src/panicking.rs:449:19
[INFO] [stdout]   54:     0x55d624418df1 - std::panic::catch_unwind::h44698a3de0e0769e
[INFO] [stdout]                                at /rustc/1b7dd2252b99671ce5d1cb9664c5f8636329436d/library/std/src/panic.rs:140:14
[INFO] [stdout]   55:     0x55d624418df1 - std::thread::Builder::spawn_unchecked_::{{closure}}::h50153abde3fe239e
[INFO] [stdout]                                at /rustc/1b7dd2252b99671ce5d1cb9664c5f8636329436d/library/std/src/thread/mod.rs:525:30
[INFO] [stdout]   56:     0x55d624418df1 - core::ops::function::FnOnce::call_once{{vtable.shim}}::hbe5bbf6f38394364
[INFO] [stdout]                                at /rustc/1b7dd2252b99671ce5d1cb9664c5f8636329436d/library/core/src/ops/function.rs:250:5
[INFO] [stdout]   57:     0x55d624a84405 - <alloc::boxed::Box<F,A> as core::ops::function::FnOnce<Args>>::call_once::h0d83cb2920a49046
[INFO] [stdout]                                at /rustc/1b7dd2252b99671ce5d1cb9664c5f8636329436d/library/alloc/src/boxed.rs:1973:9
[INFO] [stdout]   58:     0x55d624a84405 - <alloc::boxed::Box<F,A> as core::ops::function::FnOnce<Args>>::call_once::hbe0a008aa7d9ef59
[INFO] [stdout]                                at /rustc/1b7dd2252b99671ce5d1cb9664c5f8636329436d/library/alloc/src/boxed.rs:1973:9
[INFO] [stdout]   59:     0x55d624a84405 - std::sys::unix::thread::Thread::new::thread_start::h3a466996bdf6b1f9
[INFO] [stdout]                                at /rustc/1b7dd2252b99671ce5d1cb9664c5f8636329436d/library/std/src/sys/unix/thread.rs:108:17
[INFO] [stdout]   60:     0x7fc4d7befb43 - <unknown>
[INFO] [stdout]   61:     0x7fc4d7c80bb4 - __clone
[INFO] [stdout]   62:                0x0 - <unknown>
[INFO] [stdout] 
[INFO] [stdout] 
[INFO] [stdout] failures:
[INFO] [stdout]     tests::test_resolve
[INFO] [stdout] 
[INFO] [stdout] test result: FAILED. 1 passed; 1 failed; 0 ignored; 0 measured; 0 filtered out; finished in 0.10s
[INFO] [stdout] 
[INFO] [stderr] error: test failed, to rerun pass `--lib`
[INFO] running `Command { std: "docker" "inspect" "a75831cf01e26a3cc978a8825701afbc2b1b289262c31368dba2aa7461164c98", kill_on_drop: false }`
[INFO] running `Command { std: "docker" "rm" "-f" "a75831cf01e26a3cc978a8825701afbc2b1b289262c31368dba2aa7461164c98", kill_on_drop: false }`
[INFO] [stdout] a75831cf01e26a3cc978a8825701afbc2b1b289262c31368dba2aa7461164c98
