[INFO] fetching crate dogapi 1.0.0...
[INFO] testing dogapi-1.0.0 against beta-2023-04-20 for beta-1.70-1
[INFO] extracting crate dogapi 1.0.0 into /workspace/builds/worker-3-tc2/source
[INFO] validating manifest of crates.io crate dogapi 1.0.0 on toolchain beta-2023-04-20
[INFO] running `Command { std: CARGO_HOME="/workspace/cargo-home" RUSTUP_HOME="/workspace/rustup-home" "/workspace/cargo-home/bin/cargo" "+beta-2023-04-20" "metadata" "--manifest-path" "Cargo.toml" "--no-deps", kill_on_drop: false }`
[INFO] started tweaking crates.io crate dogapi 1.0.0
[INFO] finished tweaking crates.io crate dogapi 1.0.0
[INFO] tweaked toml for crates.io crate dogapi 1.0.0 written to /workspace/builds/worker-3-tc2/source/Cargo.toml
[INFO] running `Command { std: CARGO_HOME="/workspace/cargo-home" RUSTUP_HOME="/workspace/rustup-home" __CARGO_TEST_CHANNEL_OVERRIDE_DO_NOT_USE_THIS="nightly" "/workspace/cargo-home/bin/cargo" "+beta-2023-04-20" "generate-lockfile" "--manifest-path" "Cargo.toml" "-Zno-index-update", kill_on_drop: false }`
[INFO] [stderr]     Blocking waiting for file lock on package cache
[INFO] running `Command { std: CARGO_HOME="/workspace/cargo-home" RUSTUP_HOME="/workspace/rustup-home" "/workspace/cargo-home/bin/cargo" "+beta-2023-04-20" "fetch" "--manifest-path" "Cargo.toml", kill_on_drop: false }`
[INFO] [stderr]     Blocking waiting for file lock on package cache
[INFO] running `Command { std: "docker" "create" "-v" "/var/lib/crater-agent-workspace/builds/worker-3-tc2/target:/opt/rustwide/target:rw,Z" "-v" "/var/lib/crater-agent-workspace/builds/worker-3-tc2/source:/opt/rustwide/workdir:ro,Z" "-v" "/var/lib/crater-agent-workspace/cargo-home:/opt/rustwide/cargo-home:ro,Z" "-v" "/var/lib/crater-agent-workspace/rustup-home:/opt/rustwide/rustup-home:ro,Z" "-e" "SOURCE_DIR=/opt/rustwide/workdir" "-e" "CARGO_TARGET_DIR=/opt/rustwide/target" "-e" "CARGO_HOME=/opt/rustwide/cargo-home" "-e" "RUSTUP_HOME=/opt/rustwide/rustup-home" "-w" "/opt/rustwide/workdir" "-m" "1610612736" "--user" "0:0" "--network" "none" "ghcr.io/rust-lang/crates-build-env/linux@sha256:5ff2268d62e97bff2cde7d5815dd6ed5b47097566f13b8d0ca110b04b60e07ed" "/opt/rustwide/cargo-home/bin/cargo" "+beta-2023-04-20" "metadata" "--no-deps" "--format-version=1", kill_on_drop: false }`
[INFO] [stdout] 8c6798ee995cad68999d338f1b128bb04cc4fc74c25b6e7dc9a7cad3709d8862
[INFO] running `Command { std: "docker" "start" "-a" "8c6798ee995cad68999d338f1b128bb04cc4fc74c25b6e7dc9a7cad3709d8862", kill_on_drop: false }`
[INFO] running `Command { std: "docker" "inspect" "8c6798ee995cad68999d338f1b128bb04cc4fc74c25b6e7dc9a7cad3709d8862", kill_on_drop: false }`
[INFO] running `Command { std: "docker" "rm" "-f" "8c6798ee995cad68999d338f1b128bb04cc4fc74c25b6e7dc9a7cad3709d8862", kill_on_drop: false }`
[INFO] [stdout] 8c6798ee995cad68999d338f1b128bb04cc4fc74c25b6e7dc9a7cad3709d8862
[INFO] running `Command { std: "docker" "create" "-v" "/var/lib/crater-agent-workspace/builds/worker-3-tc2/target:/opt/rustwide/target:rw,Z" "-v" "/var/lib/crater-agent-workspace/builds/worker-3-tc2/source:/opt/rustwide/workdir:ro,Z" "-v" "/var/lib/crater-agent-workspace/cargo-home:/opt/rustwide/cargo-home:ro,Z" "-v" "/var/lib/crater-agent-workspace/rustup-home:/opt/rustwide/rustup-home:ro,Z" "-e" "SOURCE_DIR=/opt/rustwide/workdir" "-e" "CARGO_TARGET_DIR=/opt/rustwide/target" "-e" "CARGO_INCREMENTAL=0" "-e" "RUST_BACKTRACE=full" "-e" "RUSTFLAGS=--cap-lints=warn" "-e" "RUSTDOCFLAGS=--cap-lints=warn" "-e" "CARGO_HOME=/opt/rustwide/cargo-home" "-e" "RUSTUP_HOME=/opt/rustwide/rustup-home" "-w" "/opt/rustwide/workdir" "-m" "1610612736" "--user" "0:0" "--network" "none" "ghcr.io/rust-lang/crates-build-env/linux@sha256:5ff2268d62e97bff2cde7d5815dd6ed5b47097566f13b8d0ca110b04b60e07ed" "/opt/rustwide/cargo-home/bin/cargo" "+beta-2023-04-20" "build" "--frozen" "--message-format=json", kill_on_drop: false }`
[INFO] [stdout] 6d78e4a3dec557885c02389d4c79bdf465db85fc06d05cd0cf995e6bad87c427
[INFO] running `Command { std: "docker" "start" "-a" "6d78e4a3dec557885c02389d4c79bdf465db85fc06d05cd0cf995e6bad87c427", kill_on_drop: false }`
[INFO] [stderr]    Compiling autocfg v1.1.0
[INFO] [stderr]    Compiling libc v0.2.142
[INFO] [stderr]    Compiling log v0.4.17
[INFO] [stderr]    Compiling proc-macro2 v1.0.56
[INFO] [stderr]    Compiling pkg-config v0.3.26
[INFO] [stderr]    Compiling quote v1.0.26
[INFO] [stderr]    Compiling once_cell v1.17.1
[INFO] [stderr]    Compiling cc v1.0.79
[INFO] [stderr]    Compiling pin-project-lite v0.2.9
[INFO] [stderr]    Compiling unicode-ident v1.0.8
[INFO] [stderr]    Compiling bytes v1.4.0
[INFO] [stderr]    Compiling futures-core v0.3.28
[INFO] [stderr]    Compiling tokio v1.28.0
[INFO] [stderr]    Compiling itoa v1.0.6
[INFO] [stderr]    Compiling slab v0.4.8
[INFO] [stderr]    Compiling futures-task v0.3.28
[INFO] [stderr]    Compiling memchr v2.5.0
[INFO] [stderr]    Compiling indexmap v1.9.3
[INFO] [stderr]    Compiling tracing-core v0.1.30
[INFO] [stderr]    Compiling num_cpus v1.15.0
[INFO] [stderr]    Compiling mio v0.8.6
[INFO] [stderr]    Compiling socket2 v0.4.9
[INFO] [stderr]    Compiling foreign-types-shared v0.1.1
[INFO] [stderr]    Compiling futures-util v0.3.28
[INFO] [stderr]    Compiling openssl-sys v0.9.87
[INFO] [stderr]    Compiling syn v2.0.15
[INFO] [stderr]    Compiling fnv v1.0.7
[INFO] [stderr]    Compiling openssl v0.10.52
[INFO] [stderr]    Compiling tracing v0.1.37
[INFO] [stderr]    Compiling http v0.2.9
[INFO] [stderr]    Compiling foreign-types v0.3.2
[INFO] [stderr]    Compiling bitflags v1.3.2
[INFO] [stderr]    Compiling pin-utils v0.1.0
[INFO] [stderr]    Compiling futures-channel v0.3.28
[INFO] [stderr]    Compiling hashbrown v0.12.3
[INFO] [stderr]    Compiling httparse v1.8.0
[INFO] [stderr]    Compiling serde v1.0.160
[INFO] [stderr]    Compiling native-tls v0.2.11
[INFO] [stderr]    Compiling futures-io v0.3.28
[INFO] [stderr]    Compiling tinyvec_macros v0.1.1
[INFO] [stderr]    Compiling futures-sink v0.3.28
[INFO] [stderr]    Compiling tinyvec v1.6.0
[INFO] [stderr]    Compiling openssl-probe v0.1.5
[INFO] [stderr]    Compiling try-lock v0.2.4
[INFO] [stderr]    Compiling percent-encoding v2.2.0
[INFO] [stderr]    Compiling want v0.3.0
[INFO] [stderr]    Compiling form_urlencoded v1.1.0
[INFO] [stderr]    Compiling http-body v0.4.5
[INFO] [stderr]    Compiling ryu v1.0.13
[INFO] [stderr]    Compiling unicode-normalization v0.1.22
[INFO] [stderr]    Compiling httpdate v1.0.2
[INFO] [stderr]    Compiling unicode-bidi v0.3.13
[INFO] [stderr]    Compiling tower-service v0.3.2
[INFO] [stderr]    Compiling serde_json v1.0.96
[INFO] [stderr]    Compiling serde_derive v1.0.160
[INFO] [stderr]    Compiling idna v0.3.0
[INFO] [stderr]    Compiling encoding_rs v0.8.32
[INFO] [stderr]    Compiling base64 v0.21.0
[INFO] [stderr]    Compiling ipnet v2.7.2
[INFO] [stderr]    Compiling url v2.3.1
[INFO] [stderr]    Compiling mime v0.3.17
[INFO] [stderr]    Compiling tokio-util v0.7.8
[INFO] [stderr]    Compiling openssl-macros v0.1.1
[INFO] [stderr]    Compiling h2 v0.3.18
[INFO] [stderr]    Compiling serde_urlencoded v0.7.1
[INFO] [stderr]    Compiling hyper v0.14.26
[INFO] [stderr]    Compiling tokio-native-tls v0.3.1
[INFO] [stderr]    Compiling hyper-tls v0.5.0
[INFO] [stderr]    Compiling reqwest v0.11.17
[INFO] [stderr]    Compiling dogapi v1.0.0 (/opt/rustwide/workdir)
[INFO] [stderr]     Finished dev [unoptimized + debuginfo] target(s) in 36.88s
[INFO] running `Command { std: "docker" "inspect" "6d78e4a3dec557885c02389d4c79bdf465db85fc06d05cd0cf995e6bad87c427", kill_on_drop: false }`
[INFO] running `Command { std: "docker" "rm" "-f" "6d78e4a3dec557885c02389d4c79bdf465db85fc06d05cd0cf995e6bad87c427", kill_on_drop: false }`
[INFO] [stdout] 6d78e4a3dec557885c02389d4c79bdf465db85fc06d05cd0cf995e6bad87c427
[INFO] running `Command { std: "docker" "create" "-v" "/var/lib/crater-agent-workspace/builds/worker-3-tc2/target:/opt/rustwide/target:rw,Z" "-v" "/var/lib/crater-agent-workspace/builds/worker-3-tc2/source:/opt/rustwide/workdir:ro,Z" "-v" "/var/lib/crater-agent-workspace/cargo-home:/opt/rustwide/cargo-home:ro,Z" "-v" "/var/lib/crater-agent-workspace/rustup-home:/opt/rustwide/rustup-home:ro,Z" "-e" "SOURCE_DIR=/opt/rustwide/workdir" "-e" "CARGO_TARGET_DIR=/opt/rustwide/target" "-e" "CARGO_INCREMENTAL=0" "-e" "RUST_BACKTRACE=full" "-e" "RUSTFLAGS=--cap-lints=warn" "-e" "RUSTDOCFLAGS=--cap-lints=warn" "-e" "CARGO_HOME=/opt/rustwide/cargo-home" "-e" "RUSTUP_HOME=/opt/rustwide/rustup-home" "-w" "/opt/rustwide/workdir" "-m" "1610612736" "--user" "0:0" "--network" "none" "ghcr.io/rust-lang/crates-build-env/linux@sha256:5ff2268d62e97bff2cde7d5815dd6ed5b47097566f13b8d0ca110b04b60e07ed" "/opt/rustwide/cargo-home/bin/cargo" "+beta-2023-04-20" "test" "--frozen" "--no-run" "--message-format=json", kill_on_drop: false }`
[INFO] [stdout] 6c1a5c10392691bc1d69e90018eda04a50940dc05c83a4f7c2d3daa260a5a0cd
[INFO] running `Command { std: "docker" "start" "-a" "6c1a5c10392691bc1d69e90018eda04a50940dc05c83a4f7c2d3daa260a5a0cd", kill_on_drop: false }`
[INFO] [stderr]    Compiling dogapi v1.0.0 (/opt/rustwide/workdir)
[INFO] [stderr]     Finished test [unoptimized + debuginfo] target(s) in 0.42s
[INFO] running `Command { std: "docker" "inspect" "6c1a5c10392691bc1d69e90018eda04a50940dc05c83a4f7c2d3daa260a5a0cd", kill_on_drop: false }`
[INFO] running `Command { std: "docker" "rm" "-f" "6c1a5c10392691bc1d69e90018eda04a50940dc05c83a4f7c2d3daa260a5a0cd", kill_on_drop: false }`
[INFO] [stdout] 6c1a5c10392691bc1d69e90018eda04a50940dc05c83a4f7c2d3daa260a5a0cd
[INFO] running `Command { std: "docker" "create" "-v" "/var/lib/crater-agent-workspace/builds/worker-3-tc2/target:/opt/rustwide/target:rw,Z" "-v" "/var/lib/crater-agent-workspace/builds/worker-3-tc2/source:/opt/rustwide/workdir:ro,Z" "-v" "/var/lib/crater-agent-workspace/cargo-home:/opt/rustwide/cargo-home:ro,Z" "-v" "/var/lib/crater-agent-workspace/rustup-home:/opt/rustwide/rustup-home:ro,Z" "-e" "SOURCE_DIR=/opt/rustwide/workdir" "-e" "CARGO_TARGET_DIR=/opt/rustwide/target" "-e" "CARGO_INCREMENTAL=0" "-e" "RUST_BACKTRACE=full" "-e" "RUSTFLAGS=--cap-lints=warn" "-e" "RUSTDOCFLAGS=--cap-lints=warn" "-e" "CARGO_HOME=/opt/rustwide/cargo-home" "-e" "RUSTUP_HOME=/opt/rustwide/rustup-home" "-w" "/opt/rustwide/workdir" "-m" "1610612736" "--user" "0:0" "--network" "none" "ghcr.io/rust-lang/crates-build-env/linux@sha256:5ff2268d62e97bff2cde7d5815dd6ed5b47097566f13b8d0ca110b04b60e07ed" "/opt/rustwide/cargo-home/bin/cargo" "+beta-2023-04-20" "test" "--frozen", kill_on_drop: false }`
[INFO] [stdout] 277b852572cc4ebd665b7fb6a88b10304216e13689aa60d846cf18f8aacd44ff
[INFO] running `Command { std: "docker" "start" "-a" "277b852572cc4ebd665b7fb6a88b10304216e13689aa60d846cf18f8aacd44ff", kill_on_drop: false }`
[INFO] [stderr]     Finished test [unoptimized + debuginfo] target(s) in 0.08s
[INFO] [stderr]      Running unittests src/lib.rs (/opt/rustwide/target/debug/deps/dogapi-dafc0b1ceb230625)
[INFO] [stdout] 
[INFO] [stdout] running 0 tests
[INFO] [stdout] 
[INFO] [stdout] test result: ok. 0 passed; 0 failed; 0 ignored; 0 measured; 0 filtered out; finished in 0.00s
[INFO] [stdout] 
[INFO] [stderr]    Doc-tests dogapi
[INFO] [stderr] error[E0659]: `dogapi` is ambiguous
[INFO] [stderr]   --> /opt/rustwide/workdir/src/lib.rs:20:9
[INFO] [stderr]    |
[INFO] [stderr] 20 | pub use dogapi::random_image;
[INFO] [stderr]    |         ^^^^^^ ambiguous name
[INFO] [stderr]    |
[INFO] [stderr]    = note: ambiguous because of multiple potential import sources
[INFO] [stderr]    = note: `dogapi` could refer to a crate passed with `--extern`
[INFO] [stderr]    = help: use `::dogapi` to refer to this crate unambiguously
[INFO] [stderr] note: `dogapi` could also refer to the module defined here
[INFO] [stderr]   --> /opt/rustwide/workdir/src/lib.rs:18:1
[INFO] [stderr]    |
[INFO] [stderr] 18 | mod dogapi;
[INFO] [stderr]    | ^^^^^^^^^^^
[INFO] [stderr]    = help: use `crate::dogapi` to refer to this module unambiguously
[INFO] [stderr] 
[INFO] [stderr] error[E0659]: `dogapi` is ambiguous
[INFO] [stderr]   --> /opt/rustwide/workdir/src/lib.rs:21:9
[INFO] [stderr]    |
[INFO] [stderr] 21 | pub use dogapi::multiple_random_images;
[INFO] [stderr]    |         ^^^^^^ ambiguous name
[INFO] [stderr]    |
[INFO] [stderr]    = note: ambiguous because of multiple potential import sources
[INFO] [stderr]    = note: `dogapi` could refer to a crate passed with `--extern`
[INFO] [stderr]    = help: use `::dogapi` to refer to this crate unambiguously
[INFO] [stderr] note: `dogapi` could also refer to the module defined here
[INFO] [stderr]   --> /opt/rustwide/workdir/src/lib.rs:18:1
[INFO] [stderr]    |
[INFO] [stderr] 18 | mod dogapi;
[INFO] [stderr]    | ^^^^^^^^^^^
[INFO] [stderr]    = help: use `crate::dogapi` to refer to this module unambiguously
[INFO] [stderr] 
[INFO] [stderr] error[E0659]: `dogapi` is ambiguous
[INFO] [stderr]   --> /opt/rustwide/workdir/src/lib.rs:22:9
[INFO] [stderr]    |
[INFO] [stderr] 22 | pub use dogapi::random_image_by_breed;
[INFO] [stderr]    |         ^^^^^^ ambiguous name
[INFO] [stderr]    |
[INFO] [stderr]    = note: ambiguous because of multiple potential import sources
[INFO] [stderr]    = note: `dogapi` could refer to a crate passed with `--extern`
[INFO] [stderr]    = help: use `::dogapi` to refer to this crate unambiguously
[INFO] [stderr] note: `dogapi` could also refer to the module defined here
[INFO] [stderr]   --> /opt/rustwide/workdir/src/lib.rs:18:1
[INFO] [stderr]    |
[INFO] [stderr] 18 | mod dogapi;
[INFO] [stderr]    | ^^^^^^^^^^^
[INFO] [stderr]    = help: use `crate::dogapi` to refer to this module unambiguously
[INFO] [stderr] 
[INFO] [stderr] error[E0659]: `dogapi` is ambiguous
[INFO] [stderr]   --> /opt/rustwide/workdir/src/lib.rs:23:9
[INFO] [stderr]    |
[INFO] [stderr] 23 | pub use dogapi::multiple_random_images_by_breed;
[INFO] [stderr]    |         ^^^^^^ ambiguous name
[INFO] [stderr]    |
[INFO] [stderr]    = note: ambiguous because of multiple potential import sources
[INFO] [stderr]    = note: `dogapi` could refer to a crate passed with `--extern`
[INFO] [stderr]    = help: use `::dogapi` to refer to this crate unambiguously
[INFO] [stderr] note: `dogapi` could also refer to the module defined here
[INFO] [stderr]   --> /opt/rustwide/workdir/src/lib.rs:18:1
[INFO] [stderr]    |
[INFO] [stderr] 18 | mod dogapi;
[INFO] [stderr]    | ^^^^^^^^^^^
[INFO] [stderr]    = help: use `crate::dogapi` to refer to this module unambiguously
[INFO] [stderr] 
[INFO] [stderr] error[E0659]: `dogapi` is ambiguous
[INFO] [stderr]   --> /opt/rustwide/workdir/src/lib.rs:24:9
[INFO] [stderr]    |
[INFO] [stderr] 24 | pub use dogapi::random_image_by_sub_breed;
[INFO] [stderr]    |         ^^^^^^ ambiguous name
[INFO] [stderr]    |
[INFO] [stderr]    = note: ambiguous because of multiple potential import sources
[INFO] [stderr]    = note: `dogapi` could refer to a crate passed with `--extern`
[INFO] [stderr]    = help: use `::dogapi` to refer to this crate unambiguously
[INFO] [stderr] note: `dogapi` could also refer to the module defined here
[INFO] [stderr]   --> /opt/rustwide/workdir/src/lib.rs:18:1
[INFO] [stderr]    |
[INFO] [stderr] 18 | mod dogapi;
[INFO] [stderr]    | ^^^^^^^^^^^
[INFO] [stderr]    = help: use `crate::dogapi` to refer to this module unambiguously
[INFO] [stderr] 
[INFO] [stderr] error[E0659]: `dogapi` is ambiguous
[INFO] [stderr]   --> /opt/rustwide/workdir/src/lib.rs:25:9
[INFO] [stderr]    |
[INFO] [stderr] 25 | pub use dogapi::multiple_random_images_by_sub_breed;
[INFO] [stderr]    |         ^^^^^^ ambiguous name
[INFO] [stderr]    |
[INFO] [stderr]    = note: ambiguous because of multiple potential import sources
[INFO] [stderr]    = note: `dogapi` could refer to a crate passed with `--extern`
[INFO] [stderr]    = help: use `::dogapi` to refer to this crate unambiguously
[INFO] [stderr] note: `dogapi` could also refer to the module defined here
[INFO] [stderr]   --> /opt/rustwide/workdir/src/lib.rs:18:1
[INFO] [stderr]    |
[INFO] [stderr] 18 | mod dogapi;
[INFO] [stderr]    | ^^^^^^^^^^^
[INFO] [stderr]    = help: use `crate::dogapi` to refer to this module unambiguously
[INFO] [stderr] 
[INFO] [stderr] error[E0659]: `dogapi` is ambiguous
[INFO] [stderr]   --> /opt/rustwide/workdir/src/lib.rs:26:9
[INFO] [stderr]    |
[INFO] [stderr] 26 | pub use dogapi::images_by_breed;
[INFO] [stderr]    |         ^^^^^^ ambiguous name
[INFO] [stderr]    |
[INFO] [stderr]    = note: ambiguous because of multiple potential import sources
[INFO] [stderr]    = note: `dogapi` could refer to a crate passed with `--extern`
[INFO] [stderr]    = help: use `::dogapi` to refer to this crate unambiguously
[INFO] [stderr] note: `dogapi` could also refer to the module defined here
[INFO] [stderr]   --> /opt/rustwide/workdir/src/lib.rs:18:1
[INFO] [stderr]    |
[INFO] [stderr] 18 | mod dogapi;
[INFO] [stderr]    | ^^^^^^^^^^^
[INFO] [stderr]    = help: use `crate::dogapi` to refer to this module unambiguously
[INFO] [stderr] 
[INFO] [stderr] error[E0659]: `dogapi` is ambiguous
[INFO] [stderr]   --> /opt/rustwide/workdir/src/lib.rs:27:9
[INFO] [stderr]    |
[INFO] [stderr] 27 | pub use dogapi::images_by_sub_breed;
[INFO] [stderr]    |         ^^^^^^ ambiguous name
[INFO] [stderr]    |
[INFO] [stderr]    = note: ambiguous because of multiple potential import sources
[INFO] [stderr]    = note: `dogapi` could refer to a crate passed with `--extern`
[INFO] [stderr]    = help: use `::dogapi` to refer to this crate unambiguously
[INFO] [stderr] note: `dogapi` could also refer to the module defined here
[INFO] [stderr]   --> /opt/rustwide/workdir/src/lib.rs:18:1
[INFO] [stderr]    |
[INFO] [stderr] 18 | mod dogapi;
[INFO] [stderr]    | ^^^^^^^^^^^
[INFO] [stderr]    = help: use `crate::dogapi` to refer to this module unambiguously
[INFO] [stderr] 
[INFO] [stderr] error[E0659]: `dogapi` is ambiguous
[INFO] [stderr]   --> /opt/rustwide/workdir/src/lib.rs:28:9
[INFO] [stderr]    |
[INFO] [stderr] 28 | pub use dogapi::breeds_list;
[INFO] [stderr]    |         ^^^^^^ ambiguous name
[INFO] [stderr]    |
[INFO] [stderr]    = note: ambiguous because of multiple potential import sources
[INFO] [stderr]    = note: `dogapi` could refer to a crate passed with `--extern`
[INFO] [stderr]    = help: use `::dogapi` to refer to this crate unambiguously
[INFO] [stderr] note: `dogapi` could also refer to the module defined here
[INFO] [stderr]   --> /opt/rustwide/workdir/src/lib.rs:18:1
[INFO] [stderr]    |
[INFO] [stderr] 18 | mod dogapi;
[INFO] [stderr]    | ^^^^^^^^^^^
[INFO] [stderr]    = help: use `crate::dogapi` to refer to this module unambiguously
[INFO] [stderr] 
[INFO] [stderr] error[E0659]: `dogapi` is ambiguous
[INFO] [stderr]   --> /opt/rustwide/workdir/src/lib.rs:29:9
[INFO] [stderr]    |
[INFO] [stderr] 29 | pub use dogapi::sub_breeds_list;
[INFO] [stderr]    |         ^^^^^^ ambiguous name
[INFO] [stderr]    |
[INFO] [stderr]    = note: ambiguous because of multiple potential import sources
[INFO] [stderr]    = note: `dogapi` could refer to a crate passed with `--extern`
[INFO] [stderr]    = help: use `::dogapi` to refer to this crate unambiguously
[INFO] [stderr] note: `dogapi` could also refer to the module defined here
[INFO] [stderr]   --> /opt/rustwide/workdir/src/lib.rs:18:1
[INFO] [stderr]    |
[INFO] [stderr] 18 | mod dogapi;
[INFO] [stderr]    | ^^^^^^^^^^^
[INFO] [stderr]    = help: use `crate::dogapi` to refer to this module unambiguously
[INFO] [stderr] 
[INFO] [stderr] error: aborting due to 10 previous errors
[INFO] [stderr] 
[INFO] [stderr] For more information about this error, try `rustc --explain E0659`.
[INFO] [stderr] error: doctest failed, to rerun pass `--doc`
[INFO] [stderr] 
[INFO] [stderr] Caused by:
[INFO] [stderr]   process didn't exit successfully: `rustdoc --edition=2021 --crate-type lib --crate-name dogapi --test /opt/rustwide/workdir/src/lib.rs -L dependency=/opt/rustwide/target/debug/deps -L dependency=/opt/rustwide/target/debug/deps --extern dogapi=/opt/rustwide/target/debug/deps/libdogapi-5badfe86559f6f91.rlib --extern reqwest=/opt/rustwide/target/debug/deps/libreqwest-2233e1decc1154c5.rlib --extern serde=/opt/rustwide/target/debug/deps/libserde-b7cd1e3418b5c001.rlib --extern serde_derive=/opt/rustwide/target/debug/deps/libserde_derive-91f597b7cbb35cdc.so --extern serde_json=/opt/rustwide/target/debug/deps/libserde_json-b5e71561e7b61e90.rlib -C embed-bitcode=no --cap-lints=warn --error-format human` (exit status: 1)
[INFO] running `Command { std: "docker" "inspect" "277b852572cc4ebd665b7fb6a88b10304216e13689aa60d846cf18f8aacd44ff", kill_on_drop: false }`
[INFO] running `Command { std: "docker" "rm" "-f" "277b852572cc4ebd665b7fb6a88b10304216e13689aa60d846cf18f8aacd44ff", kill_on_drop: false }`
[INFO] [stdout] 277b852572cc4ebd665b7fb6a88b10304216e13689aa60d846cf18f8aacd44ff
