[INFO] fetching crate doe 0.1.32...
[INFO] testing doe-0.1.32 against beta-2023-04-20 for beta-1.70-1
[INFO] extracting crate doe 0.1.32 into /workspace/builds/worker-5-tc2/source
[INFO] validating manifest of crates.io crate doe 0.1.32 on toolchain beta-2023-04-20
[INFO] running `Command { std: CARGO_HOME="/workspace/cargo-home" RUSTUP_HOME="/workspace/rustup-home" "/workspace/cargo-home/bin/cargo" "+beta-2023-04-20" "metadata" "--manifest-path" "Cargo.toml" "--no-deps", kill_on_drop: false }`
[INFO] started tweaking crates.io crate doe 0.1.32
[INFO] finished tweaking crates.io crate doe 0.1.32
[INFO] tweaked toml for crates.io crate doe 0.1.32 written to /workspace/builds/worker-5-tc2/source/Cargo.toml
[INFO] crate crates.io crate doe 0.1.32 already has a lockfile, it will not be regenerated
[INFO] running `Command { std: CARGO_HOME="/workspace/cargo-home" RUSTUP_HOME="/workspace/rustup-home" "/workspace/cargo-home/bin/cargo" "+beta-2023-04-20" "fetch" "--manifest-path" "Cargo.toml", kill_on_drop: false }`
[INFO] [stderr]  Downloading crates ...
[INFO] [stderr]   Downloaded cc v1.0.74
[INFO] running `Command { std: "docker" "create" "-v" "/var/lib/crater-agent-workspace/builds/worker-5-tc2/target:/opt/rustwide/target:rw,Z" "-v" "/var/lib/crater-agent-workspace/builds/worker-5-tc2/source:/opt/rustwide/workdir:ro,Z" "-v" "/var/lib/crater-agent-workspace/cargo-home:/opt/rustwide/cargo-home:ro,Z" "-v" "/var/lib/crater-agent-workspace/rustup-home:/opt/rustwide/rustup-home:ro,Z" "-e" "SOURCE_DIR=/opt/rustwide/workdir" "-e" "CARGO_TARGET_DIR=/opt/rustwide/target" "-e" "CARGO_HOME=/opt/rustwide/cargo-home" "-e" "RUSTUP_HOME=/opt/rustwide/rustup-home" "-w" "/opt/rustwide/workdir" "-m" "1610612736" "--user" "0:0" "--network" "none" "ghcr.io/rust-lang/crates-build-env/linux@sha256:5ff2268d62e97bff2cde7d5815dd6ed5b47097566f13b8d0ca110b04b60e07ed" "/opt/rustwide/cargo-home/bin/cargo" "+beta-2023-04-20" "metadata" "--no-deps" "--format-version=1", kill_on_drop: false }`
[INFO] [stdout] 1f123f83e225b2ae0dcbc44649805eba0b4171c251e3403a8a4a383bb8c6639b
[INFO] running `Command { std: "docker" "start" "-a" "1f123f83e225b2ae0dcbc44649805eba0b4171c251e3403a8a4a383bb8c6639b", kill_on_drop: false }`
[INFO] running `Command { std: "docker" "inspect" "1f123f83e225b2ae0dcbc44649805eba0b4171c251e3403a8a4a383bb8c6639b", kill_on_drop: false }`
[INFO] running `Command { std: "docker" "rm" "-f" "1f123f83e225b2ae0dcbc44649805eba0b4171c251e3403a8a4a383bb8c6639b", kill_on_drop: false }`
[INFO] [stdout] 1f123f83e225b2ae0dcbc44649805eba0b4171c251e3403a8a4a383bb8c6639b
[INFO] running `Command { std: "docker" "create" "-v" "/var/lib/crater-agent-workspace/builds/worker-5-tc2/target:/opt/rustwide/target:rw,Z" "-v" "/var/lib/crater-agent-workspace/builds/worker-5-tc2/source:/opt/rustwide/workdir:ro,Z" "-v" "/var/lib/crater-agent-workspace/cargo-home:/opt/rustwide/cargo-home:ro,Z" "-v" "/var/lib/crater-agent-workspace/rustup-home:/opt/rustwide/rustup-home:ro,Z" "-e" "SOURCE_DIR=/opt/rustwide/workdir" "-e" "CARGO_TARGET_DIR=/opt/rustwide/target" "-e" "CARGO_INCREMENTAL=0" "-e" "RUST_BACKTRACE=full" "-e" "RUSTFLAGS=--cap-lints=warn" "-e" "RUSTDOCFLAGS=--cap-lints=warn" "-e" "CARGO_HOME=/opt/rustwide/cargo-home" "-e" "RUSTUP_HOME=/opt/rustwide/rustup-home" "-w" "/opt/rustwide/workdir" "-m" "1610612736" "--user" "0:0" "--network" "none" "ghcr.io/rust-lang/crates-build-env/linux@sha256:5ff2268d62e97bff2cde7d5815dd6ed5b47097566f13b8d0ca110b04b60e07ed" "/opt/rustwide/cargo-home/bin/cargo" "+beta-2023-04-20" "build" "--frozen" "--message-format=json", kill_on_drop: false }`
[INFO] [stdout] 36947fd55111b4a9060697da1a9b8f8874bd21bba18c37146ce912c9a9e1e2cf
[INFO] running `Command { std: "docker" "start" "-a" "36947fd55111b4a9060697da1a9b8f8874bd21bba18c37146ce912c9a9e1e2cf", kill_on_drop: false }`
[INFO] [stderr]    Compiling num-traits v0.2.15
[INFO] [stderr]    Compiling num-integer v0.1.45
[INFO] [stderr]    Compiling iana-time-zone v0.1.53
[INFO] [stderr]    Compiling time v0.1.44
[INFO] [stderr]    Compiling chrono v0.4.22
[INFO] [stderr]    Compiling doe v0.1.32 (/opt/rustwide/workdir)
[INFO] [stderr]     Finished dev [unoptimized + debuginfo] target(s) in 4.72s
[INFO] [stderr] warning: the following packages contain code that will be rejected by a future version of Rust: doe v0.1.32 (/opt/rustwide/workdir)
[INFO] [stderr] note: to see what the problems were, use the option `--future-incompat-report`, or run `cargo report future-incompatibilities --id 1`
[INFO] running `Command { std: "docker" "inspect" "36947fd55111b4a9060697da1a9b8f8874bd21bba18c37146ce912c9a9e1e2cf", kill_on_drop: false }`
[INFO] running `Command { std: "docker" "rm" "-f" "36947fd55111b4a9060697da1a9b8f8874bd21bba18c37146ce912c9a9e1e2cf", kill_on_drop: false }`
[INFO] [stdout] 36947fd55111b4a9060697da1a9b8f8874bd21bba18c37146ce912c9a9e1e2cf
[INFO] running `Command { std: "docker" "create" "-v" "/var/lib/crater-agent-workspace/builds/worker-5-tc2/target:/opt/rustwide/target:rw,Z" "-v" "/var/lib/crater-agent-workspace/builds/worker-5-tc2/source:/opt/rustwide/workdir:ro,Z" "-v" "/var/lib/crater-agent-workspace/cargo-home:/opt/rustwide/cargo-home:ro,Z" "-v" "/var/lib/crater-agent-workspace/rustup-home:/opt/rustwide/rustup-home:ro,Z" "-e" "SOURCE_DIR=/opt/rustwide/workdir" "-e" "CARGO_TARGET_DIR=/opt/rustwide/target" "-e" "CARGO_INCREMENTAL=0" "-e" "RUST_BACKTRACE=full" "-e" "RUSTFLAGS=--cap-lints=warn" "-e" "RUSTDOCFLAGS=--cap-lints=warn" "-e" "CARGO_HOME=/opt/rustwide/cargo-home" "-e" "RUSTUP_HOME=/opt/rustwide/rustup-home" "-w" "/opt/rustwide/workdir" "-m" "1610612736" "--user" "0:0" "--network" "none" "ghcr.io/rust-lang/crates-build-env/linux@sha256:5ff2268d62e97bff2cde7d5815dd6ed5b47097566f13b8d0ca110b04b60e07ed" "/opt/rustwide/cargo-home/bin/cargo" "+beta-2023-04-20" "test" "--frozen" "--no-run" "--message-format=json", kill_on_drop: false }`
[INFO] [stdout] c55e79276b1f43b1976c8e9d1fd8395f604a51c6b6caff5bdc35738cd436b100
[INFO] running `Command { std: "docker" "start" "-a" "c55e79276b1f43b1976c8e9d1fd8395f604a51c6b6caff5bdc35738cd436b100", kill_on_drop: false }`
[INFO] [stderr]    Compiling doe v0.1.32 (/opt/rustwide/workdir)
[INFO] [stderr]     Finished test [unoptimized + debuginfo] target(s) in 0.44s
[INFO] [stderr] warning: the following packages contain code that will be rejected by a future version of Rust: doe v0.1.32 (/opt/rustwide/workdir)
[INFO] [stderr]     Blocking waiting for file lock on package cache
[INFO] [stderr] note: to see what the problems were, use the option `--future-incompat-report`, or run `cargo report future-incompatibilities --id 2`
[INFO] running `Command { std: "docker" "inspect" "c55e79276b1f43b1976c8e9d1fd8395f604a51c6b6caff5bdc35738cd436b100", kill_on_drop: false }`
[INFO] running `Command { std: "docker" "rm" "-f" "c55e79276b1f43b1976c8e9d1fd8395f604a51c6b6caff5bdc35738cd436b100", kill_on_drop: false }`
[INFO] [stdout] c55e79276b1f43b1976c8e9d1fd8395f604a51c6b6caff5bdc35738cd436b100
[INFO] running `Command { std: "docker" "create" "-v" "/var/lib/crater-agent-workspace/builds/worker-5-tc2/target:/opt/rustwide/target:rw,Z" "-v" "/var/lib/crater-agent-workspace/builds/worker-5-tc2/source:/opt/rustwide/workdir:ro,Z" "-v" "/var/lib/crater-agent-workspace/cargo-home:/opt/rustwide/cargo-home:ro,Z" "-v" "/var/lib/crater-agent-workspace/rustup-home:/opt/rustwide/rustup-home:ro,Z" "-e" "SOURCE_DIR=/opt/rustwide/workdir" "-e" "CARGO_TARGET_DIR=/opt/rustwide/target" "-e" "CARGO_INCREMENTAL=0" "-e" "RUST_BACKTRACE=full" "-e" "RUSTFLAGS=--cap-lints=warn" "-e" "RUSTDOCFLAGS=--cap-lints=warn" "-e" "CARGO_HOME=/opt/rustwide/cargo-home" "-e" "RUSTUP_HOME=/opt/rustwide/rustup-home" "-w" "/opt/rustwide/workdir" "-m" "1610612736" "--user" "0:0" "--network" "none" "ghcr.io/rust-lang/crates-build-env/linux@sha256:5ff2268d62e97bff2cde7d5815dd6ed5b47097566f13b8d0ca110b04b60e07ed" "/opt/rustwide/cargo-home/bin/cargo" "+beta-2023-04-20" "test" "--frozen", kill_on_drop: false }`
[INFO] [stdout] 8d8938d58bd19744279f3449dfaa301d7b5628f87a73203f79980686f80c475a
[INFO] running `Command { std: "docker" "start" "-a" "8d8938d58bd19744279f3449dfaa301d7b5628f87a73203f79980686f80c475a", kill_on_drop: false }`
[INFO] [stderr]     Blocking waiting for file lock on package cache
[INFO] [stderr]     Finished test [unoptimized + debuginfo] target(s) in 0.16s
[INFO] [stderr] warning: the following packages contain code that will be rejected by a future version of Rust: doe v0.1.32 (/opt/rustwide/workdir)
[INFO] [stderr] note: to see what the problems were, use the option `--future-incompat-report`, or run `cargo report future-incompatibilities --id 2`
[INFO] [stderr]      Running unittests src/lib.rs (/opt/rustwide/target/debug/deps/doe-b2ed5551298d6477)
[INFO] [stdout] 
[INFO] [stdout] running 0 tests
[INFO] [stdout] 
[INFO] [stdout] test result: ok. 0 passed; 0 failed; 0 ignored; 0 measured; 0 filtered out; finished in 0.00s
[INFO] [stdout] 
[INFO] [stderr]      Running unittests src/main.rs (/opt/rustwide/target/debug/deps/doe-bb845d3df35ec615)
[INFO] [stdout] 
[INFO] [stderr]    Doc-tests doe
[INFO] [stdout] running 0 tests
[INFO] [stdout] 
[INFO] [stdout] test result: ok. 0 passed; 0 failed; 0 ignored; 0 measured; 0 filtered out; finished in 0.00s
[INFO] [stdout] 
[INFO] [stdout] 
[INFO] [stdout] running 47 tests
[INFO] [stdout] test src/lib.rs - macros::args (line 138) ... ignored
[INFO] [stdout] test src/lib.rs - macros::command (line 848) ... ignored
[INFO] [stdout] test src/lib.rs - macros::duration_set_timeout (line 912) ... ignored
[INFO] [stdout] test src/lib.rs - macros::is_i32 (line 49) ... ok
[INFO] [stdout] test src/lib.rs - macros::as_to (line 12) ... ok
[INFO] [stdout] test src/lib.rs - macros::is_i128 (line 73) ... ok
[INFO] [stdout] test src/lib.rs - macros::is_f64 (line 97) ... ok
[INFO] [stdout] test src/lib.rs - macros::is_i64 (line 61) ... ok
[INFO] [stdout] test src/lib.rs - macros::is_i16 (line 37) ... ok
[INFO] [stdout] test src/lib.rs - macros::hashmap (line 1006) ... ok
[INFO] [stdout] test src/lib.rs - macros::remove_file_or_folder (line 526) ... ignored
[INFO] [stdout] test src/lib.rs - macros::set_interval (line 940) ... ignored
[INFO] [stdout] test src/lib.rs - macros::set_timeout (line 890) ... ignored
[INFO] [stdout] test src/lib.rs - macros::input (line 151) ... ok
[INFO] [stdout] test src/lib.rs - macros::btreemap (line 1029) ... ok
[INFO] [stdout] test src/lib.rs - macros::max (line 633) ... ok
[INFO] [stdout] test src/lib.rs - macros::is_i8 (line 25) ... ok
[INFO] [stdout] test src/lib.rs - macros::is_f32 (line 85) ... ok
[INFO] [stdout] test src/lib.rs - macros::has_stable_compiler (line 821) ... FAILED
[INFO] [stdout] test src/lib.rs - macros::deduped_sorted (line 216) ... ok
[INFO] [stdout] test src/lib.rs - macros::has_nightly_compiler (line 794) ... FAILED
[INFO] [stdout] test src/lib.rs - macros::memory_address (line 691) ... ok
[INFO] [stdout] test src/lib.rs - macros::powf (line 126) ... ok
[INFO] [stdout] test src/lib.rs - macros::min (line 646) ... ok
[INFO] [stdout] test src/lib.rs - macros::snail_sort (line 287) ... ok
[INFO] [stdout] test src/lib.rs - macros::local_now (line 974) ... ok
[INFO] [stdout] test src/lib.rs - macros::binary_to_decimal (line 659) ... ok
[INFO] [stdout] test src/lib.rs - macros::read_csv (line 182) ... ok
[INFO] [stdout] test src/lib.rs - macros::vec_element_clone (line 506) ... ok
[INFO] [stdout] test src/lib.rs - macros::utc_timestamp (line 957) ... ok
[INFO] [stdout] test src/lib.rs - macros::sorted (line 200) ... ok
[INFO] [stdout] test src/lib.rs - macros::split_to_vec (line 166) ... ok
[INFO] [stdout] test src/lib.rs - macros::vec_element_parse (line 233) ... ok
[INFO] [stdout] test src/lib.rs - macros::vec_element_position_all (line 453) ... ok
[INFO] [stdout] test src/lib.rs - macros::multiply_matrix (line 330) ... ok
[INFO] [stdout] test src/lib.rs - macros::vec_element_to_string (line 263) ... ok
[INFO] [stdout] test src/lib.rs - macros::vec_element_remove_all (line 422) ... ok
[INFO] [stdout] test src/lib.rs - macros::vec_enumerate (line 762) ... ok
[INFO] [stdout] test src/lib.rs - macros::vec_element_remove (line 399) ... ok
[INFO] [stdout] test src/lib.rs - macros::vec_slice (line 479) ... ok
[INFO] [stdout] test src/lib.rs - macros::vec_element_take (line 726) ... ok
[INFO] [stdout] test src/lib.rs - macros::vec_element_convert (line 604) ... ok
[INFO] [stdout] test src/lib.rs - macros::utc_now (line 990) ... ok
[INFO] [stdout] test src/lib.rs - macros::vec_zip (line 743) ... ok
[INFO] [stdout] test src/lib.rs - macros::vec_merge (line 704) ... ok
[INFO] [stdout] test src/lib.rs - macros::vec_sort (line 778) ... ok
[INFO] [stdout] test src/lib.rs - macros::vec_type (line 547) ... ok
[INFO] [stdout] 
[INFO] [stdout] failures:
[INFO] [stdout] 
[INFO] [stdout] ---- src/lib.rs - macros::has_stable_compiler (line 821) stdout ----
[INFO] [stdout] Test executable failed (exit status: 101).
[INFO] [stdout] 
[INFO] [stdout] stderr:
[INFO] [stdout] thread 'main' panicked at 'assertion failed: `(left == right)`
[INFO] [stdout]   left: `true`,
[INFO] [stdout]  right: `false`', src/lib.rs:6:1
[INFO] [stdout] stack backtrace:
[INFO] [stdout]    0:     0x561ccea0847a - std::backtrace_rs::backtrace::libunwind::trace::h2f05d0192276a8f6
[INFO] [stdout]                                at /rustc/1b7dd2252b99671ce5d1cb9664c5f8636329436d/library/std/src/../../backtrace/src/backtrace/libunwind.rs:93:5
[INFO] [stdout]    1:     0x561ccea0847a - std::backtrace_rs::backtrace::trace_unsynchronized::hedc23dff7a1af150
[INFO] [stdout]                                at /rustc/1b7dd2252b99671ce5d1cb9664c5f8636329436d/library/std/src/../../backtrace/src/backtrace/mod.rs:66:5
[INFO] [stdout]    2:     0x561ccea0847a - std::sys_common::backtrace::_print_fmt::h17541ef7592f3ce2
[INFO] [stdout]                                at /rustc/1b7dd2252b99671ce5d1cb9664c5f8636329436d/library/std/src/sys_common/backtrace.rs:65:5
[INFO] [stdout]    3:     0x561ccea0847a - <std::sys_common::backtrace::_print::DisplayBacktrace as core::fmt::Display>::fmt::h20f75df5ab0c0792
[INFO] [stdout]                                at /rustc/1b7dd2252b99671ce5d1cb9664c5f8636329436d/library/std/src/sys_common/backtrace.rs:44:22
[INFO] [stdout]    4:     0x561ccea255bf - core::fmt::write::h78109e6f466b3af6
[INFO] [stdout]                                at /rustc/1b7dd2252b99671ce5d1cb9664c5f8636329436d/library/core/src/fmt/mod.rs:1254:17
[INFO] [stdout]    5:     0x561ccea06175 - std::io::Write::write_fmt::hc59e1b02dd273c8a
[INFO] [stdout]                                at /rustc/1b7dd2252b99671ce5d1cb9664c5f8636329436d/library/std/src/io/mod.rs:1698:15
[INFO] [stdout]    6:     0x561ccea08245 - std::sys_common::backtrace::_print::h8dac57a9f8fbf9a5
[INFO] [stdout]                                at /rustc/1b7dd2252b99671ce5d1cb9664c5f8636329436d/library/std/src/sys_common/backtrace.rs:47:5
[INFO] [stdout]    7:     0x561ccea08245 - std::sys_common::backtrace::print::hf9ecbf41d1aa712f
[INFO] [stdout]                                at /rustc/1b7dd2252b99671ce5d1cb9664c5f8636329436d/library/std/src/sys_common/backtrace.rs:34:9
[INFO] [stdout]    8:     0x561ccea097ce - std::panicking::default_hook::{{closure}}::h04c07acfc84ca028
[INFO] [stdout]                                at /rustc/1b7dd2252b99671ce5d1cb9664c5f8636329436d/library/std/src/panicking.rs:269:22
[INFO] [stdout]    9:     0x561ccea09575 - std::panicking::default_hook::h01f6bb23e1eceb2c
[INFO] [stdout]                                at /rustc/1b7dd2252b99671ce5d1cb9664c5f8636329436d/library/std/src/panicking.rs:288:9
[INFO] [stdout]   10:     0x561ccea09d2e - std::panicking::rust_panic_with_hook::h2bb3722bbaf2f6df
[INFO] [stdout]                                at /rustc/1b7dd2252b99671ce5d1cb9664c5f8636329436d/library/std/src/panicking.rs:691:13
[INFO] [stdout]   11:     0x561ccea09c29 - std::panicking::begin_panic_handler::{{closure}}::h91bc7f36a4be011b
[INFO] [stdout]                                at /rustc/1b7dd2252b99671ce5d1cb9664c5f8636329436d/library/std/src/panicking.rs:582:13
[INFO] [stdout]   12:     0x561ccea088e6 - std::sys_common::backtrace::__rust_end_short_backtrace::h8b3d3717114f9e59
[INFO] [stdout]                                at /rustc/1b7dd2252b99671ce5d1cb9664c5f8636329436d/library/std/src/sys_common/backtrace.rs:150:18
[INFO] [stdout]   13:     0x561ccea09982 - rust_begin_unwind
[INFO] [stdout]                                at /rustc/1b7dd2252b99671ce5d1cb9664c5f8636329436d/library/std/src/panicking.rs:578:5
[INFO] [stdout]   14:     0x561cce9e8f93 - core::panicking::panic_fmt::hfd368e3fbdabea26
[INFO] [stdout]                                at /rustc/1b7dd2252b99671ce5d1cb9664c5f8636329436d/library/core/src/panicking.rs:67:14
[INFO] [stdout]   15:     0x561cce9e920f - core::panicking::assert_failed_inner::haef49168e1798a91
[INFO] [stdout]   16:     0x561cce9e9836 - core::panicking::assert_failed::he94f680f896d8ac0
[INFO] [stdout]   17:     0x561cce9e98f8 - rust_out::main::_doctest_main_src_lib_rs_821_0::hd616fb7eba0f3df7
[INFO] [stdout]   18:     0x561cce9e9876 - rust_out::main::h2731449a68dfa004
[INFO] [stdout]   19:     0x561cce9e9793 - core::ops::function::FnOnce::call_once::hd1715aa1b26fc35c
[INFO] [stdout]   20:     0x561cce9e9596 - std::sys_common::backtrace::__rust_begin_short_backtrace::h8d2b4d09ce515535
[INFO] [stdout]   21:     0x561cce9e95e9 - std::rt::lang_start::{{closure}}::hc9a918c63b0dc835
[INFO] [stdout]   22:     0x561ccea040fe - core::ops::function::impls::<impl core::ops::function::FnOnce<A> for &F>::call_once::h2eb19b8ce4148df4
[INFO] [stdout]                                at /rustc/1b7dd2252b99671ce5d1cb9664c5f8636329436d/library/core/src/ops/function.rs:287:13
[INFO] [stdout]   23:     0x561ccea040fe - std::panicking::try::do_call::h2e900feff5d504c5
[INFO] [stdout]                                at /rustc/1b7dd2252b99671ce5d1cb9664c5f8636329436d/library/std/src/panicking.rs:485:40
[INFO] [stdout]   24:     0x561ccea040fe - std::panicking::try::h8854836cb85aa9f2
[INFO] [stdout]                                at /rustc/1b7dd2252b99671ce5d1cb9664c5f8636329436d/library/std/src/panicking.rs:449:19
[INFO] [stdout]   25:     0x561ccea040fe - std::panic::catch_unwind::h706025dd4c48f64b
[INFO] [stdout]                                at /rustc/1b7dd2252b99671ce5d1cb9664c5f8636329436d/library/std/src/panic.rs:140:14
[INFO] [stdout]   26:     0x561ccea040fe - std::rt::lang_start_internal::{{closure}}::h7be5b97f4a07a91a
[INFO] [stdout]                                at /rustc/1b7dd2252b99671ce5d1cb9664c5f8636329436d/library/std/src/rt.rs:148:48
[INFO] [stdout]   27:     0x561ccea040fe - std::panicking::try::do_call::h59847e9d0a176965
[INFO] [stdout]                                at /rustc/1b7dd2252b99671ce5d1cb9664c5f8636329436d/library/std/src/panicking.rs:485:40
[INFO] [stdout]   28:     0x561ccea040fe - std::panicking::try::h399a918ba8522823
[INFO] [stdout]                                at /rustc/1b7dd2252b99671ce5d1cb9664c5f8636329436d/library/std/src/panicking.rs:449:19
[INFO] [stdout]   29:     0x561ccea040fe - std::panic::catch_unwind::hca7ca6c55b2a2e26
[INFO] [stdout]                                at /rustc/1b7dd2252b99671ce5d1cb9664c5f8636329436d/library/std/src/panic.rs:140:14
[INFO] [stdout]   30:     0x561ccea040fe - std::rt::lang_start_internal::h2c807a81560459eb
[INFO] [stdout]                                at /rustc/1b7dd2252b99671ce5d1cb9664c5f8636329436d/library/std/src/rt.rs:148:20
[INFO] [stdout]   31:     0x561cce9e95c7 - std::rt::lang_start::hc4bd3329ce767e23
[INFO] [stdout]   32:     0x561cce9e9ab5 - main
[INFO] [stdout]   33:     0x7faaecdf0d90 - <unknown>
[INFO] [stdout]   34:     0x7faaecdf0e40 - __libc_start_main
[INFO] [stdout]   35:     0x561cce9e94c5 - _start
[INFO] [stdout]   36:                0x0 - <unknown>
[INFO] [stdout] 
[INFO] [stdout] 
[INFO] [stdout] ---- src/lib.rs - macros::has_nightly_compiler (line 794) stdout ----
[INFO] [stdout] Test executable failed (exit status: 101).
[INFO] [stdout] 
[INFO] [stdout] stderr:
[INFO] [stdout] thread 'main' panicked at 'assertion failed: `(left == right)`
[INFO] [stdout]   left: `false`,
[INFO] [stdout]  right: `true`', src/lib.rs:6:1
[INFO] [stdout] stack backtrace:
[INFO] [stdout]    0:     0x5652b687247a - std::backtrace_rs::backtrace::libunwind::trace::h2f05d0192276a8f6
[INFO] [stdout]                                at /rustc/1b7dd2252b99671ce5d1cb9664c5f8636329436d/library/std/src/../../backtrace/src/backtrace/libunwind.rs:93:5
[INFO] [stdout]    1:     0x5652b687247a - std::backtrace_rs::backtrace::trace_unsynchronized::hedc23dff7a1af150
[INFO] [stdout]                                at /rustc/1b7dd2252b99671ce5d1cb9664c5f8636329436d/library/std/src/../../backtrace/src/backtrace/mod.rs:66:5
[INFO] [stdout]    2:     0x5652b687247a - std::sys_common::backtrace::_print_fmt::h17541ef7592f3ce2
[INFO] [stdout]                                at /rustc/1b7dd2252b99671ce5d1cb9664c5f8636329436d/library/std/src/sys_common/backtrace.rs:65:5
[INFO] [stdout]    3:     0x5652b687247a - <std::sys_common::backtrace::_print::DisplayBacktrace as core::fmt::Display>::fmt::h20f75df5ab0c0792
[INFO] [stdout]                                at /rustc/1b7dd2252b99671ce5d1cb9664c5f8636329436d/library/std/src/sys_common/backtrace.rs:44:22
[INFO] [stdout]    4:     0x5652b688f5bf - core::fmt::write::h78109e6f466b3af6
[INFO] [stdout]                                at /rustc/1b7dd2252b99671ce5d1cb9664c5f8636329436d/library/core/src/fmt/mod.rs:1254:17
[INFO] [stdout]    5:     0x5652b6870175 - std::io::Write::write_fmt::hc59e1b02dd273c8a
[INFO] [stdout]                                at /rustc/1b7dd2252b99671ce5d1cb9664c5f8636329436d/library/std/src/io/mod.rs:1698:15
[INFO] [stdout]    6:     0x5652b6872245 - std::sys_common::backtrace::_print::h8dac57a9f8fbf9a5
[INFO] [stdout]                                at /rustc/1b7dd2252b99671ce5d1cb9664c5f8636329436d/library/std/src/sys_common/backtrace.rs:47:5
[INFO] [stdout]    7:     0x5652b6872245 - std::sys_common::backtrace::print::hf9ecbf41d1aa712f
[INFO] [stdout]                                at /rustc/1b7dd2252b99671ce5d1cb9664c5f8636329436d/library/std/src/sys_common/backtrace.rs:34:9
[INFO] [stdout]    8:     0x5652b68737ce - std::panicking::default_hook::{{closure}}::h04c07acfc84ca028
[INFO] [stdout]                                at /rustc/1b7dd2252b99671ce5d1cb9664c5f8636329436d/library/std/src/panicking.rs:269:22
[INFO] [stdout]    9:     0x5652b6873575 - std::panicking::default_hook::h01f6bb23e1eceb2c
[INFO] [stdout]                                at /rustc/1b7dd2252b99671ce5d1cb9664c5f8636329436d/library/std/src/panicking.rs:288:9
[INFO] [stdout]   10:     0x5652b6873d2e - std::panicking::rust_panic_with_hook::h2bb3722bbaf2f6df
[INFO] [stdout]                                at /rustc/1b7dd2252b99671ce5d1cb9664c5f8636329436d/library/std/src/panicking.rs:691:13
[INFO] [stdout]   11:     0x5652b6873c29 - std::panicking::begin_panic_handler::{{closure}}::h91bc7f36a4be011b
[INFO] [stdout]                                at /rustc/1b7dd2252b99671ce5d1cb9664c5f8636329436d/library/std/src/panicking.rs:582:13
[INFO] [stdout]   12:     0x5652b68728e6 - std::sys_common::backtrace::__rust_end_short_backtrace::h8b3d3717114f9e59
[INFO] [stdout]                                at /rustc/1b7dd2252b99671ce5d1cb9664c5f8636329436d/library/std/src/sys_common/backtrace.rs:150:18
[INFO] [stdout]   13:     0x5652b6873982 - rust_begin_unwind
[INFO] [stdout]                                at /rustc/1b7dd2252b99671ce5d1cb9664c5f8636329436d/library/std/src/panicking.rs:578:5
[INFO] [stdout]   14:     0x5652b6852f93 - core::panicking::panic_fmt::hfd368e3fbdabea26
[INFO] [stdout]                                at /rustc/1b7dd2252b99671ce5d1cb9664c5f8636329436d/library/core/src/panicking.rs:67:14
[INFO] [stdout]   15:     0x5652b685320f - core::panicking::assert_failed_inner::haef49168e1798a91
[INFO] [stdout]   16:     0x5652b6853836 - core::panicking::assert_failed::he94f680f896d8ac0
[INFO] [stdout]   17:     0x5652b68538f8 - rust_out::main::_doctest_main_src_lib_rs_794_0::h102dfb49a423f9c3
[INFO] [stdout]   18:     0x5652b6853876 - rust_out::main::h2731449a68dfa004
[INFO] [stdout]   19:     0x5652b6853793 - core::ops::function::FnOnce::call_once::hd1715aa1b26fc35c
[INFO] [stdout]   20:     0x5652b6853596 - std::sys_common::backtrace::__rust_begin_short_backtrace::h8d2b4d09ce515535
[INFO] [stdout]   21:     0x5652b68535e9 - std::rt::lang_start::{{closure}}::hc9a918c63b0dc835
[INFO] [stdout]   22:     0x5652b686e0fe - core::ops::function::impls::<impl core::ops::function::FnOnce<A> for &F>::call_once::h2eb19b8ce4148df4
[INFO] [stdout]                                at /rustc/1b7dd2252b99671ce5d1cb9664c5f8636329436d/library/core/src/ops/function.rs:287:13
[INFO] [stdout]   23:     0x5652b686e0fe - std::panicking::try::do_call::h2e900feff5d504c5
[INFO] [stdout]                                at /rustc/1b7dd2252b99671ce5d1cb9664c5f8636329436d/library/std/src/panicking.rs:485:40
[INFO] [stdout]   24:     0x5652b686e0fe - std::panicking::try::h8854836cb85aa9f2
[INFO] [stdout]                                at /rustc/1b7dd2252b99671ce5d1cb9664c5f8636329436d/library/std/src/panicking.rs:449:19
[INFO] [stdout]   25:     0x5652b686e0fe - std::panic::catch_unwind::h706025dd4c48f64b
[INFO] [stdout]                                at /rustc/1b7dd2252b99671ce5d1cb9664c5f8636329436d/library/std/src/panic.rs:140:14
[INFO] [stdout]   26:     0x5652b686e0fe - std::rt::lang_start_internal::{{closure}}::h7be5b97f4a07a91a
[INFO] [stdout]                                at /rustc/1b7dd2252b99671ce5d1cb9664c5f8636329436d/library/std/src/rt.rs:148:48
[INFO] [stdout]   27:     0x5652b686e0fe - std::panicking::try::do_call::h59847e9d0a176965
[INFO] [stdout]                                at /rustc/1b7dd2252b99671ce5d1cb9664c5f8636329436d/library/std/src/panicking.rs:485:40
[INFO] [stdout]   28:     0x5652b686e0fe - std::panicking::try::h399a918ba8522823
[INFO] [stdout]                                at /rustc/1b7dd2252b99671ce5d1cb9664c5f8636329436d/library/std/src/panicking.rs:449:19
[INFO] [stdout]   29:     0x5652b686e0fe - std::panic::catch_unwind::hca7ca6c55b2a2e26
[INFO] [stdout]                                at /rustc/1b7dd2252b99671ce5d1cb9664c5f8636329436d/library/std/src/panic.rs:140:14
[INFO] [stdout]   30:     0x5652b686e0fe - std::rt::lang_start_internal::h2c807a81560459eb
[INFO] [stdout]                                at /rustc/1b7dd2252b99671ce5d1cb9664c5f8636329436d/library/std/src/rt.rs:148:20
[INFO] [stdout]   31:     0x5652b68535c7 - std::rt::lang_start::hc4bd3329ce767e23
[INFO] [stdout]   32:     0x5652b6853ab5 - main
[INFO] [stdout]   33:     0x7f01be31cd90 - <unknown>
[INFO] [stdout]   34:     0x7f01be31ce40 - __libc_start_main
[INFO] [stdout]   35:     0x5652b68534c5 - _start
[INFO] [stdout]   36:                0x0 - <unknown>
[INFO] [stdout] 
[INFO] [stdout] 
[INFO] [stdout] 
[INFO] [stdout] failures:
[INFO] [stdout]     src/lib.rs - macros::has_nightly_compiler (line 794)
[INFO] [stdout]     src/lib.rs - macros::has_stable_compiler (line 821)
[INFO] [stdout] 
[INFO] [stdout] test result: FAILED. 39 passed; 2 failed; 6 ignored; 0 measured; 0 filtered out; finished in 3.63s
[INFO] [stdout] 
[INFO] [stderr] error: doctest failed, to rerun pass `--doc`
[INFO] running `Command { std: "docker" "inspect" "8d8938d58bd19744279f3449dfaa301d7b5628f87a73203f79980686f80c475a", kill_on_drop: false }`
[INFO] running `Command { std: "docker" "rm" "-f" "8d8938d58bd19744279f3449dfaa301d7b5628f87a73203f79980686f80c475a", kill_on_drop: false }`
[INFO] [stdout] 8d8938d58bd19744279f3449dfaa301d7b5628f87a73203f79980686f80c475a
