[INFO] fetching crate dnevnik 0.3.6...
[INFO] testing dnevnik-0.3.6 against 1.69.0 for beta-1.70-1
[INFO] extracting crate dnevnik 0.3.6 into /workspace/builds/worker-2-tc1/source
[INFO] validating manifest of crates.io crate dnevnik 0.3.6 on toolchain 1.69.0
[INFO] running `Command { std: CARGO_HOME="/workspace/cargo-home" RUSTUP_HOME="/workspace/rustup-home" "/workspace/cargo-home/bin/cargo" "+1.69.0" "metadata" "--manifest-path" "Cargo.toml" "--no-deps", kill_on_drop: false }`
[INFO] started tweaking crates.io crate dnevnik 0.3.6
[INFO] finished tweaking crates.io crate dnevnik 0.3.6
[INFO] tweaked toml for crates.io crate dnevnik 0.3.6 written to /workspace/builds/worker-2-tc1/source/Cargo.toml
[INFO] running `Command { std: CARGO_HOME="/workspace/cargo-home" RUSTUP_HOME="/workspace/rustup-home" __CARGO_TEST_CHANNEL_OVERRIDE_DO_NOT_USE_THIS="nightly" "/workspace/cargo-home/bin/cargo" "+1.69.0" "generate-lockfile" "--manifest-path" "Cargo.toml" "-Zno-index-update", kill_on_drop: false }`
[INFO] running `Command { std: CARGO_HOME="/workspace/cargo-home" RUSTUP_HOME="/workspace/rustup-home" "/workspace/cargo-home/bin/cargo" "+1.69.0" "fetch" "--manifest-path" "Cargo.toml", kill_on_drop: false }`
[INFO] running `Command { std: "docker" "create" "-v" "/var/lib/crater-agent-workspace/builds/worker-2-tc1/target:/opt/rustwide/target:rw,Z" "-v" "/var/lib/crater-agent-workspace/builds/worker-2-tc1/source:/opt/rustwide/workdir:ro,Z" "-v" "/var/lib/crater-agent-workspace/cargo-home:/opt/rustwide/cargo-home:ro,Z" "-v" "/var/lib/crater-agent-workspace/rustup-home:/opt/rustwide/rustup-home:ro,Z" "-e" "SOURCE_DIR=/opt/rustwide/workdir" "-e" "CARGO_TARGET_DIR=/opt/rustwide/target" "-e" "CARGO_HOME=/opt/rustwide/cargo-home" "-e" "RUSTUP_HOME=/opt/rustwide/rustup-home" "-w" "/opt/rustwide/workdir" "-m" "1610612736" "--user" "0:0" "--network" "none" "ghcr.io/rust-lang/crates-build-env/linux@sha256:5ff2268d62e97bff2cde7d5815dd6ed5b47097566f13b8d0ca110b04b60e07ed" "/opt/rustwide/cargo-home/bin/cargo" "+1.69.0" "metadata" "--no-deps" "--format-version=1", kill_on_drop: false }`
[INFO] [stdout] bf4f7708312fee2b77185b718ffafb2b490dfb97deb35b72f3ffebf55039770c
[INFO] running `Command { std: "docker" "start" "-a" "bf4f7708312fee2b77185b718ffafb2b490dfb97deb35b72f3ffebf55039770c", kill_on_drop: false }`
[INFO] running `Command { std: "docker" "inspect" "bf4f7708312fee2b77185b718ffafb2b490dfb97deb35b72f3ffebf55039770c", kill_on_drop: false }`
[INFO] running `Command { std: "docker" "rm" "-f" "bf4f7708312fee2b77185b718ffafb2b490dfb97deb35b72f3ffebf55039770c", kill_on_drop: false }`
[INFO] [stdout] bf4f7708312fee2b77185b718ffafb2b490dfb97deb35b72f3ffebf55039770c
[INFO] running `Command { std: "docker" "create" "-v" "/var/lib/crater-agent-workspace/builds/worker-2-tc1/target:/opt/rustwide/target:rw,Z" "-v" "/var/lib/crater-agent-workspace/builds/worker-2-tc1/source:/opt/rustwide/workdir:ro,Z" "-v" "/var/lib/crater-agent-workspace/cargo-home:/opt/rustwide/cargo-home:ro,Z" "-v" "/var/lib/crater-agent-workspace/rustup-home:/opt/rustwide/rustup-home:ro,Z" "-e" "SOURCE_DIR=/opt/rustwide/workdir" "-e" "CARGO_TARGET_DIR=/opt/rustwide/target" "-e" "CARGO_INCREMENTAL=0" "-e" "RUST_BACKTRACE=full" "-e" "RUSTFLAGS=--cap-lints=warn" "-e" "RUSTDOCFLAGS=--cap-lints=warn" "-e" "CARGO_HOME=/opt/rustwide/cargo-home" "-e" "RUSTUP_HOME=/opt/rustwide/rustup-home" "-w" "/opt/rustwide/workdir" "-m" "1610612736" "--user" "0:0" "--network" "none" "ghcr.io/rust-lang/crates-build-env/linux@sha256:5ff2268d62e97bff2cde7d5815dd6ed5b47097566f13b8d0ca110b04b60e07ed" "/opt/rustwide/cargo-home/bin/cargo" "+1.69.0" "build" "--frozen" "--message-format=json", kill_on_drop: false }`
[INFO] [stdout] 2a99a801035f77655ef2e87a8a07900b4889aa3fdd678f2e84a0ccc2a1f14691
[INFO] running `Command { std: "docker" "start" "-a" "2a99a801035f77655ef2e87a8a07900b4889aa3fdd678f2e84a0ccc2a1f14691", kill_on_drop: false }`
[INFO] [stderr]    Compiling once_cell v1.17.1
[INFO] [stderr]    Compiling cc v1.0.79
[INFO] [stderr]    Compiling pkg-config v0.3.26
[INFO] [stderr]    Compiling pin-project-lite v0.2.9
[INFO] [stderr]    Compiling bytes v1.4.0
[INFO] [stderr]    Compiling futures-core v0.3.28
[INFO] [stderr]    Compiling tokio v1.28.0
[INFO] [stderr]    Compiling futures-task v0.3.28
[INFO] [stderr]    Compiling indexmap v1.9.3
[INFO] [stderr]    Compiling futures-util v0.3.28
[INFO] [stderr]    Compiling openssl v0.10.52
[INFO] [stderr]    Compiling mio v0.8.6
[INFO] [stderr]    Compiling socket2 v0.4.9
[INFO] [stderr]    Compiling syn v2.0.15
[INFO] [stderr]    Compiling hashbrown v0.12.3
[INFO] [stderr]    Compiling httparse v1.8.0
[INFO] [stderr]    Compiling futures-sink v0.3.28
[INFO] [stderr]    Compiling tracing-core v0.1.30
[INFO] [stderr]    Compiling futures-channel v0.3.28
[INFO] [stderr]    Compiling native-tls v0.2.11
[INFO] [stderr]    Compiling try-lock v0.2.4
[INFO] [stderr]    Compiling openssl-probe v0.1.5
[INFO] [stderr]    Compiling httpdate v1.0.2
[INFO] [stderr]    Compiling http v0.2.9
[INFO] [stderr]    Compiling want v0.3.0
[INFO] [stderr]    Compiling tower-service v0.3.2
[INFO] [stderr]    Compiling anyhow v1.0.71
[INFO] [stderr]    Compiling url v2.3.1
[INFO] [stderr]    Compiling tracing v0.1.37
[INFO] [stderr]    Compiling encoding_rs v0.8.32
[INFO] [stderr]    Compiling base64 v0.21.0
[INFO] [stderr]    Compiling ipnet v2.7.2
[INFO] [stderr]    Compiling mime v0.3.17
[INFO] [stderr]    Compiling openssl-sys v0.9.87
[INFO] [stderr]    Compiling http-body v0.4.5
[INFO] [stderr]    Compiling tokio-macros v2.1.0
[INFO] [stderr]    Compiling serde_derive v1.0.160
[INFO] [stderr]    Compiling openssl-macros v0.1.1
[INFO] [stderr]    Compiling serde v1.0.160
[INFO] [stderr]    Compiling tokio-util v0.7.8
[INFO] [stderr]    Compiling tokio-native-tls v0.3.1
[INFO] [stderr]    Compiling h2 v0.3.18
[INFO] [stderr]    Compiling serde_json v1.0.96
[INFO] [stderr]    Compiling serde_urlencoded v0.7.1
[INFO] [stderr]    Compiling chrono v0.4.24
[INFO] [stderr]    Compiling uuid v1.3.2
[INFO] [stderr]    Compiling hyper v0.14.26
[INFO] [stderr]    Compiling hyper-tls v0.5.0
[INFO] [stderr]    Compiling reqwest v0.11.17
[INFO] [stderr]    Compiling dnevnik v0.3.6 (/opt/rustwide/workdir)
[INFO] [stdout] warning: use of deprecated method `chrono::DateTime::<Tz>::date`: Use `date_naive()` instead
[INFO] [stdout]    --> src/diary.rs:260:36
[INFO] [stdout]     |
[INFO] [stdout] 260 |             .query(&[("from", from.date().to_string())])
[INFO] [stdout]     |                                    ^^^^
[INFO] [stdout]     |
[INFO] [stdout]     = note: `#[warn(deprecated)]` on by default
[INFO] [stdout] 
[INFO] [stdout] 
[INFO] [stdout] warning: use of deprecated method `chrono::DateTime::<Tz>::date`: Use `date_naive()` instead
[INFO] [stdout]    --> src/diary.rs:261:32
[INFO] [stdout]     |
[INFO] [stdout] 261 |             .query(&[("to", to.date().to_string())])
[INFO] [stdout]     |                                ^^^^
[INFO] [stdout] 
[INFO] [stdout] 
[INFO] [stdout] warning: 2 warnings emitted
[INFO] [stdout] 
[INFO] [stdout] 
[INFO] [stderr]     Finished dev [unoptimized + debuginfo] target(s) in 18.58s
[INFO] running `Command { std: "docker" "inspect" "2a99a801035f77655ef2e87a8a07900b4889aa3fdd678f2e84a0ccc2a1f14691", kill_on_drop: false }`
[INFO] running `Command { std: "docker" "rm" "-f" "2a99a801035f77655ef2e87a8a07900b4889aa3fdd678f2e84a0ccc2a1f14691", kill_on_drop: false }`
[INFO] [stdout] 2a99a801035f77655ef2e87a8a07900b4889aa3fdd678f2e84a0ccc2a1f14691
[INFO] running `Command { std: "docker" "create" "-v" "/var/lib/crater-agent-workspace/builds/worker-2-tc1/target:/opt/rustwide/target:rw,Z" "-v" "/var/lib/crater-agent-workspace/builds/worker-2-tc1/source:/opt/rustwide/workdir:ro,Z" "-v" "/var/lib/crater-agent-workspace/cargo-home:/opt/rustwide/cargo-home:ro,Z" "-v" "/var/lib/crater-agent-workspace/rustup-home:/opt/rustwide/rustup-home:ro,Z" "-e" "SOURCE_DIR=/opt/rustwide/workdir" "-e" "CARGO_TARGET_DIR=/opt/rustwide/target" "-e" "CARGO_INCREMENTAL=0" "-e" "RUST_BACKTRACE=full" "-e" "RUSTFLAGS=--cap-lints=warn" "-e" "RUSTDOCFLAGS=--cap-lints=warn" "-e" "CARGO_HOME=/opt/rustwide/cargo-home" "-e" "RUSTUP_HOME=/opt/rustwide/rustup-home" "-w" "/opt/rustwide/workdir" "-m" "1610612736" "--user" "0:0" "--network" "none" "ghcr.io/rust-lang/crates-build-env/linux@sha256:5ff2268d62e97bff2cde7d5815dd6ed5b47097566f13b8d0ca110b04b60e07ed" "/opt/rustwide/cargo-home/bin/cargo" "+1.69.0" "test" "--frozen" "--no-run" "--message-format=json", kill_on_drop: false }`
[INFO] [stdout] 66175af70ccfa006ecebb5181bb90de45667ab7ae976681eb1f86399a5b0f792
[INFO] running `Command { std: "docker" "start" "-a" "66175af70ccfa006ecebb5181bb90de45667ab7ae976681eb1f86399a5b0f792", kill_on_drop: false }`
[INFO] [stderr]    Compiling getrandom v0.2.9
[INFO] [stderr]    Compiling ppv-lite86 v0.2.17
[INFO] [stderr]    Compiling dotenv v0.15.0
[INFO] [stdout] warning: use of deprecated method `chrono::DateTime::<Tz>::date`: Use `date_naive()` instead
[INFO] [stdout]    --> src/diary.rs:260:36
[INFO] [stdout]     |
[INFO] [stdout] 260 |             .query(&[("from", from.date().to_string())])
[INFO] [stdout]     |                                    ^^^^
[INFO] [stdout]     |
[INFO] [stdout]     = note: `#[warn(deprecated)]` on by default
[INFO] [stdout] 
[INFO] [stdout] 
[INFO] [stdout] warning: use of deprecated method `chrono::DateTime::<Tz>::date`: Use `date_naive()` instead
[INFO] [stdout]    --> src/diary.rs:261:32
[INFO] [stdout]     |
[INFO] [stdout] 261 |             .query(&[("to", to.date().to_string())])
[INFO] [stdout]     |                                ^^^^
[INFO] [stdout] 
[INFO] [stdout] 
[INFO] [stdout] warning: 2 warnings emitted
[INFO] [stdout] 
[INFO] [stdout] 
[INFO] [stderr]    Compiling rand_core v0.6.4
[INFO] [stderr]    Compiling rand_chacha v0.3.1
[INFO] [stderr]    Compiling rand v0.8.5
[INFO] [stderr]    Compiling dnevnik v0.3.6 (/opt/rustwide/workdir)
[INFO] [stdout] warning: use of deprecated method `chrono::DateTime::<Tz>::date`: Use `date_naive()` instead
[INFO] [stdout]    --> src/diary.rs:260:36
[INFO] [stdout]     |
[INFO] [stdout] 260 |             .query(&[("from", from.date().to_string())])
[INFO] [stdout]     |                                    ^^^^
[INFO] [stdout]     |
[INFO] [stdout]     = note: `#[warn(deprecated)]` on by default
[INFO] [stdout] 
[INFO] [stdout] 
[INFO] [stdout] warning: use of deprecated method `chrono::DateTime::<Tz>::date`: Use `date_naive()` instead
[INFO] [stdout]    --> src/diary.rs:261:32
[INFO] [stdout]     |
[INFO] [stdout] 261 |             .query(&[("to", to.date().to_string())])
[INFO] [stdout]     |                                ^^^^
[INFO] [stdout] 
[INFO] [stdout] 
[INFO] [stdout] warning: 2 warnings emitted
[INFO] [stdout] 
[INFO] [stdout] 
[INFO] [stderr]     Finished test [unoptimized + debuginfo] target(s) in 7.09s
[INFO] running `Command { std: "docker" "inspect" "66175af70ccfa006ecebb5181bb90de45667ab7ae976681eb1f86399a5b0f792", kill_on_drop: false }`
[INFO] running `Command { std: "docker" "rm" "-f" "66175af70ccfa006ecebb5181bb90de45667ab7ae976681eb1f86399a5b0f792", kill_on_drop: false }`
[INFO] [stdout] 66175af70ccfa006ecebb5181bb90de45667ab7ae976681eb1f86399a5b0f792
[INFO] running `Command { std: "docker" "create" "-v" "/var/lib/crater-agent-workspace/builds/worker-2-tc1/target:/opt/rustwide/target:rw,Z" "-v" "/var/lib/crater-agent-workspace/builds/worker-2-tc1/source:/opt/rustwide/workdir:ro,Z" "-v" "/var/lib/crater-agent-workspace/cargo-home:/opt/rustwide/cargo-home:ro,Z" "-v" "/var/lib/crater-agent-workspace/rustup-home:/opt/rustwide/rustup-home:ro,Z" "-e" "SOURCE_DIR=/opt/rustwide/workdir" "-e" "CARGO_TARGET_DIR=/opt/rustwide/target" "-e" "CARGO_INCREMENTAL=0" "-e" "RUST_BACKTRACE=full" "-e" "RUSTFLAGS=--cap-lints=warn" "-e" "RUSTDOCFLAGS=--cap-lints=warn" "-e" "CARGO_HOME=/opt/rustwide/cargo-home" "-e" "RUSTUP_HOME=/opt/rustwide/rustup-home" "-w" "/opt/rustwide/workdir" "-m" "1610612736" "--user" "0:0" "--network" "none" "ghcr.io/rust-lang/crates-build-env/linux@sha256:5ff2268d62e97bff2cde7d5815dd6ed5b47097566f13b8d0ca110b04b60e07ed" "/opt/rustwide/cargo-home/bin/cargo" "+1.69.0" "test" "--frozen", kill_on_drop: false }`
[INFO] [stdout] d524dabc9ac96f1a258530d8cabe5a5dcfafc973aca7ef7c3af9adfd9c64f3b5
[INFO] running `Command { std: "docker" "start" "-a" "d524dabc9ac96f1a258530d8cabe5a5dcfafc973aca7ef7c3af9adfd9c64f3b5", kill_on_drop: false }`
[INFO] [stderr] warning: use of deprecated method `chrono::DateTime::<Tz>::date`: Use `date_naive()` instead
[INFO] [stderr]    --> src/diary.rs:260:36
[INFO] [stderr]     |
[INFO] [stderr] 260 |             .query(&[("from", from.date().to_string())])
[INFO] [stderr]     |                                    ^^^^
[INFO] [stderr]     |
[INFO] [stderr]     = note: `#[warn(deprecated)]` on by default
[INFO] [stderr] 
[INFO] [stderr] warning: use of deprecated method `chrono::DateTime::<Tz>::date`: Use `date_naive()` instead
[INFO] [stderr]    --> src/diary.rs:261:32
[INFO] [stderr]     |
[INFO] [stderr] 261 |             .query(&[("to", to.date().to_string())])
[INFO] [stderr]     |                                ^^^^
[INFO] [stderr] 
[INFO] [stderr] warning: `dnevnik` (lib) generated 2 warnings
[INFO] [stderr] warning: `dnevnik` (lib test) generated 2 warnings (2 duplicates)
[INFO] [stderr]     Finished test [unoptimized + debuginfo] target(s) in 0.08s
[INFO] [stderr]      Running unittests src/lib.rs (/opt/rustwide/target/debug/deps/dnevnik-78bc322e788098bd)
[INFO] [stdout] 
[INFO] [stdout] running 8 tests
[INFO] [stdout] test tests::test_visits ... FAILED
[INFO] [stdout] test tests::test_schedule ... FAILED
[INFO] [stdout] test tests::test_basic_auth ... FAILED
[INFO] [stdout] test tests::test_final_marks ... FAILED
[INFO] [stdout] test tests::test_homework_downloader ... FAILED
[INFO] [stdout] test tests::test_progress ... FAILED
[INFO] [stdout] test tests::test_sessions ... FAILED
[INFO] [stdout] test tests::test_lesson_plans ... FAILED
[INFO] [stdout] 
[INFO] [stdout] failures:
[INFO] [stdout] 
[INFO] [stdout] ---- tests::test_visits stdout ----
[INFO] [stdout] Error: path not found
[INFO] [stdout] 
[INFO] [stdout] Caused by:
[INFO] [stdout]     path not found
[INFO] [stdout] 
[INFO] [stdout] ---- tests::test_schedule stdout ----
[INFO] [stdout] Error: path not found
[INFO] [stdout] 
[INFO] [stdout] Caused by:
[INFO] [stdout]     path not found
[INFO] [stdout] 
[INFO] [stdout] ---- tests::test_basic_auth stdout ----
[INFO] [stdout] Error: path not found
[INFO] [stdout] 
[INFO] [stdout] Caused by:
[INFO] [stdout]     path not found
[INFO] [stdout] 
[INFO] [stdout] ---- tests::test_final_marks stdout ----
[INFO] [stdout] Error: path not found
[INFO] [stdout] 
[INFO] [stdout] Caused by:
[INFO] [stdout]     path not found
[INFO] [stdout] 
[INFO] [stdout] ---- tests::test_homework_downloader stdout ----
[INFO] [stdout] Error: path not found
[INFO] [stdout] 
[INFO] [stdout] Caused by:
[INFO] [stdout]     path not found
[INFO] [stdout] 
[INFO] [stdout] ---- tests::test_progress stdout ----
[INFO] [stdout] Error: path not found
[INFO] [stdout] 
[INFO] [stdout] Caused by:
[INFO] [stdout]     path not found
[INFO] [stdout] 
[INFO] [stdout] ---- tests::test_sessions stdout ----
[INFO] [stdout] Error: path not found
[INFO] [stdout] 
[INFO] [stdout] Caused by:
[INFO] [stdout]     path not found
[INFO] [stdout] 
[INFO] [stdout] ---- tests::test_lesson_plans stdout ----
[INFO] [stdout] Error: path not found
[INFO] [stdout] 
[INFO] [stdout] Caused by:
[INFO] [stdout]     path not found
[INFO] [stdout] 
[INFO] [stdout] 
[INFO] [stdout] failures:
[INFO] [stdout]     tests::test_basic_auth
[INFO] [stdout]     tests::test_final_marks
[INFO] [stdout]     tests::test_homework_downloader
[INFO] [stdout]     tests::test_lesson_plans
[INFO] [stdout]     tests::test_progress
[INFO] [stdout]     tests::test_schedule
[INFO] [stdout]     tests::test_sessions
[INFO] [stdout]     tests::test_visits
[INFO] [stdout] 
[INFO] [stdout] test result: FAILED. 0 passed; 8 failed; 0 ignored; 0 measured; 0 filtered out; finished in 0.00s
[INFO] [stdout] 
[INFO] [stderr] error: test failed, to rerun pass `--lib`
[INFO] running `Command { std: "docker" "inspect" "d524dabc9ac96f1a258530d8cabe5a5dcfafc973aca7ef7c3af9adfd9c64f3b5", kill_on_drop: false }`
[INFO] running `Command { std: "docker" "rm" "-f" "d524dabc9ac96f1a258530d8cabe5a5dcfafc973aca7ef7c3af9adfd9c64f3b5", kill_on_drop: false }`
[INFO] [stdout] d524dabc9ac96f1a258530d8cabe5a5dcfafc973aca7ef7c3af9adfd9c64f3b5
