[INFO] fetching crate dmutils_derive 0.1.0-alpha.0...
[INFO] testing dmutils_derive-0.1.0-alpha.0 against beta-2023-04-20 for beta-1.70-1
[INFO] extracting crate dmutils_derive 0.1.0-alpha.0 into /workspace/builds/worker-0-tc2/source
[INFO] validating manifest of crates.io crate dmutils_derive 0.1.0-alpha.0 on toolchain beta-2023-04-20
[INFO] running `Command { std: CARGO_HOME="/workspace/cargo-home" RUSTUP_HOME="/workspace/rustup-home" "/workspace/cargo-home/bin/cargo" "+beta-2023-04-20" "metadata" "--manifest-path" "Cargo.toml" "--no-deps", kill_on_drop: false }`
[INFO] started tweaking crates.io crate dmutils_derive 0.1.0-alpha.0
[INFO] finished tweaking crates.io crate dmutils_derive 0.1.0-alpha.0
[INFO] tweaked toml for crates.io crate dmutils_derive 0.1.0-alpha.0 written to /workspace/builds/worker-0-tc2/source/Cargo.toml
[INFO] running `Command { std: CARGO_HOME="/workspace/cargo-home" RUSTUP_HOME="/workspace/rustup-home" __CARGO_TEST_CHANNEL_OVERRIDE_DO_NOT_USE_THIS="nightly" "/workspace/cargo-home/bin/cargo" "+beta-2023-04-20" "generate-lockfile" "--manifest-path" "Cargo.toml" "-Zno-index-update", kill_on_drop: false }`
[INFO] running `Command { std: CARGO_HOME="/workspace/cargo-home" RUSTUP_HOME="/workspace/rustup-home" "/workspace/cargo-home/bin/cargo" "+beta-2023-04-20" "fetch" "--manifest-path" "Cargo.toml", kill_on_drop: false }`
[INFO] [stderr]     Blocking waiting for file lock on package cache
[INFO] [stderr]     Blocking waiting for file lock on package cache
[INFO] running `Command { std: "docker" "create" "-v" "/var/lib/crater-agent-workspace/builds/worker-0-tc2/target:/opt/rustwide/target:rw,Z" "-v" "/var/lib/crater-agent-workspace/builds/worker-0-tc2/source:/opt/rustwide/workdir:ro,Z" "-v" "/var/lib/crater-agent-workspace/cargo-home:/opt/rustwide/cargo-home:ro,Z" "-v" "/var/lib/crater-agent-workspace/rustup-home:/opt/rustwide/rustup-home:ro,Z" "-e" "SOURCE_DIR=/opt/rustwide/workdir" "-e" "CARGO_TARGET_DIR=/opt/rustwide/target" "-e" "CARGO_HOME=/opt/rustwide/cargo-home" "-e" "RUSTUP_HOME=/opt/rustwide/rustup-home" "-w" "/opt/rustwide/workdir" "-m" "1610612736" "--user" "0:0" "--network" "none" "ghcr.io/rust-lang/crates-build-env/linux@sha256:5ff2268d62e97bff2cde7d5815dd6ed5b47097566f13b8d0ca110b04b60e07ed" "/opt/rustwide/cargo-home/bin/cargo" "+beta-2023-04-20" "metadata" "--no-deps" "--format-version=1", kill_on_drop: false }`
[INFO] [stdout] dd7f00f6902bf202c664e79e6f797fbcad3a8c52361793fcc18ee7ead022c50f
[INFO] running `Command { std: "docker" "start" "-a" "dd7f00f6902bf202c664e79e6f797fbcad3a8c52361793fcc18ee7ead022c50f", kill_on_drop: false }`
[INFO] running `Command { std: "docker" "inspect" "dd7f00f6902bf202c664e79e6f797fbcad3a8c52361793fcc18ee7ead022c50f", kill_on_drop: false }`
[INFO] running `Command { std: "docker" "rm" "-f" "dd7f00f6902bf202c664e79e6f797fbcad3a8c52361793fcc18ee7ead022c50f", kill_on_drop: false }`
[INFO] [stdout] dd7f00f6902bf202c664e79e6f797fbcad3a8c52361793fcc18ee7ead022c50f
[INFO] running `Command { std: "docker" "create" "-v" "/var/lib/crater-agent-workspace/builds/worker-0-tc2/target:/opt/rustwide/target:rw,Z" "-v" "/var/lib/crater-agent-workspace/builds/worker-0-tc2/source:/opt/rustwide/workdir:ro,Z" "-v" "/var/lib/crater-agent-workspace/cargo-home:/opt/rustwide/cargo-home:ro,Z" "-v" "/var/lib/crater-agent-workspace/rustup-home:/opt/rustwide/rustup-home:ro,Z" "-e" "SOURCE_DIR=/opt/rustwide/workdir" "-e" "CARGO_TARGET_DIR=/opt/rustwide/target" "-e" "CARGO_INCREMENTAL=0" "-e" "RUST_BACKTRACE=full" "-e" "RUSTFLAGS=--cap-lints=warn" "-e" "RUSTDOCFLAGS=--cap-lints=warn" "-e" "CARGO_HOME=/opt/rustwide/cargo-home" "-e" "RUSTUP_HOME=/opt/rustwide/rustup-home" "-w" "/opt/rustwide/workdir" "-m" "1610612736" "--user" "0:0" "--network" "none" "ghcr.io/rust-lang/crates-build-env/linux@sha256:5ff2268d62e97bff2cde7d5815dd6ed5b47097566f13b8d0ca110b04b60e07ed" "/opt/rustwide/cargo-home/bin/cargo" "+beta-2023-04-20" "build" "--frozen" "--message-format=json", kill_on_drop: false }`
[INFO] [stdout] 1d5381f09bbe7d55c264e5ef3518405b27c52173cb95dc363d833f81754fa7b1
[INFO] running `Command { std: "docker" "start" "-a" "1d5381f09bbe7d55c264e5ef3518405b27c52173cb95dc363d833f81754fa7b1", kill_on_drop: false }`
[INFO] [stderr]     Blocking waiting for file lock on package cache
[INFO] [stderr]    Compiling syn v1.0.109
[INFO] [stderr]    Compiling dmutils_derive v0.1.0-alpha.0 (/opt/rustwide/workdir)
[INFO] [stderr]     Finished dev [unoptimized + debuginfo] target(s) in 4.21s
[INFO] running `Command { std: "docker" "inspect" "1d5381f09bbe7d55c264e5ef3518405b27c52173cb95dc363d833f81754fa7b1", kill_on_drop: false }`
[INFO] running `Command { std: "docker" "rm" "-f" "1d5381f09bbe7d55c264e5ef3518405b27c52173cb95dc363d833f81754fa7b1", kill_on_drop: false }`
[INFO] [stdout] 1d5381f09bbe7d55c264e5ef3518405b27c52173cb95dc363d833f81754fa7b1
[INFO] running `Command { std: "docker" "create" "-v" "/var/lib/crater-agent-workspace/builds/worker-0-tc2/target:/opt/rustwide/target:rw,Z" "-v" "/var/lib/crater-agent-workspace/builds/worker-0-tc2/source:/opt/rustwide/workdir:ro,Z" "-v" "/var/lib/crater-agent-workspace/cargo-home:/opt/rustwide/cargo-home:ro,Z" "-v" "/var/lib/crater-agent-workspace/rustup-home:/opt/rustwide/rustup-home:ro,Z" "-e" "SOURCE_DIR=/opt/rustwide/workdir" "-e" "CARGO_TARGET_DIR=/opt/rustwide/target" "-e" "CARGO_INCREMENTAL=0" "-e" "RUST_BACKTRACE=full" "-e" "RUSTFLAGS=--cap-lints=warn" "-e" "RUSTDOCFLAGS=--cap-lints=warn" "-e" "CARGO_HOME=/opt/rustwide/cargo-home" "-e" "RUSTUP_HOME=/opt/rustwide/rustup-home" "-w" "/opt/rustwide/workdir" "-m" "1610612736" "--user" "0:0" "--network" "none" "ghcr.io/rust-lang/crates-build-env/linux@sha256:5ff2268d62e97bff2cde7d5815dd6ed5b47097566f13b8d0ca110b04b60e07ed" "/opt/rustwide/cargo-home/bin/cargo" "+beta-2023-04-20" "test" "--frozen" "--no-run" "--message-format=json", kill_on_drop: false }`
[INFO] [stdout] 1c5dde69e8125e859dd53b0e80a14b95959cb4d5666b65c721c1a5f03a226980
[INFO] running `Command { std: "docker" "start" "-a" "1c5dde69e8125e859dd53b0e80a14b95959cb4d5666b65c721c1a5f03a226980", kill_on_drop: false }`
[INFO] [stderr]    Compiling dmutils_derive v0.1.0-alpha.0 (/opt/rustwide/workdir)
[INFO] [stderr]     Finished test [unoptimized + debuginfo] target(s) in 0.89s
[INFO] running `Command { std: "docker" "inspect" "1c5dde69e8125e859dd53b0e80a14b95959cb4d5666b65c721c1a5f03a226980", kill_on_drop: false }`
[INFO] running `Command { std: "docker" "rm" "-f" "1c5dde69e8125e859dd53b0e80a14b95959cb4d5666b65c721c1a5f03a226980", kill_on_drop: false }`
[INFO] [stdout] 1c5dde69e8125e859dd53b0e80a14b95959cb4d5666b65c721c1a5f03a226980
[INFO] running `Command { std: "docker" "create" "-v" "/var/lib/crater-agent-workspace/builds/worker-0-tc2/target:/opt/rustwide/target:rw,Z" "-v" "/var/lib/crater-agent-workspace/builds/worker-0-tc2/source:/opt/rustwide/workdir:ro,Z" "-v" "/var/lib/crater-agent-workspace/cargo-home:/opt/rustwide/cargo-home:ro,Z" "-v" "/var/lib/crater-agent-workspace/rustup-home:/opt/rustwide/rustup-home:ro,Z" "-e" "SOURCE_DIR=/opt/rustwide/workdir" "-e" "CARGO_TARGET_DIR=/opt/rustwide/target" "-e" "CARGO_INCREMENTAL=0" "-e" "RUST_BACKTRACE=full" "-e" "RUSTFLAGS=--cap-lints=warn" "-e" "RUSTDOCFLAGS=--cap-lints=warn" "-e" "CARGO_HOME=/opt/rustwide/cargo-home" "-e" "RUSTUP_HOME=/opt/rustwide/rustup-home" "-w" "/opt/rustwide/workdir" "-m" "1610612736" "--user" "0:0" "--network" "none" "ghcr.io/rust-lang/crates-build-env/linux@sha256:5ff2268d62e97bff2cde7d5815dd6ed5b47097566f13b8d0ca110b04b60e07ed" "/opt/rustwide/cargo-home/bin/cargo" "+beta-2023-04-20" "test" "--frozen", kill_on_drop: false }`
[INFO] [stdout] 7fb9c91d8d489e22cc2799e7059d4cc89233fd6607f47242dcd8b524a916992d
[INFO] running `Command { std: "docker" "start" "-a" "7fb9c91d8d489e22cc2799e7059d4cc89233fd6607f47242dcd8b524a916992d", kill_on_drop: false }`
[INFO] [stderr]     Finished test [unoptimized + debuginfo] target(s) in 0.01s
[INFO] [stderr]      Running unittests src/lib.rs (/opt/rustwide/target/debug/deps/dmutils_derive-10cf9c84304d2265)
[INFO] [stdout] 
[INFO] [stderr]    Doc-tests dmutils_derive
[INFO] [stdout] running 0 tests
[INFO] [stdout] 
[INFO] [stdout] test result: ok. 0 passed; 0 failed; 0 ignored; 0 measured; 0 filtered out; finished in 0.00s
[INFO] [stdout] 
[INFO] [stdout] 
[INFO] [stdout] running 2 tests
[INFO] [stdout] test src/lib.rs - wrapper (line 6) ... FAILED
[INFO] [stdout] test src/lib.rs - wrapper (line 37) ... FAILED
[INFO] [stderr] error: doctest failed, to rerun pass `--doc`
[INFO] [stdout] 
[INFO] [stdout] failures:
[INFO] [stdout] 
[INFO] [stdout] ---- src/lib.rs - wrapper (line 6) stdout ----
[INFO] [stdout] error[E0432]: unresolved import `dmutils`
[INFO] [stdout]  --> src/lib.rs:8:5
[INFO] [stdout]   |
[INFO] [stdout] 5 | use dmutils::*;
[INFO] [stdout]   |     ^^^^^^^ use of undeclared crate or module `dmutils`
[INFO] [stdout] 
[INFO] [stdout] error[E0433]: failed to resolve: use of undeclared crate or module `dmutils`
[INFO] [stdout]   --> src/lib.rs:21:1
[INFO] [stdout]    |
[INFO] [stdout] 18 | #[wrapper(ptr)]
[INFO] [stdout]    | ^^^^^^^^^^^^^^^ use of undeclared crate or module `dmutils`
[INFO] [stdout]    |
[INFO] [stdout]    = note: this error originates in the attribute macro `wrapper` (in Nightly builds, run with -Z macro-backtrace for more info)
[INFO] [stdout] 
[INFO] [stdout] error: aborting due to 2 previous errors
[INFO] [stdout] 
[INFO] [stdout] Some errors have detailed explanations: E0432, E0433.
[INFO] [stdout] For more information about an error, try `rustc --explain E0432`.
[INFO] [stdout] Couldn't compile the test.
[INFO] [stdout] ---- src/lib.rs - wrapper (line 37) stdout ----
[INFO] [stdout] error[E0432]: unresolved import `dmutils`
[INFO] [stdout]  --> src/lib.rs:39:5
[INFO] [stdout]   |
[INFO] [stdout] 5 | use dmutils::*;
[INFO] [stdout]   |     ^^^^^^^ use of undeclared crate or module `dmutils`
[INFO] [stdout] 
[INFO] [stdout] error: aborting due to previous error
[INFO] [stdout] 
[INFO] [stdout] For more information about this error, try `rustc --explain E0432`.
[INFO] [stdout] Couldn't compile the test.
[INFO] [stdout] 
[INFO] [stdout] failures:
[INFO] [stdout]     src/lib.rs - wrapper (line 37)
[INFO] [stdout]     src/lib.rs - wrapper (line 6)
[INFO] [stdout] 
[INFO] [stdout] test result: FAILED. 0 passed; 2 failed; 0 ignored; 0 measured; 0 filtered out; finished in 0.07s
[INFO] [stdout] 
[INFO] running `Command { std: "docker" "inspect" "7fb9c91d8d489e22cc2799e7059d4cc89233fd6607f47242dcd8b524a916992d", kill_on_drop: false }`
[INFO] running `Command { std: "docker" "rm" "-f" "7fb9c91d8d489e22cc2799e7059d4cc89233fd6607f47242dcd8b524a916992d", kill_on_drop: false }`
[INFO] [stdout] 7fb9c91d8d489e22cc2799e7059d4cc89233fd6607f47242dcd8b524a916992d
