[INFO] fetching crate dizhen 0.1.1...
[INFO] testing dizhen-0.1.1 against beta-2023-04-20 for beta-1.70-1
[INFO] extracting crate dizhen 0.1.1 into /workspace/builds/worker-3-tc2/source
[INFO] validating manifest of crates.io crate dizhen 0.1.1 on toolchain beta-2023-04-20
[INFO] running `Command { std: CARGO_HOME="/workspace/cargo-home" RUSTUP_HOME="/workspace/rustup-home" "/workspace/cargo-home/bin/cargo" "+beta-2023-04-20" "metadata" "--manifest-path" "Cargo.toml" "--no-deps", kill_on_drop: false }`
[INFO] started tweaking crates.io crate dizhen 0.1.1
[INFO] finished tweaking crates.io crate dizhen 0.1.1
[INFO] tweaked toml for crates.io crate dizhen 0.1.1 written to /workspace/builds/worker-3-tc2/source/Cargo.toml
[INFO] running `Command { std: CARGO_HOME="/workspace/cargo-home" RUSTUP_HOME="/workspace/rustup-home" __CARGO_TEST_CHANNEL_OVERRIDE_DO_NOT_USE_THIS="nightly" "/workspace/cargo-home/bin/cargo" "+beta-2023-04-20" "generate-lockfile" "--manifest-path" "Cargo.toml" "-Zno-index-update", kill_on_drop: false }`
[INFO] running `Command { std: CARGO_HOME="/workspace/cargo-home" RUSTUP_HOME="/workspace/rustup-home" "/workspace/cargo-home/bin/cargo" "+beta-2023-04-20" "fetch" "--manifest-path" "Cargo.toml", kill_on_drop: false }`
[INFO] running `Command { std: "docker" "create" "-v" "/var/lib/crater-agent-workspace/builds/worker-3-tc2/target:/opt/rustwide/target:rw,Z" "-v" "/var/lib/crater-agent-workspace/builds/worker-3-tc2/source:/opt/rustwide/workdir:ro,Z" "-v" "/var/lib/crater-agent-workspace/cargo-home:/opt/rustwide/cargo-home:ro,Z" "-v" "/var/lib/crater-agent-workspace/rustup-home:/opt/rustwide/rustup-home:ro,Z" "-e" "SOURCE_DIR=/opt/rustwide/workdir" "-e" "CARGO_TARGET_DIR=/opt/rustwide/target" "-e" "CARGO_HOME=/opt/rustwide/cargo-home" "-e" "RUSTUP_HOME=/opt/rustwide/rustup-home" "-w" "/opt/rustwide/workdir" "-m" "1610612736" "--user" "0:0" "--network" "none" "ghcr.io/rust-lang/crates-build-env/linux@sha256:5ff2268d62e97bff2cde7d5815dd6ed5b47097566f13b8d0ca110b04b60e07ed" "/opt/rustwide/cargo-home/bin/cargo" "+beta-2023-04-20" "metadata" "--no-deps" "--format-version=1", kill_on_drop: false }`
[INFO] [stdout] 9e30db3ddefd0f242f449944b683c7590cf0459e6f21ce2dad20d949ef9452ae
[INFO] running `Command { std: "docker" "start" "-a" "9e30db3ddefd0f242f449944b683c7590cf0459e6f21ce2dad20d949ef9452ae", kill_on_drop: false }`
[INFO] running `Command { std: "docker" "inspect" "9e30db3ddefd0f242f449944b683c7590cf0459e6f21ce2dad20d949ef9452ae", kill_on_drop: false }`
[INFO] running `Command { std: "docker" "rm" "-f" "9e30db3ddefd0f242f449944b683c7590cf0459e6f21ce2dad20d949ef9452ae", kill_on_drop: false }`
[INFO] [stdout] 9e30db3ddefd0f242f449944b683c7590cf0459e6f21ce2dad20d949ef9452ae
[INFO] running `Command { std: "docker" "create" "-v" "/var/lib/crater-agent-workspace/builds/worker-3-tc2/target:/opt/rustwide/target:rw,Z" "-v" "/var/lib/crater-agent-workspace/builds/worker-3-tc2/source:/opt/rustwide/workdir:ro,Z" "-v" "/var/lib/crater-agent-workspace/cargo-home:/opt/rustwide/cargo-home:ro,Z" "-v" "/var/lib/crater-agent-workspace/rustup-home:/opt/rustwide/rustup-home:ro,Z" "-e" "SOURCE_DIR=/opt/rustwide/workdir" "-e" "CARGO_TARGET_DIR=/opt/rustwide/target" "-e" "CARGO_INCREMENTAL=0" "-e" "RUST_BACKTRACE=full" "-e" "RUSTFLAGS=--cap-lints=warn" "-e" "RUSTDOCFLAGS=--cap-lints=warn" "-e" "CARGO_HOME=/opt/rustwide/cargo-home" "-e" "RUSTUP_HOME=/opt/rustwide/rustup-home" "-w" "/opt/rustwide/workdir" "-m" "1610612736" "--user" "0:0" "--network" "none" "ghcr.io/rust-lang/crates-build-env/linux@sha256:5ff2268d62e97bff2cde7d5815dd6ed5b47097566f13b8d0ca110b04b60e07ed" "/opt/rustwide/cargo-home/bin/cargo" "+beta-2023-04-20" "build" "--frozen" "--message-format=json", kill_on_drop: false }`
[INFO] [stdout] 4243427d71c55a7344e2e4c3eaae0f78489b9e26474b28d488dff7021335ac49
[INFO] running `Command { std: "docker" "start" "-a" "4243427d71c55a7344e2e4c3eaae0f78489b9e26474b28d488dff7021335ac49", kill_on_drop: false }`
[INFO] [stderr]    Compiling proc-macro2 v1.0.56
[INFO] [stderr]    Compiling quote v1.0.26
[INFO] [stderr]    Compiling unicode-ident v1.0.8
[INFO] [stderr]    Compiling cc v1.0.79
[INFO] [stderr]    Compiling libc v0.2.142
[INFO] [stderr]    Compiling autocfg v1.1.0
[INFO] [stderr]    Compiling untrusted v0.7.1
[INFO] [stderr]    Compiling serde_derive v1.0.160
[INFO] [stderr]    Compiling once_cell v1.17.1
[INFO] [stderr]    Compiling spin v0.5.2
[INFO] [stderr]    Compiling tinyvec_macros v0.1.1
[INFO] [stderr]    Compiling serde v1.0.160
[INFO] [stderr]    Compiling crc32fast v1.3.2
[INFO] [stderr]    Compiling serde_json v1.0.96
[INFO] [stderr]    Compiling percent-encoding v2.2.0
[INFO] [stderr]    Compiling rustls v0.20.8
[INFO] [stderr]    Compiling tinyvec v1.6.0
[INFO] [stderr]    Compiling unicode-bidi v0.3.13
[INFO] [stderr]    Compiling form_urlencoded v1.1.0
[INFO] [stderr]    Compiling miniz_oxide v0.7.1
[INFO] [stderr]    Compiling ryu v1.0.13
[INFO] [stderr]    Compiling thiserror v1.0.40
[INFO] [stderr]    Compiling num-traits v0.2.15
[INFO] [stderr]    Compiling num-integer v0.1.45
[INFO] [stderr]    Compiling itoa v1.0.6
[INFO] [stderr]    Compiling base64 v0.13.1
[INFO] [stderr]    Compiling flate2 v1.0.26
[INFO] [stderr]    Compiling unicode-normalization v0.1.22
[INFO] [stderr]    Compiling ring v0.16.20
[INFO] [stderr]    Compiling syn v2.0.15
[INFO] [stderr]    Compiling idna v0.3.0
[INFO] [stderr]    Compiling url v2.3.1
[INFO] [stderr]    Compiling thiserror-impl v1.0.40
[INFO] [stderr]    Compiling webpki v0.22.0
[INFO] [stderr]    Compiling sct v0.7.0
[INFO] [stderr]    Compiling webpki-roots v0.22.6
[INFO] [stderr]    Compiling chrono v0.4.24
[INFO] [stderr]    Compiling ureq v2.6.2
[INFO] [stderr]    Compiling dizhen v0.1.1 (/opt/rustwide/workdir)
[INFO] [stderr]     Finished dev [unoptimized + debuginfo] target(s) in 15.36s
[INFO] running `Command { std: "docker" "inspect" "4243427d71c55a7344e2e4c3eaae0f78489b9e26474b28d488dff7021335ac49", kill_on_drop: false }`
[INFO] running `Command { std: "docker" "rm" "-f" "4243427d71c55a7344e2e4c3eaae0f78489b9e26474b28d488dff7021335ac49", kill_on_drop: false }`
[INFO] [stdout] 4243427d71c55a7344e2e4c3eaae0f78489b9e26474b28d488dff7021335ac49
[INFO] running `Command { std: "docker" "create" "-v" "/var/lib/crater-agent-workspace/builds/worker-3-tc2/target:/opt/rustwide/target:rw,Z" "-v" "/var/lib/crater-agent-workspace/builds/worker-3-tc2/source:/opt/rustwide/workdir:ro,Z" "-v" "/var/lib/crater-agent-workspace/cargo-home:/opt/rustwide/cargo-home:ro,Z" "-v" "/var/lib/crater-agent-workspace/rustup-home:/opt/rustwide/rustup-home:ro,Z" "-e" "SOURCE_DIR=/opt/rustwide/workdir" "-e" "CARGO_TARGET_DIR=/opt/rustwide/target" "-e" "CARGO_INCREMENTAL=0" "-e" "RUST_BACKTRACE=full" "-e" "RUSTFLAGS=--cap-lints=warn" "-e" "RUSTDOCFLAGS=--cap-lints=warn" "-e" "CARGO_HOME=/opt/rustwide/cargo-home" "-e" "RUSTUP_HOME=/opt/rustwide/rustup-home" "-w" "/opt/rustwide/workdir" "-m" "1610612736" "--user" "0:0" "--network" "none" "ghcr.io/rust-lang/crates-build-env/linux@sha256:5ff2268d62e97bff2cde7d5815dd6ed5b47097566f13b8d0ca110b04b60e07ed" "/opt/rustwide/cargo-home/bin/cargo" "+beta-2023-04-20" "test" "--frozen" "--no-run" "--message-format=json", kill_on_drop: false }`
[INFO] [stdout] 9747db95f7f52522d182222e7ae446cf9039326cb8088200a0106a48df9ad9ea
[INFO] running `Command { std: "docker" "start" "-a" "9747db95f7f52522d182222e7ae446cf9039326cb8088200a0106a48df9ad9ea", kill_on_drop: false }`
[INFO] [stderr]    Compiling dizhen v0.1.1 (/opt/rustwide/workdir)
[INFO] [stderr]     Finished test [unoptimized + debuginfo] target(s) in 2.29s
[INFO] running `Command { std: "docker" "inspect" "9747db95f7f52522d182222e7ae446cf9039326cb8088200a0106a48df9ad9ea", kill_on_drop: false }`
[INFO] running `Command { std: "docker" "rm" "-f" "9747db95f7f52522d182222e7ae446cf9039326cb8088200a0106a48df9ad9ea", kill_on_drop: false }`
[INFO] [stdout] 9747db95f7f52522d182222e7ae446cf9039326cb8088200a0106a48df9ad9ea
[INFO] running `Command { std: "docker" "create" "-v" "/var/lib/crater-agent-workspace/builds/worker-3-tc2/target:/opt/rustwide/target:rw,Z" "-v" "/var/lib/crater-agent-workspace/builds/worker-3-tc2/source:/opt/rustwide/workdir:ro,Z" "-v" "/var/lib/crater-agent-workspace/cargo-home:/opt/rustwide/cargo-home:ro,Z" "-v" "/var/lib/crater-agent-workspace/rustup-home:/opt/rustwide/rustup-home:ro,Z" "-e" "SOURCE_DIR=/opt/rustwide/workdir" "-e" "CARGO_TARGET_DIR=/opt/rustwide/target" "-e" "CARGO_INCREMENTAL=0" "-e" "RUST_BACKTRACE=full" "-e" "RUSTFLAGS=--cap-lints=warn" "-e" "RUSTDOCFLAGS=--cap-lints=warn" "-e" "CARGO_HOME=/opt/rustwide/cargo-home" "-e" "RUSTUP_HOME=/opt/rustwide/rustup-home" "-w" "/opt/rustwide/workdir" "-m" "1610612736" "--user" "0:0" "--network" "none" "ghcr.io/rust-lang/crates-build-env/linux@sha256:5ff2268d62e97bff2cde7d5815dd6ed5b47097566f13b8d0ca110b04b60e07ed" "/opt/rustwide/cargo-home/bin/cargo" "+beta-2023-04-20" "test" "--frozen", kill_on_drop: false }`
[INFO] [stdout] 65b2771edeef74d2dfa388a733089f8a33a18e97196c41298db23a359b2d3604
[INFO] running `Command { std: "docker" "start" "-a" "65b2771edeef74d2dfa388a733089f8a33a18e97196c41298db23a359b2d3604", kill_on_drop: false }`
[INFO] [stderr]     Blocking waiting for file lock on package cache
[INFO] [stderr]     Finished test [unoptimized + debuginfo] target(s) in 0.08s
[INFO] [stderr]      Running unittests src/lib.rs (/opt/rustwide/target/debug/deps/dizhen-7eb169ae609cd96d)
[INFO] [stdout] 
[INFO] [stdout] running 4 tests
[INFO] [stdout] test sources::usgs::test::test_get_latest ... ok
[INFO] [stdout] test sources::cenc::test::test_get_latest ... FAILED
[INFO] [stderr] error: test failed, to rerun pass `--lib`
[INFO] [stdout] test sources::usgs::test::test_query ... FAILED
[INFO] [stdout] test sources::cenc::test::test_query ... FAILED
[INFO] [stdout] 
[INFO] [stdout] failures:
[INFO] [stdout] 
[INFO] [stdout] ---- sources::cenc::test::test_get_latest stdout ----
[INFO] [stdout] Error: Request(Transport(Transport { kind: Dns, message: Some("resolve dns name 'www.ceic.ac.cn:443'"), url: Some(Url { scheme: "https", cannot_be_a_base: false, username: "", password: None, host: Some(Domain("www.ceic.ac.cn")), port: None, path: "/ajax/speedsearch", query: Some("num=1&page=1"), fragment: None }), source: Some(Custom { kind: Uncategorized, error: "failed to lookup address information: Temporary failure in name resolution" }) }))
[INFO] [stdout] 
[INFO] [stdout] ---- sources::usgs::test::test_query stdout ----
[INFO] [stdout] Error: Request(Transport(Transport { kind: Dns, message: Some("resolve dns name 'earthquake.usgs.gov:443'"), url: Some(Url { scheme: "https", cannot_be_a_base: false, username: "", password: None, host: Some(Domain("earthquake.usgs.gov")), port: None, path: "/fdsnws/event/1/query", query: Some("format=geojson&starttime=2023-01-01T00%3A00%3A00%2B00%3A00&endtime=2023-01-02T00%3A00%3A00%2B00%3A00&minlongitude=&maxlongitude=&minlatitude=&maxlatitude=&mindepth=&maxdepth=&minmagnitude=5.5&maxmagnitude=&offset=1&limit=100"), fragment: None }), source: Some(Custom { kind: Uncategorized, error: "failed to lookup address information: Temporary failure in name resolution" }) }))
[INFO] [stdout] 
[INFO] [stdout] ---- sources::cenc::test::test_query stdout ----
[INFO] [stdout] Error: Request(Transport(Transport { kind: Dns, message: Some("resolve dns name 'www.ceic.ac.cn:443'"), url: Some(Url { scheme: "https", cannot_be_a_base: false, username: "", password: None, host: Some(Domain("www.ceic.ac.cn")), port: None, path: "/ajax/search", query: Some("start=2023-01-01T08%3A00%3A00%2B08%3A00&end=2023-01-02T08%3A00%3A00%2B08%3A00&jingdu1=&jingdu2=&weidu1=&weidu2=&height1=&height2=&zhenji1=&zhenji2=&page=1"), fragment: None }), source: Some(Custom { kind: Uncategorized, error: "failed to lookup address information: Temporary failure in name resolution" }) }))
[INFO] [stdout] 
[INFO] [stdout] 
[INFO] [stdout] failures:
[INFO] [stdout]     sources::cenc::test::test_get_latest
[INFO] [stdout]     sources::cenc::test::test_query
[INFO] [stdout]     sources::usgs::test::test_query
[INFO] [stdout] 
[INFO] [stdout] test result: FAILED. 1 passed; 3 failed; 0 ignored; 0 measured; 0 filtered out; finished in 0.02s
[INFO] [stdout] 
[INFO] running `Command { std: "docker" "inspect" "65b2771edeef74d2dfa388a733089f8a33a18e97196c41298db23a359b2d3604", kill_on_drop: false }`
[INFO] running `Command { std: "docker" "rm" "-f" "65b2771edeef74d2dfa388a733089f8a33a18e97196c41298db23a359b2d3604", kill_on_drop: false }`
[INFO] [stdout] 65b2771edeef74d2dfa388a733089f8a33a18e97196c41298db23a359b2d3604
