[INFO] fetching crate disrustor 0.3.0...
[INFO] testing disrustor-0.3.0 against 1.69.0 for beta-1.70-1
[INFO] extracting crate disrustor 0.3.0 into /workspace/builds/worker-4-tc1/source
[INFO] validating manifest of crates.io crate disrustor 0.3.0 on toolchain 1.69.0
[INFO] running `Command { std: CARGO_HOME="/workspace/cargo-home" RUSTUP_HOME="/workspace/rustup-home" "/workspace/cargo-home/bin/cargo" "+1.69.0" "metadata" "--manifest-path" "Cargo.toml" "--no-deps", kill_on_drop: false }`
[INFO] removed /workspace/builds/worker-4-tc1/source/rust-toolchain
[INFO] started tweaking crates.io crate disrustor 0.3.0
[INFO] finished tweaking crates.io crate disrustor 0.3.0
[INFO] tweaked toml for crates.io crate disrustor 0.3.0 written to /workspace/builds/worker-4-tc1/source/Cargo.toml
[INFO] crate crates.io crate disrustor 0.3.0 already has a lockfile, it will not be regenerated
[INFO] running `Command { std: CARGO_HOME="/workspace/cargo-home" RUSTUP_HOME="/workspace/rustup-home" "/workspace/cargo-home/bin/cargo" "+1.69.0" "fetch" "--manifest-path" "Cargo.toml", kill_on_drop: false }`
[INFO] [stderr]  Downloading crates ...
[INFO] [stderr]   Downloaded plotters-svg v0.3.1
[INFO] [stderr]   Downloaded plotters-backend v0.3.2
[INFO] [stderr]   Downloaded criterion-plot v0.4.4
[INFO] [stderr]   Downloaded criterion v0.3.5
[INFO] [stderr]   Downloaded semver v1.0.6
[INFO] [stderr]   Downloaded trybuild v1.0.56
[INFO] [stderr]   Downloaded plotters v0.3.1
[INFO] running `Command { std: "docker" "create" "-v" "/var/lib/crater-agent-workspace/builds/worker-4-tc1/target:/opt/rustwide/target:rw,Z" "-v" "/var/lib/crater-agent-workspace/builds/worker-4-tc1/source:/opt/rustwide/workdir:ro,Z" "-v" "/var/lib/crater-agent-workspace/cargo-home:/opt/rustwide/cargo-home:ro,Z" "-v" "/var/lib/crater-agent-workspace/rustup-home:/opt/rustwide/rustup-home:ro,Z" "-e" "SOURCE_DIR=/opt/rustwide/workdir" "-e" "CARGO_TARGET_DIR=/opt/rustwide/target" "-e" "CARGO_HOME=/opt/rustwide/cargo-home" "-e" "RUSTUP_HOME=/opt/rustwide/rustup-home" "-w" "/opt/rustwide/workdir" "-m" "1610612736" "--user" "0:0" "--network" "none" "ghcr.io/rust-lang/crates-build-env/linux@sha256:5ff2268d62e97bff2cde7d5815dd6ed5b47097566f13b8d0ca110b04b60e07ed" "/opt/rustwide/cargo-home/bin/cargo" "+1.69.0" "metadata" "--no-deps" "--format-version=1", kill_on_drop: false }`
[INFO] [stdout] 4efe8996b0ca465e6844550cb4be174d59b9c95ac7cda035adbf2fa531bcd7f4
[INFO] running `Command { std: "docker" "start" "-a" "4efe8996b0ca465e6844550cb4be174d59b9c95ac7cda035adbf2fa531bcd7f4", kill_on_drop: false }`
[INFO] running `Command { std: "docker" "inspect" "4efe8996b0ca465e6844550cb4be174d59b9c95ac7cda035adbf2fa531bcd7f4", kill_on_drop: false }`
[INFO] running `Command { std: "docker" "rm" "-f" "4efe8996b0ca465e6844550cb4be174d59b9c95ac7cda035adbf2fa531bcd7f4", kill_on_drop: false }`
[INFO] [stdout] 4efe8996b0ca465e6844550cb4be174d59b9c95ac7cda035adbf2fa531bcd7f4
[INFO] running `Command { std: "docker" "create" "-v" "/var/lib/crater-agent-workspace/builds/worker-4-tc1/target:/opt/rustwide/target:rw,Z" "-v" "/var/lib/crater-agent-workspace/builds/worker-4-tc1/source:/opt/rustwide/workdir:ro,Z" "-v" "/var/lib/crater-agent-workspace/cargo-home:/opt/rustwide/cargo-home:ro,Z" "-v" "/var/lib/crater-agent-workspace/rustup-home:/opt/rustwide/rustup-home:ro,Z" "-e" "SOURCE_DIR=/opt/rustwide/workdir" "-e" "CARGO_TARGET_DIR=/opt/rustwide/target" "-e" "CARGO_INCREMENTAL=0" "-e" "RUST_BACKTRACE=full" "-e" "RUSTFLAGS=--cap-lints=warn" "-e" "RUSTDOCFLAGS=--cap-lints=warn" "-e" "CARGO_HOME=/opt/rustwide/cargo-home" "-e" "RUSTUP_HOME=/opt/rustwide/rustup-home" "-w" "/opt/rustwide/workdir" "-m" "1610612736" "--user" "0:0" "--network" "none" "ghcr.io/rust-lang/crates-build-env/linux@sha256:5ff2268d62e97bff2cde7d5815dd6ed5b47097566f13b8d0ca110b04b60e07ed" "/opt/rustwide/cargo-home/bin/cargo" "+1.69.0" "build" "--frozen" "--message-format=json", kill_on_drop: false }`
[INFO] [stdout] 80b1c73a812ba7f6ebb28127ffd1c66a74fc3a58268221b53b08d78808238864
[INFO] running `Command { std: "docker" "start" "-a" "80b1c73a812ba7f6ebb28127ffd1c66a74fc3a58268221b53b08d78808238864", kill_on_drop: false }`
[INFO] [stderr]    Compiling log v0.4.14
[INFO] [stderr]    Compiling disrustor v0.3.0 (/opt/rustwide/workdir)
[INFO] [stderr]     Finished dev [unoptimized + debuginfo] target(s) in 0.58s
[INFO] running `Command { std: "docker" "inspect" "80b1c73a812ba7f6ebb28127ffd1c66a74fc3a58268221b53b08d78808238864", kill_on_drop: false }`
[INFO] running `Command { std: "docker" "rm" "-f" "80b1c73a812ba7f6ebb28127ffd1c66a74fc3a58268221b53b08d78808238864", kill_on_drop: false }`
[INFO] [stdout] 80b1c73a812ba7f6ebb28127ffd1c66a74fc3a58268221b53b08d78808238864
[INFO] running `Command { std: "docker" "create" "-v" "/var/lib/crater-agent-workspace/builds/worker-4-tc1/target:/opt/rustwide/target:rw,Z" "-v" "/var/lib/crater-agent-workspace/builds/worker-4-tc1/source:/opt/rustwide/workdir:ro,Z" "-v" "/var/lib/crater-agent-workspace/cargo-home:/opt/rustwide/cargo-home:ro,Z" "-v" "/var/lib/crater-agent-workspace/rustup-home:/opt/rustwide/rustup-home:ro,Z" "-e" "SOURCE_DIR=/opt/rustwide/workdir" "-e" "CARGO_TARGET_DIR=/opt/rustwide/target" "-e" "CARGO_INCREMENTAL=0" "-e" "RUST_BACKTRACE=full" "-e" "RUSTFLAGS=--cap-lints=warn" "-e" "RUSTDOCFLAGS=--cap-lints=warn" "-e" "CARGO_HOME=/opt/rustwide/cargo-home" "-e" "RUSTUP_HOME=/opt/rustwide/rustup-home" "-w" "/opt/rustwide/workdir" "-m" "1610612736" "--user" "0:0" "--network" "none" "ghcr.io/rust-lang/crates-build-env/linux@sha256:5ff2268d62e97bff2cde7d5815dd6ed5b47097566f13b8d0ca110b04b60e07ed" "/opt/rustwide/cargo-home/bin/cargo" "+1.69.0" "test" "--frozen" "--no-run" "--message-format=json", kill_on_drop: false }`
[INFO] [stdout] b221727c5f433a3bc2241ca57614d6c49dab23472d021408258641dd199e78b3
[INFO] running `Command { std: "docker" "start" "-a" "b221727c5f433a3bc2241ca57614d6c49dab23472d021408258641dd199e78b3", kill_on_drop: false }`
[INFO] [stderr]    Compiling proc-macro2 v1.0.36
[INFO] [stderr]    Compiling syn v1.0.86
[INFO] [stderr]    Compiling serde_derive v1.0.136
[INFO] [stderr]    Compiling serde v1.0.136
[INFO] [stderr]    Compiling libc v0.2.119
[INFO] [stderr]    Compiling semver v1.0.6
[INFO] [stderr]    Compiling crossbeam-utils v0.8.7
[INFO] [stderr]    Compiling memoffset v0.6.5
[INFO] [stderr]    Compiling num-traits v0.2.14
[INFO] [stderr]    Compiling crossbeam-epoch v0.9.7
[INFO] [stderr]    Compiling memchr v2.4.1
[INFO] [stderr]    Compiling ryu v1.0.9
[INFO] [stderr]    Compiling rayon-core v1.9.1
[INFO] [stderr]    Compiling serde_json v1.0.79
[INFO] [stderr]    Compiling either v1.6.1
[INFO] [stderr]    Compiling itoa v1.0.1
[INFO] [stderr]    Compiling rayon v1.5.1
[INFO] [stderr]    Compiling num-integer v0.1.44
[INFO] [stderr]    Compiling regex-automata v0.1.10
[INFO] [stderr]    Compiling plotters-backend v0.3.2
[INFO] [stderr]    Compiling unicode-width v0.1.9
[INFO] [stderr]    Compiling textwrap v0.11.0
[INFO] [stderr]    Compiling itertools v0.10.3
[INFO] [stderr]    Compiling regex-syntax v0.6.25
[INFO] [stderr]    Compiling itoa v0.4.8
[INFO] [stderr]    Compiling same-file v1.0.6
[INFO] [stderr]    Compiling trybuild v1.0.56
[INFO] [stderr]    Compiling plotters-svg v0.3.1
[INFO] [stderr]    Compiling walkdir v2.3.2
[INFO] [stderr]    Compiling clap v2.34.0
[INFO] [stderr]    Compiling termcolor v1.1.2
[INFO] [stderr]    Compiling oorandom v11.1.3
[INFO] [stderr]    Compiling rustc_version v0.4.0
[INFO] [stderr]    Compiling crossbeam-channel v0.5.2
[INFO] [stderr]    Compiling csv-core v0.1.10
[INFO] [stderr]    Compiling once_cell v1.9.0
[INFO] [stderr]    Compiling glob v0.3.0
[INFO] [stderr]    Compiling quote v1.0.15
[INFO] [stderr]    Compiling crossbeam-deque v0.8.1
[INFO] [stderr]    Compiling cast v0.2.7
[INFO] [stderr]    Compiling num_cpus v1.13.1
[INFO] [stderr]    Compiling time v0.1.44
[INFO] [stderr]    Compiling atty v0.2.14
[INFO] [stderr]    Compiling fern v0.6.0
[INFO] [stderr]    Compiling plotters v0.3.1
[INFO] [stderr]    Compiling regex v1.5.4
[INFO] [stderr]    Compiling chrono v0.4.19
[INFO] [stderr]    Compiling criterion-plot v0.4.4
[INFO] [stderr]    Compiling bstr v0.2.17
[INFO] [stderr]    Compiling serde_cbor v0.11.2
[INFO] [stderr]    Compiling toml v0.5.8
[INFO] [stderr]    Compiling csv v1.1.6
[INFO] [stderr]    Compiling tinytemplate v1.2.1
[INFO] [stderr]    Compiling criterion v0.3.5
[INFO] [stderr]    Compiling disrustor v0.3.0 (/opt/rustwide/workdir)
[INFO] [stderr]     Finished test [unoptimized + debuginfo] target(s) in 18.38s
[INFO] [stderr] warning: the following packages contain code that will be rejected by a future version of Rust: criterion v0.3.5
[INFO] [stderr] note: to see what the problems were, use the option `--future-incompat-report`, or run `cargo report future-incompatibilities --id 1`
[INFO] running `Command { std: "docker" "inspect" "b221727c5f433a3bc2241ca57614d6c49dab23472d021408258641dd199e78b3", kill_on_drop: false }`
[INFO] running `Command { std: "docker" "rm" "-f" "b221727c5f433a3bc2241ca57614d6c49dab23472d021408258641dd199e78b3", kill_on_drop: false }`
[INFO] [stdout] b221727c5f433a3bc2241ca57614d6c49dab23472d021408258641dd199e78b3
[INFO] running `Command { std: "docker" "create" "-v" "/var/lib/crater-agent-workspace/builds/worker-4-tc1/target:/opt/rustwide/target:rw,Z" "-v" "/var/lib/crater-agent-workspace/builds/worker-4-tc1/source:/opt/rustwide/workdir:ro,Z" "-v" "/var/lib/crater-agent-workspace/cargo-home:/opt/rustwide/cargo-home:ro,Z" "-v" "/var/lib/crater-agent-workspace/rustup-home:/opt/rustwide/rustup-home:ro,Z" "-e" "SOURCE_DIR=/opt/rustwide/workdir" "-e" "CARGO_TARGET_DIR=/opt/rustwide/target" "-e" "CARGO_INCREMENTAL=0" "-e" "RUST_BACKTRACE=full" "-e" "RUSTFLAGS=--cap-lints=warn" "-e" "RUSTDOCFLAGS=--cap-lints=warn" "-e" "CARGO_HOME=/opt/rustwide/cargo-home" "-e" "RUSTUP_HOME=/opt/rustwide/rustup-home" "-w" "/opt/rustwide/workdir" "-m" "1610612736" "--user" "0:0" "--network" "none" "ghcr.io/rust-lang/crates-build-env/linux@sha256:5ff2268d62e97bff2cde7d5815dd6ed5b47097566f13b8d0ca110b04b60e07ed" "/opt/rustwide/cargo-home/bin/cargo" "+1.69.0" "test" "--frozen", kill_on_drop: false }`
[INFO] [stdout] 68269d3d8f33ab9df8df43795c7feb756eac4d375a6176f7a145fab1b1a24ec5
[INFO] running `Command { std: "docker" "start" "-a" "68269d3d8f33ab9df8df43795c7feb756eac4d375a6176f7a145fab1b1a24ec5", kill_on_drop: false }`
[INFO] [stderr]     Finished test [unoptimized + debuginfo] target(s) in 0.07s
[INFO] [stderr] warning: the following packages contain code that will be rejected by a future version of Rust: criterion v0.3.5
[INFO] [stderr] note: to see what the problems were, use the option `--future-incompat-report`, or run `cargo report future-incompatibilities --id 1`
[INFO] [stderr]      Running unittests src/lib.rs (/opt/rustwide/target/debug/deps/disrustor-b88b5dfc14c068ad)
[INFO] [stdout] 
[INFO] [stdout] running 6 tests
[INFO] [stdout] test ringbuffer::test::writes_and_reads_data ... ok
[INFO] [stdout] test utils::test::bitmap::is_unset_by_default ... ok
[INFO] [stdout] test ringbuffer::test::writes_are_visible_across_threads ... ok
[INFO] [stdout] test utils::test::bitmap::sets_and_gets_individual_bits ... ok
[INFO] [stdout] test test::test_dsl ... ok
[INFO] [stdout] test test::test_blocking_wait_strategy ... ok
[INFO] [stdout] 
[INFO] [stdout] test result: ok. 6 passed; 0 failed; 0 ignored; 0 measured; 0 filtered out; finished in 0.82s
[INFO] [stdout] 
[INFO] [stderr]      Running tests/safety.rs (/opt/rustwide/target/debug/deps/safety-c9e767619781d009)
[INFO] [stdout] 
[INFO] [stdout] running 1 test
[INFO] [stderr]    Compiling autocfg v1.1.0
[INFO] [stderr]     Checking cfg-if v1.0.0
[INFO] [stderr]    Compiling libc v0.2.119
[INFO] [stderr]     Checking lazy_static v1.4.0
[INFO] [stderr]    Compiling semver v1.0.6
[INFO] [stderr]    Compiling crossbeam-utils v0.8.7
[INFO] [stderr]    Compiling serde v1.0.136
[INFO] [stderr]    Compiling crossbeam-epoch v0.9.7
[INFO] [stderr]    Compiling proc-macro2 v1.0.36
[INFO] [stderr]    Compiling memchr v2.4.1
[INFO] [stderr]    Compiling unicode-xid v0.2.2
[INFO] [stderr]    Compiling rayon-core v1.9.1
[INFO] [stderr]     Checking scopeguard v1.1.0
[INFO] [stderr]    Compiling serde_json v1.0.79
[INFO] [stderr]    Compiling syn v1.0.86
[INFO] [stderr]    Compiling log v0.4.14
[INFO] [stderr]     Checking ryu v1.0.9
[INFO] [stderr]     Checking either v1.6.1
[INFO] [stderr]     Checking plotters-backend v0.3.2
[INFO] [stderr]     Checking unicode-width v0.1.9
[INFO] [stderr]    Compiling serde_derive v1.0.136
[INFO] [stderr]     Checking itoa v1.0.1
[INFO] [stderr]     Checking regex-automata v0.1.10
[INFO] [stderr]     Checking textwrap v0.11.0
[INFO] [stderr]     Checking itertools v0.10.3
[INFO] [stderr]     Checking plotters-svg v0.3.1
[INFO] [stderr]     Checking bitflags v1.3.2
[INFO] [stderr]     Checking regex-syntax v0.6.25
[INFO] [stderr]     Checking same-file v1.0.6
[INFO] [stderr]     Checking half v1.8.2
[INFO] [stderr]     Checking itoa v0.4.8
[INFO] [stderr]     Checking clap v2.34.0
[INFO] [stderr]     Checking oorandom v11.1.3
[INFO] [stderr]     Checking walkdir v2.3.2
[INFO] [stderr]     Checking disrustor v0.3.0 (/opt/rustwide/workdir)
[INFO] [stderr]     Checking crossbeam-channel v0.5.2
[INFO] [stderr]     Checking fern v0.6.0
[INFO] [stderr]    Compiling memoffset v0.6.5
[INFO] [stderr]    Compiling num-traits v0.2.14
[INFO] [stderr]    Compiling rayon v1.5.1
[INFO] [stderr]    Compiling num-integer v0.1.44
[INFO] [stderr]    Compiling rustc_version v0.4.0
[INFO] [stderr]     Checking csv-core v0.1.10
[INFO] [stderr]    Compiling quote v1.0.15
[INFO] [stderr]    Compiling cast v0.2.7
[INFO] [stderr]     Checking num_cpus v1.13.1
[INFO] [stderr]     Checking atty v0.2.14
[INFO] [stderr]     Checking time v0.1.44
[INFO] [stderr]     Checking crossbeam-deque v0.8.1
[INFO] [stderr]     Checking regex v1.5.4
[INFO] [stderr]     Checking criterion-plot v0.4.4
[INFO] [stderr]     Checking plotters v0.3.1
[INFO] [stderr]     Checking chrono v0.4.19
[INFO] [stderr]     Checking bstr v0.2.17
[INFO] [stderr]     Checking serde_cbor v0.11.2
[INFO] [stderr]     Checking csv v1.1.6
[INFO] [stderr]     Checking tinytemplate v1.2.1
[INFO] [stderr]     Checking criterion v0.3.5
[INFO] [stderr]     Checking disrustor-tests v0.0.0 (/opt/rustwide/target/tests/disrustor)
[INFO] [stderr]     Finished dev [unoptimized + debuginfo] target(s) in 9.92s
[INFO] [stderr] warning: the following packages contain code that will be rejected by a future version of Rust: criterion v0.3.5
[INFO] [stderr] note: to see what the problems were, use the option `--future-incompat-report`, or run `cargo report future-incompatibilities --id 1`
[INFO] [stderr] 
[INFO] [stderr] 
[INFO] [stderr] test tests/cve/cve_2020_36470_1.rs ... mismatch
[INFO] [stderr] 
[INFO] [stderr] EXPECTED:
[INFO] [stderr] ┈┈┈┈┈┈┈┈┈┈┈┈┈┈┈┈┈┈┈┈┈┈┈┈┈┈┈┈┈┈┈┈┈┈┈┈┈┈┈┈┈┈┈┈┈┈┈┈┈┈┈┈┈┈┈┈┈┈┈┈
[INFO] [stderr] error[E0277]: `*mut ()` cannot be sent between threads safely
[INFO] [stderr]    --> tests/cve/cve_2020_36470_1.rs:34:18
[INFO] [stderr]     |
[INFO] [stderr] 34  |     let handle = thread::spawn(move || {
[INFO] [stderr]     |                  ^^^^^^^^^^^^^ `*mut ()` cannot be sent between threads safely
[INFO] [stderr]     |
[INFO] [stderr]     = help: within `NonSend`, the trait `Send` is not implemented for `*mut ()`
[INFO] [stderr]     = note: required because it appears within the type `PhantomData<*mut ()>`
[INFO] [stderr] note: required because it appears within the type `NonSend`
[INFO] [stderr]    --> tests/cve/cve_2020_36470_1.rs:8:8
[INFO] [stderr]     |
[INFO] [stderr] 8   | struct NonSend {
[INFO] [stderr]     |        ^^^^^^^
[INFO] [stderr]     = note: required because of the requirements on the impl of `Send` for `RingBuffer<NonSend>`
[INFO] [stderr]     = note: required because it appears within the type `[closure@$DIR/tests/cve/cve_2020_36470_1.rs:34:32: 36:6]`
[INFO] [stderr] note: required by a bound in `std::thread::spawn`
[INFO] [stderr] ┈┈┈┈┈┈┈┈┈┈┈┈┈┈┈┈┈┈┈┈┈┈┈┈┈┈┈┈┈┈┈┈┈┈┈┈┈┈┈┈┈┈┈┈┈┈┈┈┈┈┈┈┈┈┈┈┈┈┈┈
[INFO] [stderr] 
[INFO] [stderr] ACTUAL OUTPUT:
[INFO] [stderr] ┈┈┈┈┈┈┈┈┈┈┈┈┈┈┈┈┈┈┈┈┈┈┈┈┈┈┈┈┈┈┈┈┈┈┈┈┈┈┈┈┈┈┈┈┈┈┈┈┈┈┈┈┈┈┈┈┈┈┈┈
[INFO] [stderr] error[E0277]: `*mut ()` cannot be sent between threads safely
[INFO] [stderr]   --> tests/cve/cve_2020_36470_1.rs:34:32
[INFO] [stderr]    |
[INFO] [stderr] 34 |       let handle = thread::spawn(move || {
[INFO] [stderr]    |  __________________-------------_^
[INFO] [stderr]    | |                  |
[INFO] [stderr]    | |                  required by a bound introduced by this call
[INFO] [stderr] 35 | |         drop(buffer);
[INFO] [stderr] 36 | |     });
[INFO] [stderr]    | |_____^ `*mut ()` cannot be sent between threads safely
[INFO] [stderr]    |
[INFO] [stderr]    = help: within `NonSend`, the trait `Send` is not implemented for `*mut ()`
[INFO] [stderr]    = note: required because it appears within the type `PhantomData<*mut ()>`
[INFO] [stderr] note: required because it appears within the type `NonSend`
[INFO] [stderr]   --> tests/cve/cve_2020_36470_1.rs:8:8
[INFO] [stderr]    |
[INFO] [stderr] 8  | struct NonSend {
[INFO] [stderr]    |        ^^^^^^^
[INFO] [stderr]    = note: required for `RingBuffer<NonSend>` to implement `Send`
[INFO] [stderr] note: required because it's used within this closure
[INFO] [stderr]   --> tests/cve/cve_2020_36470_1.rs:34:32
[INFO] [stderr]    |
[INFO] [stderr] 34 |     let handle = thread::spawn(move || {
[INFO] [stderr]    |                                ^^^^^^^
[INFO] [stderr] note: required by a bound in `std::thread::spawn`
[INFO] [stderr]   --> /rustc/84c898d65adf2f39a5a98507f1fe0ce10a2b8dbc/library/std/src/thread/mod.rs:711:1
[INFO] [stderr] ┈┈┈┈┈┈┈┈┈┈┈┈┈┈┈┈┈┈┈┈┈┈┈┈┈┈┈┈┈┈┈┈┈┈┈┈┈┈┈┈┈┈┈┈┈┈┈┈┈┈┈┈┈┈┈┈┈┈┈┈
[INFO] [stderr] note: If the actual output is the correct output you can bless it by rerunning
[INFO] [stderr]       your test with the environment variable TRYBUILD=overwrite
[INFO] [stderr] 
[INFO] [stderr] test tests/cve/cve_2020_36470_2.rs ... mismatch
[INFO] [stderr] 
[INFO] [stderr] EXPECTED:
[INFO] [stderr] ┈┈┈┈┈┈┈┈┈┈┈┈┈┈┈┈┈┈┈┈┈┈┈┈┈┈┈┈┈┈┈┈┈┈┈┈┈┈┈┈┈┈┈┈┈┈┈┈┈┈┈┈┈┈┈┈┈┈┈┈
[INFO] [stderr] error[E0277]: `Cell<RefOrInt>` cannot be shared between threads safely
[INFO] [stderr]   --> tests/cve/cve_2020_36470_2.rs:31:59
[INFO] [stderr]    |
[INFO] [stderr] 31 |         let (_executor, producer) = DisrustorBuilder::new(provider_cloned)
[INFO] [stderr]    |                                     --------------------- ^^^^^^^^^^^^^^^ `Cell<RefOrInt>` cannot be shared between threads safely
[INFO] [stderr]    |                                     |
[INFO] [stderr]    |                                     required by a bound introduced by this call
[INFO] [stderr]    |
[INFO] [stderr]    = help: the trait `Sync` is not implemented for `Cell<RefOrInt>`
[INFO] [stderr] note: required by a bound in `DisrustorBuilder::new`
[INFO] [stderr]   --> src/dsl.rs
[INFO] [stderr]    |
[INFO] [stderr]    |         T: Send + Sync,
[INFO] [stderr]    |                   ^^^^ required by this bound in `DisrustorBuilder::new`
[INFO] [stderr] 
[INFO] [stderr] error[E0599]: the method `with_spin_wait` exists for struct `WithDataProvider<RingBuffer<Cell<RefOrInt>>, Cell<RefOrInt>>`, but its trait bounds were not satisfied
[INFO] [stderr]    --> tests/cve/cve_2020_36470_2.rs:32:14
[INFO] [stderr]     |
[INFO] [stderr] 32  |               .with_spin_wait()
[INFO] [stderr]     |                ^^^^^^^^^^^^^^ method cannot be called on `WithDataProvider<RingBuffer<Cell<RefOrInt>>, Cell<RefOrInt>>` due to unsatisfied trait bounds
[INFO] [stderr]     |
[INFO] [stderr]    ::: src/ringbuffer.rs
[INFO] [stderr]     |
[INFO] [stderr]     |   pub struct RingBuffer<T> {
[INFO] [stderr]     |   ------------------------ doesn't satisfy `_: DataProvider<Cell<RefOrInt>>`
[INFO] [stderr]     |
[INFO] [stderr]     = note: the following trait bounds were not satisfied:
[INFO] [stderr]             `RingBuffer<Cell<RefOrInt>>: DataProvider<Cell<RefOrInt>>`
[INFO] [stderr]             `Cell<RefOrInt>: Sync`
[INFO] [stderr] 
[INFO] [stderr] error[E0277]: `Cell<RefOrInt>` cannot be shared between threads safely
[INFO] [stderr]   --> tests/cve/cve_2020_36470_2.rs:31:37
[INFO] [stderr]    |
[INFO] [stderr] 31 |         let (_executor, producer) = DisrustorBuilder::new(provider_cloned)
[INFO] [stderr]    |                                     ^^^^^^^^^^^^^^^^^^^^^^^^^^^^^^^^^^^^^^ `Cell<RefOrInt>` cannot be shared between threads safely
[INFO] [stderr]    |
[INFO] [stderr]    = help: the trait `Sync` is not implemented for `Cell<RefOrInt>`
[INFO] [stderr] note: required by a bound in `WithDataProvider`
[INFO] [stderr]   --> src/dsl.rs
[INFO] [stderr]    |
[INFO] [stderr]    |     T: Send + Sync,
[INFO] [stderr]    |               ^^^^ required by this bound in `WithDataProvider`
[INFO] [stderr] 
[INFO] [stderr] error[E0277]: `Cell<RefOrInt>` cannot be shared between threads safely
[INFO] [stderr]   --> tests/cve/cve_2020_36470_2.rs:44:55
[INFO] [stderr]    |
[INFO] [stderr] 44 |     let (_executor, producer) = DisrustorBuilder::new(provider.clone())
[INFO] [stderr]    |                                 --------------------- ^^^^^^^^^^^^^^^^ `Cell<RefOrInt>` cannot be shared between threads safely
[INFO] [stderr]    |                                 |
[INFO] [stderr]    |                                 required by a bound introduced by this call
[INFO] [stderr]    |
[INFO] [stderr]    = help: the trait `Sync` is not implemented for `Cell<RefOrInt>`
[INFO] [stderr] note: required by a bound in `DisrustorBuilder::new`
[INFO] [stderr]   --> src/dsl.rs
[INFO] [stderr]    |
[INFO] [stderr]    |         T: Send + Sync,
[INFO] [stderr]    |                   ^^^^ required by this bound in `DisrustorBuilder::new`
[INFO] [stderr] 
[INFO] [stderr] error[E0599]: the method `with_spin_wait` exists for struct `WithDataProvider<RingBuffer<Cell<RefOrInt>>, Cell<RefOrInt>>`, but its trait bounds were not satisfied
[INFO] [stderr]    --> tests/cve/cve_2020_36470_2.rs:45:10
[INFO] [stderr]     |
[INFO] [stderr] 45  |           .with_spin_wait()
[INFO] [stderr]     |            ^^^^^^^^^^^^^^ method cannot be called on `WithDataProvider<RingBuffer<Cell<RefOrInt>>, Cell<RefOrInt>>` due to unsatisfied trait bounds
[INFO] [stderr]     |
[INFO] [stderr]    ::: src/ringbuffer.rs
[INFO] [stderr]     |
[INFO] [stderr]     |   pub struct RingBuffer<T> {
[INFO] [stderr]     |   ------------------------ doesn't satisfy `_: DataProvider<Cell<RefOrInt>>`
[INFO] [stderr]     |
[INFO] [stderr]     = note: the following trait bounds were not satisfied:
[INFO] [stderr]             `RingBuffer<Cell<RefOrInt>>: DataProvider<Cell<RefOrInt>>`
[INFO] [stderr]             `Cell<RefOrInt>: Sync`
[INFO] [stderr] 
[INFO] [stderr] error[E0277]: `Cell<RefOrInt>` cannot be shared between threads safely
[INFO] [stderr]   --> tests/cve/cve_2020_36470_2.rs:44:33
[INFO] [stderr]    |
[INFO] [stderr] 44 |     let (_executor, producer) = DisrustorBuilder::new(provider.clone())
[INFO] [stderr]    |                                 ^^^^^^^^^^^^^^^^^^^^^^^^^^^^^^^^^^^^^^^ `Cell<RefOrInt>` cannot be shared between threads safely
[INFO] [stderr]    |
[INFO] [stderr]    = help: the trait `Sync` is not implemented for `Cell<RefOrInt>`
[INFO] [stderr] note: required by a bound in `WithDataProvider`
[INFO] [stderr]   --> src/dsl.rs
[INFO] [stderr]    |
[INFO] [stderr]    |     T: Send + Sync,
[INFO] [stderr]    |               ^^^^ required by this bound in `WithDataProvider`
[INFO] [stderr] 
[INFO] [stderr] warning: unused import: `disrustor::EventProducer`
[INFO] [stderr]  --> tests/cve/cve_2020_36470_2.rs:9:5
[INFO] [stderr]   |
[INFO] [stderr] 9 | use disrustor::EventProducer;
[INFO] [stderr]   |     ^^^^^^^^^^^^^^^^^^^^^^^^
[INFO] [stderr]   |
[INFO] [stderr]   = note: `#[warn(unused_imports)]` on by default
[INFO] [stderr] ┈┈┈┈┈┈┈┈┈┈┈┈┈┈┈┈┈┈┈┈┈┈┈┈┈┈┈┈┈┈┈┈┈┈┈┈┈┈┈┈┈┈┈┈┈┈┈┈┈┈┈┈┈┈┈┈┈┈┈┈
[INFO] [stderr] 
[INFO] [stderr] ACTUAL OUTPUT:
[INFO] [stderr] ┈┈┈┈┈┈┈┈┈┈┈┈┈┈┈┈┈┈┈┈┈┈┈┈┈┈┈┈┈┈┈┈┈┈┈┈┈┈┈┈┈┈┈┈┈┈┈┈┈┈┈┈┈┈┈┈┈┈┈┈
[INFO] [stderr] error[E0277]: `Cell<RefOrInt>` cannot be shared between threads safely
[INFO] [stderr]   --> tests/cve/cve_2020_36470_2.rs:31:59
[INFO] [stderr]    |
[INFO] [stderr] 31 |         let (_executor, producer) = DisrustorBuilder::new(provider_cloned)
[INFO] [stderr]    |                                     --------------------- ^^^^^^^^^^^^^^^ `Cell<RefOrInt>` cannot be shared between threads safely
[INFO] [stderr]    |                                     |
[INFO] [stderr]    |                                     required by a bound introduced by this call
[INFO] [stderr]    |
[INFO] [stderr]    = help: the trait `Sync` is not implemented for `Cell<RefOrInt>`
[INFO] [stderr]    = note: if you want to do aliasing and mutation between multiple threads, use `std::sync::RwLock`
[INFO] [stderr]    = help: the trait `DataProvider<T>` is implemented for `RingBuffer<T>`
[INFO] [stderr]    = note: required for `RingBuffer<Cell<RefOrInt>>` to implement `DataProvider<Cell<RefOrInt>>`
[INFO] [stderr] note: required by a bound in `DisrustorBuilder::new`
[INFO] [stderr]   --> src/dsl.rs
[INFO] [stderr]    |
[INFO] [stderr]    |     pub fn new<D: DataProvider<T>, T>(data_provider: Arc<D>) -> WithDataProvider<D, T>
[INFO] [stderr]    |                   ^^^^^^^^^^^^^^^ required by this bound in `DisrustorBuilder::new`
[INFO] [stderr] 
[INFO] [stderr] error[E0599]: the method `with_spin_wait` exists for struct `WithDataProvider<RingBuffer<Cell<RefOrInt>>, Cell<RefOrInt>>`, but its trait bounds were not satisfied
[INFO] [stderr]   --> tests/cve/cve_2020_36470_2.rs:32:14
[INFO] [stderr]    |
[INFO] [stderr] 31 |           let (_executor, producer) = DisrustorBuilder::new(provider_cloned)
[INFO] [stderr]    |  _____________________________________-
[INFO] [stderr] 32 | |             .with_spin_wait()
[INFO] [stderr]    | |             -^^^^^^^^^^^^^^ method cannot be called due to unsatisfied trait bounds
[INFO] [stderr]    | |_____________|
[INFO] [stderr]    |
[INFO] [stderr]   --> /rustc/84c898d65adf2f39a5a98507f1fe0ce10a2b8dbc/library/core/src/cell.rs:244:1
[INFO] [stderr]    |
[INFO] [stderr]    = note: doesn't satisfy `Cell<RefOrInt>: Sync`
[INFO] [stderr]    |
[INFO] [stderr]   ::: src/ringbuffer.rs
[INFO] [stderr]    |
[INFO] [stderr]    |   pub struct RingBuffer<T> {
[INFO] [stderr]    |   ------------------------
[INFO] [stderr]    |   |
[INFO] [stderr]    |   doesn't satisfy `RingBuffer<Cell<RefOrInt>>: Sync`
[INFO] [stderr]    |   doesn't satisfy `_: DataProvider<Cell<RefOrInt>>`
[INFO] [stderr]    |
[INFO] [stderr]    = note: the following trait bounds were not satisfied:
[INFO] [stderr]            `RingBuffer<Cell<RefOrInt>>: DataProvider<Cell<RefOrInt>>`
[INFO] [stderr]            `RingBuffer<Cell<RefOrInt>>: Sync`
[INFO] [stderr]            which is required by `RingBuffer<Cell<RefOrInt>>: DataProvider<Cell<RefOrInt>>`
[INFO] [stderr]            `Cell<RefOrInt>: Sync`
[INFO] [stderr] 
[INFO] [stderr] error[E0277]: `Cell<RefOrInt>` cannot be shared between threads safely
[INFO] [stderr]   --> tests/cve/cve_2020_36470_2.rs:31:37
[INFO] [stderr]    |
[INFO] [stderr] 31 |         let (_executor, producer) = DisrustorBuilder::new(provider_cloned)
[INFO] [stderr]    |                                     ^^^^^^^^^^^^^^^^^^^^^^^^^^^^^^^^^^^^^^ `Cell<RefOrInt>` cannot be shared between threads safely
[INFO] [stderr]    |
[INFO] [stderr]    = help: the trait `Sync` is not implemented for `Cell<RefOrInt>`
[INFO] [stderr]    = note: if you want to do aliasing and mutation between multiple threads, use `std::sync::RwLock`
[INFO] [stderr] note: required by a bound in `WithDataProvider`
[INFO] [stderr]   --> src/dsl.rs
[INFO] [stderr]    |
[INFO] [stderr]    |     T: Send + Sync,
[INFO] [stderr]    |               ^^^^ required by this bound in `WithDataProvider`
[INFO] [stderr] 
[INFO] [stderr] error[E0277]: `Cell<RefOrInt>` cannot be shared between threads safely
[INFO] [stderr]   --> tests/cve/cve_2020_36470_2.rs:44:55
[INFO] [stderr]    |
[INFO] [stderr] 44 |     let (_executor, producer) = DisrustorBuilder::new(provider.clone())
[INFO] [stderr]    |                                 --------------------- ^^^^^^^^^^^^^^^^ `Cell<RefOrInt>` cannot be shared between threads safely
[INFO] [stderr]    |                                 |
[INFO] [stderr]    |                                 required by a bound introduced by this call
[INFO] [stderr]    |
[INFO] [stderr]    = help: the trait `Sync` is not implemented for `Cell<RefOrInt>`
[INFO] [stderr]    = note: if you want to do aliasing and mutation between multiple threads, use `std::sync::RwLock`
[INFO] [stderr]    = help: the trait `DataProvider<T>` is implemented for `RingBuffer<T>`
[INFO] [stderr]    = note: required for `RingBuffer<Cell<RefOrInt>>` to implement `DataProvider<Cell<RefOrInt>>`
[INFO] [stderr] note: required by a bound in `DisrustorBuilder::new`
[INFO] [stderr]   --> src/dsl.rs
[INFO] [stderr]    |
[INFO] [stderr]    |     pub fn new<D: DataProvider<T>, T>(data_provider: Arc<D>) -> WithDataProvider<D, T>
[INFO] [stderr]    |                   ^^^^^^^^^^^^^^^ required by this bound in `DisrustorBuilder::new`
[INFO] [stderr] 
[INFO] [stderr] error[E0599]: the method `with_spin_wait` exists for struct `WithDataProvider<RingBuffer<Cell<RefOrInt>>, Cell<RefOrInt>>`, but its trait bounds were not satisfied
[INFO] [stderr]   --> tests/cve/cve_2020_36470_2.rs:45:10
[INFO] [stderr]    |
[INFO] [stderr] 44 |       let (_executor, producer) = DisrustorBuilder::new(provider.clone())
[INFO] [stderr]    |  _________________________________-
[INFO] [stderr] 45 | |         .with_spin_wait()
[INFO] [stderr]    | |         -^^^^^^^^^^^^^^ method cannot be called due to unsatisfied trait bounds
[INFO] [stderr]    | |_________|
[INFO] [stderr]    |
[INFO] [stderr]   --> /rustc/84c898d65adf2f39a5a98507f1fe0ce10a2b8dbc/library/core/src/cell.rs:244:1
[INFO] [stderr]    |
[INFO] [stderr]    = note: doesn't satisfy `Cell<RefOrInt>: Sync`
[INFO] [stderr]    |
[INFO] [stderr]   ::: src/ringbuffer.rs
[INFO] [stderr]    |
[INFO] [stderr]    |   pub struct RingBuffer<T> {
[INFO] [stderr]    |   ------------------------
[INFO] [stderr]    |   |
[INFO] [stderr]    |   doesn't satisfy `RingBuffer<Cell<RefOrInt>>: Sync`
[INFO] [stderr]    |   doesn't satisfy `_: DataProvider<Cell<RefOrInt>>`
[INFO] [stderr]    |
[INFO] [stderr]    = note: the following trait bounds were not satisfied:
[INFO] [stderr]            `RingBuffer<Cell<RefOrInt>>: DataProvider<Cell<RefOrInt>>`
[INFO] [stderr]            `RingBuffer<Cell<RefOrInt>>: Sync`
[INFO] [stderr]            which is required by `RingBuffer<Cell<RefOrInt>>: DataProvider<Cell<RefOrInt>>`
[INFO] [stderr]            `Cell<RefOrInt>: Sync`
[INFO] [stderr] 
[INFO] [stderr] error[E0277]: `Cell<RefOrInt>` cannot be shared between threads safely
[INFO] [stderr]   --> tests/cve/cve_2020_36470_2.rs:44:33
[INFO] [stderr]    |
[INFO] [stderr] 44 |     let (_executor, producer) = DisrustorBuilder::new(provider.clone())
[INFO] [stderr]    |                                 ^^^^^^^^^^^^^^^^^^^^^^^^^^^^^^^^^^^^^^^ `Cell<RefOrInt>` cannot be shared between threads safely
[INFO] [stderr]    |
[INFO] [stderr]    = help: the trait `Sync` is not implemented for `Cell<RefOrInt>`
[INFO] [stderr]    = note: if you want to do aliasing and mutation between multiple threads, use `std::sync::RwLock`
[INFO] [stderr] note: required by a bound in `WithDataProvider`
[INFO] [stderr]   --> src/dsl.rs
[INFO] [stderr]    |
[INFO] [stderr]    |     T: Send + Sync,
[INFO] [stderr]    |               ^^^^ required by this bound in `WithDataProvider`
[INFO] [stderr] 
[INFO] [stderr] warning: unused import: `disrustor::EventProducer`
[INFO] [stderr]  --> tests/cve/cve_2020_36470_2.rs:9:5
[INFO] [stderr]   |
[INFO] [stderr] 9 | use disrustor::EventProducer;
[INFO] [stderr]   |     ^^^^^^^^^^^^^^^^^^^^^^^^
[INFO] [stderr]   |
[INFO] [stderr]   = note: `#[warn(unused_imports)]` on by default
[INFO] [stderr] ┈┈┈┈┈┈┈┈┈┈┈┈┈┈┈┈┈┈┈┈┈┈┈┈┈┈┈┈┈┈┈┈┈┈┈┈┈┈┈┈┈┈┈┈┈┈┈┈┈┈┈┈┈┈┈┈┈┈┈┈
[INFO] [stderr] note: If the actual output is the correct output you can bless it by rerunning
[INFO] [stderr]       your test with the environment variable TRYBUILD=overwrite
[INFO] [stderr] 
[INFO] [stderr] 
[INFO] [stderr] 
[INFO] [stdout] test compile_time_safety_tests ... FAILED
[INFO] [stdout] 
[INFO] [stdout] failures:
[INFO] [stdout] 
[INFO] [stdout] ---- compile_time_safety_tests stdout ----
[INFO] [stdout] thread 'compile_time_safety_tests' panicked at '2 of 2 tests failed', /opt/rustwide/cargo-home/registry/src/github.com-1ecc6299db9ec823/trybuild-1.0.56/src/run.rs:74:13
[INFO] [stdout] stack backtrace:
[INFO] [stdout]    0:     0x563ee86cb5ca - std::backtrace_rs::backtrace::libunwind::trace::ha9053a9a07ca49cb
[INFO] [stdout]                                at /rustc/84c898d65adf2f39a5a98507f1fe0ce10a2b8dbc/library/std/src/../../backtrace/src/backtrace/libunwind.rs:93:5
[INFO] [stdout]    1:     0x563ee86cb5ca - std::backtrace_rs::backtrace::trace_unsynchronized::h9c2852a457ad564e
[INFO] [stdout]                                at /rustc/84c898d65adf2f39a5a98507f1fe0ce10a2b8dbc/library/std/src/../../backtrace/src/backtrace/mod.rs:66:5
[INFO] [stdout]    2:     0x563ee86cb5ca - std::sys_common::backtrace::_print_fmt::h457936fbfaa0070f
[INFO] [stdout]                                at /rustc/84c898d65adf2f39a5a98507f1fe0ce10a2b8dbc/library/std/src/sys_common/backtrace.rs:65:5
[INFO] [stdout]    3:     0x563ee86cb5ca - <std::sys_common::backtrace::_print::DisplayBacktrace as core::fmt::Display>::fmt::h5779d7bf7f70cb0c
[INFO] [stdout]                                at /rustc/84c898d65adf2f39a5a98507f1fe0ce10a2b8dbc/library/std/src/sys_common/backtrace.rs:44:22
[INFO] [stdout]    4:     0x563ee86f126e - core::fmt::write::h5a4baaff1bcd3eb5
[INFO] [stdout]                                at /rustc/84c898d65adf2f39a5a98507f1fe0ce10a2b8dbc/library/core/src/fmt/mod.rs:1232:17
[INFO] [stdout]    5:     0x563ee86c7c15 - std::io::Write::write_fmt::h478f79c628ef31d1
[INFO] [stdout]                                at /rustc/84c898d65adf2f39a5a98507f1fe0ce10a2b8dbc/library/std/src/io/mod.rs:1684:15
[INFO] [stdout]    6:     0x563ee86cb395 - std::sys_common::backtrace::_print::h5fcdc36060f177e8
[INFO] [stdout]                                at /rustc/84c898d65adf2f39a5a98507f1fe0ce10a2b8dbc/library/std/src/sys_common/backtrace.rs:47:5
[INFO] [stdout]    7:     0x563ee86cb395 - std::sys_common::backtrace::print::h54ca9458b876c8bf
[INFO] [stdout]                                at /rustc/84c898d65adf2f39a5a98507f1fe0ce10a2b8dbc/library/std/src/sys_common/backtrace.rs:34:9
[INFO] [stdout]    8:     0x563ee86cd15f - std::panicking::default_hook::{{closure}}::hbe471161c7664ed6
[INFO] [stdout]                                at /rustc/84c898d65adf2f39a5a98507f1fe0ce10a2b8dbc/library/std/src/panicking.rs:271:22
[INFO] [stdout]    9:     0x563ee86cce1f - std::panicking::default_hook::ha3500da57aa4ac4f
[INFO] [stdout]                                at /rustc/84c898d65adf2f39a5a98507f1fe0ce10a2b8dbc/library/std/src/panicking.rs:287:9
[INFO] [stdout]   10:     0x563ee869daf7 - <alloc::boxed::Box<F,A> as core::ops::function::Fn<Args>>::call::hdf1b89dd137ece34
[INFO] [stdout]                                at /rustc/84c898d65adf2f39a5a98507f1fe0ce10a2b8dbc/library/alloc/src/boxed.rs:2001:9
[INFO] [stdout]   11:     0x563ee869daf7 - test::test_main::{{closure}}::h9081a79f20e75698
[INFO] [stdout]                                at /rustc/84c898d65adf2f39a5a98507f1fe0ce10a2b8dbc/library/test/src/lib.rs:135:21
[INFO] [stdout]   12:     0x563ee86cd88d - <alloc::boxed::Box<F,A> as core::ops::function::Fn<Args>>::call::h6507bddc3eebb4a5
[INFO] [stdout]                                at /rustc/84c898d65adf2f39a5a98507f1fe0ce10a2b8dbc/library/alloc/src/boxed.rs:2001:9
[INFO] [stdout]   13:     0x563ee86cd88d - std::panicking::rust_panic_with_hook::h50c09d000dc561d2
[INFO] [stdout]                                at /rustc/84c898d65adf2f39a5a98507f1fe0ce10a2b8dbc/library/std/src/panicking.rs:696:13
[INFO] [stdout]   14:     0x563ee86cd609 - std::panicking::begin_panic_handler::{{closure}}::h9e2b2176e00e0d9c
[INFO] [stdout]                                at /rustc/84c898d65adf2f39a5a98507f1fe0ce10a2b8dbc/library/std/src/panicking.rs:583:13
[INFO] [stdout]   15:     0x563ee86cba36 - std::sys_common::backtrace::__rust_end_short_backtrace::h5739b8e512c09d02
[INFO] [stdout]                                at /rustc/84c898d65adf2f39a5a98507f1fe0ce10a2b8dbc/library/std/src/sys_common/backtrace.rs:150:18
[INFO] [stdout]   16:     0x563ee86cd312 - rust_begin_unwind
[INFO] [stdout]                                at /rustc/84c898d65adf2f39a5a98507f1fe0ce10a2b8dbc/library/std/src/panicking.rs:579:5
[INFO] [stdout]   17:     0x563ee8494e53 - core::panicking::panic_fmt::hf33a1475b4dc5c3e
[INFO] [stdout]                                at /rustc/84c898d65adf2f39a5a98507f1fe0ce10a2b8dbc/library/core/src/panicking.rs:64:14
[INFO] [stdout]   18:     0x563ee84f7cb3 - trybuild::run::<impl trybuild::Runner>::run::haedc3679257a9434
[INFO] [stdout]                                at /opt/rustwide/cargo-home/registry/src/github.com-1ecc6299db9ec823/trybuild-1.0.56/src/run.rs:74:13
[INFO] [stdout]   19:     0x563ee84fc01a - <trybuild::TestCases as core::ops::drop::Drop>::drop::h06d8325773b306ea
[INFO] [stdout]                                at /opt/rustwide/cargo-home/registry/src/github.com-1ecc6299db9ec823/trybuild-1.0.56/src/lib.rs:308:13
[INFO] [stdout]   20:     0x563ee84956b7 - core::ptr::drop_in_place<trybuild::TestCases>::hee882f88f13aa835
[INFO] [stdout]                                at /rustc/84c898d65adf2f39a5a98507f1fe0ce10a2b8dbc/library/core/src/ptr/mod.rs:490:1
[INFO] [stdout]   21:     0x563ee849694b - safety::compile_time_safety_tests::h5419fe89ed9bef86
[INFO] [stdout]                                at /opt/rustwide/workdir/tests/safety.rs:6:1
[INFO] [stdout]   22:     0x563ee84968c7 - safety::compile_time_safety_tests::{{closure}}::h66a6a003dc3d5e53
[INFO] [stdout]                                at /opt/rustwide/workdir/tests/safety.rs:2:32
[INFO] [stdout]   23:     0x563ee8495665 - core::ops::function::FnOnce::call_once::heb0a6b8cf15fd603
[INFO] [stdout]                                at /rustc/84c898d65adf2f39a5a98507f1fe0ce10a2b8dbc/library/core/src/ops/function.rs:250:5
[INFO] [stdout]   24:     0x563ee86a2edf - core::ops::function::FnOnce::call_once::h7d969581be7d0075
[INFO] [stdout]                                at /rustc/84c898d65adf2f39a5a98507f1fe0ce10a2b8dbc/library/core/src/ops/function.rs:250:5
[INFO] [stdout]   25:     0x563ee86a2edf - test::__rust_begin_short_backtrace::hca25a52684e56655
[INFO] [stdout]                                at /rustc/84c898d65adf2f39a5a98507f1fe0ce10a2b8dbc/library/test/src/lib.rs:656:18
[INFO] [stdout]   26:     0x563ee86744fc - test::run_test::{{closure}}::ha8ac744c4af1a4bb
[INFO] [stdout]                                at /rustc/84c898d65adf2f39a5a98507f1fe0ce10a2b8dbc/library/test/src/lib.rs:647:30
[INFO] [stdout]   27:     0x563ee86744fc - core::ops::function::FnOnce::call_once{{vtable.shim}}::h7b411a9ed45bdecf
[INFO] [stdout]                                at /rustc/84c898d65adf2f39a5a98507f1fe0ce10a2b8dbc/library/core/src/ops/function.rs:250:5
[INFO] [stdout]   28:     0x563ee86a1ea6 - <alloc::boxed::Box<F,A> as core::ops::function::FnOnce<Args>>::call_once::hd05328869a8ed200
[INFO] [stdout]                                at /rustc/84c898d65adf2f39a5a98507f1fe0ce10a2b8dbc/library/alloc/src/boxed.rs:1987:9
[INFO] [stdout]   29:     0x563ee86a1ea6 - <core::panic::unwind_safe::AssertUnwindSafe<F> as core::ops::function::FnOnce<()>>::call_once::h0c601ce20bd5b2be
[INFO] [stdout]                                at /rustc/84c898d65adf2f39a5a98507f1fe0ce10a2b8dbc/library/core/src/panic/unwind_safe.rs:271:9
[INFO] [stdout]   30:     0x563ee86a1ea6 - std::panicking::try::do_call::ha4be5c164fe30854
[INFO] [stdout]                                at /rustc/84c898d65adf2f39a5a98507f1fe0ce10a2b8dbc/library/std/src/panicking.rs:487:40
[INFO] [stdout]   31:     0x563ee86a1ea6 - std::panicking::try::h604546f3609af05f
[INFO] [stdout]                                at /rustc/84c898d65adf2f39a5a98507f1fe0ce10a2b8dbc/library/std/src/panicking.rs:451:19
[INFO] [stdout]   32:     0x563ee86a1ea6 - std::panic::catch_unwind::h5bfa8afe44c9c2f9
[INFO] [stdout]                                at /rustc/84c898d65adf2f39a5a98507f1fe0ce10a2b8dbc/library/std/src/panic.rs:140:14
[INFO] [stdout]   33:     0x563ee86a1ea6 - test::run_test_in_process::hd50dee55dd63e6aa
[INFO] [stdout]                                at /rustc/84c898d65adf2f39a5a98507f1fe0ce10a2b8dbc/library/test/src/lib.rs:679:27
[INFO] [stdout]   34:     0x563ee86a1ea6 - test::run_test::run_test_inner::{{closure}}::h4aa0f433aa85cea8
[INFO] [stdout]                                at /rustc/84c898d65adf2f39a5a98507f1fe0ce10a2b8dbc/library/test/src/lib.rs:573:39
[INFO] [stdout]   35:     0x563ee866eb71 - test::run_test::run_test_inner::{{closure}}::had56431adf24b4d6
[INFO] [stdout]                                at /rustc/84c898d65adf2f39a5a98507f1fe0ce10a2b8dbc/library/test/src/lib.rs:600:37
[INFO] [stdout]   36:     0x563ee866eb71 - std::sys_common::backtrace::__rust_begin_short_backtrace::ha8d9890e0c73bf13
[INFO] [stdout]                                at /rustc/84c898d65adf2f39a5a98507f1fe0ce10a2b8dbc/library/std/src/sys_common/backtrace.rs:134:18
[INFO] [stdout]   37:     0x563ee867458b - std::thread::Builder::spawn_unchecked_::{{closure}}::{{closure}}::h251832bcb4a95327
[INFO] [stdout]                                at /rustc/84c898d65adf2f39a5a98507f1fe0ce10a2b8dbc/library/std/src/thread/mod.rs:560:17
[INFO] [stdout]   38:     0x563ee867458b - <core::panic::unwind_safe::AssertUnwindSafe<F> as core::ops::function::FnOnce<()>>::call_once::h8fdff598fa414831
[INFO] [stdout]                                at /rustc/84c898d65adf2f39a5a98507f1fe0ce10a2b8dbc/library/core/src/panic/unwind_safe.rs:271:9
[INFO] [stdout]   39:     0x563ee867458b - std::panicking::try::do_call::h455dd2f7764a950f
[INFO] [stdout]                                at /rustc/84c898d65adf2f39a5a98507f1fe0ce10a2b8dbc/library/std/src/panicking.rs:487:40
[INFO] [stdout]   40:     0x563ee867458b - std::panicking::try::had6f23b7b73ae72a
[INFO] [stdout]                                at /rustc/84c898d65adf2f39a5a98507f1fe0ce10a2b8dbc/library/std/src/panicking.rs:451:19
[INFO] [stdout]   41:     0x563ee867458b - std::panic::catch_unwind::ha6a5ca3915b4dad0
[INFO] [stdout]                                at /rustc/84c898d65adf2f39a5a98507f1fe0ce10a2b8dbc/library/std/src/panic.rs:140:14
[INFO] [stdout]   42:     0x563ee867458b - std::thread::Builder::spawn_unchecked_::{{closure}}::h883b72ef75da6231
[INFO] [stdout]                                at /rustc/84c898d65adf2f39a5a98507f1fe0ce10a2b8dbc/library/std/src/thread/mod.rs:559:30
[INFO] [stdout]   43:     0x563ee867458b - core::ops::function::FnOnce::call_once{{vtable.shim}}::hb7dff73dc8bd2ccb
[INFO] [stdout]                                at /rustc/84c898d65adf2f39a5a98507f1fe0ce10a2b8dbc/library/core/src/ops/function.rs:250:5
[INFO] [stdout]   44:     0x563ee86d2af3 - <alloc::boxed::Box<F,A> as core::ops::function::FnOnce<Args>>::call_once::h39990b24eedef2ab
[INFO] [stdout]                                at /rustc/84c898d65adf2f39a5a98507f1fe0ce10a2b8dbc/library/alloc/src/boxed.rs:1987:9
[INFO] [stdout]   45:     0x563ee86d2af3 - <alloc::boxed::Box<F,A> as core::ops::function::FnOnce<Args>>::call_once::h01a027258444143b
[INFO] [stdout]                                at /rustc/84c898d65adf2f39a5a98507f1fe0ce10a2b8dbc/library/alloc/src/boxed.rs:1987:9
[INFO] [stdout]   46:     0x563ee86d2af3 - std::sys::unix::thread::Thread::new::thread_start::ha4f1cdd9c25884ba
[INFO] [stdout]                                at /rustc/84c898d65adf2f39a5a98507f1fe0ce10a2b8dbc/library/std/src/sys/unix/thread.rs:108:17
[INFO] [stdout]   47:     0x7f2386311b43 - <unknown>
[INFO] [stdout]   48:     0x7f23863a2bb4 - __clone
[INFO] [stdout]   49:                0x0 - <unknown>
[INFO] [stdout] 
[INFO] [stdout] 
[INFO] [stdout] failures:
[INFO] [stdout]     compile_time_safety_tests
[INFO] [stdout] 
[INFO] [stdout] test result: FAILED. 0 passed; 1 failed; 0 ignored; 0 measured; 0 filtered out; finished in 10.41s
[INFO] [stdout] 
[INFO] [stderr] error: test failed, to rerun pass `--test safety`
[INFO] running `Command { std: "docker" "inspect" "68269d3d8f33ab9df8df43795c7feb756eac4d375a6176f7a145fab1b1a24ec5", kill_on_drop: false }`
[INFO] running `Command { std: "docker" "rm" "-f" "68269d3d8f33ab9df8df43795c7feb756eac4d375a6176f7a145fab1b1a24ec5", kill_on_drop: false }`
[INFO] [stdout] 68269d3d8f33ab9df8df43795c7feb756eac4d375a6176f7a145fab1b1a24ec5
