[INFO] fetching crate dis-rust 0.2.10...
[INFO] testing dis-rust-0.2.10 against 1.69.0 for beta-1.70-1
[INFO] extracting crate dis-rust 0.2.10 into /workspace/builds/worker-6-tc1/source
[INFO] validating manifest of crates.io crate dis-rust 0.2.10 on toolchain 1.69.0
[INFO] running `Command { std: CARGO_HOME="/workspace/cargo-home" RUSTUP_HOME="/workspace/rustup-home" "/workspace/cargo-home/bin/cargo" "+1.69.0" "metadata" "--manifest-path" "Cargo.toml" "--no-deps", kill_on_drop: false }`
[INFO] started tweaking crates.io crate dis-rust 0.2.10
[INFO] finished tweaking crates.io crate dis-rust 0.2.10
[INFO] tweaked toml for crates.io crate dis-rust 0.2.10 written to /workspace/builds/worker-6-tc1/source/Cargo.toml
[INFO] crate crates.io crate dis-rust 0.2.10 already has a lockfile, it will not be regenerated
[INFO] running `Command { std: CARGO_HOME="/workspace/cargo-home" RUSTUP_HOME="/workspace/rustup-home" "/workspace/cargo-home/bin/cargo" "+1.69.0" "fetch" "--manifest-path" "Cargo.toml", kill_on_drop: false }`
[INFO] [stderr]  Downloading crates ...
[INFO] [stderr]   Downloaded serde v1.0.138
[INFO] [stderr]   Downloaded serde_derive v1.0.138
[INFO] running `Command { std: "docker" "create" "-v" "/var/lib/crater-agent-workspace/builds/worker-6-tc1/target:/opt/rustwide/target:rw,Z" "-v" "/var/lib/crater-agent-workspace/builds/worker-6-tc1/source:/opt/rustwide/workdir:ro,Z" "-v" "/var/lib/crater-agent-workspace/cargo-home:/opt/rustwide/cargo-home:ro,Z" "-v" "/var/lib/crater-agent-workspace/rustup-home:/opt/rustwide/rustup-home:ro,Z" "-e" "SOURCE_DIR=/opt/rustwide/workdir" "-e" "CARGO_TARGET_DIR=/opt/rustwide/target" "-e" "CARGO_HOME=/opt/rustwide/cargo-home" "-e" "RUSTUP_HOME=/opt/rustwide/rustup-home" "-w" "/opt/rustwide/workdir" "-m" "1610612736" "--user" "0:0" "--network" "none" "ghcr.io/rust-lang/crates-build-env/linux@sha256:5ff2268d62e97bff2cde7d5815dd6ed5b47097566f13b8d0ca110b04b60e07ed" "/opt/rustwide/cargo-home/bin/cargo" "+1.69.0" "metadata" "--no-deps" "--format-version=1", kill_on_drop: false }`
[INFO] [stdout] 69ec93414308419df5e0c0f3bdf1ef572e758297d3efb531c7169ada3a10d767
[INFO] running `Command { std: "docker" "start" "-a" "69ec93414308419df5e0c0f3bdf1ef572e758297d3efb531c7169ada3a10d767", kill_on_drop: false }`
[INFO] running `Command { std: "docker" "inspect" "69ec93414308419df5e0c0f3bdf1ef572e758297d3efb531c7169ada3a10d767", kill_on_drop: false }`
[INFO] running `Command { std: "docker" "rm" "-f" "69ec93414308419df5e0c0f3bdf1ef572e758297d3efb531c7169ada3a10d767", kill_on_drop: false }`
[INFO] [stdout] 69ec93414308419df5e0c0f3bdf1ef572e758297d3efb531c7169ada3a10d767
[INFO] running `Command { std: "docker" "create" "-v" "/var/lib/crater-agent-workspace/builds/worker-6-tc1/target:/opt/rustwide/target:rw,Z" "-v" "/var/lib/crater-agent-workspace/builds/worker-6-tc1/source:/opt/rustwide/workdir:ro,Z" "-v" "/var/lib/crater-agent-workspace/cargo-home:/opt/rustwide/cargo-home:ro,Z" "-v" "/var/lib/crater-agent-workspace/rustup-home:/opt/rustwide/rustup-home:ro,Z" "-e" "SOURCE_DIR=/opt/rustwide/workdir" "-e" "CARGO_TARGET_DIR=/opt/rustwide/target" "-e" "CARGO_INCREMENTAL=0" "-e" "RUST_BACKTRACE=full" "-e" "RUSTFLAGS=--cap-lints=warn" "-e" "RUSTDOCFLAGS=--cap-lints=warn" "-e" "CARGO_HOME=/opt/rustwide/cargo-home" "-e" "RUSTUP_HOME=/opt/rustwide/rustup-home" "-w" "/opt/rustwide/workdir" "-m" "1610612736" "--user" "0:0" "--network" "none" "ghcr.io/rust-lang/crates-build-env/linux@sha256:5ff2268d62e97bff2cde7d5815dd6ed5b47097566f13b8d0ca110b04b60e07ed" "/opt/rustwide/cargo-home/bin/cargo" "+1.69.0" "build" "--frozen" "--message-format=json", kill_on_drop: false }`
[INFO] [stdout] a5a74b93ce47cfcc3da4b3fc0ad6719fadd0c49f9fee8d2b27c0d859eb91a237
[INFO] running `Command { std: "docker" "start" "-a" "a5a74b93ce47cfcc3da4b3fc0ad6719fadd0c49f9fee8d2b27c0d859eb91a237", kill_on_drop: false }`
[INFO] [stderr]     Blocking waiting for file lock on package cache
[INFO] [stderr]    Compiling proc-macro2 v1.0.40
[INFO] [stderr]    Compiling autocfg v1.1.0
[INFO] [stderr]    Compiling quote v1.0.20
[INFO] [stderr]    Compiling unicode-ident v1.0.1
[INFO] [stderr]    Compiling syn v1.0.98
[INFO] [stderr]    Compiling serde_derive v1.0.138
[INFO] [stderr]    Compiling libc v0.2.126
[INFO] [stderr]    Compiling serde v1.0.138
[INFO] [stderr]    Compiling num-traits v0.2.15
[INFO] [stderr]    Compiling num-integer v0.1.45
[INFO] [stderr]    Compiling time v0.1.44
[INFO] [stderr]    Compiling chrono v0.4.19
[INFO] [stderr]    Compiling num-derive v0.3.3
[INFO] [stderr]    Compiling bytes v1.1.0
[INFO] [stderr]    Compiling dis-rust v0.2.10 (/opt/rustwide/workdir)
[INFO] [stderr]     Finished dev [unoptimized + debuginfo] target(s) in 20.39s
[INFO] running `Command { std: "docker" "inspect" "a5a74b93ce47cfcc3da4b3fc0ad6719fadd0c49f9fee8d2b27c0d859eb91a237", kill_on_drop: false }`
[INFO] running `Command { std: "docker" "rm" "-f" "a5a74b93ce47cfcc3da4b3fc0ad6719fadd0c49f9fee8d2b27c0d859eb91a237", kill_on_drop: false }`
[INFO] [stdout] a5a74b93ce47cfcc3da4b3fc0ad6719fadd0c49f9fee8d2b27c0d859eb91a237
[INFO] running `Command { std: "docker" "create" "-v" "/var/lib/crater-agent-workspace/builds/worker-6-tc1/target:/opt/rustwide/target:rw,Z" "-v" "/var/lib/crater-agent-workspace/builds/worker-6-tc1/source:/opt/rustwide/workdir:ro,Z" "-v" "/var/lib/crater-agent-workspace/cargo-home:/opt/rustwide/cargo-home:ro,Z" "-v" "/var/lib/crater-agent-workspace/rustup-home:/opt/rustwide/rustup-home:ro,Z" "-e" "SOURCE_DIR=/opt/rustwide/workdir" "-e" "CARGO_TARGET_DIR=/opt/rustwide/target" "-e" "CARGO_INCREMENTAL=0" "-e" "RUST_BACKTRACE=full" "-e" "RUSTFLAGS=--cap-lints=warn" "-e" "RUSTDOCFLAGS=--cap-lints=warn" "-e" "CARGO_HOME=/opt/rustwide/cargo-home" "-e" "RUSTUP_HOME=/opt/rustwide/rustup-home" "-w" "/opt/rustwide/workdir" "-m" "1610612736" "--user" "0:0" "--network" "none" "ghcr.io/rust-lang/crates-build-env/linux@sha256:5ff2268d62e97bff2cde7d5815dd6ed5b47097566f13b8d0ca110b04b60e07ed" "/opt/rustwide/cargo-home/bin/cargo" "+1.69.0" "test" "--frozen" "--no-run" "--message-format=json", kill_on_drop: false }`
[INFO] [stdout] 47e0f11e498f5949b3aca6ab0ed02411ba349ca586a4a6c7fb4cc46bd07fdc01
[INFO] running `Command { std: "docker" "start" "-a" "47e0f11e498f5949b3aca6ab0ed02411ba349ca586a4a6c7fb4cc46bd07fdc01", kill_on_drop: false }`
[INFO] [stderr]    Compiling dis-rust v0.2.10 (/opt/rustwide/workdir)
[INFO] [stderr]     Finished test [unoptimized + debuginfo] target(s) in 0.88s
[INFO] running `Command { std: "docker" "inspect" "47e0f11e498f5949b3aca6ab0ed02411ba349ca586a4a6c7fb4cc46bd07fdc01", kill_on_drop: false }`
[INFO] running `Command { std: "docker" "rm" "-f" "47e0f11e498f5949b3aca6ab0ed02411ba349ca586a4a6c7fb4cc46bd07fdc01", kill_on_drop: false }`
[INFO] [stdout] 47e0f11e498f5949b3aca6ab0ed02411ba349ca586a4a6c7fb4cc46bd07fdc01
[INFO] running `Command { std: "docker" "create" "-v" "/var/lib/crater-agent-workspace/builds/worker-6-tc1/target:/opt/rustwide/target:rw,Z" "-v" "/var/lib/crater-agent-workspace/builds/worker-6-tc1/source:/opt/rustwide/workdir:ro,Z" "-v" "/var/lib/crater-agent-workspace/cargo-home:/opt/rustwide/cargo-home:ro,Z" "-v" "/var/lib/crater-agent-workspace/rustup-home:/opt/rustwide/rustup-home:ro,Z" "-e" "SOURCE_DIR=/opt/rustwide/workdir" "-e" "CARGO_TARGET_DIR=/opt/rustwide/target" "-e" "CARGO_INCREMENTAL=0" "-e" "RUST_BACKTRACE=full" "-e" "RUSTFLAGS=--cap-lints=warn" "-e" "RUSTDOCFLAGS=--cap-lints=warn" "-e" "CARGO_HOME=/opt/rustwide/cargo-home" "-e" "RUSTUP_HOME=/opt/rustwide/rustup-home" "-w" "/opt/rustwide/workdir" "-m" "1610612736" "--user" "0:0" "--network" "none" "ghcr.io/rust-lang/crates-build-env/linux@sha256:5ff2268d62e97bff2cde7d5815dd6ed5b47097566f13b8d0ca110b04b60e07ed" "/opt/rustwide/cargo-home/bin/cargo" "+1.69.0" "test" "--frozen", kill_on_drop: false }`
[INFO] [stdout] 0f7fcf2a132edc806928c3e7a93e173f6d81ec77e62bcb991b5b2f5aff2e7d60
[INFO] running `Command { std: "docker" "start" "-a" "0f7fcf2a132edc806928c3e7a93e173f6d81ec77e62bcb991b5b2f5aff2e7d60", kill_on_drop: false }`
[INFO] [stderr]     Finished test [unoptimized + debuginfo] target(s) in 0.01s
[INFO] [stderr]      Running unittests src/lib.rs (/opt/rustwide/target/debug/deps/dis_rust-dea840c62a5a27b4)
[INFO] [stdout] 
[INFO] [stdout] running 6 tests
[INFO] [stdout] test entity_information::entity_state_pdu::tests::header_creation ... ok
[INFO] [stdout] test simulation_management::event_report_pdu::tests::header_creation ... ok
[INFO] [stdout] test warfare::detonation_pdu::tests::header_creation ... ok
[INFO] [stdout] test entity_information::entity_state_pdu::tests::header_deserialise ... ok
[INFO] [stdout] test warfare::fire_pdu::tests::header_creation ... ok
[INFO] [stdout] test warfare::fire_pdu::tests::header_deserialise ... ok
[INFO] [stdout] 
[INFO] [stdout] test result: ok. 6 passed; 0 failed; 0 ignored; 0 measured; 0 filtered out; finished in 0.00s
[INFO] [stdout] 
[INFO] [stderr]    Doc-tests dis-rust
[INFO] [stdout] 
[INFO] [stdout] running 21 tests
[INFO] [stdout] test src/common/linear_velocity_record.rs - common::linear_velocity_record::LinearVelocityRecord::new (line 27) ... FAILED
[INFO] [stdout] test src/common/euler_angles_record.rs - common::euler_angles_record::EulerAnglesRecord::new (line 27) ... FAILED
[INFO] [stdout] test src/common/angular_velocity_vector_record.rs - common::angular_velocity_vector_record::AngularVelocityRecord::new (line 26) ... FAILED
[INFO] [stdout] test src/common/simulation_address_record.rs - common::simulation_address_record::SimulationAddressRecord::new (line 26) ... FAILED
[INFO] [stdout] test src/common/linear_acceleration_record.rs - common::linear_acceleration_record::LinearAccelerationRecord::new (line 27) ... FAILED
[INFO] [stdout] test src/common/entity_coordinate_vector_record.rs - common::entity_coordinate_vector_record::EntityCoordinateVectorRecord::new (line 26) ... FAILED
[INFO] [stdout] test src/common/world_coordinate_record.rs - common::world_coordinate_record::WorldCoordinateRecord::new (line 27) ... FAILED
[INFO] [stdout] test src/common/velocity_vector_record.rs - common::velocity_vector_record::VelocityVectorRecord::new (line 27) ... FAILED
[INFO] [stdout] test src/common/entity_id_record.rs - common::entity_id_record::EntityIDRecord::new (line 27) ... FAILED
[INFO] [stdout] test src/common/event_id_record.rs - common::event_id_record::EventIDRecord::new (line 27) ... FAILED
[INFO] [stdout] test src/common/entity_id_record.rs - common::entity_id_record::EntityIDRecord::default (line 52) ... FAILED
[INFO] [stdout] test src/simulation_management/event_report_pdu.rs - simulation_management::event_report_pdu::EventReportPDU::default (line 36) ... FAILED
[INFO] [stdout] test src/common/event_id_record.rs - common::event_id_record::EventIDRecord::default (line 48) ... FAILED
[INFO] [stdout] test src/common/simulation_address_record.rs - common::simulation_address_record::SimulationAddressRecord::default (line 53) ... FAILED
[INFO] [stdout] test src/warfare/burst_descriptor_record.rs - warfare::burst_descriptor_record::BurstDescriptorRecord::default (line 65) ... FAILED
[INFO] [stdout] test src/entity_information/entity_marking_record.rs - entity_information::entity_marking_record::EntityMarkingRecord::default (line 36) ... FAILED
[INFO] [stdout] test src/warfare/burst_descriptor_record.rs - warfare::burst_descriptor_record::BurstDescriptorRecord::new (line 32) ... FAILED
[INFO] [stdout] test src/warfare/fire_pdu.rs - warfare::fire_pdu::FirePDU::default (line 38) ... FAILED
[INFO] [stdout] test src/warfare/detonation_pdu.rs - warfare::detonation_pdu::DetonationPDU::default (line 50) ... FAILED
[INFO] [stdout] test src/warfare/fire_pdu.rs - warfare::fire_pdu::FirePDU::default (line 44) ... FAILED
[INFO] [stdout] test src/warfare/detonation_pdu.rs - warfare::detonation_pdu::DetonationPDU::default (line 43) ... FAILED
[INFO] [stdout] 
[INFO] [stdout] failures:
[INFO] [stdout] 
[INFO] [stdout] ---- src/common/linear_velocity_record.rs - common::linear_velocity_record::LinearVelocityRecord::new (line 27) stdout ----
[INFO] [stdout] error[E0433]: failed to resolve: use of undeclared type `LinearVelocityRecord`
[INFO] [stdout]  --> src/common/linear_velocity_record.rs:28:30
[INFO] [stdout]   |
[INFO] [stdout] 3 | let linear_velocity_record = LinearVelocityRecord::new{
[INFO] [stdout]   |                              ^^^^^^^^^^^^^^^^^^^^ use of undeclared type `LinearVelocityRecord`
[INFO] [stdout] 
[INFO] [stdout] error: aborting due to previous error
[INFO] [stdout] 
[INFO] [stdout] For more information about this error, try `rustc --explain E0433`.
[INFO] [stdout] Couldn't compile the test.
[INFO] [stdout] ---- src/common/euler_angles_record.rs - common::euler_angles_record::EulerAnglesRecord::new (line 27) stdout ----
[INFO] [stdout] error[E0433]: failed to resolve: use of undeclared type `EulerAnglesRecord`
[INFO] [stdout]  --> src/common/euler_angles_record.rs:28:27
[INFO] [stdout]   |
[INFO] [stdout] 3 | let euler_angles_record = EulerAnglesRecord::new{
[INFO] [stdout]   |                           ^^^^^^^^^^^^^^^^^ use of undeclared type `EulerAnglesRecord`
[INFO] [stdout] 
[INFO] [stdout] error: aborting due to previous error
[INFO] [stdout] 
[INFO] [stdout] For more information about this error, try `rustc --explain E0433`.
[INFO] [stdout] Couldn't compile the test.
[INFO] [stdout] ---- src/common/angular_velocity_vector_record.rs - common::angular_velocity_vector_record::AngularVelocityRecord::new (line 26) stdout ----
[INFO] [stdout] error[E0433]: failed to resolve: use of undeclared type `AngularVelocityRecord`
[INFO] [stdout]  --> src/common/angular_velocity_vector_record.rs:27:31
[INFO] [stdout]   |
[INFO] [stdout] 3 | let angular_velocity_record = AngularVelocityRecord::new{
[INFO] [stdout]   |                               ^^^^^^^^^^^^^^^^^^^^^ use of undeclared type `AngularVelocityRecord`
[INFO] [stdout] 
[INFO] [stdout] error: aborting due to previous error
[INFO] [stdout] 
[INFO] [stdout] For more information about this error, try `rustc --explain E0433`.
[INFO] [stdout] Couldn't compile the test.
[INFO] [stdout] ---- src/common/simulation_address_record.rs - common::simulation_address_record::SimulationAddressRecord::new (line 26) stdout ----
[INFO] [stdout] error[E0433]: failed to resolve: use of undeclared type `SimulationAddressRecord`
[INFO] [stdout]  --> src/common/simulation_address_record.rs:27:33
[INFO] [stdout]   |
[INFO] [stdout] 3 | let simulation_address_record = SimulationAddressRecord::new{
[INFO] [stdout]   |                                 ^^^^^^^^^^^^^^^^^^^^^^^ use of undeclared type `SimulationAddressRecord`
[INFO] [stdout] 
[INFO] [stdout] error: aborting due to previous error
[INFO] [stdout] 
[INFO] [stdout] For more information about this error, try `rustc --explain E0433`.
[INFO] [stdout] Couldn't compile the test.
[INFO] [stdout] ---- src/common/linear_acceleration_record.rs - common::linear_acceleration_record::LinearAccelerationRecord::new (line 27) stdout ----
[INFO] [stdout] error[E0433]: failed to resolve: use of undeclared type `LinearAccelerationRecord`
[INFO] [stdout]  --> src/common/linear_acceleration_record.rs:28:34
[INFO] [stdout]   |
[INFO] [stdout] 3 | let linear_acceleration_record = LinearAccelerationRecord::new{
[INFO] [stdout]   |                                  ^^^^^^^^^^^^^^^^^^^^^^^^ use of undeclared type `LinearAccelerationRecord`
[INFO] [stdout] 
[INFO] [stdout] error: aborting due to previous error
[INFO] [stdout] 
[INFO] [stdout] For more information about this error, try `rustc --explain E0433`.
[INFO] [stdout] Couldn't compile the test.
[INFO] [stdout] ---- src/common/entity_coordinate_vector_record.rs - common::entity_coordinate_vector_record::EntityCoordinateVectorRecord::new (line 26) stdout ----
[INFO] [stdout] error[E0433]: failed to resolve: use of undeclared type `EntityCoordinateVectorRecord`
[INFO] [stdout]  --> src/common/entity_coordinate_vector_record.rs:27:32
[INFO] [stdout]   |
[INFO] [stdout] 3 | let entity_coordinate_record = EntityCoordinateVectorRecord::new{
[INFO] [stdout]   |                                ^^^^^^^^^^^^^^^^^^^^^^^^^^^^ use of undeclared type `EntityCoordinateVectorRecord`
[INFO] [stdout] 
[INFO] [stdout] error: aborting due to previous error
[INFO] [stdout] 
[INFO] [stdout] For more information about this error, try `rustc --explain E0433`.
[INFO] [stdout] Couldn't compile the test.
[INFO] [stdout] ---- src/common/world_coordinate_record.rs - common::world_coordinate_record::WorldCoordinateRecord::new (line 27) stdout ----
[INFO] [stdout] error[E0433]: failed to resolve: use of undeclared type `WorldCoordinateRecord`
[INFO] [stdout]  --> src/common/world_coordinate_record.rs:28:31
[INFO] [stdout]   |
[INFO] [stdout] 3 | let world_coordinate_record = WorldCoordinateRecord::new{
[INFO] [stdout]   |                               ^^^^^^^^^^^^^^^^^^^^^ use of undeclared type `WorldCoordinateRecord`
[INFO] [stdout] 
[INFO] [stdout] error: aborting due to previous error
[INFO] [stdout] 
[INFO] [stdout] For more information about this error, try `rustc --explain E0433`.
[INFO] [stdout] Couldn't compile the test.
[INFO] [stdout] ---- src/common/velocity_vector_record.rs - common::velocity_vector_record::VelocityVectorRecord::new (line 27) stdout ----
[INFO] [stdout] error[E0433]: failed to resolve: use of undeclared type `VelocityVectorRecord`
[INFO] [stdout]  --> src/common/velocity_vector_record.rs:28:30
[INFO] [stdout]   |
[INFO] [stdout] 3 | let velocity_vector_record = VelocityVectorRecord::new{
[INFO] [stdout]   |                              ^^^^^^^^^^^^^^^^^^^^ use of undeclared type `VelocityVectorRecord`
[INFO] [stdout] 
[INFO] [stdout] error: aborting due to previous error
[INFO] [stdout] 
[INFO] [stdout] For more information about this error, try `rustc --explain E0433`.
[INFO] [stdout] Couldn't compile the test.
[INFO] [stdout] ---- src/common/entity_id_record.rs - common::entity_id_record::EntityIDRecord::new (line 27) stdout ----
[INFO] [stdout] error: expected one of `,`, `.`, `?`, `}`, or an operator, found `entity_identifier_field`
[INFO] [stdout]  --> src/common/entity_id_record.rs:31:5
[INFO] [stdout]   |
[INFO] [stdout] 3 | let entity_id_record = EntityIDRecord::new{
[INFO] [stdout]   |                        ------------------- while parsing this struct
[INFO] [stdout] 4 |     site_identifier_field: 1,
[INFO] [stdout] 5 |     application_identifier_field: 1
[INFO] [stdout]   |                                    -
[INFO] [stdout]   |                                    |
[INFO] [stdout]   |                                    expected one of `,`, `.`, `?`, `}`, or an operator
[INFO] [stdout]   |                                    help: try adding a comma: `,`
[INFO] [stdout] 6 |     entity_identifier_field: 1
[INFO] [stdout]   |     ^^^^^^^^^^^^^^^^^^^^^^^ unexpected token
[INFO] [stdout] 
[INFO] [stdout] error[E0433]: failed to resolve: use of undeclared type `EntityIDRecord`
[INFO] [stdout]  --> src/common/entity_id_record.rs:28:24
[INFO] [stdout]   |
[INFO] [stdout] 3 | let entity_id_record = EntityIDRecord::new{
[INFO] [stdout]   |                        ^^^^^^^^^^^^^^ use of undeclared type `EntityIDRecord`
[INFO] [stdout] 
[INFO] [stdout] error: aborting due to 2 previous errors
[INFO] [stdout] 
[INFO] [stdout] For more information about this error, try `rustc --explain E0433`.
[INFO] [stdout] Couldn't compile the test.
[INFO] [stdout] ---- src/common/event_id_record.rs - common::event_id_record::EventIDRecord::new (line 27) stdout ----
[INFO] [stdout] error: expected one of `,`, `.`, `?`, `}`, or an operator, found `event_identifier_field`
[INFO] [stdout]  --> src/common/event_id_record.rs:31:5
[INFO] [stdout]   |
[INFO] [stdout] 3 | let event_id_record = EventIDRecord::new{
[INFO] [stdout]   |                       ------------------ while parsing this struct
[INFO] [stdout] 4 |     site_identifier_field: 1,
[INFO] [stdout] 5 |     application_identifier_field: 1
[INFO] [stdout]   |                                    -
[INFO] [stdout]   |                                    |
[INFO] [stdout]   |                                    expected one of `,`, `.`, `?`, `}`, or an operator
[INFO] [stdout]   |                                    help: try adding a comma: `,`
[INFO] [stdout] 6 |     event_identifier_field: 1
[INFO] [stdout]   |     ^^^^^^^^^^^^^^^^^^^^^^ unexpected token
[INFO] [stdout] 
[INFO] [stdout] error[E0433]: failed to resolve: use of undeclared type `EventIDRecord`
[INFO] [stdout]  --> src/common/event_id_record.rs:28:23
[INFO] [stdout]   |
[INFO] [stdout] 3 | let event_id_record = EventIDRecord::new{
[INFO] [stdout]   |                       ^^^^^^^^^^^^^ use of undeclared type `EventIDRecord`
[INFO] [stdout] 
[INFO] [stdout] error: aborting due to 2 previous errors
[INFO] [stdout] 
[INFO] [stdout] For more information about this error, try `rustc --explain E0433`.
[INFO] [stdout] Couldn't compile the test.
[INFO] [stdout] ---- src/common/entity_id_record.rs - common::entity_id_record::EntityIDRecord::default (line 52) stdout ----
[INFO] [stdout] error[E0433]: failed to resolve: use of undeclared type `EntityIDRecord`
[INFO] [stdout]  --> src/common/entity_id_record.rs:53:24
[INFO] [stdout]   |
[INFO] [stdout] 3 | let entity_id_record = EntityIDRecord::default(2);
[INFO] [stdout]   |                        ^^^^^^^^^^^^^^ use of undeclared type `EntityIDRecord`
[INFO] [stdout]   |
[INFO] [stdout] help: consider importing this struct
[INFO] [stdout]   |
[INFO] [stdout] 2 | use dis_rust::common::entity_id_record::EntityIDRecord;
[INFO] [stdout]   |
[INFO] [stdout] 
[INFO] [stdout] error: aborting due to previous error
[INFO] [stdout] 
[INFO] [stdout] For more information about this error, try `rustc --explain E0433`.
[INFO] [stdout] Couldn't compile the test.
[INFO] [stdout] ---- src/simulation_management/event_report_pdu.rs - simulation_management::event_report_pdu::EventReportPDU::default (line 36) stdout ----
[INFO] [stdout] error[E0433]: failed to resolve: use of undeclared type `EventReportPDU`
[INFO] [stdout]  --> src/simulation_management/event_report_pdu.rs:37:24
[INFO] [stdout]   |
[INFO] [stdout] 3 | let event_report_pdu = EventReportPDU::default();
[INFO] [stdout]   |                        ^^^^^^^^^^^^^^ use of undeclared type `EventReportPDU`
[INFO] [stdout]   |
[INFO] [stdout] help: consider importing this struct
[INFO] [stdout]   |
[INFO] [stdout] 2 | use dis_rust::simulation_management::event_report_pdu::EventReportPDU;
[INFO] [stdout]   |
[INFO] [stdout] 
[INFO] [stdout] error: aborting due to previous error
[INFO] [stdout] 
[INFO] [stdout] For more information about this error, try `rustc --explain E0433`.
[INFO] [stdout] Couldn't compile the test.
[INFO] [stdout] ---- src/common/event_id_record.rs - common::event_id_record::EventIDRecord::default (line 48) stdout ----
[INFO] [stdout] error[E0433]: failed to resolve: use of undeclared type `EventIDRecord`
[INFO] [stdout]  --> src/common/event_id_record.rs:49:23
[INFO] [stdout]   |
[INFO] [stdout] 3 | let event_id_record = EventIDRecord::default(2);
[INFO] [stdout]   |                       ^^^^^^^^^^^^^ use of undeclared type `EventIDRecord`
[INFO] [stdout]   |
[INFO] [stdout] help: consider importing this struct
[INFO] [stdout]   |
[INFO] [stdout] 2 | use dis_rust::common::event_id_record::EventIDRecord;
[INFO] [stdout]   |
[INFO] [stdout] 
[INFO] [stdout] error: aborting due to previous error
[INFO] [stdout] 
[INFO] [stdout] For more information about this error, try `rustc --explain E0433`.
[INFO] [stdout] Couldn't compile the test.
[INFO] [stdout] ---- src/common/simulation_address_record.rs - common::simulation_address_record::SimulationAddressRecord::default (line 53) stdout ----
[INFO] [stdout] error[E0433]: failed to resolve: use of undeclared type `SimulationAddressRecord`
[INFO] [stdout]  --> src/common/simulation_address_record.rs:54:33
[INFO] [stdout]   |
[INFO] [stdout] 3 | let simulation_address_record = SimulationAddressRecord::default();
[INFO] [stdout]   |                                 ^^^^^^^^^^^^^^^^^^^^^^^ use of undeclared type `SimulationAddressRecord`
[INFO] [stdout]   |
[INFO] [stdout] help: consider importing this struct
[INFO] [stdout]   |
[INFO] [stdout] 2 | use dis_rust::common::simulation_address_record::SimulationAddressRecord;
[INFO] [stdout]   |
[INFO] [stdout] 
[INFO] [stdout] error: aborting due to previous error
[INFO] [stdout] 
[INFO] [stdout] For more information about this error, try `rustc --explain E0433`.
[INFO] [stdout] Couldn't compile the test.
[INFO] [stdout] ---- src/warfare/burst_descriptor_record.rs - warfare::burst_descriptor_record::BurstDescriptorRecord::default (line 65) stdout ----
[INFO] [stdout] error[E0433]: failed to resolve: use of undeclared type `BurstDescriptorRecord`
[INFO] [stdout]  --> src/warfare/burst_descriptor_record.rs:66:31
[INFO] [stdout]   |
[INFO] [stdout] 3 | let burst_descriptor_record = BurstDescriptorRecord::deafault();
[INFO] [stdout]   |                               ^^^^^^^^^^^^^^^^^^^^^ use of undeclared type `BurstDescriptorRecord`
[INFO] [stdout]   |
[INFO] [stdout] help: consider importing this struct
[INFO] [stdout]   |
[INFO] [stdout] 2 | use dis_rust::warfare::burst_descriptor_record::BurstDescriptorRecord;
[INFO] [stdout]   |
[INFO] [stdout] 
[INFO] [stdout] error: aborting due to previous error
[INFO] [stdout] 
[INFO] [stdout] For more information about this error, try `rustc --explain E0433`.
[INFO] [stdout] Couldn't compile the test.
[INFO] [stdout] ---- src/entity_information/entity_marking_record.rs - entity_information::entity_marking_record::EntityMarkingRecord::default (line 36) stdout ----
[INFO] [stdout] error[E0433]: failed to resolve: use of undeclared type `EntityMarkingRecord`
[INFO] [stdout]  --> src/entity_information/entity_marking_record.rs:37:29
[INFO] [stdout]   |
[INFO] [stdout] 3 | let entity_marking_record = EntityMarkingRecord::default("TEST".to_string());
[INFO] [stdout]   |                             ^^^^^^^^^^^^^^^^^^^ use of undeclared type `EntityMarkingRecord`
[INFO] [stdout]   |
[INFO] [stdout] help: consider importing this struct
[INFO] [stdout]   |
[INFO] [stdout] 2 | use dis_rust::entity_information::entity_marking_record::EntityMarkingRecord;
[INFO] [stdout]   |
[INFO] [stdout] 
[INFO] [stdout] error: aborting due to previous error
[INFO] [stdout] 
[INFO] [stdout] For more information about this error, try `rustc --explain E0433`.
[INFO] [stdout] Couldn't compile the test.
[INFO] [stdout] ---- src/warfare/burst_descriptor_record.rs - warfare::burst_descriptor_record::BurstDescriptorRecord::new (line 32) stdout ----
[INFO] [stdout] error: invalid `struct` delimiters or `fn` call arguments
[INFO] [stdout]  --> src/warfare/burst_descriptor_record.rs:33:31
[INFO] [stdout]   |
[INFO] [stdout] 3 |   let burst_descriptor_record = BurstDescriptorRecord::new(
[INFO] [stdout]   |  _______________________________^
[INFO] [stdout] 4 | |    munition_record: EntityTypeRecord::default(),
[INFO] [stdout] 5 | |    warhead: Warhead::HighExplosive,
[INFO] [stdout] 6 | |    fuse: Fuse::Contact,
[INFO] [stdout] 7 | |    quantity: 1,
[INFO] [stdout] 8 | |    rate: 1
[INFO] [stdout] 9 | | );
[INFO] [stdout]   | |_^
[INFO] [stdout]   |
[INFO] [stdout] help: if `BurstDescriptorRecord::new` is a struct, use braces as delimiters
[INFO] [stdout]   |
[INFO] [stdout] 3 ~ let burst_descriptor_record = BurstDescriptorRecord::new { 
[INFO] [stdout] 4 |    munition_record: EntityTypeRecord::default(),
[INFO] [stdout] ...
[INFO] [stdout] 8 |    rate: 1
[INFO] [stdout] 9 ~  };
[INFO] [stdout]   |
[INFO] [stdout] help: if `BurstDescriptorRecord::new` is a function, use the arguments directly
[INFO] [stdout]   |
[INFO] [stdout] 4 ~    EntityTypeRecord::default(),
[INFO] [stdout] 5 ~    Warhead::HighExplosive,
[INFO] [stdout] 6 ~    Fuse::Contact,
[INFO] [stdout] 7 ~    1,
[INFO] [stdout] 8 ~    1
[INFO] [stdout]   |
[INFO] [stdout] 
[INFO] [stdout] error: aborting due to previous error
[INFO] [stdout] 
[INFO] [stdout] Couldn't compile the test.
[INFO] [stdout] ---- src/warfare/fire_pdu.rs - warfare::fire_pdu::FirePDU::default (line 38) stdout ----
[INFO] [stdout] error[E0433]: failed to resolve: use of undeclared type `FirePDU`
[INFO] [stdout]  --> src/warfare/fire_pdu.rs:39:16
[INFO] [stdout]   |
[INFO] [stdout] 3 | let fire_pdu = FirePDU::default();
[INFO] [stdout]   |                ^^^^^^^ use of undeclared type `FirePDU`
[INFO] [stdout]   |
[INFO] [stdout] help: consider importing this struct
[INFO] [stdout]   |
[INFO] [stdout] 2 | use dis_rust::warfare::fire_pdu::FirePDU;
[INFO] [stdout]   |
[INFO] [stdout] 
[INFO] [stdout] error: aborting due to previous error
[INFO] [stdout] 
[INFO] [stdout] For more information about this error, try `rustc --explain E0433`.
[INFO] [stdout] Couldn't compile the test.
[INFO] [stdout] ---- src/warfare/detonation_pdu.rs - warfare::detonation_pdu::DetonationPDU::default (line 50) stdout ----
[INFO] [stdout] error[E0433]: failed to resolve: use of undeclared type `DetonationPDU`
[INFO] [stdout]  --> src/warfare/detonation_pdu.rs:51:26
[INFO] [stdout]   |
[INFO] [stdout] 3 | let mut detonation_pdu = DetonationPDU::default();
[INFO] [stdout]   |                          ^^^^^^^^^^^^^ use of undeclared type `DetonationPDU`
[INFO] [stdout]   |
[INFO] [stdout] help: consider importing this struct
[INFO] [stdout]   |
[INFO] [stdout] 2 | use dis_rust::warfare::detonation_pdu::DetonationPDU;
[INFO] [stdout]   |
[INFO] [stdout] 
[INFO] [stdout] error[E0433]: failed to resolve: use of undeclared type `EntityIDRecord`
[INFO] [stdout]  --> src/warfare/detonation_pdu.rs:52:42
[INFO] [stdout]   |
[INFO] [stdout] 4 | detonation_pdu.firing_entity_id_record = EntityIDRecord::default(2);
[INFO] [stdout]   |                                          ^^^^^^^^^^^^^^ use of undeclared type `EntityIDRecord`
[INFO] [stdout]   |
[INFO] [stdout] help: consider importing this struct
[INFO] [stdout]   |
[INFO] [stdout] 2 | use dis_rust::common::entity_id_record::EntityIDRecord;
[INFO] [stdout]   |
[INFO] [stdout] 
[INFO] [stdout] error: aborting due to 2 previous errors
[INFO] [stdout] 
[INFO] [stdout] For more information about this error, try `rustc --explain E0433`.
[INFO] [stdout] Couldn't compile the test.
[INFO] [stdout] ---- src/warfare/fire_pdu.rs - warfare::fire_pdu::FirePDU::default (line 44) stdout ----
[INFO] [stdout] error[E0433]: failed to resolve: use of undeclared type `FirePDU`
[INFO] [stdout]  --> src/warfare/fire_pdu.rs:45:20
[INFO] [stdout]   |
[INFO] [stdout] 3 | let mut fire_pdu = FirePDU::default();
[INFO] [stdout]   |                    ^^^^^^^ use of undeclared type `FirePDU`
[INFO] [stdout]   |
[INFO] [stdout] help: consider importing this struct
[INFO] [stdout]   |
[INFO] [stdout] 2 | use dis_rust::warfare::fire_pdu::FirePDU;
[INFO] [stdout]   |
[INFO] [stdout] 
[INFO] [stdout] error[E0433]: failed to resolve: use of undeclared type `EntityIDRecord`
[INFO] [stdout]  --> src/warfare/fire_pdu.rs:46:36
[INFO] [stdout]   |
[INFO] [stdout] 4 | fire_pdu.firing_entity_id_record = EntityIDRecord::default(2);
[INFO] [stdout]   |                                    ^^^^^^^^^^^^^^ use of undeclared type `EntityIDRecord`
[INFO] [stdout]   |
[INFO] [stdout] help: consider importing this struct
[INFO] [stdout]   |
[INFO] [stdout] 2 | use dis_rust::common::entity_id_record::EntityIDRecord;
[INFO] [stdout]   |
[INFO] [stdout] 
[INFO] [stdout] error: aborting due to 2 previous errors
[INFO] [stdout] 
[INFO] [stdout] For more information about this error, try `rustc --explain E0433`.
[INFO] [stdout] Couldn't compile the test.
[INFO] [stdout] ---- src/warfare/detonation_pdu.rs - warfare::detonation_pdu::DetonationPDU::default (line 43) stdout ----
[INFO] [stdout] error[E0433]: failed to resolve: use of undeclared type `DetonationPDU`
[INFO] [stdout]  --> src/warfare/detonation_pdu.rs:44:22
[INFO] [stdout]   |
[INFO] [stdout] 3 | let detonation_pdu = DetonationPDU::default();
[INFO] [stdout]   |                      ^^^^^^^^^^^^^ use of undeclared type `DetonationPDU`
[INFO] [stdout]   |
[INFO] [stdout] help: consider importing this struct
[INFO] [stdout]   |
[INFO] [stdout] 2 | use dis_rust::warfare::detonation_pdu::DetonationPDU;
[INFO] [stdout]   |
[INFO] [stdout] 
[INFO] [stdout] error: aborting due to previous error
[INFO] [stdout] 
[INFO] [stdout] For more information about this error, try `rustc --explain E0433`.
[INFO] [stdout] Couldn't compile the test.
[INFO] [stdout] 
[INFO] [stdout] failures:
[INFO] [stdout]     src/common/angular_velocity_vector_record.rs - common::angular_velocity_vector_record::AngularVelocityRecord::new (line 26)
[INFO] [stdout]     src/common/entity_coordinate_vector_record.rs - common::entity_coordinate_vector_record::EntityCoordinateVectorRecord::new (line 26)
[INFO] [stdout]     src/common/entity_id_record.rs - common::entity_id_record::EntityIDRecord::default (line 52)
[INFO] [stdout]     src/common/entity_id_record.rs - common::entity_id_record::EntityIDRecord::new (line 27)
[INFO] [stdout]     src/common/euler_angles_record.rs - common::euler_angles_record::EulerAnglesRecord::new (line 27)
[INFO] [stdout]     src/common/event_id_record.rs - common::event_id_record::EventIDRecord::default (line 48)
[INFO] [stdout]     src/common/event_id_record.rs - common::event_id_record::EventIDRecord::new (line 27)
[INFO] [stdout]     src/common/linear_acceleration_record.rs - common::linear_acceleration_record::LinearAccelerationRecord::new (line 27)
[INFO] [stdout]     src/common/linear_velocity_record.rs - common::linear_velocity_record::LinearVelocityRecord::new (line 27)
[INFO] [stdout]     src/common/simulation_address_record.rs - common::simulation_address_record::SimulationAddressRecord::default (line 53)
[INFO] [stdout]     src/common/simulation_address_record.rs - common::simulation_address_record::SimulationAddressRecord::new (line 26)
[INFO] [stdout]     src/common/velocity_vector_record.rs - common::velocity_vector_record::VelocityVectorRecord::new (line 27)
[INFO] [stdout]     src/common/world_coordinate_record.rs - common::world_coordinate_record::WorldCoordinateRecord::new (line 27)
[INFO] [stdout]     src/entity_information/entity_marking_record.rs - entity_information::entity_marking_record::EntityMarkingRecord::default (line 36)
[INFO] [stdout]     src/simulation_management/event_report_pdu.rs - simulation_management::event_report_pdu::EventReportPDU::default (line 36)
[INFO] [stdout]     src/warfare/burst_descriptor_record.rs - warfare::burst_descriptor_record::BurstDescriptorRecord::default (line 65)
[INFO] [stdout]     src/warfare/burst_descriptor_record.rs - warfare::burst_descriptor_record::BurstDescriptorRecord::new (line 32)
[INFO] [stdout]     src/warfare/detonation_pdu.rs - warfare::detonation_pdu::DetonationPDU::default (line 43)
[INFO] [stdout]     src/warfare/detonation_pdu.rs - warfare::detonation_pdu::DetonationPDU::default (line 50)
[INFO] [stdout]     src/warfare/fire_pdu.rs - warfare::fire_pdu::FirePDU::default (line 38)
[INFO] [stdout]     src/warfare/fire_pdu.rs - warfare::fire_pdu::FirePDU::default (line 44)
[INFO] [stdout] 
[INFO] [stdout] test result: FAILED. 0 passed; 21 failed; 0 ignored; 0 measured; 0 filtered out; finished in 0.07s
[INFO] [stdout] 
[INFO] [stderr] error: doctest failed, to rerun pass `--doc`
[INFO] running `Command { std: "docker" "inspect" "0f7fcf2a132edc806928c3e7a93e173f6d81ec77e62bcb991b5b2f5aff2e7d60", kill_on_drop: false }`
[INFO] running `Command { std: "docker" "rm" "-f" "0f7fcf2a132edc806928c3e7a93e173f6d81ec77e62bcb991b5b2f5aff2e7d60", kill_on_drop: false }`
[INFO] [stdout] 0f7fcf2a132edc806928c3e7a93e173f6d81ec77e62bcb991b5b2f5aff2e7d60
