[INFO] fetching crate difftastic 0.46.0...
[INFO] testing difftastic-0.46.0 against beta-2023-04-20 for beta-1.70-1
[INFO] extracting crate difftastic 0.46.0 into /workspace/builds/worker-6-tc2/source
[INFO] validating manifest of crates.io crate difftastic 0.46.0 on toolchain beta-2023-04-20
[INFO] running `Command { std: CARGO_HOME="/workspace/cargo-home" RUSTUP_HOME="/workspace/rustup-home" "/workspace/cargo-home/bin/cargo" "+beta-2023-04-20" "metadata" "--manifest-path" "Cargo.toml" "--no-deps", kill_on_drop: false }`
[INFO] started tweaking crates.io crate difftastic 0.46.0
[INFO] finished tweaking crates.io crate difftastic 0.46.0
[INFO] tweaked toml for crates.io crate difftastic 0.46.0 written to /workspace/builds/worker-6-tc2/source/Cargo.toml
[INFO] crate crates.io crate difftastic 0.46.0 already has a lockfile, it will not be regenerated
[INFO] running `Command { std: CARGO_HOME="/workspace/cargo-home" RUSTUP_HOME="/workspace/rustup-home" "/workspace/cargo-home/bin/cargo" "+beta-2023-04-20" "fetch" "--manifest-path" "Cargo.toml", kill_on_drop: false }`
[INFO] [stderr]  Downloading crates ...
[INFO] [stderr]   Downloaded predicates-core v1.0.3
[INFO] [stderr]   Downloaded float-cmp v0.9.0
[INFO] [stderr]   Downloaded assert_cmd v2.0.5
[INFO] [stderr]   Downloaded predicates v2.1.1
[INFO] [stderr]   Downloaded parking_lot_core v0.9.6
[INFO] [stderr]   Downloaded tree-sitter v0.20.9
[INFO] running `Command { std: "docker" "create" "-v" "/var/lib/crater-agent-workspace/builds/worker-6-tc2/target:/opt/rustwide/target:rw,Z" "-v" "/var/lib/crater-agent-workspace/builds/worker-6-tc2/source:/opt/rustwide/workdir:ro,Z" "-v" "/var/lib/crater-agent-workspace/cargo-home:/opt/rustwide/cargo-home:ro,Z" "-v" "/var/lib/crater-agent-workspace/rustup-home:/opt/rustwide/rustup-home:ro,Z" "-e" "SOURCE_DIR=/opt/rustwide/workdir" "-e" "CARGO_TARGET_DIR=/opt/rustwide/target" "-e" "CARGO_HOME=/opt/rustwide/cargo-home" "-e" "RUSTUP_HOME=/opt/rustwide/rustup-home" "-w" "/opt/rustwide/workdir" "-m" "1610612736" "--user" "0:0" "--network" "none" "ghcr.io/rust-lang/crates-build-env/linux@sha256:5ff2268d62e97bff2cde7d5815dd6ed5b47097566f13b8d0ca110b04b60e07ed" "/opt/rustwide/cargo-home/bin/cargo" "+beta-2023-04-20" "metadata" "--no-deps" "--format-version=1", kill_on_drop: false }`
[INFO] [stdout] 817d1175ef3e7a5362bb3cd26e14dda6e5f8e28f7cdbf0df0b1234a2d08123c7
[INFO] running `Command { std: "docker" "start" "-a" "817d1175ef3e7a5362bb3cd26e14dda6e5f8e28f7cdbf0df0b1234a2d08123c7", kill_on_drop: false }`
[INFO] running `Command { std: "docker" "inspect" "817d1175ef3e7a5362bb3cd26e14dda6e5f8e28f7cdbf0df0b1234a2d08123c7", kill_on_drop: false }`
[INFO] running `Command { std: "docker" "rm" "-f" "817d1175ef3e7a5362bb3cd26e14dda6e5f8e28f7cdbf0df0b1234a2d08123c7", kill_on_drop: false }`
[INFO] [stdout] 817d1175ef3e7a5362bb3cd26e14dda6e5f8e28f7cdbf0df0b1234a2d08123c7
[INFO] running `Command { std: "docker" "create" "-v" "/var/lib/crater-agent-workspace/builds/worker-6-tc2/target:/opt/rustwide/target:rw,Z" "-v" "/var/lib/crater-agent-workspace/builds/worker-6-tc2/source:/opt/rustwide/workdir:ro,Z" "-v" "/var/lib/crater-agent-workspace/cargo-home:/opt/rustwide/cargo-home:ro,Z" "-v" "/var/lib/crater-agent-workspace/rustup-home:/opt/rustwide/rustup-home:ro,Z" "-e" "SOURCE_DIR=/opt/rustwide/workdir" "-e" "CARGO_TARGET_DIR=/opt/rustwide/target" "-e" "CARGO_INCREMENTAL=0" "-e" "RUST_BACKTRACE=full" "-e" "RUSTFLAGS=--cap-lints=warn" "-e" "RUSTDOCFLAGS=--cap-lints=warn" "-e" "CARGO_HOME=/opt/rustwide/cargo-home" "-e" "RUSTUP_HOME=/opt/rustwide/rustup-home" "-w" "/opt/rustwide/workdir" "-m" "1610612736" "--user" "0:0" "--network" "none" "ghcr.io/rust-lang/crates-build-env/linux@sha256:5ff2268d62e97bff2cde7d5815dd6ed5b47097566f13b8d0ca110b04b60e07ed" "/opt/rustwide/cargo-home/bin/cargo" "+beta-2023-04-20" "build" "--frozen" "--message-format=json", kill_on_drop: false }`
[INFO] [stdout] f7f2aeb268bd8a694f3874c7cc8d8ee61d292429b12850bb87aafde81e6131d1
[INFO] running `Command { std: "docker" "start" "-a" "f7f2aeb268bd8a694f3874c7cc8d8ee61d292429b12850bb87aafde81e6131d1", kill_on_drop: false }`
[INFO] [stderr]    Compiling autocfg v1.1.0
[INFO] [stderr]    Compiling libc v0.2.139
[INFO] [stderr]    Compiling cfg-if v1.0.0
[INFO] [stderr]    Compiling memchr v2.5.0
[INFO] [stderr]    Compiling crossbeam-utils v0.8.8
[INFO] [stderr]    Compiling scopeguard v1.1.0
[INFO] [stderr]    Compiling cc v1.0.78
[INFO] [stderr]    Compiling log v0.4.17
[INFO] [stderr]    Compiling proc-macro2 v1.0.39
[INFO] [stderr]    Compiling rayon-core v1.10.1
[INFO] [stderr]    Compiling hashbrown v0.11.2
[INFO] [stderr]    Compiling memoffset v0.6.5
[INFO] [stderr]    Compiling crossbeam-epoch v0.9.8
[INFO] [stderr]    Compiling indexmap v1.7.0
[INFO] [stderr]    Compiling aho-corasick v0.7.18
[INFO] [stderr]    Compiling crossbeam-channel v0.5.4
[INFO] [stderr]    Compiling num_cpus v1.13.1
[INFO] [stderr]    Compiling lock_api v0.4.9
[INFO] [stderr]    Compiling either v1.6.1
[INFO] [stderr]    Compiling parking_lot_core v0.9.6
[INFO] [stderr]    Compiling libmimalloc-sys v0.1.24
[INFO] [stderr]    Compiling crossbeam-deque v0.8.1
[INFO] [stderr]    Compiling unicode-ident v1.0.0
[INFO] [stderr]    Compiling regex-syntax v0.6.26
[INFO] [stderr]    Compiling signal-hook v0.3.14
[INFO] [stderr]    Compiling atty v0.2.14
[INFO] [stderr]    Compiling signal-hook-registry v1.4.0
[INFO] [stderr]    Compiling smallvec v1.10.0
[INFO] [stderr]    Compiling termcolor v1.1.3
[INFO] [stderr]    Compiling quick-error v1.2.3
[INFO] [stderr]    Compiling humantime v1.3.0
[INFO] [stderr]    Compiling rayon v1.6.1
[INFO] [stderr]    Compiling quote v1.0.18
[INFO] [stderr]    Compiling tree-sitter v0.20.9
[INFO] [stderr]    Compiling mio v0.8.5
[INFO] [stderr]    Compiling terminal_size v0.1.17
[INFO] [stderr]    Compiling fixedbitset v0.4.1
[INFO] [stderr]    Compiling unicode-xid v0.2.3
[INFO] [stderr]    Compiling minimal-lexical v0.2.1
[INFO] [stderr]    Compiling regex v1.5.6
[INFO] [stderr]    Compiling os_str_bytes v6.0.1
[INFO] [stderr]    Compiling version_check v0.9.4
[INFO] [stderr]    Compiling bitflags v1.3.2
[INFO] [stderr]    Compiling clap_lex v0.2.0
[INFO] [stderr]    Compiling nom v7.1.1
[INFO] [stderr]    Compiling signal-hook-mio v0.2.3
[INFO] [stderr]    Compiling const_format_proc_macros v0.2.22
[INFO] [stderr]    Compiling petgraph v0.6.1
[INFO] [stderr]    Compiling textwrap v0.15.0
[INFO] [stderr]    Compiling env_logger v0.7.1
[INFO] [stderr]    Compiling parking_lot v0.12.1
[INFO] [stderr]    Compiling difftastic v0.46.0 (/opt/rustwide/workdir)
[INFO] [stderr]    Compiling bytecount v0.6.2
[INFO] [stderr]    Compiling fnv v1.0.7
[INFO] [stderr]    Compiling once_cell v1.17.1
[INFO] [stderr]    Compiling strsim v0.10.0
[INFO] [stderr]    Compiling walkdir v2.3.2
[INFO] [stderr]    Compiling tree_magic_mini v3.0.3
[INFO] [stderr]    Compiling clap v3.1.18
[INFO] [stderr]    Compiling mimalloc v0.1.28
[INFO] [stderr]    Compiling crossterm v0.25.0
[INFO] [stderr]    Compiling const_format v0.2.23
[INFO] [stderr]    Compiling pretty_env_logger v0.4.0
[INFO] [stderr]    Compiling itertools v0.10.3
[INFO] [stderr]    Compiling owo-colors v3.4.0
[INFO] [stderr]    Compiling radix-heap v0.4.2
[INFO] [stderr]    Compiling typed-arena v2.0.1
[INFO] [stderr]    Compiling unicode-width v0.1.9
[INFO] [stderr]    Compiling bumpalo v3.11.1
[INFO] [stderr]    Compiling wu-diff v0.1.2
[INFO] [stderr]    Compiling rustc-hash v1.1.0
[INFO] [stderr]     Finished dev [unoptimized + debuginfo] target(s) in 41.64s
[INFO] running `Command { std: "docker" "inspect" "f7f2aeb268bd8a694f3874c7cc8d8ee61d292429b12850bb87aafde81e6131d1", kill_on_drop: false }`
[INFO] running `Command { std: "docker" "rm" "-f" "f7f2aeb268bd8a694f3874c7cc8d8ee61d292429b12850bb87aafde81e6131d1", kill_on_drop: false }`
[INFO] [stdout] f7f2aeb268bd8a694f3874c7cc8d8ee61d292429b12850bb87aafde81e6131d1
[INFO] running `Command { std: "docker" "create" "-v" "/var/lib/crater-agent-workspace/builds/worker-6-tc2/target:/opt/rustwide/target:rw,Z" "-v" "/var/lib/crater-agent-workspace/builds/worker-6-tc2/source:/opt/rustwide/workdir:ro,Z" "-v" "/var/lib/crater-agent-workspace/cargo-home:/opt/rustwide/cargo-home:ro,Z" "-v" "/var/lib/crater-agent-workspace/rustup-home:/opt/rustwide/rustup-home:ro,Z" "-e" "SOURCE_DIR=/opt/rustwide/workdir" "-e" "CARGO_TARGET_DIR=/opt/rustwide/target" "-e" "CARGO_INCREMENTAL=0" "-e" "RUST_BACKTRACE=full" "-e" "RUSTFLAGS=--cap-lints=warn" "-e" "RUSTDOCFLAGS=--cap-lints=warn" "-e" "CARGO_HOME=/opt/rustwide/cargo-home" "-e" "RUSTUP_HOME=/opt/rustwide/rustup-home" "-w" "/opt/rustwide/workdir" "-m" "1610612736" "--user" "0:0" "--network" "none" "ghcr.io/rust-lang/crates-build-env/linux@sha256:5ff2268d62e97bff2cde7d5815dd6ed5b47097566f13b8d0ca110b04b60e07ed" "/opt/rustwide/cargo-home/bin/cargo" "+beta-2023-04-20" "test" "--frozen" "--no-run" "--message-format=json", kill_on_drop: false }`
[INFO] [stdout] 89c08cf493f6e37eb1db8052c3e03bc55490a682049c40b73380a89fa8f8e106
[INFO] running `Command { std: "docker" "start" "-a" "89c08cf493f6e37eb1db8052c3e03bc55490a682049c40b73380a89fa8f8e106", kill_on_drop: false }`
[INFO] [stderr]    Compiling num-traits v0.2.15
[INFO] [stderr]    Compiling doc-comment v0.3.3
[INFO] [stderr]    Compiling predicates-core v1.0.3
[INFO] [stderr]    Compiling regex-automata v0.1.10
[INFO] [stderr]    Compiling difflib v0.4.0
[INFO] [stderr]    Compiling termtree v0.2.4
[INFO] [stderr]    Compiling normalize-line-endings v0.3.0
[INFO] [stderr]    Compiling wait-timeout v0.2.0
[INFO] [stderr]    Compiling diff v0.1.12
[INFO] [stderr]    Compiling predicates-tree v1.0.5
[INFO] [stderr]    Compiling ansi_term v0.12.1
[INFO] [stderr]    Compiling bstr v0.2.17
[INFO] [stderr]    Compiling pretty_assertions v1.2.1
[INFO] [stderr]    Compiling float-cmp v0.9.0
[INFO] [stderr]    Compiling predicates v2.1.1
[INFO] [stderr]    Compiling assert_cmd v2.0.5
[INFO] [stderr]    Compiling difftastic v0.46.0 (/opt/rustwide/workdir)
[INFO] [stderr]     Finished test [unoptimized + debuginfo] target(s) in 9.58s
[INFO] running `Command { std: "docker" "inspect" "89c08cf493f6e37eb1db8052c3e03bc55490a682049c40b73380a89fa8f8e106", kill_on_drop: false }`
[INFO] running `Command { std: "docker" "rm" "-f" "89c08cf493f6e37eb1db8052c3e03bc55490a682049c40b73380a89fa8f8e106", kill_on_drop: false }`
[INFO] [stdout] 89c08cf493f6e37eb1db8052c3e03bc55490a682049c40b73380a89fa8f8e106
[INFO] running `Command { std: "docker" "create" "-v" "/var/lib/crater-agent-workspace/builds/worker-6-tc2/target:/opt/rustwide/target:rw,Z" "-v" "/var/lib/crater-agent-workspace/builds/worker-6-tc2/source:/opt/rustwide/workdir:ro,Z" "-v" "/var/lib/crater-agent-workspace/cargo-home:/opt/rustwide/cargo-home:ro,Z" "-v" "/var/lib/crater-agent-workspace/rustup-home:/opt/rustwide/rustup-home:ro,Z" "-e" "SOURCE_DIR=/opt/rustwide/workdir" "-e" "CARGO_TARGET_DIR=/opt/rustwide/target" "-e" "CARGO_INCREMENTAL=0" "-e" "RUST_BACKTRACE=full" "-e" "RUSTFLAGS=--cap-lints=warn" "-e" "RUSTDOCFLAGS=--cap-lints=warn" "-e" "CARGO_HOME=/opt/rustwide/cargo-home" "-e" "RUSTUP_HOME=/opt/rustwide/rustup-home" "-w" "/opt/rustwide/workdir" "-m" "1610612736" "--user" "0:0" "--network" "none" "ghcr.io/rust-lang/crates-build-env/linux@sha256:5ff2268d62e97bff2cde7d5815dd6ed5b47097566f13b8d0ca110b04b60e07ed" "/opt/rustwide/cargo-home/bin/cargo" "+beta-2023-04-20" "test" "--frozen", kill_on_drop: false }`
[INFO] [stdout] 94ceb2179c5e39423324187263d5b36e3e8717a2e87cee2be9a1fe48ce5860f4
[INFO] running `Command { std: "docker" "start" "-a" "94ceb2179c5e39423324187263d5b36e3e8717a2e87cee2be9a1fe48ce5860f4", kill_on_drop: false }`
[INFO] [stderr]     Finished test [unoptimized + debuginfo] target(s) in 0.08s
[INFO] [stderr]      Running unittests src/main.rs (/opt/rustwide/target/debug/deps/difft-bf68283fa42a7ee1)
[INFO] [stdout] 
[INFO] [stdout] running 120 tests
[INFO] [stdout] test diff::dijkstra::tests::atom_after_empty_list ... ok
[INFO] [stdout] test diff::dijkstra::tests::prefer_atoms_same_line ... ok
[INFO] [stdout] test diff::dijkstra::tests::replace_comment_prefer_most_similar ... ok
[INFO] [stdout] test diff::dijkstra::tests::replace_similar_comment ... ok
[INFO] [stdout] test diff::dijkstra::tests::replace_very_different_comment ... ok
[INFO] [stdout] test diff::myers_diff::tests::test_slice_by_hash_different_items ... ok
[INFO] [stdout] test diff::myers_diff::tests::test_slice_by_hash_same_items ... ok
[INFO] [stdout] test diff::dijkstra::tests::extra_atom_lhs ... ok
[INFO] [stdout] test diff::dijkstra::tests::prefer_children_same_line ... ok
[INFO] [stdout] test diff::myers_diff::tests::test_slice_unique_different_items ... ok
[INFO] [stdout] test diff::dijkstra::tests::identical_atoms ... ok
[INFO] [stdout] test diff::myers_diff::tests::test_slice_unique_same_items ... ok
[INFO] [stdout] test diff::dijkstra::tests::repeated_atoms ... ok
[INFO] [stdout] test diff::myers_diff::tests::test_slice_same_items ... ok
[INFO] [stdout] test diff::dijkstra::tests::atom_after_novel_list_contiguous ... ok
[INFO] [stdout] test diff::sliders::tests::test_slider_at_end ... ok
[INFO] [stdout] test diff::dijkstra::tests::mark_syntax_equal_atoms ... ok
[INFO] [stdout] test diff::dijkstra::tests::mark_syntax_different_atoms ... ok
[INFO] [stdout] test diff::myers_diff::tests::test_slice_different_items ... ok
[INFO] [stdout] test diff::unchanged::tests::test_shrink_unchanged_at_start ... ok
[INFO] [stdout] test diff::sliders::tests::test_slider_at_start ... ok
[INFO] [stdout] test diff::unchanged::tests::test_count_common_unique ... ok
[INFO] [stdout] test diff::sliders::tests::test_slider_partially_unchanged ... ok
[INFO] [stdout] test diff::sliders::tests::test_slider_two_steps ... ok
[INFO] [stdout] test diff::unchanged::tests::test_similar_with_common_grandchildren ... ok
[INFO] [stdout] test diff::unchanged::tests::test_shrink_unchanged_nested ... ok
[INFO] [stdout] test diff::unchanged::tests::test_split_unchanged_outer_delimiter ... ok
[INFO] [stdout] test diff::unchanged::tests::test_split_mostly_unchanged_toplevel ... ok
[INFO] [stdout] test diff::unchanged::tests::test_split_unchanged_multiple ... ok
[INFO] [stdout] test diff::unchanged::tests::test_similar_ignore_delimiter ... ok
[INFO] [stdout] test diff::unchanged::tests::test_shrink_unchanged_at_end ... ok
[INFO] [stdout] test diff::unchanged::tests::test_split_unchanged_middle ... ok
[INFO] [stdout] test display::context::tests::test_calculate_before_context ... ok
[INFO] [stdout] test diff::unchanged::tests::test_split_preserves_outer_delimiters ... ok
[INFO] [stdout] test display::context::tests::test_match_blanks_between ... ok
[INFO] [stdout] test display::context::tests::test_compact_gaps ... ok
[INFO] [stdout] test display::context::tests::test_all_lines ... ok
[INFO] [stdout] test diff::unchanged::tests::test_split_unchanged_toplevel_at_end ... ok
[INFO] [stdout] test display::context::tests::test_compact_gaps_with_larger_gap ... ok
[INFO] [stdout] test display::context::tests::test_all_matched_lines ... ok
[INFO] [stdout] test diff::unchanged::tests::test_split_unchanged_toplevel_at_start ... ok
[INFO] [stdout] test display::context::tests::test_match_preceding_blanks ... ok
[INFO] [stdout] test display::context::tests::test_merge_in_opposite_lines ... ok
[INFO] [stdout] test display::context::tests::test_matched_lines_novel_on_same_line ... ok
[INFO] [stdout] test display::hunks::tests::test_matched_lines_for_hunk ... ok
[INFO] [stdout] test display::hunks::tests::test_matched_lines_for_hunk_misaligned ... ok
[INFO] [stdout] test display::hunks::tests::test_matched_pos_to_hunks ... ok
[INFO] [stdout] test display::side_by_side::tests::test_display_single_column ... ok
[INFO] [stdout] test display::side_by_side::tests::test_format_missing_line_num ... ok
[INFO] [stdout] test display::side_by_side::tests::test_display_hunks ... ok
[INFO] [stdout] test display::side_by_side::tests::test_width_calculations ... ok
[INFO] [stdout] test display::context::tests::test_match_preceding_blanks_first_pair ... ok
[INFO] [stdout] test display::style::tests::split_string_cjk ... ok
[INFO] [stdout] test display::style::tests::split_string_cjk2 ... ok
[INFO] [stdout] test display::side_by_side::tests::test_format_missing_line_num_at_end ... ok
[INFO] [stdout] test display::style::tests::split_string_simple ... ok
[INFO] [stdout] test display::context::tests::test_matched_lines_blank_at_ends ... ok
[INFO] [stdout] test display::hunks::tests::test_sorted_novel_positions_simple ... ok
[INFO] [stdout] test files::tests::test_gzip_is_binary ... ignored
[INFO] [stdout] test display::style::tests::split_string_unicode ... ok
[INFO] [stdout] test display::style::tests::test_split_and_apply_trailing_text ... ok
[INFO] [stdout] test display::style::tests::test_combining_char ... ok
[INFO] [stdout] test display::style::tests::test_split_and_apply ... ok
[INFO] [stdout] test display::style::tests::test_split_and_apply_gap_between_styles_on_wrap_boundary ... ok
[INFO] [stdout] test display::context::tests::test_pad_after_when_line_exceeds_max ... ok
[INFO] [stdout] test display::style::tests::test_split_and_apply_trailing_text_newline ... ok
[INFO] [stdout] test line_parser::tests::test_positions_no_changes ... ok
[INFO] [stdout] test line_parser::tests::test_positions_novel_lhs ... ok
[INFO] [stdout] test files::tests::test_plaintext_is_text ... ok
[INFO] [stdout] test line_parser::tests::test_novel_lhs_trailing_newlines ... ok
[INFO] [stdout] test line_parser::tests::test_no_changes_trailing_newlines ... ok
[INFO] [stdout] test line_parser::tests::test_positions_whitespace_is_change ... ok
[INFO] [stdout] test lines::tests::empty_str_max_line ... ok
[INFO] [stdout] test line_parser::tests::test_split_newlines ... ok
[INFO] [stdout] test lines::tests::str_max_line ... ok
[INFO] [stdout] test lines::tests::from_offsets_split_over_multiple_lines ... ok
[INFO] [stdout] test lines::tests::codepoint_len_non_ascii ... ok
[INFO] [stdout] test lines::tests::from_offsets_first_line ... ok
[INFO] [stdout] test lines::tests::from_offsets_relative_to ... ok
[INFO] [stdout] test lines::tests::from_offsets_first_char ... ok
[INFO] [stdout] test files::tests::test_png_bytes_are_binary ... ok
[INFO] [stdout] test lines::tests::test_is_all_whiteapce ... ok
[INFO] [stdout] test lines::tests::str_max_line_extra_trailing_newline ... ok
[INFO] [stdout] test lines::tests::str_max_line_trailing_newline ... ok
[INFO] [stdout] test lines::tests::test_split_line_with_newline ... ok
[INFO] [stdout] test lines::tests::test_split_line_with_crlf ... ok
[INFO] [stdout] test options::tests::test_app ... ok
[INFO] [stdout] test lines::tests::test_split_line_single ... ok
[INFO] [stdout] test parse::guess_language::tests::test_guess_by_emacs_mode_shorthand_no_spaces ... ok
[INFO] [stdout] test parse::guess_language::tests::test_guess_by_emacs_mode_shorthand ... ok
[INFO] [stdout] test parse::guess_language::tests::test_guess_by_emacs_mode ... ok
[INFO] [stdout] test parse::guess_language::tests::test_guess_by_env_shebang ... ok
[INFO] [stdout] test parse::guess_language::tests::test_guess_by_extension ... ok
[INFO] [stdout] test parse::guess_language::tests::test_guess_by_shebang ... ok
[INFO] [stdout] test options::tests::test_detect_display_width ... ok
[INFO] [stdout] test parse::guess_language::tests::test_guess_by_emacs_mode_second_line ... ok
[INFO] [stdout] test parse::syntax::tests::test_comment_and_atom_differ ... ok
[INFO] [stdout] test parse::syntax::tests::test_flatten_trivial_list ... ok
[INFO] [stdout] test parse::guess_language::tests::test_guess_unknown ... ok
[INFO] [stdout] test parse::guess_language::tests::test_guess_by_whole_name ... ok
[INFO] [stdout] test parse::syntax::tests::test_ignore_empty_atoms ... ok
[INFO] [stdout] test parse::syntax::tests::test_multiline_comment_ignores_leading_whitespace ... ok
[INFO] [stdout] test parse::syntax::tests::test_split_comment_words_basic ... ok
[INFO] [stdout] test parse::syntax::tests::test_new_atom_truncates_carriage_return ... ok
[INFO] [stdout] test parse::syntax::tests::test_split_words_punctuations ... ok
[INFO] [stdout] test parse::syntax::tests::test_split_words_treats_newline_separately ... ok
[INFO] [stdout] test parse::syntax::tests::test_atom_equality_ignores_highlighting ... ok
[INFO] [stdout] test parse::syntax::tests::test_split_words_single_unicode ... ok
[INFO] [stdout] test parse::syntax::tests::test_split_words ... ok
[INFO] [stdout] test parse::syntax::tests::test_split_words_unicode ... ok
[INFO] [stdout] test tests::test_diff_identical_content ... ok
[INFO] [stdout] test parse::syntax::tests::test_split_words_single_unicode_not_alphabetic ... ok
[INFO] [stdout] test tests::test_num_bytes_mb ... ok
[INFO] [stdout] test tests::test_num_bytes_kb ... ok
[INFO] [stdout] test parse::tree_sitter_parser::tests::test_parse_empty_file ... ok
[INFO] [stdout] test tests::test_num_bytes_small ... ok
[INFO] [stdout] test parse::tree_sitter_parser::tests::test_subtrees ... ok
[INFO] [stdout] test parse::tree_sitter_parser::tests::test_parse ... ok
[INFO] [stdout] test lines::tests::test_split_line_with_trailing_newline ... FAILED
[INFO] [stdout] test lines::tests::test_split_line_empty ... FAILED
[INFO] [stdout] 
[INFO] [stdout] failures:
[INFO] [stdout] 
[INFO] [stdout] ---- lines::tests::test_split_line_with_trailing_newline stdout ----
[INFO] [stdout] thread 'lines::tests::test_split_line_with_trailing_newline' panicked at 'assertion failed: `(left == right)`
[INFO] [stdout] 
[INFO] [stdout] [1mDiff[0m [31m< left[0m / [32mright >[0m :
[INFO] [stdout]  [
[INFO] [stdout]      "foo",
[INFO] [stdout]      "bar",
[INFO] [stdout] [32m>    "",[0m
[INFO] [stdout]  ]
[INFO] [stdout] 
[INFO] [stdout] ', src/lines.rs:323:9
[INFO] [stdout] stack backtrace:
[INFO] [stdout]    0:     0x55ce520afb4a - std::backtrace_rs::backtrace::libunwind::trace::h2f05d0192276a8f6
[INFO] [stdout]                                at /rustc/1b7dd2252b99671ce5d1cb9664c5f8636329436d/library/std/src/../../backtrace/src/backtrace/libunwind.rs:93:5
[INFO] [stdout]    1:     0x55ce520afb4a - std::backtrace_rs::backtrace::trace_unsynchronized::hedc23dff7a1af150
[INFO] [stdout]                                at /rustc/1b7dd2252b99671ce5d1cb9664c5f8636329436d/library/std/src/../../backtrace/src/backtrace/mod.rs:66:5
[INFO] [stdout]    2:     0x55ce520afb4a - std::sys_common::backtrace::_print_fmt::h17541ef7592f3ce2
[INFO] [stdout]                                at /rustc/1b7dd2252b99671ce5d1cb9664c5f8636329436d/library/std/src/sys_common/backtrace.rs:65:5
[INFO] [stdout]    3:     0x55ce520afb4a - <std::sys_common::backtrace::_print::DisplayBacktrace as core::fmt::Display>::fmt::h20f75df5ab0c0792
[INFO] [stdout]                                at /rustc/1b7dd2252b99671ce5d1cb9664c5f8636329436d/library/std/src/sys_common/backtrace.rs:44:22
[INFO] [stdout]    4:     0x55ce520d3a0f - core::fmt::write::h78109e6f466b3af6
[INFO] [stdout]                                at /rustc/1b7dd2252b99671ce5d1cb9664c5f8636329436d/library/core/src/fmt/mod.rs:1254:17
[INFO] [stdout]    5:     0x55ce520acd45 - std::io::Write::write_fmt::hd24bfb68a1b35a25
[INFO] [stdout]                                at /rustc/1b7dd2252b99671ce5d1cb9664c5f8636329436d/library/std/src/io/mod.rs:1698:15
[INFO] [stdout]    6:     0x55ce520af915 - std::sys_common::backtrace::_print::h8dac57a9f8fbf9a5
[INFO] [stdout]                                at /rustc/1b7dd2252b99671ce5d1cb9664c5f8636329436d/library/std/src/sys_common/backtrace.rs:47:5
[INFO] [stdout]    7:     0x55ce520af915 - std::sys_common::backtrace::print::hf9ecbf41d1aa712f
[INFO] [stdout]                                at /rustc/1b7dd2252b99671ce5d1cb9664c5f8636329436d/library/std/src/sys_common/backtrace.rs:34:9
[INFO] [stdout]    8:     0x55ce520b144e - std::panicking::default_hook::{{closure}}::h04c07acfc84ca028
[INFO] [stdout]                                at /rustc/1b7dd2252b99671ce5d1cb9664c5f8636329436d/library/std/src/panicking.rs:269:22
[INFO] [stdout]    9:     0x55ce520b1181 - std::panicking::default_hook::h01f6bb23e1eceb2c
[INFO] [stdout]                                at /rustc/1b7dd2252b99671ce5d1cb9664c5f8636329436d/library/std/src/panicking.rs:285:9
[INFO] [stdout]   10:     0x55ce51decf7b - <alloc::boxed::Box<F,A> as core::ops::function::Fn<Args>>::call::h87fe9f7b2fd49e4c
[INFO] [stdout]                                at /rustc/1b7dd2252b99671ce5d1cb9664c5f8636329436d/library/alloc/src/boxed.rs:1987:9
[INFO] [stdout]   11:     0x55ce51decf7b - test::test_main::{{closure}}::he94d679243a7531b
[INFO] [stdout]                                at /rustc/1b7dd2252b99671ce5d1cb9664c5f8636329436d/library/test/src/lib.rs:134:21
[INFO] [stdout]   12:     0x55ce520b1b34 - <alloc::boxed::Box<F,A> as core::ops::function::Fn<Args>>::call::h3f2d6d8b14c4769f
[INFO] [stdout]                                at /rustc/1b7dd2252b99671ce5d1cb9664c5f8636329436d/library/alloc/src/boxed.rs:1987:9
[INFO] [stdout]   13:     0x55ce520b1b34 - std::panicking::rust_panic_with_hook::h2bb3722bbaf2f6df
[INFO] [stdout]                                at /rustc/1b7dd2252b99671ce5d1cb9664c5f8636329436d/library/std/src/panicking.rs:695:13
[INFO] [stdout]   14:     0x55ce520b18a9 - std::panicking::begin_panic_handler::{{closure}}::h91bc7f36a4be011b
[INFO] [stdout]                                at /rustc/1b7dd2252b99671ce5d1cb9664c5f8636329436d/library/std/src/panicking.rs:582:13
[INFO] [stdout]   15:     0x55ce520affb6 - std::sys_common::backtrace::__rust_end_short_backtrace::h8b3d3717114f9e59
[INFO] [stdout]                                at /rustc/1b7dd2252b99671ce5d1cb9664c5f8636329436d/library/std/src/sys_common/backtrace.rs:150:18
[INFO] [stdout]   16:     0x55ce520b1602 - rust_begin_unwind
[INFO] [stdout]                                at /rustc/1b7dd2252b99671ce5d1cb9664c5f8636329436d/library/std/src/panicking.rs:578:5
[INFO] [stdout]   17:     0x55ce517645c3 - core::panicking::panic_fmt::hfd368e3fbdabea26
[INFO] [stdout]                                at /rustc/1b7dd2252b99671ce5d1cb9664c5f8636329436d/library/core/src/panicking.rs:67:14
[INFO] [stdout]   18:     0x55ce51811832 - difft::lines::tests::test_split_line_with_trailing_newline::hd1577cd1a8fa84f8
[INFO] [stdout]                                at /opt/rustwide/workdir/src/lines.rs:323:9
[INFO] [stdout]   19:     0x55ce51811507 - difft::lines::tests::test_split_line_with_trailing_newline::{{closure}}::h6bf9227fb4c0504a
[INFO] [stdout]                                at /opt/rustwide/workdir/src/lines.rs:322:48
[INFO] [stdout]   20:     0x55ce517980d5 - core::ops::function::FnOnce::call_once::h3785e979f3543aec
[INFO] [stdout]                                at /rustc/1b7dd2252b99671ce5d1cb9664c5f8636329436d/library/core/src/ops/function.rs:250:5
[INFO] [stdout]   21:     0x55ce51df1e4f - core::ops::function::FnOnce::call_once::ha6a70e79f7481a7e
[INFO] [stdout]                                at /rustc/1b7dd2252b99671ce5d1cb9664c5f8636329436d/library/core/src/ops/function.rs:250:5
[INFO] [stdout]   22:     0x55ce51df1e4f - test::__rust_begin_short_backtrace::hce33033019b61e69
[INFO] [stdout]                                at /rustc/1b7dd2252b99671ce5d1cb9664c5f8636329436d/library/test/src/lib.rs:655:18
[INFO] [stdout]   23:     0x55ce51dbf63c - test::run_test::{{closure}}::h858d3528838ae3e5
[INFO] [stdout]                                at /rustc/1b7dd2252b99671ce5d1cb9664c5f8636329436d/library/test/src/lib.rs:646:30
[INFO] [stdout]   24:     0x55ce51dbf63c - core::ops::function::FnOnce::call_once{{vtable.shim}}::he8ac2b00f01ae79e
[INFO] [stdout]                                at /rustc/1b7dd2252b99671ce5d1cb9664c5f8636329436d/library/core/src/ops/function.rs:250:5
[INFO] [stdout]   25:     0x55ce51df0f26 - <alloc::boxed::Box<F,A> as core::ops::function::FnOnce<Args>>::call_once::h8093d25b522725ef
[INFO] [stdout]                                at /rustc/1b7dd2252b99671ce5d1cb9664c5f8636329436d/library/alloc/src/boxed.rs:1973:9
[INFO] [stdout]   26:     0x55ce51df0f26 - <core::panic::unwind_safe::AssertUnwindSafe<F> as core::ops::function::FnOnce<()>>::call_once::h5c334c204e4a3913
[INFO] [stdout]                                at /rustc/1b7dd2252b99671ce5d1cb9664c5f8636329436d/library/core/src/panic/unwind_safe.rs:271:9
[INFO] [stdout]   27:     0x55ce51df0f26 - std::panicking::try::do_call::ha8b740c7b9478074
[INFO] [stdout]                                at /rustc/1b7dd2252b99671ce5d1cb9664c5f8636329436d/library/std/src/panicking.rs:485:40
[INFO] [stdout]   28:     0x55ce51df0f26 - std::panicking::try::h5d34f63d0e41b64e
[INFO] [stdout]                                at /rustc/1b7dd2252b99671ce5d1cb9664c5f8636329436d/library/std/src/panicking.rs:449:19
[INFO] [stdout]   29:     0x55ce51df0f26 - std::panic::catch_unwind::hcfbb511e1aa7fc67
[INFO] [stdout]                                at /rustc/1b7dd2252b99671ce5d1cb9664c5f8636329436d/library/std/src/panic.rs:140:14
[INFO] [stdout]   30:     0x55ce51df0f26 - test::run_test_in_process::h9abda90f802eaf21
[INFO] [stdout]                                at /rustc/1b7dd2252b99671ce5d1cb9664c5f8636329436d/library/test/src/lib.rs:678:27
[INFO] [stdout]   31:     0x55ce51df0f26 - test::run_test::run_test_inner::{{closure}}::h0f058de91f6c6edf
[INFO] [stdout]                                at /rustc/1b7dd2252b99671ce5d1cb9664c5f8636329436d/library/test/src/lib.rs:572:39
[INFO] [stdout]   32:     0x55ce51db9e45 - test::run_test::run_test_inner::{{closure}}::h5ca48a4c59c6c1fb
[INFO] [stdout]                                at /rustc/1b7dd2252b99671ce5d1cb9664c5f8636329436d/library/test/src/lib.rs:599:37
[INFO] [stdout]   33:     0x55ce51db9e45 - std::sys_common::backtrace::__rust_begin_short_backtrace::h32bd51e1495d4a33
[INFO] [stdout]                                at /rustc/1b7dd2252b99671ce5d1cb9664c5f8636329436d/library/std/src/sys_common/backtrace.rs:134:18
[INFO] [stdout]   34:     0x55ce51dbf381 - std::thread::Builder::spawn_unchecked_::{{closure}}::{{closure}}::hc086fae9b128b2db
[INFO] [stdout]                                at /rustc/1b7dd2252b99671ce5d1cb9664c5f8636329436d/library/std/src/thread/mod.rs:526:17
[INFO] [stdout]   35:     0x55ce51dbf381 - <core::panic::unwind_safe::AssertUnwindSafe<F> as core::ops::function::FnOnce<()>>::call_once::hb66571888d270d43
[INFO] [stdout]                                at /rustc/1b7dd2252b99671ce5d1cb9664c5f8636329436d/library/core/src/panic/unwind_safe.rs:271:9
[INFO] [stdout]   36:     0x55ce51dbf381 - std::panicking::try::do_call::h4fa2ef4f6e51fecf
[INFO] [stdout]                                at /rustc/1b7dd2252b99671ce5d1cb9664c5f8636329436d/library/std/src/panicking.rs:485:40
[INFO] [stdout]   37:     0x55ce51dbf381 - std::panicking::try::h1e9e22b8584489b5
[INFO] [stdout]                                at /rustc/1b7dd2252b99671ce5d1cb9664c5f8636329436d/library/std/src/panicking.rs:449:19
[INFO] [stdout]   38:     0x55ce51dbf381 - std::panic::catch_unwind::h44698a3de0e0769e
[INFO] [stdout]                                at /rustc/1b7dd2252b99671ce5d1cb9664c5f8636329436d/library/std/src/panic.rs:140:14
[INFO] [stdout]   39:     0x55ce51dbf381 - std::thread::Builder::spawn_unchecked_::{{closure}}::h50153abde3fe239e
[INFO] [stdout]                                at /rustc/1b7dd2252b99671ce5d1cb9664c5f8636329436d/library/std/src/thread/mod.rs:525:30
[INFO] [stdout]   40:     0x55ce51dbf381 - core::ops::function::FnOnce::call_once{{vtable.shim}}::hbe5bbf6f38394364
[INFO] [stdout]                                at /rustc/1b7dd2252b99671ce5d1cb9664c5f8636329436d/library/core/src/ops/function.rs:250:5
[INFO] [stdout]   41:     0x55ce520b6125 - <alloc::boxed::Box<F,A> as core::ops::function::FnOnce<Args>>::call_once::h0d83cb2920a49046
[INFO] [stdout]                                at /rustc/1b7dd2252b99671ce5d1cb9664c5f8636329436d/library/alloc/src/boxed.rs:1973:9
[INFO] [stdout]   42:     0x55ce520b6125 - <alloc::boxed::Box<F,A> as core::ops::function::FnOnce<Args>>::call_once::hbe0a008aa7d9ef59
[INFO] [stdout]                                at /rustc/1b7dd2252b99671ce5d1cb9664c5f8636329436d/library/alloc/src/boxed.rs:1973:9
[INFO] [stdout]   43:     0x55ce520b6125 - std::sys::unix::thread::Thread::new::thread_start::h3a466996bdf6b1f9
[INFO] [stdout]                                at /rustc/1b7dd2252b99671ce5d1cb9664c5f8636329436d/library/std/src/sys/unix/thread.rs:108:17
[INFO] [stdout]   44:     0x7f091633cb43 - <unknown>
[INFO] [stdout]   45:     0x7f09163cdbb4 - __clone
[INFO] [stdout]   46:                0x0 - <unknown>
[INFO] [stdout] 
[INFO] [stdout] ---- lines::tests::test_split_line_empty stdout ----
[INFO] [stdout] thread 'lines::tests::test_split_line_empty' panicked at 'assertion failed: `(left == right)`
[INFO] [stdout] 
[INFO] [stdout] [1mDiff[0m [31m< left[0m / [32mright >[0m :
[INFO] [stdout] [31m<[][0m
[INFO] [stdout] [32m>[[0m
[INFO] [stdout] [32m>    "",[0m
[INFO] [stdout] [32m>][0m
[INFO] [stdout] 
[INFO] [stdout] ', src/lines.rs:303:9
[INFO] [stdout] stack backtrace:
[INFO] [stdout]    0:     0x55ce520afb4a - std::backtrace_rs::backtrace::libunwind::trace::h2f05d0192276a8f6
[INFO] [stdout]                                at /rustc/1b7dd2252b99671ce5d1cb9664c5f8636329436d/library/std/src/../../backtrace/src/backtrace/libunwind.rs:93:5
[INFO] [stdout]    1:     0x55ce520afb4a - std::backtrace_rs::backtrace::trace_unsynchronized::hedc23dff7a1af150
[INFO] [stdout]                                at /rustc/1b7dd2252b99671ce5d1cb9664c5f8636329436d/library/std/src/../../backtrace/src/backtrace/mod.rs:66:5
[INFO] [stdout]    2:     0x55ce520afb4a - std::sys_common::backtrace::_print_fmt::h17541ef7592f3ce2
[INFO] [stdout]                                at /rustc/1b7dd2252b99671ce5d1cb9664c5f8636329436d/library/std/src/sys_common/backtrace.rs:65:5
[INFO] [stdout]    3:     0x55ce520afb4a - <std::sys_common::backtrace::_print::DisplayBacktrace as core::fmt::Display>::fmt::h20f75df5ab0c0792
[INFO] [stdout]                                at /rustc/1b7dd2252b99671ce5d1cb9664c5f8636329436d/library/std/src/sys_common/backtrace.rs:44:22
[INFO] [stdout]    4:     0x55ce520d3a0f - core::fmt::write::h78109e6f466b3af6
[INFO] [stdout]                                at /rustc/1b7dd2252b99671ce5d1cb9664c5f8636329436d/library/core/src/fmt/mod.rs:1254:17
[INFO] [stdout]    5:     0x55ce520acd45 - std::io::Write::write_fmt::hd24bfb68a1b35a25
[INFO] [stdout]                                at /rustc/1b7dd2252b99671ce5d1cb9664c5f8636329436d/library/std/src/io/mod.rs:1698:15
[INFO] [stdout]    6:     0x55ce520af915 - std::sys_common::backtrace::_print::h8dac57a9f8fbf9a5
[INFO] [stdout]                                at /rustc/1b7dd2252b99671ce5d1cb9664c5f8636329436d/library/std/src/sys_common/backtrace.rs:47:5
[INFO] [stdout]    7:     0x55ce520af915 - std::sys_common::backtrace::print::hf9ecbf41d1aa712f
[INFO] [stdout]                                at /rustc/1b7dd2252b99671ce5d1cb9664c5f8636329436d/library/std/src/sys_common/backtrace.rs:34:9
[INFO] [stdout]    8:     0x55ce520b144e - std::panicking::default_hook::{{closure}}::h04c07acfc84ca028
[INFO] [stdout]                                at /rustc/1b7dd2252b99671ce5d1cb9664c5f8636329436d/library/std/src/panicking.rs:269:22
[INFO] [stdout]    9:     0x55ce520b1181 - std::panicking::default_hook::h01f6bb23e1eceb2c
[INFO] [stdout]                                at /rustc/1b7dd2252b99671ce5d1cb9664c5f8636329436d/library/std/src/panicking.rs:285:9
[INFO] [stdout]   10:     0x55ce51decf7b - <alloc::boxed::Box<F,A> as core::ops::function::Fn<Args>>::call::h87fe9f7b2fd49e4c
[INFO] [stdout]                                at /rustc/1b7dd2252b99671ce5d1cb9664c5f8636329436d/library/alloc/src/boxed.rs:1987:9
[INFO] [stdout]   11:     0x55ce51decf7b - test::test_main::{{closure}}::he94d679243a7531b
[INFO] [stdout]                                at /rustc/1b7dd2252b99671ce5d1cb9664c5f8636329436d/library/test/src/lib.rs:134:21
[INFO] [stdout]   12:     0x55ce520b1b34 - <alloc::boxed::Box<F,A> as core::ops::function::Fn<Args>>::call::h3f2d6d8b14c4769f
[INFO] [stdout]                                at /rustc/1b7dd2252b99671ce5d1cb9664c5f8636329436d/library/alloc/src/boxed.rs:1987:9
[INFO] [stdout]   13:     0x55ce520b1b34 - std::panicking::rust_panic_with_hook::h2bb3722bbaf2f6df
[INFO] [stdout]                                at /rustc/1b7dd2252b99671ce5d1cb9664c5f8636329436d/library/std/src/panicking.rs:695:13
[INFO] [stdout]   14:     0x55ce520b18a9 - std::panicking::begin_panic_handler::{{closure}}::h91bc7f36a4be011b
[INFO] [stdout]                                at /rustc/1b7dd2252b99671ce5d1cb9664c5f8636329436d/library/std/src/panicking.rs:582:13
[INFO] [stdout]   15:     0x55ce520affb6 - std::sys_common::backtrace::__rust_end_short_backtrace::h8b3d3717114f9e59
[INFO] [stdout]                                at /rustc/1b7dd2252b99671ce5d1cb9664c5f8636329436d/library/std/src/sys_common/backtrace.rs:150:18
[INFO] [stdout]   16:     0x55ce520b1602 - rust_begin_unwind
[INFO] [stdout]                                at /rustc/1b7dd2252b99671ce5d1cb9664c5f8636329436d/library/std/src/panicking.rs:578:5
[INFO] [stdout]   17:     0x55ce517645c3 - core::panicking::panic_fmt::hfd368e3fbdabea26
[INFO] [stdout]                                at /rustc/1b7dd2252b99671ce5d1cb9664c5f8636329436d/library/core/src/panicking.rs:67:14
[INFO] [stdout]   18:     0x55ce51810aa8 - difft::lines::tests::test_split_line_empty::h8a4fc35b7716e7bf
[INFO] [stdout]                                at /opt/rustwide/workdir/src/lines.rs:303:9
[INFO] [stdout]   19:     0x55ce518107a7 - difft::lines::tests::test_split_line_empty::{{closure}}::h40b1e30e1699fa01
[INFO] [stdout]                                at /opt/rustwide/workdir/src/lines.rs:302:32
[INFO] [stdout]   20:     0x55ce5179a565 - core::ops::function::FnOnce::call_once::hfed5bf2d98d8c3ba
[INFO] [stdout]                                at /rustc/1b7dd2252b99671ce5d1cb9664c5f8636329436d/library/core/src/ops/function.rs:250:5
[INFO] [stdout]   21:     0x55ce51df1e4f - core::ops::function::FnOnce::call_once::ha6a70e79f7481a7e
[INFO] [stdout]                                at /rustc/1b7dd2252b99671ce5d1cb9664c5f8636329436d/library/core/src/ops/function.rs:250:5
[INFO] [stdout]   22:     0x55ce51df1e4f - test::__rust_begin_short_backtrace::hce33033019b61e69
[INFO] [stdout]                                at /rustc/1b7dd2252b99671ce5d1cb9664c5f8636329436d/library/test/src/lib.rs:655:18
[INFO] [stdout]   23:     0x55ce51dbf63c - test::run_test::{{closure}}::h858d3528838ae3e5
[INFO] [stdout]                                at /rustc/1b7dd2252b99671ce5d1cb9664c5f8636329436d/library/test/src/lib.rs:646:30
[INFO] [stdout]   24:     0x55ce51dbf63c - core::ops::function::FnOnce::call_once{{vtable.shim}}::he8ac2b00f01ae79e
[INFO] [stdout]                                at /rustc/1b7dd2252b99671ce5d1cb9664c5f8636329436d/library/core/src/ops/function.rs:250:5
[INFO] [stdout]   25:     0x55ce51df0f26 - <alloc::boxed::Box<F,A> as core::ops::function::FnOnce<Args>>::call_once::h8093d25b522725ef
[INFO] [stdout]                                at /rustc/1b7dd2252b99671ce5d1cb9664c5f8636329436d/library/alloc/src/boxed.rs:1973:9
[INFO] [stdout]   26:     0x55ce51df0f26 - <core::panic::unwind_safe::AssertUnwindSafe<F> as core::ops::function::FnOnce<()>>::call_once::h5c334c204e4a3913
[INFO] [stdout]                                at /rustc/1b7dd2252b99671ce5d1cb9664c5f8636329436d/library/core/src/panic/unwind_safe.rs:271:9
[INFO] [stdout]   27:     0x55ce51df0f26 - std::panicking::try::do_call::ha8b740c7b9478074
[INFO] [stdout]                                at /rustc/1b7dd2252b99671ce5d1cb9664c5f8636329436d/library/std/src/panicking.rs:485:40
[INFO] [stdout]   28:     0x55ce51df0f26 - std::panicking::try::h5d34f63d0e41b64e
[INFO] [stdout]                                at /rustc/1b7dd2252b99671ce5d1cb9664c5f8636329436d/library/std/src/panicking.rs:449:19
[INFO] [stdout]   29:     0x55ce51df0f26 - std::panic::catch_unwind::hcfbb511e1aa7fc67
[INFO] [stdout]                                at /rustc/1b7dd2252b99671ce5d1cb9664c5f8636329436d/library/std/src/panic.rs:140:14
[INFO] [stdout]   30:     0x55ce51df0f26 - test::run_test_in_process::h9abda90f802eaf21
[INFO] [stdout]                                at /rustc/1b7dd2252b99671ce5d1cb9664c5f8636329436d/library/test/src/lib.rs:678:27
[INFO] [stdout]   31:     0x55ce51df0f26 - test::run_test::run_test_inner::{{closure}}::h0f058de91f6c6edf
[INFO] [stdout]                                at /rustc/1b7dd2252b99671ce5d1cb9664c5f8636329436d/library/test/src/lib.rs:572:39
[INFO] [stdout]   32:     0x55ce51db9e45 - test::run_test::run_test_inner::{{closure}}::h5ca48a4c59c6c1fb
[INFO] [stdout]                                at /rustc/1b7dd2252b99671ce5d1cb9664c5f8636329436d/library/test/src/lib.rs:599:37
[INFO] [stdout]   33:     0x55ce51db9e45 - std::sys_common::backtrace::__rust_begin_short_backtrace::h32bd51e1495d4a33
[INFO] [stdout]                                at /rustc/1b7dd2252b99671ce5d1cb9664c5f8636329436d/library/std/src/sys_common/backtrace.rs:134:18
[INFO] [stdout]   34:     0x55ce51dbf381 - std::thread::Builder::spawn_unchecked_::{{closure}}::{{closure}}::hc086fae9b128b2db
[INFO] [stdout]                                at /rustc/1b7dd2252b99671ce5d1cb9664c5f8636329436d/library/std/src/thread/mod.rs:526:17
[INFO] [stdout]   35:     0x55ce51dbf381 - <core::panic::unwind_safe::AssertUnwindSafe<F> as core::ops::function::FnOnce<()>>::call_once::hb66571888d270d43
[INFO] [stdout]                                at /rustc/1b7dd2252b99671ce5d1cb9664c5f8636329436d/library/core/src/panic/unwind_safe.rs:271:9
[INFO] [stdout]   36:     0x55ce51dbf381 - std::panicking::try::do_call::h4fa2ef4f6e51fecf
[INFO] [stdout]                                at /rustc/1b7dd2252b99671ce5d1cb9664c5f8636329436d/library/std/src/panicking.rs:485:40
[INFO] [stdout]   37:     0x55ce51dbf381 - std::panicking::try::h1e9e22b8584489b5
[INFO] [stdout]                                at /rustc/1b7dd2252b99671ce5d1cb9664c5f8636329436d/library/std/src/panicking.rs:449:19
[INFO] [stdout]   38:     0x55ce51dbf381 - std::panic::catch_unwind::h44698a3de0e0769e
[INFO] [stdout]                                at /rustc/1b7dd2252b99671ce5d1cb9664c5f8636329436d/library/std/src/panic.rs:140:14
[INFO] [stdout]   39:     0x55ce51dbf381 - std::thread::Builder::spawn_unchecked_::{{closure}}::h50153abde3fe239e
[INFO] [stdout]                                at /rustc/1b7dd2252b99671ce5d1cb9664c5f8636329436d/library/std/src/thread/mod.rs:525:30
[INFO] [stdout]   40:     0x55ce51dbf381 - core::ops::function::FnOnce::call_once{{vtable.shim}}::hbe5bbf6f38394364
[INFO] [stdout]                                at /rustc/1b7dd2252b99671ce5d1cb9664c5f8636329436d/library/core/src/ops/function.rs:250:5
[INFO] [stdout]   41:     0x55ce520b6125 - <alloc::boxed::Box<F,A> as core::ops::function::FnOnce<Args>>::call_once::h0d83cb2920a49046
[INFO] [stdout]                                at /rustc/1b7dd2252b99671ce5d1cb9664c5f8636329436d/library/alloc/src/boxed.rs:1973:9
[INFO] [stdout]   42:     0x55ce520b6125 - <alloc::boxed::Box<F,A> as core::ops::function::FnOnce<Args>>::call_once::hbe0a008aa7d9ef59
[INFO] [stdout]                                at /rustc/1b7dd2252b99671ce5d1cb9664c5f8636329436d/library/alloc/src/boxed.rs:1973:9
[INFO] [stdout]   43:     0x55ce520b6125 - std::sys::unix::thread::Thread::new::thread_start::h3a466996bdf6b1f9
[INFO] [stdout]                                at /rustc/1b7dd2252b99671ce5d1cb9664c5f8636329436d/library/std/src/sys/unix/thread.rs:108:17
[INFO] [stdout]   44:     0x7f091633cb43 - <unknown>
[INFO] [stdout]   45:     0x7f09163cdbb4 - __clone
[INFO] [stdout]   46:                0x0 - <unknown>
[INFO] [stdout] 
[INFO] [stdout] 
[INFO] [stdout] failures:
[INFO] [stdout]     lines::tests::test_split_line_empty
[INFO] [stdout]     lines::tests::test_split_line_with_trailing_newline
[INFO] [stdout] 
[INFO] [stdout] test result: FAILED. 117 passed; 2 failed; 1 ignored; 0 measured; 0 filtered out; finished in 0.22s
[INFO] [stdout] 
[INFO] [stderr] error: test failed, to rerun pass `--bin difft`
[INFO] running `Command { std: "docker" "inspect" "94ceb2179c5e39423324187263d5b36e3e8717a2e87cee2be9a1fe48ce5860f4", kill_on_drop: false }`
[INFO] running `Command { std: "docker" "rm" "-f" "94ceb2179c5e39423324187263d5b36e3e8717a2e87cee2be9a1fe48ce5860f4", kill_on_drop: false }`
[INFO] [stdout] 94ceb2179c5e39423324187263d5b36e3e8717a2e87cee2be9a1fe48ce5860f4
