[INFO] fetching crate diath 0.5.1...
[INFO] testing diath-0.5.1 against beta-2023-04-20 for beta-1.70-1
[INFO] extracting crate diath 0.5.1 into /workspace/builds/worker-6-tc2/source
[INFO] validating manifest of crates.io crate diath 0.5.1 on toolchain beta-2023-04-20
[INFO] running `Command { std: CARGO_HOME="/workspace/cargo-home" RUSTUP_HOME="/workspace/rustup-home" "/workspace/cargo-home/bin/cargo" "+beta-2023-04-20" "metadata" "--manifest-path" "Cargo.toml" "--no-deps", kill_on_drop: false }`
[INFO] started tweaking crates.io crate diath 0.5.1
[INFO] finished tweaking crates.io crate diath 0.5.1
[INFO] tweaked toml for crates.io crate diath 0.5.1 written to /workspace/builds/worker-6-tc2/source/Cargo.toml
[INFO] running `Command { std: CARGO_HOME="/workspace/cargo-home" RUSTUP_HOME="/workspace/rustup-home" __CARGO_TEST_CHANNEL_OVERRIDE_DO_NOT_USE_THIS="nightly" "/workspace/cargo-home/bin/cargo" "+beta-2023-04-20" "generate-lockfile" "--manifest-path" "Cargo.toml" "-Zno-index-update", kill_on_drop: false }`
[INFO] running `Command { std: CARGO_HOME="/workspace/cargo-home" RUSTUP_HOME="/workspace/rustup-home" "/workspace/cargo-home/bin/cargo" "+beta-2023-04-20" "fetch" "--manifest-path" "Cargo.toml", kill_on_drop: false }`
[INFO] running `Command { std: "docker" "create" "-v" "/var/lib/crater-agent-workspace/builds/worker-6-tc2/target:/opt/rustwide/target:rw,Z" "-v" "/var/lib/crater-agent-workspace/builds/worker-6-tc2/source:/opt/rustwide/workdir:ro,Z" "-v" "/var/lib/crater-agent-workspace/cargo-home:/opt/rustwide/cargo-home:ro,Z" "-v" "/var/lib/crater-agent-workspace/rustup-home:/opt/rustwide/rustup-home:ro,Z" "-e" "SOURCE_DIR=/opt/rustwide/workdir" "-e" "CARGO_TARGET_DIR=/opt/rustwide/target" "-e" "CARGO_HOME=/opt/rustwide/cargo-home" "-e" "RUSTUP_HOME=/opt/rustwide/rustup-home" "-w" "/opt/rustwide/workdir" "-m" "1610612736" "--user" "0:0" "--network" "none" "ghcr.io/rust-lang/crates-build-env/linux@sha256:5ff2268d62e97bff2cde7d5815dd6ed5b47097566f13b8d0ca110b04b60e07ed" "/opt/rustwide/cargo-home/bin/cargo" "+beta-2023-04-20" "metadata" "--no-deps" "--format-version=1", kill_on_drop: false }`
[INFO] [stdout] 6d2cfba182e90ba57655092cf0bfa6c2ddf568df4e679b4ee53fe24ba103c636
[INFO] running `Command { std: "docker" "start" "-a" "6d2cfba182e90ba57655092cf0bfa6c2ddf568df4e679b4ee53fe24ba103c636", kill_on_drop: false }`
[INFO] running `Command { std: "docker" "inspect" "6d2cfba182e90ba57655092cf0bfa6c2ddf568df4e679b4ee53fe24ba103c636", kill_on_drop: false }`
[INFO] running `Command { std: "docker" "rm" "-f" "6d2cfba182e90ba57655092cf0bfa6c2ddf568df4e679b4ee53fe24ba103c636", kill_on_drop: false }`
[INFO] [stdout] 6d2cfba182e90ba57655092cf0bfa6c2ddf568df4e679b4ee53fe24ba103c636
[INFO] running `Command { std: "docker" "create" "-v" "/var/lib/crater-agent-workspace/builds/worker-6-tc2/target:/opt/rustwide/target:rw,Z" "-v" "/var/lib/crater-agent-workspace/builds/worker-6-tc2/source:/opt/rustwide/workdir:ro,Z" "-v" "/var/lib/crater-agent-workspace/cargo-home:/opt/rustwide/cargo-home:ro,Z" "-v" "/var/lib/crater-agent-workspace/rustup-home:/opt/rustwide/rustup-home:ro,Z" "-e" "SOURCE_DIR=/opt/rustwide/workdir" "-e" "CARGO_TARGET_DIR=/opt/rustwide/target" "-e" "CARGO_INCREMENTAL=0" "-e" "RUST_BACKTRACE=full" "-e" "RUSTFLAGS=--cap-lints=warn" "-e" "RUSTDOCFLAGS=--cap-lints=warn" "-e" "CARGO_HOME=/opt/rustwide/cargo-home" "-e" "RUSTUP_HOME=/opt/rustwide/rustup-home" "-w" "/opt/rustwide/workdir" "-m" "1610612736" "--user" "0:0" "--network" "none" "ghcr.io/rust-lang/crates-build-env/linux@sha256:5ff2268d62e97bff2cde7d5815dd6ed5b47097566f13b8d0ca110b04b60e07ed" "/opt/rustwide/cargo-home/bin/cargo" "+beta-2023-04-20" "build" "--frozen" "--message-format=json", kill_on_drop: false }`
[INFO] [stdout] 5526a6ebeca9cf225436b5312db5d7bffd186f0f1ed83fe1942f2c34fad0d1f2
[INFO] running `Command { std: "docker" "start" "-a" "5526a6ebeca9cf225436b5312db5d7bffd186f0f1ed83fe1942f2c34fad0d1f2", kill_on_drop: false }`
[INFO] [stderr]    Compiling proc-macro2 v1.0.56
[INFO] [stderr]    Compiling quote v1.0.26
[INFO] [stderr]    Compiling unicode-ident v1.0.8
[INFO] [stderr]    Compiling autocfg v1.1.0
[INFO] [stderr]    Compiling pin-project-lite v0.2.9
[INFO] [stderr]    Compiling tokio v1.28.0
[INFO] [stderr]    Compiling syn v2.0.15
[INFO] [stderr]    Compiling tokio-macros v2.1.0
[INFO] [stderr]    Compiling diath v0.5.1 (/opt/rustwide/workdir)
[INFO] [stderr]     Finished dev [unoptimized + debuginfo] target(s) in 9.83s
[INFO] running `Command { std: "docker" "inspect" "5526a6ebeca9cf225436b5312db5d7bffd186f0f1ed83fe1942f2c34fad0d1f2", kill_on_drop: false }`
[INFO] running `Command { std: "docker" "rm" "-f" "5526a6ebeca9cf225436b5312db5d7bffd186f0f1ed83fe1942f2c34fad0d1f2", kill_on_drop: false }`
[INFO] [stdout] 5526a6ebeca9cf225436b5312db5d7bffd186f0f1ed83fe1942f2c34fad0d1f2
[INFO] running `Command { std: "docker" "create" "-v" "/var/lib/crater-agent-workspace/builds/worker-6-tc2/target:/opt/rustwide/target:rw,Z" "-v" "/var/lib/crater-agent-workspace/builds/worker-6-tc2/source:/opt/rustwide/workdir:ro,Z" "-v" "/var/lib/crater-agent-workspace/cargo-home:/opt/rustwide/cargo-home:ro,Z" "-v" "/var/lib/crater-agent-workspace/rustup-home:/opt/rustwide/rustup-home:ro,Z" "-e" "SOURCE_DIR=/opt/rustwide/workdir" "-e" "CARGO_TARGET_DIR=/opt/rustwide/target" "-e" "CARGO_INCREMENTAL=0" "-e" "RUST_BACKTRACE=full" "-e" "RUSTFLAGS=--cap-lints=warn" "-e" "RUSTDOCFLAGS=--cap-lints=warn" "-e" "CARGO_HOME=/opt/rustwide/cargo-home" "-e" "RUSTUP_HOME=/opt/rustwide/rustup-home" "-w" "/opt/rustwide/workdir" "-m" "1610612736" "--user" "0:0" "--network" "none" "ghcr.io/rust-lang/crates-build-env/linux@sha256:5ff2268d62e97bff2cde7d5815dd6ed5b47097566f13b8d0ca110b04b60e07ed" "/opt/rustwide/cargo-home/bin/cargo" "+beta-2023-04-20" "test" "--frozen" "--no-run" "--message-format=json", kill_on_drop: false }`
[INFO] [stdout] 67c1e14d2d9679ea172679f1abade6f3f23ac171cec2071550d311564cda7045
[INFO] running `Command { std: "docker" "start" "-a" "67c1e14d2d9679ea172679f1abade6f3f23ac171cec2071550d311564cda7045", kill_on_drop: false }`
[INFO] [stderr]    Compiling diath v0.5.1 (/opt/rustwide/workdir)
[INFO] [stderr]     Finished test [unoptimized + debuginfo] target(s) in 1.33s
[INFO] running `Command { std: "docker" "inspect" "67c1e14d2d9679ea172679f1abade6f3f23ac171cec2071550d311564cda7045", kill_on_drop: false }`
[INFO] running `Command { std: "docker" "rm" "-f" "67c1e14d2d9679ea172679f1abade6f3f23ac171cec2071550d311564cda7045", kill_on_drop: false }`
[INFO] [stdout] 67c1e14d2d9679ea172679f1abade6f3f23ac171cec2071550d311564cda7045
[INFO] running `Command { std: "docker" "create" "-v" "/var/lib/crater-agent-workspace/builds/worker-6-tc2/target:/opt/rustwide/target:rw,Z" "-v" "/var/lib/crater-agent-workspace/builds/worker-6-tc2/source:/opt/rustwide/workdir:ro,Z" "-v" "/var/lib/crater-agent-workspace/cargo-home:/opt/rustwide/cargo-home:ro,Z" "-v" "/var/lib/crater-agent-workspace/rustup-home:/opt/rustwide/rustup-home:ro,Z" "-e" "SOURCE_DIR=/opt/rustwide/workdir" "-e" "CARGO_TARGET_DIR=/opt/rustwide/target" "-e" "CARGO_INCREMENTAL=0" "-e" "RUST_BACKTRACE=full" "-e" "RUSTFLAGS=--cap-lints=warn" "-e" "RUSTDOCFLAGS=--cap-lints=warn" "-e" "CARGO_HOME=/opt/rustwide/cargo-home" "-e" "RUSTUP_HOME=/opt/rustwide/rustup-home" "-w" "/opt/rustwide/workdir" "-m" "1610612736" "--user" "0:0" "--network" "none" "ghcr.io/rust-lang/crates-build-env/linux@sha256:5ff2268d62e97bff2cde7d5815dd6ed5b47097566f13b8d0ca110b04b60e07ed" "/opt/rustwide/cargo-home/bin/cargo" "+beta-2023-04-20" "test" "--frozen", kill_on_drop: false }`
[INFO] [stdout] 0a42090ab78ea1ac4c63ab5084b10a6b763aee4d9f4a21fabba1631a52dd1d8e
[INFO] running `Command { std: "docker" "start" "-a" "0a42090ab78ea1ac4c63ab5084b10a6b763aee4d9f4a21fabba1631a52dd1d8e", kill_on_drop: false }`
[INFO] [stderr]     Finished test [unoptimized + debuginfo] target(s) in 0.02s
[INFO] [stderr]      Running unittests src/lib.rs (/opt/rustwide/target/debug/deps/diath-58ef5c23221950e2)
[INFO] [stdout] 
[INFO] [stdout] running 1 test
[INFO] [stdout] test enquiry::tests::test1 ... ok
[INFO] [stdout] 
[INFO] [stdout] test result: ok. 1 passed; 0 failed; 0 ignored; 0 measured; 0 filtered out; finished in 0.00s
[INFO] [stdout] 
[INFO] [stderr]    Doc-tests diath
[INFO] [stdout] 
[INFO] [stdout] running 1 test
[INFO] [stdout] test src/enquiry/mod.rs - enquiry (line 11) ... FAILED
[INFO] [stdout] 
[INFO] [stdout] failures:
[INFO] [stdout] 
[INFO] [stdout] ---- src/enquiry/mod.rs - enquiry (line 11) stdout ----
[INFO] [stdout] error: The default runtime flavor is `multi_thread`, but the `rt-multi-thread` feature is disabled.
[INFO] [stdout]  --> src/enquiry/mod.rs:13:1
[INFO] [stdout]   |
[INFO] [stdout] 4 | #[tokio::main]
[INFO] [stdout]   | ^^^^^^^^^^^^^^
[INFO] [stdout]   |
[INFO] [stdout]   = note: this error originates in the attribute macro `tokio::main` (in Nightly builds, run with -Z macro-backtrace for more info)
[INFO] [stdout] 
[INFO] [stdout] error[E0425]: cannot find value `answer` in this scope
[INFO] [stdout]   --> src/enquiry/mod.rs:21:32
[INFO] [stdout]    |
[INFO] [stdout] 12 |     tokio::task::spawn(suspect(answer));
[INFO] [stdout]    |                                ^^^^^^ not found in this scope
[INFO] [stdout] 
[INFO] [stdout] error[E0308]: mismatched types
[INFO] [stdout]   --> src/enquiry/mod.rs:31:9
[INFO] [stdout]    |
[INFO] [stdout] 21 | /      while let Some(dialogue) = Responder.listen().await {
[INFO] [stdout] 22 | |/         match dialogue.as_str() {
[INFO] [stdout] 23 | ||             "Did you kill him?" => dialogue.answer(false),
[INFO] [stdout] 24 | ||             "Are you innocent?" => dialogue.answer(true),
[INFO] [stdout] 25 | ||             _ => unreachable!(),
[INFO] [stdout] 26 | ||         }
[INFO] [stdout]    | ||_________^ expected `()`, found `Result<(), Responderror<bool>>`
[INFO] [stdout] 27 | |      }
[INFO] [stdout]    | |______- expected this to be `()`
[INFO] [stdout]    |
[INFO] [stdout]    = note: expected unit type `()`
[INFO] [stdout]                    found enum `Result<(), Responderror<bool>>`
[INFO] [stdout] help: consider using a semicolon here
[INFO] [stdout]    |
[INFO] [stdout] 26 |         };
[INFO] [stdout]    |          +
[INFO] [stdout] help: consider using a semicolon here
[INFO] [stdout]    |
[INFO] [stdout] 27 |     };
[INFO] [stdout]    |      +
[INFO] [stdout] 
[INFO] [stdout] error: aborting due to 3 previous errors
[INFO] [stdout] 
[INFO] [stdout] Some errors have detailed explanations: E0308, E0425.
[INFO] [stdout] For more information about an error, try `rustc --explain E0308`.
[INFO] [stdout] Couldn't compile the test.
[INFO] [stdout] 
[INFO] [stdout] failures:
[INFO] [stdout]     src/enquiry/mod.rs - enquiry (line 11)
[INFO] [stdout] 
[INFO] [stdout] test result: FAILED. 0 passed; 1 failed; 0 ignored; 0 measured; 0 filtered out; finished in 0.13s
[INFO] [stdout] 
[INFO] [stderr] error: doctest failed, to rerun pass `--doc`
[INFO] running `Command { std: "docker" "inspect" "0a42090ab78ea1ac4c63ab5084b10a6b763aee4d9f4a21fabba1631a52dd1d8e", kill_on_drop: false }`
[INFO] running `Command { std: "docker" "rm" "-f" "0a42090ab78ea1ac4c63ab5084b10a6b763aee4d9f4a21fabba1631a52dd1d8e", kill_on_drop: false }`
[INFO] [stdout] 0a42090ab78ea1ac4c63ab5084b10a6b763aee4d9f4a21fabba1631a52dd1d8e
