[INFO] fetching crate diagnostic 0.5.1...
[INFO] testing diagnostic-0.5.1 against beta-2023-04-20 for beta-1.70-1
[INFO] extracting crate diagnostic 0.5.1 into /workspace/builds/worker-6-tc2/source
[INFO] validating manifest of crates.io crate diagnostic 0.5.1 on toolchain beta-2023-04-20
[INFO] running `Command { std: CARGO_HOME="/workspace/cargo-home" RUSTUP_HOME="/workspace/rustup-home" "/workspace/cargo-home/bin/cargo" "+beta-2023-04-20" "metadata" "--manifest-path" "Cargo.toml" "--no-deps", kill_on_drop: false }`
[INFO] started tweaking crates.io crate diagnostic 0.5.1
[INFO] finished tweaking crates.io crate diagnostic 0.5.1
[INFO] tweaked toml for crates.io crate diagnostic 0.5.1 written to /workspace/builds/worker-6-tc2/source/Cargo.toml
[INFO] running `Command { std: CARGO_HOME="/workspace/cargo-home" RUSTUP_HOME="/workspace/rustup-home" __CARGO_TEST_CHANNEL_OVERRIDE_DO_NOT_USE_THIS="nightly" "/workspace/cargo-home/bin/cargo" "+beta-2023-04-20" "generate-lockfile" "--manifest-path" "Cargo.toml" "-Zno-index-update", kill_on_drop: false }`
[INFO] running `Command { std: CARGO_HOME="/workspace/cargo-home" RUSTUP_HOME="/workspace/rustup-home" "/workspace/cargo-home/bin/cargo" "+beta-2023-04-20" "fetch" "--manifest-path" "Cargo.toml", kill_on_drop: false }`
[INFO] [stderr]  Downloading crates ...
[INFO] [stderr]   Downloaded unindent v0.1.11
[INFO] running `Command { std: "docker" "create" "-v" "/var/lib/crater-agent-workspace/builds/worker-6-tc2/target:/opt/rustwide/target:rw,Z" "-v" "/var/lib/crater-agent-workspace/builds/worker-6-tc2/source:/opt/rustwide/workdir:ro,Z" "-v" "/var/lib/crater-agent-workspace/cargo-home:/opt/rustwide/cargo-home:ro,Z" "-v" "/var/lib/crater-agent-workspace/rustup-home:/opt/rustwide/rustup-home:ro,Z" "-e" "SOURCE_DIR=/opt/rustwide/workdir" "-e" "CARGO_TARGET_DIR=/opt/rustwide/target" "-e" "CARGO_HOME=/opt/rustwide/cargo-home" "-e" "RUSTUP_HOME=/opt/rustwide/rustup-home" "-w" "/opt/rustwide/workdir" "-m" "1610612736" "--user" "0:0" "--network" "none" "ghcr.io/rust-lang/crates-build-env/linux@sha256:5ff2268d62e97bff2cde7d5815dd6ed5b47097566f13b8d0ca110b04b60e07ed" "/opt/rustwide/cargo-home/bin/cargo" "+beta-2023-04-20" "metadata" "--no-deps" "--format-version=1", kill_on_drop: false }`
[INFO] [stdout] 150c4464434809e6e843fe5350ca4f2537ed15bef29c39dc4eb797b854bf2c00
[INFO] running `Command { std: "docker" "start" "-a" "150c4464434809e6e843fe5350ca4f2537ed15bef29c39dc4eb797b854bf2c00", kill_on_drop: false }`
[INFO] running `Command { std: "docker" "inspect" "150c4464434809e6e843fe5350ca4f2537ed15bef29c39dc4eb797b854bf2c00", kill_on_drop: false }`
[INFO] running `Command { std: "docker" "rm" "-f" "150c4464434809e6e843fe5350ca4f2537ed15bef29c39dc4eb797b854bf2c00", kill_on_drop: false }`
[INFO] [stdout] 150c4464434809e6e843fe5350ca4f2537ed15bef29c39dc4eb797b854bf2c00
[INFO] running `Command { std: "docker" "create" "-v" "/var/lib/crater-agent-workspace/builds/worker-6-tc2/target:/opt/rustwide/target:rw,Z" "-v" "/var/lib/crater-agent-workspace/builds/worker-6-tc2/source:/opt/rustwide/workdir:ro,Z" "-v" "/var/lib/crater-agent-workspace/cargo-home:/opt/rustwide/cargo-home:ro,Z" "-v" "/var/lib/crater-agent-workspace/rustup-home:/opt/rustwide/rustup-home:ro,Z" "-e" "SOURCE_DIR=/opt/rustwide/workdir" "-e" "CARGO_TARGET_DIR=/opt/rustwide/target" "-e" "CARGO_INCREMENTAL=0" "-e" "RUST_BACKTRACE=full" "-e" "RUSTFLAGS=--cap-lints=warn" "-e" "RUSTDOCFLAGS=--cap-lints=warn" "-e" "CARGO_HOME=/opt/rustwide/cargo-home" "-e" "RUSTUP_HOME=/opt/rustwide/rustup-home" "-w" "/opt/rustwide/workdir" "-m" "1610612736" "--user" "0:0" "--network" "none" "ghcr.io/rust-lang/crates-build-env/linux@sha256:5ff2268d62e97bff2cde7d5815dd6ed5b47097566f13b8d0ca110b04b60e07ed" "/opt/rustwide/cargo-home/bin/cargo" "+beta-2023-04-20" "build" "--frozen" "--message-format=json", kill_on_drop: false }`
[INFO] [stdout] 235136c3e41b190c83dc846747550d365f5f593f37991f60da7f70649229843e
[INFO] running `Command { std: "docker" "start" "-a" "235136c3e41b190c83dc846747550d365f5f593f37991f60da7f70649229843e", kill_on_drop: false }`
[INFO] [stderr]    Compiling serde v1.0.160
[INFO] [stderr]    Compiling termcolor v1.2.0
[INFO] [stderr]    Compiling diagnostic v0.5.1 (/opt/rustwide/workdir)
[INFO] [stderr]     Finished dev [unoptimized + debuginfo] target(s) in 3.90s
[INFO] running `Command { std: "docker" "inspect" "235136c3e41b190c83dc846747550d365f5f593f37991f60da7f70649229843e", kill_on_drop: false }`
[INFO] running `Command { std: "docker" "rm" "-f" "235136c3e41b190c83dc846747550d365f5f593f37991f60da7f70649229843e", kill_on_drop: false }`
[INFO] [stdout] 235136c3e41b190c83dc846747550d365f5f593f37991f60da7f70649229843e
[INFO] running `Command { std: "docker" "create" "-v" "/var/lib/crater-agent-workspace/builds/worker-6-tc2/target:/opt/rustwide/target:rw,Z" "-v" "/var/lib/crater-agent-workspace/builds/worker-6-tc2/source:/opt/rustwide/workdir:ro,Z" "-v" "/var/lib/crater-agent-workspace/cargo-home:/opt/rustwide/cargo-home:ro,Z" "-v" "/var/lib/crater-agent-workspace/rustup-home:/opt/rustwide/rustup-home:ro,Z" "-e" "SOURCE_DIR=/opt/rustwide/workdir" "-e" "CARGO_TARGET_DIR=/opt/rustwide/target" "-e" "CARGO_INCREMENTAL=0" "-e" "RUST_BACKTRACE=full" "-e" "RUSTFLAGS=--cap-lints=warn" "-e" "RUSTDOCFLAGS=--cap-lints=warn" "-e" "CARGO_HOME=/opt/rustwide/cargo-home" "-e" "RUSTUP_HOME=/opt/rustwide/rustup-home" "-w" "/opt/rustwide/workdir" "-m" "1610612736" "--user" "0:0" "--network" "none" "ghcr.io/rust-lang/crates-build-env/linux@sha256:5ff2268d62e97bff2cde7d5815dd6ed5b47097566f13b8d0ca110b04b60e07ed" "/opt/rustwide/cargo-home/bin/cargo" "+beta-2023-04-20" "test" "--frozen" "--no-run" "--message-format=json", kill_on_drop: false }`
[INFO] [stdout] f0d1651e18bd420812321f04a301edbd06e21ab8d8cfc31edc0154b6e5038e74
[INFO] running `Command { std: "docker" "start" "-a" "f0d1651e18bd420812321f04a301edbd06e21ab8d8cfc31edc0154b6e5038e74", kill_on_drop: false }`
[INFO] [stderr]    Compiling unindent v0.1.11
[INFO] [stderr]    Compiling diagnostic v0.5.1 (/opt/rustwide/workdir)
[INFO] [stderr]     Finished test [unoptimized + debuginfo] target(s) in 0.64s
[INFO] running `Command { std: "docker" "inspect" "f0d1651e18bd420812321f04a301edbd06e21ab8d8cfc31edc0154b6e5038e74", kill_on_drop: false }`
[INFO] running `Command { std: "docker" "rm" "-f" "f0d1651e18bd420812321f04a301edbd06e21ab8d8cfc31edc0154b6e5038e74", kill_on_drop: false }`
[INFO] [stdout] f0d1651e18bd420812321f04a301edbd06e21ab8d8cfc31edc0154b6e5038e74
[INFO] running `Command { std: "docker" "create" "-v" "/var/lib/crater-agent-workspace/builds/worker-6-tc2/target:/opt/rustwide/target:rw,Z" "-v" "/var/lib/crater-agent-workspace/builds/worker-6-tc2/source:/opt/rustwide/workdir:ro,Z" "-v" "/var/lib/crater-agent-workspace/cargo-home:/opt/rustwide/cargo-home:ro,Z" "-v" "/var/lib/crater-agent-workspace/rustup-home:/opt/rustwide/rustup-home:ro,Z" "-e" "SOURCE_DIR=/opt/rustwide/workdir" "-e" "CARGO_TARGET_DIR=/opt/rustwide/target" "-e" "CARGO_INCREMENTAL=0" "-e" "RUST_BACKTRACE=full" "-e" "RUSTFLAGS=--cap-lints=warn" "-e" "RUSTDOCFLAGS=--cap-lints=warn" "-e" "CARGO_HOME=/opt/rustwide/cargo-home" "-e" "RUSTUP_HOME=/opt/rustwide/rustup-home" "-w" "/opt/rustwide/workdir" "-m" "1610612736" "--user" "0:0" "--network" "none" "ghcr.io/rust-lang/crates-build-env/linux@sha256:5ff2268d62e97bff2cde7d5815dd6ed5b47097566f13b8d0ca110b04b60e07ed" "/opt/rustwide/cargo-home/bin/cargo" "+beta-2023-04-20" "test" "--frozen", kill_on_drop: false }`
[INFO] [stdout] bf72d705d0c5bf0ed0498522f3668924209b64590afe94f0c47f34e6496b0454
[INFO] running `Command { std: "docker" "start" "-a" "bf72d705d0c5bf0ed0498522f3668924209b64590afe94f0c47f34e6496b0454", kill_on_drop: false }`
[INFO] [stderr]     Blocking waiting for file lock on package cache
[INFO] [stderr]     Finished test [unoptimized + debuginfo] target(s) in 0.10s
[INFO] [stderr]      Running unittests src/lib.rs (/opt/rustwide/target/debug/deps/diagnostic-449b18747727fd12)
[INFO] [stdout] 
[INFO] [stdout] running 0 tests
[INFO] [stdout] 
[INFO] [stdout] test result: ok. 0 passed; 0 failed; 0 ignored; 0 measured; 0 filtered out; finished in 0.00s
[INFO] [stdout] 
[INFO] [stderr]    Doc-tests diagnostic
[INFO] [stdout] 
[INFO] [stdout] running 11 tests
[INFO] [stdout] test src/text_cache/file_id/mod.rs - text_cache::file_id::FileID (line 16) ... FAILED
[INFO] [stdout] test src/errors/validation/mod.rs - errors::validation::Validation<T,E>::map_or (line 175) ... ok
[INFO] [stdout] test src/term/renderer.rs - term::renderer::MultiLabel::Top (line 42) ... ok
[INFO] [stdout] test src/errors/validation/mod.rs - errors::validation::Validation<T,E>::map (line 95) ... ok
[INFO] [stdout] test src/errors/validation/mod.rs - errors::validation::Validation<T,E>::take_diagnostics (line 145) ... ok
[INFO] [stdout] test src/text_cache/level/mod.rs - text_cache::level::DiagnosticLevel (line 9) ... ok
[INFO] [stdout] test src/text_cache/location/mod.rs - text_cache::location::column_index (line 27) ... ok
[INFO] [stdout] test src/text_cache/location/mod.rs - text_cache::location::line_starts (line 59) ... ok
[INFO] [stdout] test src/text_cache/mod.rs - text_cache::TextCache::clear (line 119) ... ok
[INFO] [stdout] test src/text_cache/mod.rs - text_cache::TextStorage::file (line 141) ... ok
[INFO] [stdout] test src/errors/validation/mod.rs - errors::validation::Validation<T,E>::take_diagnostics (line 132) ... ok
[INFO] [stdout] 
[INFO] [stdout] failures:
[INFO] [stdout] 
[INFO] [stdout] ---- src/text_cache/file_id/mod.rs - text_cache::file_id::FileID (line 16) stdout ----
[INFO] [stdout] error[E0599]: no function or associated item named `file_id_from_file` found for struct `FileID` in the current scope
[INFO] [stdout]  --> src/text_cache/file_id/mod.rs:18:9
[INFO] [stdout]   |
[INFO] [stdout] 5 | FileID::file_id_from_file("file_id.rs").unwrap();
[INFO] [stdout]   |         ^^^^^^^^^^^^^^^^^ function or associated item not found in `FileID`
[INFO] [stdout] 
[INFO] [stdout] error: aborting due to previous error
[INFO] [stdout] 
[INFO] [stdout] For more information about this error, try `rustc --explain E0599`.
[INFO] [stdout] Couldn't compile the test.
[INFO] [stdout] 
[INFO] [stdout] failures:
[INFO] [stdout]     src/text_cache/file_id/mod.rs - text_cache::file_id::FileID (line 16)
[INFO] [stdout] 
[INFO] [stdout] test result: FAILED. 10 passed; 1 failed; 0 ignored; 0 measured; 0 filtered out; finished in 0.40s
[INFO] [stdout] 
[INFO] [stderr] error: doctest failed, to rerun pass `--doc`
[INFO] running `Command { std: "docker" "inspect" "bf72d705d0c5bf0ed0498522f3668924209b64590afe94f0c47f34e6496b0454", kill_on_drop: false }`
[INFO] running `Command { std: "docker" "rm" "-f" "bf72d705d0c5bf0ed0498522f3668924209b64590afe94f0c47f34e6496b0454", kill_on_drop: false }`
[INFO] [stdout] bf72d705d0c5bf0ed0498522f3668924209b64590afe94f0c47f34e6496b0454
