[INFO] fetching crate dfdi-macros 0.2.0...
[INFO] testing dfdi-macros-0.2.0 against beta-2023-04-20 for beta-1.70-1
[INFO] extracting crate dfdi-macros 0.2.0 into /workspace/builds/worker-6-tc2/source
[INFO] validating manifest of crates.io crate dfdi-macros 0.2.0 on toolchain beta-2023-04-20
[INFO] running `Command { std: CARGO_HOME="/workspace/cargo-home" RUSTUP_HOME="/workspace/rustup-home" "/workspace/cargo-home/bin/cargo" "+beta-2023-04-20" "metadata" "--manifest-path" "Cargo.toml" "--no-deps", kill_on_drop: false }`
[INFO] started tweaking crates.io crate dfdi-macros 0.2.0
[INFO] finished tweaking crates.io crate dfdi-macros 0.2.0
[INFO] tweaked toml for crates.io crate dfdi-macros 0.2.0 written to /workspace/builds/worker-6-tc2/source/Cargo.toml
[INFO] running `Command { std: CARGO_HOME="/workspace/cargo-home" RUSTUP_HOME="/workspace/rustup-home" __CARGO_TEST_CHANNEL_OVERRIDE_DO_NOT_USE_THIS="nightly" "/workspace/cargo-home/bin/cargo" "+beta-2023-04-20" "generate-lockfile" "--manifest-path" "Cargo.toml" "-Zno-index-update", kill_on_drop: false }`
[INFO] running `Command { std: CARGO_HOME="/workspace/cargo-home" RUSTUP_HOME="/workspace/rustup-home" "/workspace/cargo-home/bin/cargo" "+beta-2023-04-20" "fetch" "--manifest-path" "Cargo.toml", kill_on_drop: false }`
[INFO] [stderr]  Downloading crates ...
[INFO] [stderr]   Downloaded winnow v0.4.4
[INFO] running `Command { std: "docker" "create" "-v" "/var/lib/crater-agent-workspace/builds/worker-6-tc2/target:/opt/rustwide/target:rw,Z" "-v" "/var/lib/crater-agent-workspace/builds/worker-6-tc2/source:/opt/rustwide/workdir:ro,Z" "-v" "/var/lib/crater-agent-workspace/cargo-home:/opt/rustwide/cargo-home:ro,Z" "-v" "/var/lib/crater-agent-workspace/rustup-home:/opt/rustwide/rustup-home:ro,Z" "-e" "SOURCE_DIR=/opt/rustwide/workdir" "-e" "CARGO_TARGET_DIR=/opt/rustwide/target" "-e" "CARGO_HOME=/opt/rustwide/cargo-home" "-e" "RUSTUP_HOME=/opt/rustwide/rustup-home" "-w" "/opt/rustwide/workdir" "-m" "1610612736" "--user" "0:0" "--network" "none" "ghcr.io/rust-lang/crates-build-env/linux@sha256:5ff2268d62e97bff2cde7d5815dd6ed5b47097566f13b8d0ca110b04b60e07ed" "/opt/rustwide/cargo-home/bin/cargo" "+beta-2023-04-20" "metadata" "--no-deps" "--format-version=1", kill_on_drop: false }`
[INFO] [stdout] 7fdf3255fa8accaab9e79d62282dd4c8a9940c7d3c9c29158e065056be318b25
[INFO] running `Command { std: "docker" "start" "-a" "7fdf3255fa8accaab9e79d62282dd4c8a9940c7d3c9c29158e065056be318b25", kill_on_drop: false }`
[INFO] running `Command { std: "docker" "inspect" "7fdf3255fa8accaab9e79d62282dd4c8a9940c7d3c9c29158e065056be318b25", kill_on_drop: false }`
[INFO] running `Command { std: "docker" "rm" "-f" "7fdf3255fa8accaab9e79d62282dd4c8a9940c7d3c9c29158e065056be318b25", kill_on_drop: false }`
[INFO] [stdout] 7fdf3255fa8accaab9e79d62282dd4c8a9940c7d3c9c29158e065056be318b25
[INFO] running `Command { std: "docker" "create" "-v" "/var/lib/crater-agent-workspace/builds/worker-6-tc2/target:/opt/rustwide/target:rw,Z" "-v" "/var/lib/crater-agent-workspace/builds/worker-6-tc2/source:/opt/rustwide/workdir:ro,Z" "-v" "/var/lib/crater-agent-workspace/cargo-home:/opt/rustwide/cargo-home:ro,Z" "-v" "/var/lib/crater-agent-workspace/rustup-home:/opt/rustwide/rustup-home:ro,Z" "-e" "SOURCE_DIR=/opt/rustwide/workdir" "-e" "CARGO_TARGET_DIR=/opt/rustwide/target" "-e" "CARGO_INCREMENTAL=0" "-e" "RUST_BACKTRACE=full" "-e" "RUSTFLAGS=--cap-lints=warn" "-e" "RUSTDOCFLAGS=--cap-lints=warn" "-e" "CARGO_HOME=/opt/rustwide/cargo-home" "-e" "RUSTUP_HOME=/opt/rustwide/rustup-home" "-w" "/opt/rustwide/workdir" "-m" "1610612736" "--user" "0:0" "--network" "none" "ghcr.io/rust-lang/crates-build-env/linux@sha256:5ff2268d62e97bff2cde7d5815dd6ed5b47097566f13b8d0ca110b04b60e07ed" "/opt/rustwide/cargo-home/bin/cargo" "+beta-2023-04-20" "build" "--frozen" "--message-format=json", kill_on_drop: false }`
[INFO] [stdout] 58bb49e9455e4ec0ce23a0d0b6c6d345d7501ae16d51a53b8dbbdf49ac4a84e5
[INFO] running `Command { std: "docker" "start" "-a" "58bb49e9455e4ec0ce23a0d0b6c6d345d7501ae16d51a53b8dbbdf49ac4a84e5", kill_on_drop: false }`
[INFO] [stderr]    Compiling indexmap v1.9.3
[INFO] [stderr]    Compiling hashbrown v0.12.3
[INFO] [stderr]    Compiling toml_datetime v0.6.1
[INFO] [stderr]    Compiling winnow v0.4.4
[INFO] [stderr]    Compiling syn v1.0.109
[INFO] [stderr]    Compiling once_cell v1.17.1
[INFO] [stderr]    Compiling toml_edit v0.19.8
[INFO] [stderr]    Compiling proc-macro-crate v1.3.1
[INFO] [stderr]    Compiling dfdi-macros v0.2.0 (/opt/rustwide/workdir)
[INFO] [stderr]     Finished dev [unoptimized + debuginfo] target(s) in 7.96s
[INFO] running `Command { std: "docker" "inspect" "58bb49e9455e4ec0ce23a0d0b6c6d345d7501ae16d51a53b8dbbdf49ac4a84e5", kill_on_drop: false }`
[INFO] running `Command { std: "docker" "rm" "-f" "58bb49e9455e4ec0ce23a0d0b6c6d345d7501ae16d51a53b8dbbdf49ac4a84e5", kill_on_drop: false }`
[INFO] [stdout] 58bb49e9455e4ec0ce23a0d0b6c6d345d7501ae16d51a53b8dbbdf49ac4a84e5
[INFO] running `Command { std: "docker" "create" "-v" "/var/lib/crater-agent-workspace/builds/worker-6-tc2/target:/opt/rustwide/target:rw,Z" "-v" "/var/lib/crater-agent-workspace/builds/worker-6-tc2/source:/opt/rustwide/workdir:ro,Z" "-v" "/var/lib/crater-agent-workspace/cargo-home:/opt/rustwide/cargo-home:ro,Z" "-v" "/var/lib/crater-agent-workspace/rustup-home:/opt/rustwide/rustup-home:ro,Z" "-e" "SOURCE_DIR=/opt/rustwide/workdir" "-e" "CARGO_TARGET_DIR=/opt/rustwide/target" "-e" "CARGO_INCREMENTAL=0" "-e" "RUST_BACKTRACE=full" "-e" "RUSTFLAGS=--cap-lints=warn" "-e" "RUSTDOCFLAGS=--cap-lints=warn" "-e" "CARGO_HOME=/opt/rustwide/cargo-home" "-e" "RUSTUP_HOME=/opt/rustwide/rustup-home" "-w" "/opt/rustwide/workdir" "-m" "1610612736" "--user" "0:0" "--network" "none" "ghcr.io/rust-lang/crates-build-env/linux@sha256:5ff2268d62e97bff2cde7d5815dd6ed5b47097566f13b8d0ca110b04b60e07ed" "/opt/rustwide/cargo-home/bin/cargo" "+beta-2023-04-20" "test" "--frozen" "--no-run" "--message-format=json", kill_on_drop: false }`
[INFO] [stdout] 0ab80e3e8900f425d0d8a0f216c89dead10c766a78a367788a8fc4791a25aec8
[INFO] running `Command { std: "docker" "start" "-a" "0ab80e3e8900f425d0d8a0f216c89dead10c766a78a367788a8fc4791a25aec8", kill_on_drop: false }`
[INFO] [stderr]    Compiling dfdi-macros v0.2.0 (/opt/rustwide/workdir)
[INFO] [stderr]     Finished test [unoptimized + debuginfo] target(s) in 1.05s
[INFO] running `Command { std: "docker" "inspect" "0ab80e3e8900f425d0d8a0f216c89dead10c766a78a367788a8fc4791a25aec8", kill_on_drop: false }`
[INFO] running `Command { std: "docker" "rm" "-f" "0ab80e3e8900f425d0d8a0f216c89dead10c766a78a367788a8fc4791a25aec8", kill_on_drop: false }`
[INFO] [stdout] 0ab80e3e8900f425d0d8a0f216c89dead10c766a78a367788a8fc4791a25aec8
[INFO] running `Command { std: "docker" "create" "-v" "/var/lib/crater-agent-workspace/builds/worker-6-tc2/target:/opt/rustwide/target:rw,Z" "-v" "/var/lib/crater-agent-workspace/builds/worker-6-tc2/source:/opt/rustwide/workdir:ro,Z" "-v" "/var/lib/crater-agent-workspace/cargo-home:/opt/rustwide/cargo-home:ro,Z" "-v" "/var/lib/crater-agent-workspace/rustup-home:/opt/rustwide/rustup-home:ro,Z" "-e" "SOURCE_DIR=/opt/rustwide/workdir" "-e" "CARGO_TARGET_DIR=/opt/rustwide/target" "-e" "CARGO_INCREMENTAL=0" "-e" "RUST_BACKTRACE=full" "-e" "RUSTFLAGS=--cap-lints=warn" "-e" "RUSTDOCFLAGS=--cap-lints=warn" "-e" "CARGO_HOME=/opt/rustwide/cargo-home" "-e" "RUSTUP_HOME=/opt/rustwide/rustup-home" "-w" "/opt/rustwide/workdir" "-m" "1610612736" "--user" "0:0" "--network" "none" "ghcr.io/rust-lang/crates-build-env/linux@sha256:5ff2268d62e97bff2cde7d5815dd6ed5b47097566f13b8d0ca110b04b60e07ed" "/opt/rustwide/cargo-home/bin/cargo" "+beta-2023-04-20" "test" "--frozen", kill_on_drop: false }`
[INFO] [stdout] 3fc5bc9dfc22ffc786b71bab9e469fe72d3d7ff5c27699ef575c020e2426915d
[INFO] running `Command { std: "docker" "start" "-a" "3fc5bc9dfc22ffc786b71bab9e469fe72d3d7ff5c27699ef575c020e2426915d", kill_on_drop: false }`
[INFO] [stderr]     Finished test [unoptimized + debuginfo] target(s) in 0.01s
[INFO] [stderr]      Running unittests src/lib.rs (/opt/rustwide/target/debug/deps/dfdi_macros-1483d6ab7be1202b)
[INFO] [stdout] 
[INFO] [stdout] running 0 tests
[INFO] [stdout] 
[INFO] [stdout] test result: ok. 0 passed; 0 failed; 0 ignored; 0 measured; 0 filtered out; finished in 0.00s
[INFO] [stdout] 
[INFO] [stderr]    Doc-tests dfdi-macros
[INFO] [stdout] 
[INFO] [stdout] running 1 test
[INFO] [stdout] test src/lib.rs - derive_service (line 18) ... FAILED
[INFO] [stdout] 
[INFO] [stdout] failures:
[INFO] [stdout] 
[INFO] [stdout] ---- src/lib.rs - derive_service (line 18) stdout ----
[INFO] [stdout] error[E0432]: unresolved import `dfdi`
[INFO] [stdout]  --> src/lib.rs:19:5
[INFO] [stdout]   |
[INFO] [stdout] 3 | use dfdi::Service;
[INFO] [stdout]   |     ^^^^ use of undeclared crate or module `dfdi`
[INFO] [stdout] 
[INFO] [stdout] error: cannot determine resolution for the derive macro `Service`
[INFO] [stdout]   --> src/lib.rs:29:10
[INFO] [stdout]    |
[INFO] [stdout] 13 | #[derive(Service)]
[INFO] [stdout]    |          ^^^^^^^
[INFO] [stdout]    |
[INFO] [stdout]    = note: import resolution is stuck, try simplifying macro imports
[INFO] [stdout] 
[INFO] [stdout] error: cannot find attribute `service` in this scope
[INFO] [stdout]   --> src/lib.rs:30:3
[INFO] [stdout]    |
[INFO] [stdout] 14 | #[service(bool -> Option<Self>)]
[INFO] [stdout]    |   ^^^^^^^
[INFO] [stdout] 
[INFO] [stdout] error: cannot determine resolution for the derive macro `Service`
[INFO] [stdout]  --> src/lib.rs:20:10
[INFO] [stdout]   |
[INFO] [stdout] 4 | #[derive(Service)]
[INFO] [stdout]   |          ^^^^^^^
[INFO] [stdout]   |
[INFO] [stdout]   = note: import resolution is stuck, try simplifying macro imports
[INFO] [stdout] 
[INFO] [stdout] error: aborting due to 4 previous errors
[INFO] [stdout] 
[INFO] [stdout] For more information about this error, try `rustc --explain E0432`.
[INFO] [stdout] Couldn't compile the test.
[INFO] [stdout] 
[INFO] [stdout] failures:
[INFO] [stdout]     src/lib.rs - derive_service (line 18)
[INFO] [stdout] 
[INFO] [stdout] test result: FAILED. 0 passed; 1 failed; 0 ignored; 0 measured; 0 filtered out; finished in 0.05s
[INFO] [stdout] 
[INFO] [stderr] error: doctest failed, to rerun pass `--doc`
[INFO] running `Command { std: "docker" "inspect" "3fc5bc9dfc22ffc786b71bab9e469fe72d3d7ff5c27699ef575c020e2426915d", kill_on_drop: false }`
[INFO] running `Command { std: "docker" "rm" "-f" "3fc5bc9dfc22ffc786b71bab9e469fe72d3d7ff5c27699ef575c020e2426915d", kill_on_drop: false }`
[INFO] [stdout] 3fc5bc9dfc22ffc786b71bab9e469fe72d3d7ff5c27699ef575c020e2426915d
