[INFO] fetching crate deployment-changelog 0.1.1...
[INFO] testing deployment-changelog-0.1.1 against 1.69.0 for beta-1.70-1
[INFO] extracting crate deployment-changelog 0.1.1 into /workspace/builds/worker-4-tc1/source
[INFO] validating manifest of crates.io crate deployment-changelog 0.1.1 on toolchain 1.69.0
[INFO] running `Command { std: CARGO_HOME="/workspace/cargo-home" RUSTUP_HOME="/workspace/rustup-home" "/workspace/cargo-home/bin/cargo" "+1.69.0" "metadata" "--manifest-path" "Cargo.toml" "--no-deps", kill_on_drop: false }`
[INFO] started tweaking crates.io crate deployment-changelog 0.1.1
[INFO] finished tweaking crates.io crate deployment-changelog 0.1.1
[INFO] tweaked toml for crates.io crate deployment-changelog 0.1.1 written to /workspace/builds/worker-4-tc1/source/Cargo.toml
[INFO] crate crates.io crate deployment-changelog 0.1.1 already has a lockfile, it will not be regenerated
[INFO] running `Command { std: CARGO_HOME="/workspace/cargo-home" RUSTUP_HOME="/workspace/rustup-home" "/workspace/cargo-home/bin/cargo" "+1.69.0" "fetch" "--manifest-path" "Cargo.toml", kill_on_drop: false }`
[INFO] [stderr]  Downloading crates ...
[INFO] [stderr]   Downloaded openssl v0.10.49
[INFO] [stderr]   Downloaded graphql-parser v0.4.0
[INFO] [stderr]   Downloaded graphql_client_codegen v0.12.0
[INFO] [stderr]   Downloaded clap-verbosity-flag v2.0.1
[INFO] [stderr]   Downloaded const_format v0.2.30
[INFO] [stderr]   Downloaded openssl-sys v0.9.84
[INFO] [stderr]   Downloaded const_format_proc_macros v0.2.29
[INFO] [stderr]   Downloaded graphql-introspection-query v0.2.0
[INFO] [stderr]   Downloaded graphql_client v0.12.0
[INFO] [stderr]   Downloaded rustix v0.37.6
[INFO] [stderr]   Downloaded tzdb v0.5.6
[INFO] [stderr]   Downloaded graphql_query_derive v0.12.0
[INFO] [stderr]   Downloaded tz-rs v0.6.14
[INFO] [stderr]   Downloaded is_debug v1.0.1
[INFO] [stderr]   Downloaded shadow-rs v0.21.0
[INFO] [stderr]   Downloaded proc-macro2 v1.0.55
[INFO] running `Command { std: "docker" "create" "-v" "/var/lib/crater-agent-workspace/builds/worker-4-tc1/target:/opt/rustwide/target:rw,Z" "-v" "/var/lib/crater-agent-workspace/builds/worker-4-tc1/source:/opt/rustwide/workdir:ro,Z" "-v" "/var/lib/crater-agent-workspace/cargo-home:/opt/rustwide/cargo-home:ro,Z" "-v" "/var/lib/crater-agent-workspace/rustup-home:/opt/rustwide/rustup-home:ro,Z" "-e" "SOURCE_DIR=/opt/rustwide/workdir" "-e" "CARGO_TARGET_DIR=/opt/rustwide/target" "-e" "CARGO_HOME=/opt/rustwide/cargo-home" "-e" "RUSTUP_HOME=/opt/rustwide/rustup-home" "-w" "/opt/rustwide/workdir" "-m" "1610612736" "--user" "0:0" "--network" "none" "ghcr.io/rust-lang/crates-build-env/linux@sha256:5ff2268d62e97bff2cde7d5815dd6ed5b47097566f13b8d0ca110b04b60e07ed" "/opt/rustwide/cargo-home/bin/cargo" "+1.69.0" "metadata" "--no-deps" "--format-version=1", kill_on_drop: false }`
[INFO] [stdout] 560af84f3c1072d70bba5f627fb47208fb466d7d6b7720ed166c8934b5a882f4
[INFO] running `Command { std: "docker" "start" "-a" "560af84f3c1072d70bba5f627fb47208fb466d7d6b7720ed166c8934b5a882f4", kill_on_drop: false }`
[INFO] running `Command { std: "docker" "inspect" "560af84f3c1072d70bba5f627fb47208fb466d7d6b7720ed166c8934b5a882f4", kill_on_drop: false }`
[INFO] running `Command { std: "docker" "rm" "-f" "560af84f3c1072d70bba5f627fb47208fb466d7d6b7720ed166c8934b5a882f4", kill_on_drop: false }`
[INFO] [stdout] 560af84f3c1072d70bba5f627fb47208fb466d7d6b7720ed166c8934b5a882f4
[INFO] running `Command { std: "docker" "create" "-v" "/var/lib/crater-agent-workspace/builds/worker-4-tc1/target:/opt/rustwide/target:rw,Z" "-v" "/var/lib/crater-agent-workspace/builds/worker-4-tc1/source:/opt/rustwide/workdir:ro,Z" "-v" "/var/lib/crater-agent-workspace/cargo-home:/opt/rustwide/cargo-home:ro,Z" "-v" "/var/lib/crater-agent-workspace/rustup-home:/opt/rustwide/rustup-home:ro,Z" "-e" "SOURCE_DIR=/opt/rustwide/workdir" "-e" "CARGO_TARGET_DIR=/opt/rustwide/target" "-e" "CARGO_INCREMENTAL=0" "-e" "RUST_BACKTRACE=full" "-e" "RUSTFLAGS=--cap-lints=warn" "-e" "RUSTDOCFLAGS=--cap-lints=warn" "-e" "CARGO_HOME=/opt/rustwide/cargo-home" "-e" "RUSTUP_HOME=/opt/rustwide/rustup-home" "-w" "/opt/rustwide/workdir" "-m" "1610612736" "--user" "0:0" "--network" "none" "ghcr.io/rust-lang/crates-build-env/linux@sha256:5ff2268d62e97bff2cde7d5815dd6ed5b47097566f13b8d0ca110b04b60e07ed" "/opt/rustwide/cargo-home/bin/cargo" "+1.69.0" "build" "--frozen" "--message-format=json", kill_on_drop: false }`
[INFO] [stdout] d722f73405206ee45324d9928f89e74683aa8014b87e7631a13d2fed44b1752d
[INFO] running `Command { std: "docker" "start" "-a" "d722f73405206ee45324d9928f89e74683aa8014b87e7631a13d2fed44b1752d", kill_on_drop: false }`
[INFO] [stderr]    Compiling proc-macro2 v1.0.55
[INFO] [stderr]    Compiling libc v0.2.140
[INFO] [stderr]    Compiling itoa v1.0.6
[INFO] [stderr]    Compiling serde_derive v1.0.159
[INFO] [stderr]    Compiling futures-core v0.3.28
[INFO] [stderr]    Compiling slab v0.4.8
[INFO] [stderr]    Compiling futures-channel v0.3.28
[INFO] [stderr]    Compiling futures-task v0.3.28
[INFO] [stderr]    Compiling io-lifetimes v1.0.9
[INFO] [stderr]    Compiling futures-sink v0.3.28
[INFO] [stderr]    Compiling syn v1.0.109
[INFO] [stderr]    Compiling bytes v1.4.0
[INFO] [stderr]    Compiling tokio v1.27.0
[INFO] [stderr]    Compiling futures-util v0.3.28
[INFO] [stderr]    Compiling rustix v0.37.6
[INFO] [stderr]    Compiling linux-raw-sys v0.3.1
[INFO] [stderr]    Compiling serde v1.0.159
[INFO] [stderr]    Compiling futures-io v0.3.28
[INFO] [stderr]    Compiling indexmap v1.9.3
[INFO] [stderr]    Compiling tracing-core v0.1.30
[INFO] [stderr]    Compiling serde_json v1.0.95
[INFO] [stderr]    Compiling memchr v2.5.0
[INFO] [stderr]    Compiling foreign-types-shared v0.1.1
[INFO] [stderr]    Compiling ryu v1.0.13
[INFO] [stderr]    Compiling openssl v0.10.49
[INFO] [stderr]    Compiling http v0.2.9
[INFO] [stderr]    Compiling foreign-types v0.3.2
[INFO] [stderr]    Compiling unicode-bidi v0.3.13
[INFO] [stderr]    Compiling native-tls v0.2.11
[INFO] [stderr]    Compiling void v1.0.2
[INFO] [stderr]    Compiling utf8parse v0.2.1
[INFO] [stderr]    Compiling thiserror v1.0.40
[INFO] [stderr]    Compiling tracing v0.1.37
[INFO] [stderr]    Compiling quote v1.0.26
[INFO] [stderr]    Compiling unreachable v1.0.0
[INFO] [stderr]    Compiling anstyle-parse v0.1.1
[INFO] [stderr]    Compiling idna v0.3.0
[INFO] [stderr]    Compiling const_fn v0.4.9
[INFO] [stderr]    Compiling ascii v0.9.3
[INFO] [stderr]    Compiling syn v2.0.13
[INFO] [stderr]    Compiling jobserver v0.1.26
[INFO] [stderr]    Compiling concolor-override v1.0.0
[INFO] [stderr]    Compiling byteorder v1.4.3
[INFO] [stderr]    Compiling anstyle v0.3.5
[INFO] [stderr]    Compiling concolor-query v0.3.3
[INFO] [stderr]    Compiling either v1.8.1
[INFO] [stderr]    Compiling openssl-probe v0.1.5
[INFO] [stderr]    Compiling cc v1.0.79
[INFO] [stderr]    Compiling want v0.3.0
[INFO] [stderr]    Compiling url v2.3.1
[INFO] [stderr]    Compiling iana-time-zone v0.1.54
[INFO] [stderr]    Compiling http-body v0.4.5
[INFO] [stderr]    Compiling combine v3.8.1
[INFO] [stderr]    Compiling clap_lex v0.4.1
[INFO] [stderr]    Compiling unicode-xid v0.2.4
[INFO] [stderr]    Compiling lazy_static v1.4.0
[INFO] [stderr]    Compiling anyhow v1.0.70
[INFO] [stderr]    Compiling mio v0.8.6
[INFO] [stderr]    Compiling num_cpus v1.15.0
[INFO] [stderr]    Compiling socket2 v0.4.9
[INFO] [stderr]    Compiling const_format_proc_macros v0.2.29
[INFO] [stderr]    Compiling time v0.1.45
[INFO] [stderr]    Compiling num_threads v0.1.6
[INFO] [stderr]    Compiling async-trait v0.1.68
[INFO] [stderr]    Compiling ipnet v2.7.2
[INFO] [stderr]    Compiling tz-rs v0.6.14
[INFO] [stderr]    Compiling regex-syntax v0.6.29
[INFO] [stderr]    Compiling mime v0.3.17
[INFO] [stderr]    Compiling time v0.3.20
[INFO] [stderr]    Compiling is_debug v1.0.1
[INFO] [stderr]    Compiling tzdb v0.5.6
[INFO] [stderr]    Compiling openssl-sys v0.9.84
[INFO] [stderr]    Compiling libz-sys v1.1.8
[INFO] [stderr]    Compiling libgit2-sys v0.14.2+1.5.1
[INFO] [stderr]    Compiling is-terminal v0.4.6
[INFO] [stderr]    Compiling const_format v0.2.30
[INFO] [stderr]    Compiling anstream v0.2.6
[INFO] [stderr]    Compiling regex v1.7.3
[INFO] [stderr]    Compiling clap_builder v4.2.1
[INFO] [stderr]    Compiling darling_core v0.14.4
[INFO] [stderr]    Compiling env_logger v0.10.0
[INFO] [stderr]    Compiling futures-macro v0.3.28
[INFO] [stderr]    Compiling tokio-macros v2.0.0
[INFO] [stderr]    Compiling openssl-macros v0.1.1
[INFO] [stderr]    Compiling thiserror-impl v1.0.40
[INFO] [stderr]    Compiling clap_derive v4.2.0
[INFO] [stderr]    Compiling darling_macro v0.14.4
[INFO] [stderr]    Compiling graphql-parser v0.4.0
[INFO] [stderr]    Compiling darling v0.14.4
[INFO] [stderr]    Compiling serde_with_macros v2.3.1
[INFO] [stderr]    Compiling clap v4.2.1
[INFO] [stderr]    Compiling clap_complete v4.2.0
[INFO] [stderr]    Compiling clap-verbosity-flag v2.0.1
[INFO] [stderr]    Compiling futures-executor v0.3.28
[INFO] [stderr]    Compiling futures v0.3.28
[INFO] [stderr]    Compiling git2 v0.16.1
[INFO] [stderr]    Compiling tokio-util v0.7.7
[INFO] [stderr]    Compiling tokio-native-tls v0.3.1
[INFO] [stderr]    Compiling h2 v0.3.16
[INFO] [stderr]    Compiling serde_urlencoded v0.7.1
[INFO] [stderr]    Compiling chrono v0.4.24
[INFO] [stderr]    Compiling graphql-introspection-query v0.2.0
[INFO] [stderr]    Compiling shadow-rs v0.21.0
[INFO] [stderr]    Compiling graphql_client_codegen v0.12.0
[INFO] [stderr]    Compiling serde_with v2.3.1
[INFO] [stderr]    Compiling hyper v0.14.25
[INFO] [stderr]    Compiling hyper-tls v0.5.0
[INFO] [stderr]    Compiling reqwest v0.11.16
[INFO] [stderr]    Compiling graphql_query_derive v0.12.0
[INFO] [stderr]    Compiling graphql_client v0.12.0
[INFO] [stderr]    Compiling deployment-changelog v0.1.1 (/opt/rustwide/workdir)
[INFO] [stderr]     Finished dev [unoptimized + debuginfo] target(s) in 25.34s
[INFO] running `Command { std: "docker" "inspect" "d722f73405206ee45324d9928f89e74683aa8014b87e7631a13d2fed44b1752d", kill_on_drop: false }`
[INFO] running `Command { std: "docker" "rm" "-f" "d722f73405206ee45324d9928f89e74683aa8014b87e7631a13d2fed44b1752d", kill_on_drop: false }`
[INFO] [stdout] d722f73405206ee45324d9928f89e74683aa8014b87e7631a13d2fed44b1752d
[INFO] running `Command { std: "docker" "create" "-v" "/var/lib/crater-agent-workspace/builds/worker-4-tc1/target:/opt/rustwide/target:rw,Z" "-v" "/var/lib/crater-agent-workspace/builds/worker-4-tc1/source:/opt/rustwide/workdir:ro,Z" "-v" "/var/lib/crater-agent-workspace/cargo-home:/opt/rustwide/cargo-home:ro,Z" "-v" "/var/lib/crater-agent-workspace/rustup-home:/opt/rustwide/rustup-home:ro,Z" "-e" "SOURCE_DIR=/opt/rustwide/workdir" "-e" "CARGO_TARGET_DIR=/opt/rustwide/target" "-e" "CARGO_INCREMENTAL=0" "-e" "RUST_BACKTRACE=full" "-e" "RUSTFLAGS=--cap-lints=warn" "-e" "RUSTDOCFLAGS=--cap-lints=warn" "-e" "CARGO_HOME=/opt/rustwide/cargo-home" "-e" "RUSTUP_HOME=/opt/rustwide/rustup-home" "-w" "/opt/rustwide/workdir" "-m" "1610612736" "--user" "0:0" "--network" "none" "ghcr.io/rust-lang/crates-build-env/linux@sha256:5ff2268d62e97bff2cde7d5815dd6ed5b47097566f13b8d0ca110b04b60e07ed" "/opt/rustwide/cargo-home/bin/cargo" "+1.69.0" "test" "--frozen" "--no-run" "--message-format=json", kill_on_drop: false }`
[INFO] [stdout] 62b9aabe93d64d786308f16114f9923d51932ac6a309a711cd3184fac6859572
[INFO] running `Command { std: "docker" "start" "-a" "62b9aabe93d64d786308f16114f9923d51932ac6a309a711cd3184fac6859572", kill_on_drop: false }`
[INFO] [stderr]    Compiling deployment-changelog v0.1.1 (/opt/rustwide/workdir)
[INFO] [stderr]     Finished test [unoptimized + debuginfo] target(s) in 0.97s
[INFO] running `Command { std: "docker" "inspect" "62b9aabe93d64d786308f16114f9923d51932ac6a309a711cd3184fac6859572", kill_on_drop: false }`
[INFO] running `Command { std: "docker" "rm" "-f" "62b9aabe93d64d786308f16114f9923d51932ac6a309a711cd3184fac6859572", kill_on_drop: false }`
[INFO] [stdout] 62b9aabe93d64d786308f16114f9923d51932ac6a309a711cd3184fac6859572
[INFO] running `Command { std: "docker" "create" "-v" "/var/lib/crater-agent-workspace/builds/worker-4-tc1/target:/opt/rustwide/target:rw,Z" "-v" "/var/lib/crater-agent-workspace/builds/worker-4-tc1/source:/opt/rustwide/workdir:ro,Z" "-v" "/var/lib/crater-agent-workspace/cargo-home:/opt/rustwide/cargo-home:ro,Z" "-v" "/var/lib/crater-agent-workspace/rustup-home:/opt/rustwide/rustup-home:ro,Z" "-e" "SOURCE_DIR=/opt/rustwide/workdir" "-e" "CARGO_TARGET_DIR=/opt/rustwide/target" "-e" "CARGO_INCREMENTAL=0" "-e" "RUST_BACKTRACE=full" "-e" "RUSTFLAGS=--cap-lints=warn" "-e" "RUSTDOCFLAGS=--cap-lints=warn" "-e" "CARGO_HOME=/opt/rustwide/cargo-home" "-e" "RUSTUP_HOME=/opt/rustwide/rustup-home" "-w" "/opt/rustwide/workdir" "-m" "1610612736" "--user" "0:0" "--network" "none" "ghcr.io/rust-lang/crates-build-env/linux@sha256:5ff2268d62e97bff2cde7d5815dd6ed5b47097566f13b8d0ca110b04b60e07ed" "/opt/rustwide/cargo-home/bin/cargo" "+1.69.0" "test" "--frozen", kill_on_drop: false }`
[INFO] [stdout] ffd892f8b8049514c19dec6842a83e56fc9406815d1bb6d717146ac1de365e3e
[INFO] running `Command { std: "docker" "start" "-a" "ffd892f8b8049514c19dec6842a83e56fc9406815d1bb6d717146ac1de365e3e", kill_on_drop: false }`
[INFO] [stderr]     Finished test [unoptimized + debuginfo] target(s) in 0.11s
[INFO] [stderr]      Running unittests src/lib.rs (/opt/rustwide/target/debug/deps/deployment_changelog-f5d888294f21317f)
[INFO] [stdout] 
[INFO] [stdout] running 0 tests
[INFO] [stdout] 
[INFO] [stdout] test result: ok. 0 passed; 0 failed; 0 ignored; 0 measured; 0 filtered out; finished in 0.00s
[INFO] [stdout] 
[INFO] [stderr]      Running unittests src/main.rs (/opt/rustwide/target/debug/deps/deployment_changelog-7cbf8881155e7080)
[INFO] [stdout] 
[INFO] [stderr]    Doc-tests deployment-changelog
[INFO] [stdout] running 0 tests
[INFO] [stdout] 
[INFO] [stdout] test result: ok. 0 passed; 0 failed; 0 ignored; 0 measured; 0 filtered out; finished in 0.00s
[INFO] [stdout] 
[INFO] [stdout] 
[INFO] [stdout] running 66 tests
[INFO] [stdout] test src/api/bitbucket.rs - api::bitbucket (line 47) ... FAILED
[INFO] [stdout] test src/api/bitbucket.rs - api::bitbucket::BitbucketAuthor (line 333) ... FAILED
[INFO] [stdout] test src/api/bitbucket.rs - api::bitbucket::BitbucketPaginated<'a,T>::new (line 189) ... FAILED
[INFO] [stdout] test src/api/bitbucket.rs - api::bitbucket::BitbucketPage (line 113) ... FAILED
[INFO] [stdout] test src/api/bitbucket.rs - api::bitbucket::BitbucketPullRequestIssue (line 484) ... FAILED
[INFO] [stdout] test src/api/bitbucket.rs - api::bitbucket::BitbucketClient (line 541) ... FAILED
[INFO] [stdout] test src/api/bitbucket.rs - api::bitbucket::BitbucketCommit (line 284) ... FAILED
[INFO] [stdout] test src/api/bitbucket.rs - api::bitbucket::BitbucketPullRequest (line 381) ... FAILED
[INFO] [stdout] test src/api/bitbucket.rs - api::bitbucket::BitbucketPaginated<'_,T>::is_last (line 253) ... FAILED
[INFO] [stdout] test src/api/bitbucket.rs - api::bitbucket (line 13) ... FAILED
[INFO] [stdout] test src/api/bitbucket.rs - api::bitbucket (line 30) ... FAILED
[INFO] [stdout] test src/api/bitbucket.rs - api::bitbucket::BitbucketClient (line 573) ... FAILED
[INFO] [stdout] test src/api/bitbucket.rs - api::bitbucket::BitbucketPaginated<'_,T>::next (line 220) ... FAILED
[INFO] [stdout] test src/api/bitbucket.rs - api::bitbucket::BitbucketPaginated (line 158) ... FAILED
[INFO] [stdout] test src/api/bitbucket.rs - api::bitbucket::BitbucketPullRequestAuthor (line 439) ... FAILED
[INFO] [stdout] test src/api/graphql.rs - api::graphql (line 16) ... FAILED
[INFO] [stdout] test src/api/graphql.rs - api::graphql::GraphQLClient (line 67) ... FAILED
[INFO] [stdout] test src/api/graphql.rs - api::graphql::GraphQLClient::post (line 155) ... FAILED
[INFO] [stdout] test src/api/graphql.rs - api::graphql::GraphQLClient::new (line 111) ... FAILED
[INFO] [stdout] test src/api/graphql.rs - api::graphql::GraphQLClient::from_client (line 135) ... FAILED
[INFO] [stdout] test src/api/jira.rs - api::jira (line 22) ... FAILED
[INFO] [stdout] test src/api/rest.rs - api::rest (line 17) ... FAILED
[INFO] [stdout] test src/api/rest.rs - api::rest (line 75) ... FAILED
[INFO] [stdout] test src/api/rest.rs - api::rest::Paginated (line 144) ... FAILED
[INFO] [stdout] test src/api/jira.rs - api::jira::Comments (line 169) ... ok
[INFO] [stdout] test src/api/jira.rs - api::jira::JiraClient (line 271) ... ok
[INFO] [stdout] test src/api/jira.rs - api::jira::JiraClient::get_issue (line 327) ... ok
[INFO] [stdout] test src/api/jira.rs - api::jira::JiraIssue (line 67) ... ok
[INFO] [stdout] test src/api/rest.rs - api::rest::Paginated::all (line 197) ... FAILED
[INFO] [stdout] test src/api/rest.rs - api::rest::RestClient::build_url (line 388) ... FAILED
[INFO] [stdout] test src/api/jira.rs - api::jira::JiraIssue (line 86) ... ok
[INFO] [stdout] test src/api/rest.rs - api::rest::Paginated::is_last (line 181) ... FAILED
[INFO] [stdout] test src/api/rest.rs - api::rest::RestClient (line 233) ... FAILED
[INFO] [stdout] test src/api/rest.rs - api::rest::Paginated::next (line 167) ... FAILED
[INFO] [stdout] test src/api/jira.rs - api::jira::JiraAuthor (line 228) ... ok
[INFO] [stdout] test src/api/jira.rs - api::jira::JiraIssueFields (line 120) ... ok
[INFO] [stdout] test src/api/rest.rs - api::rest::RestClient::builder (line 286) ... FAILED
[INFO] [stdout] test src/api/rest.rs - api::rest::RestClientBuilder (line 418) ... FAILED
[INFO] [stdout] test src/api/rest.rs - api::rest::RestClient::get (line 305) ... FAILED
[INFO] [stdout] test src/api/rest.rs - api::rest::RestClientBuilder::build (line 477) ... FAILED
[INFO] [stdout] test src/api/rest.rs - api::rest::RestClient::execute (line 360) ... FAILED
[INFO] [stdout] test src/api/rest.rs - api::rest::RestClientBuilder::new (line 444) ... FAILED
[INFO] [stdout] test src/api/spinnaker.rs - api::spinnaker (line 13) ... FAILED
[INFO] [stdout] test src/api/rest.rs - api::rest::RestClient::post_json (line 332) ... FAILED
[INFO] [stdout] test src/api/rest.rs - api::rest::RestClient::new (line 266) ... FAILED
[INFO] [stdout] test src/api/rest.rs - api::rest::Paginated (line 111) ... ok
[INFO] [stdout] test src/api/spinnaker.rs - api::spinnaker::SpinnakerClient::from_client (line 152) ... FAILED
[INFO] [stdout] test src/api/rest.rs - api::rest (line 42) ... ok
[INFO] [stdout] test src/api/spinnaker.rs - api::spinnaker::SpinnakerClient (line 91) ... FAILED
[INFO] [stdout] test src/api/spinnaker.rs - api::spinnaker::MdEnvironmentStatesQuery (line 53) ... FAILED
[INFO] [stdout] test src/api/spinnaker.rs - api::spinnaker::SpinnakerClient::get_environment_states (line 179) ... FAILED
[INFO] [stdout] test src/api/spinnaker.rs - api::spinnaker::SpinnakerClient::new (line 129) ... FAILED
[INFO] [stdout] test src/changelog.rs - changelog (line 9) ... FAILED
[INFO] [stdout] test src/changelog.rs - changelog::Changelog::get_changelog_from_range (line 422) ... FAILED
[INFO] [stdout] test src/changelog.rs - changelog::Changelog (line 175) ... FAILED
[INFO] [stdout] test src/changelog.rs - changelog::Changelog::get_changelog_from_spinnaker (line 276) ... FAILED
[INFO] [stdout] test src/changelog.rs - changelog::Changelog::new (line 223) ... FAILED
[INFO] [stdout] test src/changelog.rs - changelog::SpinnakerEnvironment (line 102) ... FAILED
[INFO] [stdout] test src/changelog.rs - changelog::CommitSpecifier (line 58) ... FAILED
[INFO] [stdout] test src/api/jira.rs - api::jira::JiraClient::from_client (line 309) ... FAILED
[INFO] [stdout] test src/api/jira.rs - api::jira (line 13) ... FAILED
[INFO] [stdout] test src/api/rest.rs - api::rest (line 9) ... ok
[INFO] [stdout] test src/api/rest.rs - api::rest::RestClient (line 225) ... ok
[INFO] [stdout] test src/api/bitbucket.rs - api::bitbucket::BitbucketClient (line 532) ... ok
[INFO] [stdout] test src/changelog.rs - changelog::GitCommitRange (line 139) ... ok
[INFO] [stdout] test src/api/jira.rs - api::jira::JiraClient::new (line 293) ... ok
[INFO] [stdout] 
[INFO] [stdout] failures:
[INFO] [stdout] 
[INFO] [stdout] ---- src/api/bitbucket.rs - api::bitbucket (line 47) stdout ----
[INFO] [stdout] error[E0728]: `await` is only allowed inside `async` functions and blocks
[INFO] [stdout]  --> src/api/bitbucket.rs:53:83
[INFO] [stdout]   |
[INFO] [stdout] 3 | fn main() { #[allow(non_snake_case)] fn _doctest_main_src_api_bitbucket_rs_47_0() {
[INFO] [stdout]   |                                         --------------------------------------- this is not `async`
[INFO] [stdout] ...
[INFO] [stdout] 9 | let issues = bitbucket_client.get_pull_request_issues("MY_PROJECT", "MY_REPO", 42).await.unwrap();
[INFO] [stdout]   |                                                                                   ^^^^^^ only allowed inside `async` functions and blocks
[INFO] [stdout] 
[INFO] [stdout] error: aborting due to previous error
[INFO] [stdout] 
[INFO] [stdout] For more information about this error, try `rustc --explain E0728`.
[INFO] [stdout] Couldn't compile the test.
[INFO] [stdout] ---- src/api/bitbucket.rs - api::bitbucket::BitbucketAuthor (line 333) stdout ----
[INFO] [stdout] error[E0425]: cannot find value `client` in this scope
[INFO] [stdout]   --> src/api/bitbucket.rs:343:24
[INFO] [stdout]    |
[INFO] [stdout] 13 | let mut commits_iter = client.compare_commits(project_key, repo_slug, start_commit, end_commit);
[INFO] [stdout]    |                        ^^^^^^ not found in this scope
[INFO] [stdout] 
[INFO] [stdout] error[E0728]: `await` is only allowed inside `async` functions and blocks
[INFO] [stdout]   --> src/api/bitbucket.rs:344:37
[INFO] [stdout]    |
[INFO] [stdout] 3  | fn main() { #[allow(non_snake_case)] fn _doctest_main_src_api_bitbucket_rs_333_0() {
[INFO] [stdout]    |                                         ---------------------------------------- this is not `async`
[INFO] [stdout] ...
[INFO] [stdout] 14 | let all_commits = commits_iter.all().await.unwrap();
[INFO] [stdout]    |                                     ^^^^^^ only allowed inside `async` functions and blocks
[INFO] [stdout] 
[INFO] [stdout] error: aborting due to 2 previous errors
[INFO] [stdout] 
[INFO] [stdout] Some errors have detailed explanations: E0425, E0728.
[INFO] [stdout] For more information about an error, try `rustc --explain E0425`.
[INFO] [stdout] Couldn't compile the test.
[INFO] [stdout] ---- src/api/bitbucket.rs - api::bitbucket::BitbucketPaginated<'a,T>::new (line 189) stdout ----
[INFO] [stdout] error[E0624]: associated function `new` is private
[INFO] [stdout]    --> src/api/bitbucket.rs:195:37
[INFO] [stdout]     |
[INFO] [stdout] 9   | let paginated = BitbucketPaginated::new(&client, url.to_string(), None);
[INFO] [stdout]     |                                     ^^^ private associated function
[INFO] [stdout]     |
[INFO] [stdout]    ::: /opt/rustwide/workdir/src/api/bitbucket.rs:197:5
[INFO] [stdout]     |
[INFO] [stdout] 197 |     fn new(client: &'a BitbucketClient, url: String, query: Option<&HashMap<String, String>>) -> Self {
[INFO] [stdout]     |     ------------------------------------------------------------------------------------------------- private associated function defined here
[INFO] [stdout] 
[INFO] [stdout] error: aborting due to previous error
[INFO] [stdout] 
[INFO] [stdout] For more information about this error, try `rustc --explain E0624`.
[INFO] [stdout] Couldn't compile the test.
[INFO] [stdout] ---- src/api/bitbucket.rs - api::bitbucket::BitbucketPage (line 113) stdout ----
[INFO] [stdout] error[E0412]: cannot find type `BitbucketCommit` in this scope
[INFO] [stdout]    --> src/api/bitbucket.rs:117:18
[INFO] [stdout]     |
[INFO] [stdout] 7   | let commits: Vec<BitbucketCommit> = commit_page.values;
[INFO] [stdout]     |                  ^^^^^^^^^^^^^^^
[INFO] [stdout]     |
[INFO] [stdout]    ::: /opt/rustwide/workdir/src/api/bitbucket.rs:577:1
[INFO] [stdout]     |
[INFO] [stdout] 577 | pub struct BitbucketClient {
[INFO] [stdout]     | -------------------------- similarly named struct `BitbucketClient` defined here
[INFO] [stdout]     |
[INFO] [stdout] help: a struct with a similar name exists
[INFO] [stdout]     |
[INFO] [stdout] 7   | let commits: Vec<BitbucketClient> = commit_page.values;
[INFO] [stdout]     |                  ~~~~~~~~~~~~~~~
[INFO] [stdout] help: consider importing this struct
[INFO] [stdout]     |
[INFO] [stdout] 2   | use deployment_changelog::api::bitbucket::BitbucketCommit;
[INFO] [stdout]     |
[INFO] [stdout] 
[INFO] [stdout] error[E0425]: cannot find value `commit_page` in this scope
[INFO] [stdout]  --> src/api/bitbucket.rs:117:37
[INFO] [stdout]   |
[INFO] [stdout] 7 | let commits: Vec<BitbucketCommit> = commit_page.values;
[INFO] [stdout]   |                                     ^^^^^^^^^^^ not found in this scope
[INFO] [stdout] 
[INFO] [stdout] error: aborting due to 2 previous errors
[INFO] [stdout] 
[INFO] [stdout] Some errors have detailed explanations: E0412, E0425.
[INFO] [stdout] For more information about an error, try `rustc --explain E0412`.
[INFO] [stdout] Couldn't compile the test.
[INFO] [stdout] ---- src/api/bitbucket.rs - api::bitbucket::BitbucketPullRequestIssue (line 484) stdout ----
[INFO] [stdout] error[E0425]: cannot find value `client` in this scope
[INFO] [stdout]   --> src/api/bitbucket.rs:492:21
[INFO] [stdout]    |
[INFO] [stdout] 11 | let issues_result = client.get_pull_request_issues(project_key, repo_slug, pull_request_id).await;
[INFO] [stdout]    |                     ^^^^^^ not found in this scope
[INFO] [stdout] 
[INFO] [stdout] error[E0728]: `await` is only allowed inside `async` functions and blocks
[INFO] [stdout]   --> src/api/bitbucket.rs:492:92
[INFO] [stdout]    |
[INFO] [stdout] 3  | fn main() { #[allow(non_snake_case)] fn _doctest_main_src_api_bitbucket_rs_484_0() {
[INFO] [stdout]    |                                         ---------------------------------------- this is not `async`
[INFO] [stdout] ...
[INFO] [stdout] 11 | let issues_result = client.get_pull_request_issues(project_key, repo_slug, pull_request_id).await;
[INFO] [stdout]    |                                                                                            ^^^^^^ only allowed inside `async` functions and blocks
[INFO] [stdout] 
[INFO] [stdout] error: aborting due to 2 previous errors
[INFO] [stdout] 
[INFO] [stdout] Some errors have detailed explanations: E0425, E0728.
[INFO] [stdout] For more information about an error, try `rustc --explain E0425`.
[INFO] [stdout] Couldn't compile the test.
[INFO] [stdout] ---- src/api/bitbucket.rs - api::bitbucket::BitbucketClient (line 541) stdout ----
[INFO] [stdout] error[E0425]: cannot find value `client` in this scope
[INFO] [stdout]   --> src/api/bitbucket.rs:550:29
[INFO] [stdout]    |
[INFO] [stdout] 12 | let mut commits_paginated = client.compare_commits(project_key, repo_slug, start_commit, end_commit);
[INFO] [stdout]    |                             ^^^^^^ not found in this scope
[INFO] [stdout] 
[INFO] [stdout] error[E0728]: `await` is only allowed inside `async` functions and blocks
[INFO] [stdout]   --> src/api/bitbucket.rs:552:58
[INFO] [stdout]    |
[INFO] [stdout] 3  | fn main() { #[allow(non_snake_case)] fn _doctest_main_src_api_bitbucket_rs_541_0() {
[INFO] [stdout]    |                                         ---------------------------------------- this is not `async`
[INFO] [stdout] ...
[INFO] [stdout] 14 | while let Some(commits_result) = commits_paginated.next().await {
[INFO] [stdout]    |                                                          ^^^^^^ only allowed inside `async` functions and blocks
[INFO] [stdout] 
[INFO] [stdout] error: aborting due to 2 previous errors
[INFO] [stdout] 
[INFO] [stdout] Some errors have detailed explanations: E0425, E0728.
[INFO] [stdout] For more information about an error, try `rustc --explain E0425`.
[INFO] [stdout] Couldn't compile the test.
[INFO] [stdout] ---- src/api/bitbucket.rs - api::bitbucket::BitbucketCommit (line 284) stdout ----
[INFO] [stdout] error[E0425]: cannot find value `client` in this scope
[INFO] [stdout]   --> src/api/bitbucket.rs:294:24
[INFO] [stdout]    |
[INFO] [stdout] 13 | let mut commits_iter = client.compare_commits(project_key, repo_slug, start_commit, end_commit);
[INFO] [stdout]    |                        ^^^^^^ not found in this scope
[INFO] [stdout] 
[INFO] [stdout] error[E0728]: `await` is only allowed inside `async` functions and blocks
[INFO] [stdout]   --> src/api/bitbucket.rs:295:37
[INFO] [stdout]    |
[INFO] [stdout] 3  | fn main() { #[allow(non_snake_case)] fn _doctest_main_src_api_bitbucket_rs_284_0() {
[INFO] [stdout]    |                                         ---------------------------------------- this is not `async`
[INFO] [stdout] ...
[INFO] [stdout] 14 | let all_commits = commits_iter.all().await.unwrap();
[INFO] [stdout]    |                                     ^^^^^^ only allowed inside `async` functions and blocks
[INFO] [stdout] 
[INFO] [stdout] error: aborting due to 2 previous errors
[INFO] [stdout] 
[INFO] [stdout] Some errors have detailed explanations: E0425, E0728.
[INFO] [stdout] For more information about an error, try `rustc --explain E0425`.
[INFO] [stdout] Couldn't compile the test.
[INFO] [stdout] ---- src/api/bitbucket.rs - api::bitbucket::BitbucketPullRequest (line 381) stdout ----
[INFO] [stdout] error[E0425]: cannot find value `client` in this scope
[INFO] [stdout]   --> src/api/bitbucket.rs:390:19
[INFO] [stdout]    |
[INFO] [stdout] 12 | let mut pr_iter = client.get_pull_requests(project_key, repo_slug, commit_hash);
[INFO] [stdout]    |                   ^^^^^^ not found in this scope
[INFO] [stdout] 
[INFO] [stdout] error[E0728]: `await` is only allowed inside `async` functions and blocks
[INFO] [stdout]   --> src/api/bitbucket.rs:391:38
[INFO] [stdout]    |
[INFO] [stdout] 3  | fn main() { #[allow(non_snake_case)] fn _doctest_main_src_api_bitbucket_rs_381_0() {
[INFO] [stdout]    |                                         ---------------------------------------- this is not `async`
[INFO] [stdout] ...
[INFO] [stdout] 13 | let all_pull_requests = pr_iter.all().await.unwrap();
[INFO] [stdout]    |                                      ^^^^^^ only allowed inside `async` functions and blocks
[INFO] [stdout] 
[INFO] [stdout] error: aborting due to 2 previous errors
[INFO] [stdout] 
[INFO] [stdout] Some errors have detailed explanations: E0425, E0728.
[INFO] [stdout] For more information about an error, try `rustc --explain E0425`.
[INFO] [stdout] Couldn't compile the test.
[INFO] [stdout] ---- src/api/bitbucket.rs - api::bitbucket::BitbucketPaginated<'_,T>::is_last (line 253) stdout ----
[INFO] [stdout] error[E0624]: associated function `new` is private
[INFO] [stdout]    --> src/api/bitbucket.rs:260:64
[INFO] [stdout]     |
[INFO] [stdout] 10  |     let mut paginated = BitbucketPaginated::<BitbucketCommit>::new(&client, url.to_string(), None);
[INFO] [stdout]     |                                                                ^^^ private associated function
[INFO] [stdout]     |
[INFO] [stdout]    ::: /opt/rustwide/workdir/src/api/bitbucket.rs:197:5
[INFO] [stdout]     |
[INFO] [stdout] 197 |     fn new(client: &'a BitbucketClient, url: String, query: Option<&HashMap<String, String>>) -> Self {
[INFO] [stdout]     |     ------------------------------------------------------------------------------------------------- private associated function defined here
[INFO] [stdout] 
[INFO] [stdout] error[E0599]: no method named `is_last` found for struct `BitbucketPaginated` in the current scope
[INFO] [stdout]    --> src/api/bitbucket.rs:262:22
[INFO] [stdout]     |
[INFO] [stdout] 12  |     while !paginated.is_last() {
[INFO] [stdout]     |                      ^^^^^^^ method not found in `BitbucketPaginated<'_, BitbucketCommit>`
[INFO] [stdout]     |
[INFO] [stdout]    ::: /opt/rustwide/workdir/src/api/rest.rs:189:8
[INFO] [stdout]     |
[INFO] [stdout] 189 |     fn is_last(&self) -> bool;
[INFO] [stdout]     |        ------- the method is available for `BitbucketPaginated<'_, BitbucketCommit>` here
[INFO] [stdout]     |
[INFO] [stdout]     = help: items from traits can only be used if the trait is in scope
[INFO] [stdout] help: the following trait is implemented but not in scope; perhaps add a `use` for it:
[INFO] [stdout]     |
[INFO] [stdout] 2   | use crate::deployment_changelog::api::rest::Paginated;
[INFO] [stdout]     |
[INFO] [stdout] 
[INFO] [stdout] error[E0599]: no method named `next` found for struct `BitbucketPaginated` in the current scope
[INFO] [stdout]    --> src/api/bitbucket.rs:263:33
[INFO] [stdout]     |
[INFO] [stdout] 13  |         let commits = paginated.next().await.unwrap();
[INFO] [stdout]     |                                 ^^^^ method not found in `BitbucketPaginated<'_, BitbucketCommit>`
[INFO] [stdout]     |
[INFO] [stdout]    ::: /opt/rustwide/workdir/src/api/rest.rs:175:14
[INFO] [stdout]     |
[INFO] [stdout] 175 |     async fn next(&mut self) -> Result<Vec<T>>;
[INFO] [stdout]     |              ---- the method is available for `BitbucketPaginated<'_, BitbucketCommit>` here
[INFO] [stdout]     |
[INFO] [stdout]     = help: items from traits can only be used if the trait is in scope
[INFO] [stdout] help: the following trait is implemented but not in scope; perhaps add a `use` for it:
[INFO] [stdout]     |
[INFO] [stdout] 2   | use crate::deployment_changelog::api::rest::Paginated;
[INFO] [stdout]     |
[INFO] [stdout] 
[INFO] [stdout] error: aborting due to 3 previous errors
[INFO] [stdout] 
[INFO] [stdout] Some errors have detailed explanations: E0599, E0624.
[INFO] [stdout] For more information about an error, try `rustc --explain E0599`.
[INFO] [stdout] Couldn't compile the test.
[INFO] [stdout] ---- src/api/bitbucket.rs - api::bitbucket (line 13) stdout ----
[INFO] [stdout] error[E0728]: `await` is only allowed inside `async` functions and blocks
[INFO] [stdout]   --> src/api/bitbucket.rs:21:32
[INFO] [stdout]    |
[INFO] [stdout] 3  | fn main() { #[allow(non_snake_case)] fn _doctest_main_src_api_bitbucket_rs_13_0() {
[INFO] [stdout]    |                                         --------------------------------------- this is not `async`
[INFO] [stdout] ...
[INFO] [stdout] 11 | let all_commits = commits.all().await.unwrap();
[INFO] [stdout]    |                                ^^^^^^ only allowed inside `async` functions and blocks
[INFO] [stdout] 
[INFO] [stdout] error[E0599]: no method named `all` found for struct `BitbucketPaginated` in the current scope
[INFO] [stdout]    --> src/api/bitbucket.rs:21:27
[INFO] [stdout]     |
[INFO] [stdout] 11  | let all_commits = commits.all().await.unwrap();
[INFO] [stdout]     |                           ^^^ method not found in `BitbucketPaginated<'_, BitbucketCommit>`
[INFO] [stdout]     |
[INFO] [stdout]    ::: /opt/rustwide/workdir/src/api/rest.rs:205:14
[INFO] [stdout]     |
[INFO] [stdout] 205 |     async fn all(&mut self) -> Result<Vec<T>> {
[INFO] [stdout]     |              --- the method is available for `BitbucketPaginated<'_, BitbucketCommit>` here
[INFO] [stdout]     |
[INFO] [stdout]     = help: items from traits can only be used if the trait is in scope
[INFO] [stdout] help: the following trait is implemented but not in scope; perhaps add a `use` for it:
[INFO] [stdout]     |
[INFO] [stdout] 2   | use crate::deployment_changelog::api::rest::Paginated;
[INFO] [stdout]     |
[INFO] [stdout] 
[INFO] [stdout] error: aborting due to 2 previous errors
[INFO] [stdout] 
[INFO] [stdout] Some errors have detailed explanations: E0599, E0728.
[INFO] [stdout] For more information about an error, try `rustc --explain E0599`.
[INFO] [stdout] Couldn't compile the test.
[INFO] [stdout] ---- src/api/bitbucket.rs - api::bitbucket (line 30) stdout ----
[INFO] [stdout] error[E0728]: `await` is only allowed inside `async` functions and blocks
[INFO] [stdout]   --> src/api/bitbucket.rs:38:44
[INFO] [stdout]    |
[INFO] [stdout] 3  | fn main() { #[allow(non_snake_case)] fn _doctest_main_src_api_bitbucket_rs_30_0() {
[INFO] [stdout]    |                                         --------------------------------------- this is not `async`
[INFO] [stdout] ...
[INFO] [stdout] 11 | let all_pull_requests = pull_requests.all().await.unwrap();
[INFO] [stdout]    |                                            ^^^^^^ only allowed inside `async` functions and blocks
[INFO] [stdout] 
[INFO] [stdout] error[E0599]: no method named `all` found for struct `BitbucketPaginated` in the current scope
[INFO] [stdout]    --> src/api/bitbucket.rs:38:39
[INFO] [stdout]     |
[INFO] [stdout] 11  | let all_pull_requests = pull_requests.all().await.unwrap();
[INFO] [stdout]     |                                       ^^^ method not found in `BitbucketPaginated<'_, BitbucketPullRequest>`
[INFO] [stdout]     |
[INFO] [stdout]    ::: /opt/rustwide/workdir/src/api/rest.rs:205:14
[INFO] [stdout]     |
[INFO] [stdout] 205 |     async fn all(&mut self) -> Result<Vec<T>> {
[INFO] [stdout]     |              --- the method is available for `BitbucketPaginated<'_, BitbucketPullRequest>` here
[INFO] [stdout]     |
[INFO] [stdout]     = help: items from traits can only be used if the trait is in scope
[INFO] [stdout] help: the following trait is implemented but not in scope; perhaps add a `use` for it:
[INFO] [stdout]     |
[INFO] [stdout] 2   | use crate::deployment_changelog::api::rest::Paginated;
[INFO] [stdout]     |
[INFO] [stdout] 
[INFO] [stdout] error: aborting due to 2 previous errors
[INFO] [stdout] 
[INFO] [stdout] Some errors have detailed explanations: E0599, E0728.
[INFO] [stdout] For more information about an error, try `rustc --explain E0599`.
[INFO] [stdout] Couldn't compile the test.
[INFO] [stdout] ---- src/api/bitbucket.rs - api::bitbucket::BitbucketClient (line 573) stdout ----
[INFO] [stdout] error[E0433]: failed to resolve: use of undeclared type `BitbucketClient`
[INFO] [stdout]  --> src/api/bitbucket.rs:574:14
[INFO] [stdout]   |
[INFO] [stdout] 3 | let client = BitbucketClient::new("https://api.bitbucket.com").unwrap();
[INFO] [stdout]   |              ^^^^^^^^^^^^^^^ use of undeclared type `BitbucketClient`
[INFO] [stdout]   |
[INFO] [stdout] help: consider importing this struct
[INFO] [stdout]   |
[INFO] [stdout] 2 | use deployment_changelog::api::bitbucket::BitbucketClient;
[INFO] [stdout]   |
[INFO] [stdout] 
[INFO] [stdout] error: aborting due to previous error
[INFO] [stdout] 
[INFO] [stdout] For more information about this error, try `rustc --explain E0433`.
[INFO] [stdout] Couldn't compile the test.
[INFO] [stdout] ---- src/api/bitbucket.rs - api::bitbucket::BitbucketPaginated<'_,T>::next (line 220) stdout ----
[INFO] [stdout] error[E0624]: associated function `new` is private
[INFO] [stdout]    --> src/api/bitbucket.rs:227:64
[INFO] [stdout]     |
[INFO] [stdout] 10  |     let mut paginated = BitbucketPaginated::<BitbucketCommit>::new(&client, url.to_string(), None);
[INFO] [stdout]     |                                                                ^^^ private associated function
[INFO] [stdout]     |
[INFO] [stdout]    ::: /opt/rustwide/workdir/src/api/bitbucket.rs:197:5
[INFO] [stdout]     |
[INFO] [stdout] 197 |     fn new(client: &'a BitbucketClient, url: String, query: Option<&HashMap<String, String>>) -> Self {
[INFO] [stdout]     |     ------------------------------------------------------------------------------------------------- private associated function defined here
[INFO] [stdout] 
[INFO] [stdout] error[E0599]: no method named `next` found for struct `BitbucketPaginated` in the current scope
[INFO] [stdout]    --> src/api/bitbucket.rs:229:29
[INFO] [stdout]     |
[INFO] [stdout] 12  |     let commits = paginated.next().await.unwrap();
[INFO] [stdout]     |                             ^^^^ method not found in `BitbucketPaginated<'_, BitbucketCommit>`
[INFO] [stdout]     |
[INFO] [stdout]    ::: /opt/rustwide/workdir/src/api/rest.rs:175:14
[INFO] [stdout]     |
[INFO] [stdout] 175 |     async fn next(&mut self) -> Result<Vec<T>>;
[INFO] [stdout]     |              ---- the method is available for `BitbucketPaginated<'_, BitbucketCommit>` here
[INFO] [stdout]     |
[INFO] [stdout]     = help: items from traits can only be used if the trait is in scope
[INFO] [stdout] help: the following trait is implemented but not in scope; perhaps add a `use` for it:
[INFO] [stdout]     |
[INFO] [stdout] 2   | use crate::deployment_changelog::api::rest::Paginated;
[INFO] [stdout]     |
[INFO] [stdout] 
[INFO] [stdout] error: aborting due to 2 previous errors
[INFO] [stdout] 
[INFO] [stdout] Some errors have detailed explanations: E0599, E0624.
[INFO] [stdout] For more information about an error, try `rustc --explain E0599`.
[INFO] [stdout] Couldn't compile the test.
[INFO] [stdout] ---- src/api/bitbucket.rs - api::bitbucket::BitbucketPaginated (line 158) stdout ----
[INFO] [stdout] error[E0425]: cannot find value `client` in this scope
[INFO] [stdout]   --> src/api/bitbucket.rs:168:24
[INFO] [stdout]    |
[INFO] [stdout] 13 | let mut commits_iter = client.compare_commits(project_key, repo_slug, start_commit, end_commit);
[INFO] [stdout]    |                        ^^^^^^ not found in this scope
[INFO] [stdout] 
[INFO] [stdout] error[E0728]: `await` is only allowed inside `async` functions and blocks
[INFO] [stdout]   --> src/api/bitbucket.rs:169:37
[INFO] [stdout]    |
[INFO] [stdout] 3  | fn main() { #[allow(non_snake_case)] fn _doctest_main_src_api_bitbucket_rs_158_0() {
[INFO] [stdout]    |                                         ---------------------------------------- this is not `async`
[INFO] [stdout] ...
[INFO] [stdout] 14 | let all_commits = commits_iter.all().await.unwrap();
[INFO] [stdout]    |                                     ^^^^^^ only allowed inside `async` functions and blocks
[INFO] [stdout] 
[INFO] [stdout] error: aborting due to 2 previous errors
[INFO] [stdout] 
[INFO] [stdout] Some errors have detailed explanations: E0425, E0728.
[INFO] [stdout] For more information about an error, try `rustc --explain E0425`.
[INFO] [stdout] Couldn't compile the test.
[INFO] [stdout] ---- src/api/bitbucket.rs - api::bitbucket::BitbucketPullRequestAuthor (line 439) stdout ----
[INFO] [stdout] error[E0425]: cannot find value `client` in this scope
[INFO] [stdout]   --> src/api/bitbucket.rs:448:19
[INFO] [stdout]    |
[INFO] [stdout] 12 | let mut pr_iter = client.get_pull_requests(project_key, repo_slug, commit_hash);
[INFO] [stdout]    |                   ^^^^^^ not found in this scope
[INFO] [stdout] 
[INFO] [stdout] error[E0728]: `await` is only allowed inside `async` functions and blocks
[INFO] [stdout]   --> src/api/bitbucket.rs:449:38
[INFO] [stdout]    |
[INFO] [stdout] 3  | fn main() { #[allow(non_snake_case)] fn _doctest_main_src_api_bitbucket_rs_439_0() {
[INFO] [stdout]    |                                         ---------------------------------------- this is not `async`
[INFO] [stdout] ...
[INFO] [stdout] 13 | let all_pull_requests = pr_iter.all().await.unwrap();
[INFO] [stdout]    |                                      ^^^^^^ only allowed inside `async` functions and blocks
[INFO] [stdout] 
[INFO] [stdout] error: aborting due to 2 previous errors
[INFO] [stdout] 
[INFO] [stdout] Some errors have detailed explanations: E0425, E0728.
[INFO] [stdout] For more information about an error, try `rustc --explain E0425`.
[INFO] [stdout] Couldn't compile the test.
[INFO] [stdout] ---- src/api/graphql.rs - api::graphql (line 16) stdout ----
[INFO] [stdout] error: Failed to generate GraphQLQuery impl: Could not find file with path: /opt/rustwide/workdir/path/to/schema.graphql
[INFO] [stdout]        
[INFO] [stdout]                        Hint: file paths in the GraphQLQuery attribute are relative to the project root (location of the Cargo.toml). Example: query_path = "src/my_query.graphql".
[INFO] [stdout]   --> src/api/graphql.rs:23:1
[INFO] [stdout]    |
[INFO] [stdout] 10 | / #[graphql(
[INFO] [stdout] 11 | |     schema_path = "path/to/schema.graphql",
[INFO] [stdout] 12 | |     query_path = "path/to/query.graphql",
[INFO] [stdout] 13 | |     response_derives = "Debug"
[INFO] [stdout] 14 | | )]
[INFO] [stdout] 15 | | struct MyQuery;
[INFO] [stdout]    | |_______________^
[INFO] [stdout] 
[INFO] [stdout] error[E0432]: unresolved import `deployment_changelog::api::rest::graphql`
[INFO] [stdout]  --> src/api/graphql.rs:18:38
[INFO] [stdout]   |
[INFO] [stdout] 5 | use deployment_changelog::api::rest::graphql::GraphQLClient;
[INFO] [stdout]   |                                      ^^^^^^^ could not find `graphql` in `rest`
[INFO] [stdout] 
[INFO] [stdout] error[E0223]: ambiguous associated type
[INFO] [stdout]   --> src/api/graphql.rs:30:45
[INFO] [stdout]    |
[INFO] [stdout] 17 | async fn execute_query() -> Result<Response<MyQuery::ResponseData>> {
[INFO] [stdout]    |                                             ^^^^^^^^^^^^^^^^^^^^^
[INFO] [stdout]    |
[INFO] [stdout] help: if there were a trait named `Example` with associated type `ResponseData` implemented for `MyQuery`, you could use the fully-qualified path
[INFO] [stdout]    |
[INFO] [stdout] 17 | async fn execute_query() -> Result<Response<<MyQuery as Example>::ResponseData>> {
[INFO] [stdout]    |                                             ~~~~~~~~~~~~~~~~~~~~~~~~~~~~~~~~~~
[INFO] [stdout] 
[INFO] [stdout] error: aborting due to 3 previous errors
[INFO] [stdout] 
[INFO] [stdout] Some errors have detailed explanations: E0223, E0432.
[INFO] [stdout] For more information about an error, try `rustc --explain E0223`.
[INFO] [stdout] Couldn't compile the test.
[INFO] [stdout] ---- src/api/graphql.rs - api::graphql::GraphQLClient (line 67) stdout ----
[INFO] [stdout] error: Failed to generate GraphQLQuery impl: Could not find file with path: /opt/rustwide/workdir/path/to/schema.graphql
[INFO] [stdout]        
[INFO] [stdout]                        Hint: file paths in the GraphQLQuery attribute are relative to the project root (location of the Cargo.toml). Example: query_path = "src/my_query.graphql".
[INFO] [stdout]   --> src/api/graphql.rs:74:1
[INFO] [stdout]    |
[INFO] [stdout] 10 | / #[graphql(
[INFO] [stdout] 11 | |     schema_path = "path/to/schema.graphql",
[INFO] [stdout] 12 | |     query_path = "path/to/query.graphql",
[INFO] [stdout] 13 | |     response_derives = "Debug"
[INFO] [stdout] 14 | | )]
[INFO] [stdout] 15 | | struct MyQuery;
[INFO] [stdout]    | |_______________^
[INFO] [stdout] 
[INFO] [stdout] error[E0432]: unresolved import `deployment_changelog::api::rest::graphql`
[INFO] [stdout]  --> src/api/graphql.rs:69:38
[INFO] [stdout]   |
[INFO] [stdout] 5 | use deployment_changelog::api::rest::graphql::GraphQLClient;
[INFO] [stdout]   |                                      ^^^^^^^ could not find `graphql` in `rest`
[INFO] [stdout] 
[INFO] [stdout] error[E0223]: ambiguous associated type
[INFO] [stdout]   --> src/api/graphql.rs:81:45
[INFO] [stdout]    |
[INFO] [stdout] 17 | async fn execute_query() -> Result<Response<MyQuery::ResponseData>> {
[INFO] [stdout]    |                                             ^^^^^^^^^^^^^^^^^^^^^
[INFO] [stdout]    |
[INFO] [stdout] help: if there were a trait named `Example` with associated type `ResponseData` implemented for `MyQuery`, you could use the fully-qualified path
[INFO] [stdout]    |
[INFO] [stdout] 17 | async fn execute_query() -> Result<Response<<MyQuery as Example>::ResponseData>> {
[INFO] [stdout]    |                                             ~~~~~~~~~~~~~~~~~~~~~~~~~~~~~~~~~~
[INFO] [stdout] 
[INFO] [stdout] error: aborting due to 3 previous errors
[INFO] [stdout] 
[INFO] [stdout] Some errors have detailed explanations: E0223, E0432.
[INFO] [stdout] For more information about an error, try `rustc --explain E0223`.
[INFO] [stdout] Couldn't compile the test.
[INFO] [stdout] ---- src/api/graphql.rs - api::graphql::GraphQLClient::post (line 155) stdout ----
[INFO] [stdout] error: Failed to generate GraphQLQuery impl: Could not find file with path: /opt/rustwide/workdir/path/to/schema.graphql
[INFO] [stdout]        
[INFO] [stdout]                        Hint: file paths in the GraphQLQuery attribute are relative to the project root (location of the Cargo.toml). Example: query_path = "src/my_query.graphql".
[INFO] [stdout]   --> src/api/graphql.rs:160:1
[INFO] [stdout]    |
[INFO] [stdout] 8  | / #[graphql(
[INFO] [stdout] 9  | |     schema_path = "path/to/schema.graphql",
[INFO] [stdout] 10 | |     query_path = "path/to/query.graphql",
[INFO] [stdout] 11 | |     response_derives = "Debug"
[INFO] [stdout] 12 | | )]
[INFO] [stdout] 13 | | struct MyQuery;
[INFO] [stdout]    | |_______________^
[INFO] [stdout] 
[INFO] [stdout] error[E0432]: unresolved import `deployment_changelog::api::rest::graphql`
[INFO] [stdout]  --> src/api/graphql.rs:156:38
[INFO] [stdout]   |
[INFO] [stdout] 4 | use deployment_changelog::api::rest::graphql::GraphQLClient;
[INFO] [stdout]   |                                      ^^^^^^^ could not find `graphql` in `rest`
[INFO] [stdout] 
[INFO] [stdout] error[E0107]: enum takes 2 generic arguments but 1 generic argument was supplied
[INFO] [stdout]   --> src/api/graphql.rs:167:29
[INFO] [stdout]    |
[INFO] [stdout] 15 | async fn execute_query() -> Result<Response<MyQuery::ResponseData>> {
[INFO] [stdout]    |                             ^^^^^^ ------------------------------- supplied 1 generic argument
[INFO] [stdout]    |                             |
[INFO] [stdout]    |                             expected 2 generic arguments
[INFO] [stdout]    |
[INFO] [stdout] help: add missing generic argument
[INFO] [stdout]    |
[INFO] [stdout] 15 | async fn execute_query() -> Result<Response<MyQuery::ResponseData>, E> {
[INFO] [stdout]    |                                                                   +++
[INFO] [stdout] 
[INFO] [stdout] error[E0223]: ambiguous associated type
[INFO] [stdout]   --> src/api/graphql.rs:167:45
[INFO] [stdout]    |
[INFO] [stdout] 15 | async fn execute_query() -> Result<Response<MyQuery::ResponseData>> {
[INFO] [stdout]    |                                             ^^^^^^^^^^^^^^^^^^^^^
[INFO] [stdout]    |
[INFO] [stdout] help: if there were a trait named `Example` with associated type `ResponseData` implemented for `MyQuery`, you could use the fully-qualified path
[INFO] [stdout]    |
[INFO] [stdout] 15 | async fn execute_query() -> Result<Response<<MyQuery as Example>::ResponseData>> {
[INFO] [stdout]    |                                             ~~~~~~~~~~~~~~~~~~~~~~~~~~~~~~~~~~
[INFO] [stdout] 
[INFO] [stdout] error: aborting due to 4 previous errors
[INFO] [stdout] 
[INFO] [stdout] Some errors have detailed explanations: E0107, E0223, E0432.
[INFO] [stdout] For more information about an error, try `rustc --explain E0107`.
[INFO] [stdout] Couldn't compile the test.
[INFO] [stdout] ---- src/api/graphql.rs - api::graphql::GraphQLClient::new (line 111) stdout ----
[INFO] [stdout] error[E0432]: unresolved import `deployment_changelog::api::rest::graphql`
[INFO] [stdout]  --> src/api/graphql.rs:112:38
[INFO] [stdout]   |
[INFO] [stdout] 4 | use deployment_changelog::api::rest::graphql::GraphQLClient;
[INFO] [stdout]   |                                      ^^^^^^^ could not find `graphql` in `rest`
[INFO] [stdout] 
[INFO] [stdout] error: aborting due to previous error
[INFO] [stdout] 
[INFO] [stdout] For more information about this error, try `rustc --explain E0432`.
[INFO] [stdout] Couldn't compile the test.
[INFO] [stdout] ---- src/api/graphql.rs - api::graphql::GraphQLClient::from_client (line 135) stdout ----
[INFO] [stdout] error[E0432]: unresolved import `deployment_changelog::api::rest::graphql`
[INFO] [stdout]  --> src/api/graphql.rs:136:39
[INFO] [stdout]   |
[INFO] [stdout] 4 | use deployment_changelog::api::rest::{graphql::GraphQLClient, RestClient};
[INFO] [stdout]   |                                       ^^^^^^^ could not find `graphql` in `rest`
[INFO] [stdout] 
[INFO] [stdout] error[E0277]: the `?` operator can only be used in a function that returns `Result` or `Option` (or another type that implements `FromResidual`)
[INFO] [stdout]  --> src/api/graphql.rs:138:61
[INFO] [stdout]   |
[INFO] [stdout] 3 | fn main() { #[allow(non_snake_case)] fn _doctest_main_src_api_graphql_rs_135_0() {
[INFO] [stdout]   |                                      ------------------------------------------- this function should return `Result` or `Option` to accept `?`
[INFO] [stdout] ...
[INFO] [stdout] 6 | let rest_client = RestClient::new("https://api.example.com")?;
[INFO] [stdout]   |                                                             ^ cannot use the `?` operator in a function that returns `()`
[INFO] [stdout]   |
[INFO] [stdout]   = help: the trait `FromResidual<Result<Infallible, anyhow::Error>>` is not implemented for `()`
[INFO] [stdout] 
[INFO] [stdout] error: aborting due to 2 previous errors
[INFO] [stdout] 
[INFO] [stdout] Some errors have detailed explanations: E0277, E0432.
[INFO] [stdout] For more information about an error, try `rustc --explain E0277`.
[INFO] [stdout] Couldn't compile the test.
[INFO] [stdout] ---- src/api/jira.rs - api::jira (line 22) stdout ----
[INFO] [stdout] error[E0425]: cannot find value `client` in this scope
[INFO] [stdout]  --> src/api/jira.rs:28:7
[INFO] [stdout]   |
[INFO] [stdout] 9 | match client.get_issue(issue_key).await {
[INFO] [stdout]   |       ^^^^^^ not found in this scope
[INFO] [stdout] 
[INFO] [stdout] error[E0728]: `await` is only allowed inside `async` functions and blocks
[INFO] [stdout]  --> src/api/jira.rs:28:34
[INFO] [stdout]   |
[INFO] [stdout] 3 | fn main() { #[allow(non_snake_case)] fn _doctest_main_src_api_jira_rs_22_0() {
[INFO] [stdout]   |                                         ---------------------------------- this is not `async`
[INFO] [stdout] ...
[INFO] [stdout] 9 | match client.get_issue(issue_key).await {
[INFO] [stdout]   |                                  ^^^^^^ only allowed inside `async` functions and blocks
[INFO] [stdout] 
[INFO] [stdout] error: aborting due to 2 previous errors
[INFO] [stdout] 
[INFO] [stdout] Some errors have detailed explanations: E0425, E0728.
[INFO] [stdout] For more information about an error, try `rustc --explain E0425`.
[INFO] [stdout] Couldn't compile the test.
[INFO] [stdout] ---- src/api/rest.rs - api::rest (line 17) stdout ----
[INFO] [stdout] error[E0728]: `await` is only allowed inside `async` functions and blocks
[INFO] [stdout]   --> src/api/rest.rs:36:79
[INFO] [stdout]    |
[INFO] [stdout] 3  | fn main() { #[allow(non_snake_case)] fn _doctest_main_src_api_rest_rs_17_0() {
[INFO] [stdout]    |                                         ---------------------------------- this is not `async`
[INFO] [stdout] ...
[INFO] [stdout] 22 | let response: ResponseData = rest_client.get("/endpoint", Some(&query_params)).await.unwrap();
[INFO] [stdout]    |                                                                               ^^^^^^ only allowed inside `async` functions and blocks
[INFO] [stdout] 
[INFO] [stdout] error: aborting due to previous error
[INFO] [stdout] 
[INFO] [stdout] For more information about this error, try `rustc --explain E0728`.
[INFO] [stdout] Couldn't compile the test.
[INFO] [stdout] ---- src/api/rest.rs - api::rest (line 75) stdout ----
[INFO] [stdout] error[E0422]: cannot find struct, variant or union type `PaginatedItems` in this scope
[INFO] [stdout]   --> src/api/rest.rs:83:27
[INFO] [stdout]    |
[INFO] [stdout] 11 | let mut paginated_items = PaginatedItems {
[INFO] [stdout]    |                           ^^^^^^^^^^^^^^ not found in this scope
[INFO] [stdout] 
[INFO] [stdout] error[E0728]: `await` is only allowed inside `async` functions and blocks
[INFO] [stdout]   --> src/api/rest.rs:89:38
[INFO] [stdout]    |
[INFO] [stdout] 3  | fn main() { #[allow(non_snake_case)] fn _doctest_main_src_api_rest_rs_75_0() {
[INFO] [stdout]    |                                         ---------------------------------- this is not `async`
[INFO] [stdout] ...
[INFO] [stdout] 17 | let all_items = paginated_items.all().await.unwrap();
[INFO] [stdout]    |                                      ^^^^^^ only allowed inside `async` functions and blocks
[INFO] [stdout] 
[INFO] [stdout] error: aborting due to 2 previous errors
[INFO] [stdout] 
[INFO] [stdout] Some errors have detailed explanations: E0422, E0728.
[INFO] [stdout] For more information about an error, try `rustc --explain E0422`.
[INFO] [stdout] Couldn't compile the test.
[INFO] [stdout] ---- src/api/rest.rs - api::rest::Paginated (line 144) stdout ----
[INFO] [stdout] error[E0422]: cannot find struct, variant or union type `PaginatedItems` in this scope
[INFO] [stdout]   --> src/api/rest.rs:152:27
[INFO] [stdout]    |
[INFO] [stdout] 11 | let mut paginated_items = PaginatedItems {
[INFO] [stdout]    |                           ^^^^^^^^^^^^^^ not found in this scope
[INFO] [stdout] 
[INFO] [stdout] error[E0728]: `await` is only allowed inside `async` functions and blocks
[INFO] [stdout]   --> src/api/rest.rs:158:38
[INFO] [stdout]    |
[INFO] [stdout] 3  | fn main() { #[allow(non_snake_case)] fn _doctest_main_src_api_rest_rs_144_0() {
[INFO] [stdout]    |                                         ----------------------------------- this is not `async`
[INFO] [stdout] ...
[INFO] [stdout] 17 | let all_items = paginated_items.all().await.unwrap();
[INFO] [stdout]    |                                      ^^^^^^ only allowed inside `async` functions and blocks
[INFO] [stdout] 
[INFO] [stdout] error: aborting due to 2 previous errors
[INFO] [stdout] 
[INFO] [stdout] Some errors have detailed explanations: E0422, E0728.
[INFO] [stdout] For more information about an error, try `rustc --explain E0422`.
[INFO] [stdout] Couldn't compile the test.
[INFO] [stdout] ---- src/api/rest.rs - api::rest::Paginated::all (line 197) stdout ----
[INFO] [stdout] error[E0425]: cannot find value `bitbucket_client` in this scope
[INFO] [stdout]  --> src/api/rest.rs:198:29
[INFO] [stdout]   |
[INFO] [stdout] 3 | let mut paginated_commits = bitbucket_client.compare_commits("PROJECT", "REPO", "start_commit", "end_commit");
[INFO] [stdout]   |                             ^^^^^^^^^^^^^^^^ not found in this scope
[INFO] [stdout] 
[INFO] [stdout] error[E0728]: `await` is only allowed inside `async` functions and blocks
[INFO] [stdout]  --> src/api/rest.rs:199:42
[INFO] [stdout]   |
[INFO] [stdout] 2 | fn main() { #[allow(non_snake_case)] fn _doctest_main_src_api_rest_rs_197_0() {
[INFO] [stdout]   |                                         ----------------------------------- this is not `async`
[INFO] [stdout] 3 | let mut paginated_commits = bitbucket_client.compare_commits("PROJECT", "REPO", "start_commit", "end_commit");
[INFO] [stdout] 4 | let all_commits = paginated_commits.all().await?;
[INFO] [stdout]   |                                          ^^^^^^ only allowed inside `async` functions and blocks
[INFO] [stdout] 
[INFO] [stdout] error[E0277]: the `?` operator can only be used in a function that returns `Result` or `Option` (or another type that implements `FromResidual`)
[INFO] [stdout]  --> src/api/rest.rs:199:48
[INFO] [stdout]   |
[INFO] [stdout] 2 | fn main() { #[allow(non_snake_case)] fn _doctest_main_src_api_rest_rs_197_0() {
[INFO] [stdout]   |                                      ---------------------------------------- this function should return `Result` or `Option` to accept `?`
[INFO] [stdout] 3 | let mut paginated_commits = bitbucket_client.compare_commits("PROJECT", "REPO", "start_commit", "end_commit");
[INFO] [stdout] 4 | let all_commits = paginated_commits.all().await?;
[INFO] [stdout]   |                                                ^ cannot use the `?` operator in a function that returns `()`
[INFO] [stdout]   |
[INFO] [stdout]   = help: the trait `FromResidual<_>` is not implemented for `()`
[INFO] [stdout] 
[INFO] [stdout] error: aborting due to 3 previous errors
[INFO] [stdout] 
[INFO] [stdout] Some errors have detailed explanations: E0277, E0425, E0728.
[INFO] [stdout] For more information about an error, try `rustc --explain E0277`.
[INFO] [stdout] Couldn't compile the test.
[INFO] [stdout] ---- src/api/rest.rs - api::rest::RestClient::build_url (line 388) stdout ----
[INFO] [stdout] error[E0425]: cannot find value `rest_client` in this scope
[INFO] [stdout]  --> src/api/rest.rs:389:11
[INFO] [stdout]   |
[INFO] [stdout] 3 | let url = rest_client.build_url("/2.0/repositories/user/repo/commits", "GET").unwrap();
[INFO] [stdout]   |           ^^^^^^^^^^^ not found in this scope
[INFO] [stdout] 
[INFO] [stdout] error: aborting due to previous error
[INFO] [stdout] 
[INFO] [stdout] For more information about this error, try `rustc --explain E0425`.
[INFO] [stdout] Couldn't compile the test.
[INFO] [stdout] ---- src/api/rest.rs - api::rest::Paginated::is_last (line 181) stdout ----
[INFO] [stdout] error[E0425]: cannot find value `bitbucket_client` in this scope
[INFO] [stdout]  --> src/api/rest.rs:182:29
[INFO] [stdout]   |
[INFO] [stdout] 3 | let mut paginated_commits = bitbucket_client.compare_commits("PROJECT", "REPO", "start_commit", "end_commit");
[INFO] [stdout]   |                             ^^^^^^^^^^^^^^^^ not found in this scope
[INFO] [stdout] 
[INFO] [stdout] error: aborting due to previous error
[INFO] [stdout] 
[INFO] [stdout] For more information about this error, try `rustc --explain E0425`.
[INFO] [stdout] Couldn't compile the test.
[INFO] [stdout] ---- src/api/rest.rs - api::rest::RestClient (line 233) stdout ----
[INFO] [stdout] error[E0728]: `await` is only allowed inside `async` functions and blocks
[INFO] [stdout]   --> src/api/rest.rs:252:79
[INFO] [stdout]    |
[INFO] [stdout] 3  | fn main() { #[allow(non_snake_case)] fn _doctest_main_src_api_rest_rs_233_0() {
[INFO] [stdout]    |                                         ----------------------------------- this is not `async`
[INFO] [stdout] ...
[INFO] [stdout] 22 | let response: ResponseData = rest_client.get("/endpoint", Some(&query_params)).await.unwrap();
[INFO] [stdout]    |                                                                               ^^^^^^ only allowed inside `async` functions and blocks
[INFO] [stdout] 
[INFO] [stdout] error: aborting due to previous error
[INFO] [stdout] 
[INFO] [stdout] For more information about this error, try `rustc --explain E0728`.
[INFO] [stdout] Couldn't compile the test.
[INFO] [stdout] ---- src/api/rest.rs - api::rest::Paginated::next (line 167) stdout ----
[INFO] [stdout] error[E0425]: cannot find value `bitbucket_client` in this scope
[INFO] [stdout]  --> src/api/rest.rs:168:29
[INFO] [stdout]   |
[INFO] [stdout] 3 | let mut paginated_commits = bitbucket_client.compare_commits("PROJECT", "REPO", "start_commit", "end_commit");
[INFO] [stdout]   |                             ^^^^^^^^^^^^^^^^ not found in this scope
[INFO] [stdout] 
[INFO] [stdout] error[E0728]: `await` is only allowed inside `async` functions and blocks
[INFO] [stdout]  --> src/api/rest.rs:169:49
[INFO] [stdout]   |
[INFO] [stdout] 2 | fn main() { #[allow(non_snake_case)] fn _doctest_main_src_api_rest_rs_167_0() {
[INFO] [stdout]   |                                         ----------------------------------- this is not `async`
[INFO] [stdout] 3 | let mut paginated_commits = bitbucket_client.compare_commits("PROJECT", "REPO", "start_commit", "end_commit");
[INFO] [stdout] 4 | let next_page_commits = paginated_commits.next().await?;
[INFO] [stdout]   |                                                 ^^^^^^ only allowed inside `async` functions and blocks
[INFO] [stdout] 
[INFO] [stdout] error[E0277]: the `?` operator can only be used in a function that returns `Result` or `Option` (or another type that implements `FromResidual`)
[INFO] [stdout]  --> src/api/rest.rs:169:55
[INFO] [stdout]   |
[INFO] [stdout] 2 | fn main() { #[allow(non_snake_case)] fn _doctest_main_src_api_rest_rs_167_0() {
[INFO] [stdout]   |                                      ---------------------------------------- this function should return `Result` or `Option` to accept `?`
[INFO] [stdout] 3 | let mut paginated_commits = bitbucket_client.compare_commits("PROJECT", "REPO", "start_commit", "end_commit");
[INFO] [stdout] 4 | let next_page_commits = paginated_commits.next().await?;
[INFO] [stdout]   |                                                       ^ cannot use the `?` operator in a function that returns `()`
[INFO] [stdout]   |
[INFO] [stdout]   = help: the trait `FromResidual<_>` is not implemented for `()`
[INFO] [stdout] 
[INFO] [stdout] error: aborting due to 3 previous errors
[INFO] [stdout] 
[INFO] [stdout] Some errors have detailed explanations: E0277, E0425, E0728.
[INFO] [stdout] For more information about an error, try `rustc --explain E0277`.
[INFO] [stdout] Couldn't compile the test.
[INFO] [stdout] ---- src/api/rest.rs - api::rest::RestClient::builder (line 286) stdout ----
[INFO] [stdout] error[E0433]: failed to resolve: use of undeclared type `RestClient`
[INFO] [stdout]  --> src/api/rest.rs:287:27
[INFO] [stdout]   |
[INFO] [stdout] 3 | let rest_client_builder = RestClient::builder("https://api.bitbucket.org").unwrap();
[INFO] [stdout]   |                           ^^^^^^^^^^ use of undeclared type `RestClient`
[INFO] [stdout]   |
[INFO] [stdout] help: consider importing this struct
[INFO] [stdout]   |
[INFO] [stdout] 2 | use deployment_changelog::api::rest::RestClient;
[INFO] [stdout]   |
[INFO] [stdout] 
[INFO] [stdout] error: aborting due to previous error
[INFO] [stdout] 
[INFO] [stdout] For more information about this error, try `rustc --explain E0433`.
[INFO] [stdout] Couldn't compile the test.
[INFO] [stdout] ---- src/api/rest.rs - api::rest::RestClientBuilder (line 418) stdout ----
[INFO] [stdout] error[E0594]: cannot assign to `rest_client_builder.client_builder`, as `rest_client_builder` is not declared as mutable
[INFO] [stdout]   --> src/api/rest.rs:425:1
[INFO] [stdout]    |
[INFO] [stdout] 10 | rest_client_builder.client_builder = rest_client_builder.client_builder
[INFO] [stdout]    | ^^^^^^^^^^^^^^^^^^^^^^^^^^^^^^^^^^ cannot assign
[INFO] [stdout]    |
[INFO] [stdout] help: consider changing this to be mutable
[INFO] [stdout]    |
[INFO] [stdout] 7  | let mut rest_client_builder = RestClientBuilder::new("https://api.example.com")
[INFO] [stdout]    |     +++
[INFO] [stdout] 
[INFO] [stdout] error: aborting due to previous error
[INFO] [stdout] 
[INFO] [stdout] For more information about this error, try `rustc --explain E0594`.
[INFO] [stdout] Couldn't compile the test.
[INFO] [stdout] ---- src/api/rest.rs - api::rest::RestClient::get (line 305) stdout ----
[INFO] [stdout] error[E0412]: cannot find type `Commit` in this scope
[INFO] [stdout]  --> src/api/rest.rs:306:18
[INFO] [stdout]   |
[INFO] [stdout] 3 | let commits: Vec<Commit> = rest_client.get("https://api.bitbucket.org/api/rest/2.0/repositories/user/repo/commits", None).await.unwrap();
[INFO] [stdout]   |                  ^^^^^^ not found in this scope
[INFO] [stdout]   |
[INFO] [stdout] help: you might be missing a type parameter
[INFO] [stdout]   |
[INFO] [stdout] 2 | fn main() { #[allow(non_snake_case)] fn _doctest_main_src_api_rest_rs_305_0<Commit>() {
[INFO] [stdout]   |                                                                            ++++++++
[INFO] [stdout] 
[INFO] [stdout] error[E0425]: cannot find value `rest_client` in this scope
[INFO] [stdout]  --> src/api/rest.rs:306:28
[INFO] [stdout]   |
[INFO] [stdout] 3 | let commits: Vec<Commit> = rest_client.get("https://api.bitbucket.org/api/rest/2.0/repositories/user/repo/commits", None).await.unwrap();
[INFO] [stdout]   |                            ^^^^^^^^^^^ not found in this scope
[INFO] [stdout] 
[INFO] [stdout] error[E0728]: `await` is only allowed inside `async` functions and blocks
[INFO] [stdout]  --> src/api/rest.rs:306:122
[INFO] [stdout]   |
[INFO] [stdout] 2 | fn main() { #[allow(non_snake_case)] fn _doctest_main_src_api_rest_rs_305_0() {
[INFO] [stdout]   |                                         ----------------------------------- this is not `async`
[INFO] [stdout] 3 | let commits: Vec<Commit> = rest_client.get("https://api.bitbucket.org/api/rest/2.0/repositories/user/repo/commits", None).await.unwrap();
[INFO] [stdout]   |                                                                                                                          ^^^^^^ only allowed inside `async` functions and blocks
[INFO] [stdout] 
[INFO] [stdout] error: aborting due to 3 previous errors
[INFO] [stdout] 
[INFO] [stdout] Some errors have detailed explanations: E0412, E0425, E0728.
[INFO] [stdout] For more information about an error, try `rustc --explain E0412`.
[INFO] [stdout] Couldn't compile the test.
[INFO] [stdout] ---- src/api/rest.rs - api::rest::RestClientBuilder::build (line 477) stdout ----
[INFO] [stdout] error[E0433]: failed to resolve: use of undeclared type `RestClientBuilder`
[INFO] [stdout]  --> src/api/rest.rs:478:27
[INFO] [stdout]   |
[INFO] [stdout] 3 | let rest_client_builder = RestClientBuilder::new("https://api.bitbucket.org").unwrap();
[INFO] [stdout]   |                           ^^^^^^^^^^^^^^^^^ use of undeclared type `RestClientBuilder`
[INFO] [stdout]   |
[INFO] [stdout] help: consider importing this struct
[INFO] [stdout]   |
[INFO] [stdout] 2 | use deployment_changelog::api::rest::RestClientBuilder;
[INFO] [stdout]   |
[INFO] [stdout] 
[INFO] [stdout] error: aborting due to previous error
[INFO] [stdout] 
[INFO] [stdout] For more information about this error, try `rustc --explain E0433`.
[INFO] [stdout] Couldn't compile the test.
[INFO] [stdout] ---- src/api/rest.rs - api::rest::RestClient::execute (line 360) stdout ----
[INFO] [stdout] error[E0425]: cannot find value `rest_client` in this scope
[INFO] [stdout]  --> src/api/rest.rs:361:15
[INFO] [stdout]   |
[INFO] [stdout] 3 | let request = rest_client.client.get("https://api.bitbucket.org/api/rest/2.0/repositories/user/repo/commits")
[INFO] [stdout]   |               ^^^^^^^^^^^ not found in this scope
[INFO] [stdout] 
[INFO] [stdout] error[E0412]: cannot find type `Commit` in this scope
[INFO] [stdout]  --> src/api/rest.rs:364:18
[INFO] [stdout]   |
[INFO] [stdout] 6 | let commits: Vec<Commit> = rest_client.execute(request).await.unwrap();
[INFO] [stdout]   |                  ^^^^^^ not found in this scope
[INFO] [stdout]   |
[INFO] [stdout] help: you might be missing a type parameter
[INFO] [stdout]   |
[INFO] [stdout] 2 | fn main() { #[allow(non_snake_case)] fn _doctest_main_src_api_rest_rs_360_0<Commit>() {
[INFO] [stdout]   |                                                                            ++++++++
[INFO] [stdout] 
[INFO] [stdout] error[E0425]: cannot find value `rest_client` in this scope
[INFO] [stdout]  --> src/api/rest.rs:364:28
[INFO] [stdout]   |
[INFO] [stdout] 6 | let commits: Vec<Commit> = rest_client.execute(request).await.unwrap();
[INFO] [stdout]   |                            ^^^^^^^^^^^ not found in this scope
[INFO] [stdout] 
[INFO] [stdout] error[E0728]: `await` is only allowed inside `async` functions and blocks
[INFO] [stdout]  --> src/api/rest.rs:364:56
[INFO] [stdout]   |
[INFO] [stdout] 2 | fn main() { #[allow(non_snake_case)] fn _doctest_main_src_api_rest_rs_360_0() {
[INFO] [stdout]   |                                         ----------------------------------- this is not `async`
[INFO] [stdout] ...
[INFO] [stdout] 6 | let commits: Vec<Commit> = rest_client.execute(request).await.unwrap();
[INFO] [stdout]   |                                                        ^^^^^^ only allowed inside `async` functions and blocks
[INFO] [stdout] 
[INFO] [stdout] error: aborting due to 4 previous errors
[INFO] [stdout] 
[INFO] [stdout] Some errors have detailed explanations: E0412, E0425, E0728.
[INFO] [stdout] For more information about an error, try `rustc --explain E0412`.
[INFO] [stdout] Couldn't compile the test.
[INFO] [stdout] ---- src/api/rest.rs - api::rest::RestClientBuilder::new (line 444) stdout ----
[INFO] [stdout] error[E0433]: failed to resolve: use of undeclared type `RestClientBuilder`
[INFO] [stdout]  --> src/api/rest.rs:445:27
[INFO] [stdout]   |
[INFO] [stdout] 3 | let rest_client_builder = RestClientBuilder::new("https://api.bitbucket.org").unwrap();
[INFO] [stdout]   |                           ^^^^^^^^^^^^^^^^^ use of undeclared type `RestClientBuilder`
[INFO] [stdout]   |
[INFO] [stdout] help: consider importing this struct
[INFO] [stdout]   |
[INFO] [stdout] 2 | use deployment_changelog::api::rest::RestClientBuilder;
[INFO] [stdout]   |
[INFO] [stdout] 
[INFO] [stdout] error: aborting due to previous error
[INFO] [stdout] 
[INFO] [stdout] For more information about this error, try `rustc --explain E0433`.
[INFO] [stdout] Couldn't compile the test.
[INFO] [stdout] ---- src/api/spinnaker.rs - api::spinnaker (line 13) stdout ----
[INFO] [stdout] error[E0432]: unresolved import `deployment_changelog::api::rest::spinnaker`
[INFO] [stdout]  --> src/api/spinnaker.rs:14:38
[INFO] [stdout]   |
[INFO] [stdout] 4 | use deployment_changelog::api::rest::spinnaker::{SpinnakerClient, md_environment_states_query};
[INFO] [stdout]   |                                      ^^^^^^^^^ could not find `spinnaker` in `rest`
[INFO] [stdout] 
[INFO] [stdout] error[E0107]: enum takes 2 generic arguments but 1 generic argument was supplied
[INFO] [stdout]  --> src/api/spinnaker.rs:17:40
[INFO] [stdout]   |
[INFO] [stdout] 7 | async fn fetch_environment_states() -> Result<md_environment_states_query::ResponseData> {
[INFO] [stdout]   |                                        ^^^^^^ ----------------------------------------- supplied 1 generic argument
[INFO] [stdout]   |                                        |
[INFO] [stdout]   |                                        expected 2 generic arguments
[INFO] [stdout]   |
[INFO] [stdout] help: add missing generic argument
[INFO] [stdout]   |
[INFO] [stdout] 7 | async fn fetch_environment_states() -> Result<md_environment_states_query::ResponseData, E> {
[INFO] [stdout]   |                                                                                        +++
[INFO] [stdout] 
[INFO] [stdout] error: aborting due to 2 previous errors
[INFO] [stdout] 
[INFO] [stdout] Some errors have detailed explanations: E0107, E0432.
[INFO] [stdout] For more information about an error, try `rustc --explain E0107`.
[INFO] [stdout] Couldn't compile the test.
[INFO] [stdout] ---- src/api/rest.rs - api::rest::RestClient::post_json (line 332) stdout ----
[INFO] [stdout] error[E0422]: cannot find struct, variant or union type `NewComment` in this scope
[INFO] [stdout]  --> src/api/rest.rs:333:19
[INFO] [stdout]   |
[INFO] [stdout] 3 | let new_comment = NewComment { content: "This is a comment.".to_string() };
[INFO] [stdout]   |                   ^^^^^^^^^^ not found in this scope
[INFO] [stdout] 
[INFO] [stdout] error[E0412]: cannot find type `Comment` in this scope
[INFO] [stdout]  --> src/api/rest.rs:334:14
[INFO] [stdout]   |
[INFO] [stdout] 4 | let comment: Comment = rest_client.post_json("https://api.bitbucket.org/api/rest/2.0/repositories/user/repo/pullrequests/1/comments", &ne...
[INFO] [stdout]   |              ^^^^^^^ not found in this scope
[INFO] [stdout]   |
[INFO] [stdout] help: consider importing this struct
[INFO] [stdout]   |
[INFO] [stdout] 2 | use deployment_changelog::api::jira::Comment;
[INFO] [stdout]   |
[INFO] [stdout] 
[INFO] [stdout] error[E0425]: cannot find value `rest_client` in this scope
[INFO] [stdout]  --> src/api/rest.rs:334:24
[INFO] [stdout]   |
[INFO] [stdout] 4 | let comment: Comment = rest_client.post_json("https://api.bitbucket.org/api/rest/2.0/repositories/user/repo/pullrequests/1/comments", &ne...
[INFO] [stdout]   |                        ^^^^^^^^^^^ not found in this scope
[INFO] [stdout] 
[INFO] [stdout] error[E0728]: `await` is only allowed inside `async` functions and blocks
[INFO] [stdout]  --> src/api/rest.rs:334:148
[INFO] [stdout]   |
[INFO] [stdout] 2 | ...ase)] fn _doctest_main_src_api_rest_rs_332_0() {
[INFO] [stdout]   |             ----------------------------------- this is not `async`
[INFO] [stdout] 3 | ...content: "This is a comment.".to_string() };
[INFO] [stdout] 4 | ...ent.post_json("https://api.bitbucket.org/api/rest/2.0/repositories/user/repo/pullrequests/1/comments", &new_comment).await.unwrap();
[INFO] [stdout]   |                                                                                                                        ^^^^^^ only allowed inside `async` functions and blocks
[INFO] [stdout] 
[INFO] [stdout] error: aborting due to 4 previous errors
[INFO] [stdout] 
[INFO] [stdout] Some errors have detailed explanations: E0412, E0422, E0425, E0728.
[INFO] [stdout] For more information about an error, try `rustc --explain E0412`.
[INFO] [stdout] Couldn't compile the test.
[INFO] [stdout] ---- src/api/rest.rs - api::rest::RestClient::new (line 266) stdout ----
[INFO] [stdout] error[E0433]: failed to resolve: use of undeclared type `RestClient`
[INFO] [stdout]  --> src/api/rest.rs:267:19
[INFO] [stdout]   |
[INFO] [stdout] 3 | let rest_client = RestClient::new("https://api.bitbucket.org").unwrap();
[INFO] [stdout]   |                   ^^^^^^^^^^ use of undeclared type `RestClient`
[INFO] [stdout]   |
[INFO] [stdout] help: consider importing this struct
[INFO] [stdout]   |
[INFO] [stdout] 2 | use deployment_changelog::api::rest::RestClient;
[INFO] [stdout]   |
[INFO] [stderr] error: doctest failed, to rerun pass `--doc`
[INFO] [stdout] 
[INFO] [stdout] error: aborting due to previous error
[INFO] [stdout] 
[INFO] [stdout] For more information about this error, try `rustc --explain E0433`.
[INFO] [stdout] Couldn't compile the test.
[INFO] [stdout] ---- src/api/spinnaker.rs - api::spinnaker::SpinnakerClient::from_client (line 152) stdout ----
[INFO] [stdout] error[E0432]: unresolved imports `deployment_changelog::api::rest::spinnaker`, `deployment_changelog::api::rest::graphql`
[INFO] [stdout]  --> src/api/spinnaker.rs:153:39
[INFO] [stdout]   |
[INFO] [stdout] 4 | use deployment_changelog::api::rest::{spinnaker::SpinnakerClient, graphql::GraphQLClient};
[INFO] [stdout]   |                                       ^^^^^^^^^                   ^^^^^^^ could not find `graphql` in `rest`
[INFO] [stdout]   |                                       |
[INFO] [stdout]   |                                       could not find `spinnaker` in `rest`
[INFO] [stdout] 
[INFO] [stdout] error: aborting due to previous error
[INFO] [stdout] 
[INFO] [stdout] For more information about this error, try `rustc --explain E0432`.
[INFO] [stdout] Couldn't compile the test.
[INFO] [stdout] ---- src/api/spinnaker.rs - api::spinnaker::SpinnakerClient (line 91) stdout ----
[INFO] [stdout] error[E0432]: unresolved import `deployment_changelog::api::rest::spinnaker`
[INFO] [stdout]  --> src/api/spinnaker.rs:92:38
[INFO] [stdout]   |
[INFO] [stdout] 4 | use deployment_changelog::api::rest::spinnaker::{SpinnakerClient, md_environment_states_query};
[INFO] [stdout]   |                                      ^^^^^^^^^ could not find `spinnaker` in `rest`
[INFO] [stdout] 
[INFO] [stdout] error[E0107]: enum takes 2 generic arguments but 1 generic argument was supplied
[INFO] [stdout]  --> src/api/spinnaker.rs:94:40
[INFO] [stdout]   |
[INFO] [stdout] 6 | async fn fetch_environment_states() -> Result<md_environment_states_query::ResponseData> {
[INFO] [stdout]   |                                        ^^^^^^ ----------------------------------------- supplied 1 generic argument
[INFO] [stdout]   |                                        |
[INFO] [stdout]   |                                        expected 2 generic arguments
[INFO] [stdout]   |
[INFO] [stdout] help: add missing generic argument
[INFO] [stdout]   |
[INFO] [stdout] 6 | async fn fetch_environment_states() -> Result<md_environment_states_query::ResponseData, E> {
[INFO] [stdout]   |                                                                                        +++
[INFO] [stdout] 
[INFO] [stdout] error: aborting due to 2 previous errors
[INFO] [stdout] 
[INFO] [stdout] Some errors have detailed explanations: E0107, E0432.
[INFO] [stdout] For more information about an error, try `rustc --explain E0107`.
[INFO] [stdout] Couldn't compile the test.
[INFO] [stdout] ---- src/api/spinnaker.rs - api::spinnaker::MdEnvironmentStatesQuery (line 53) stdout ----
[INFO] [stdout] error[E0432]: unresolved import `deployment_changelog::api::rest::spinnaker`
[INFO] [stdout]  --> src/api/spinnaker.rs:54:38
[INFO] [stdout]   |
[INFO] [stdout] 4 | use deployment_changelog::api::rest::spinnaker::{MdEnvironmentStatesQuery, GraphQLClient};
[INFO] [stdout]   |                                      ^^^^^^^^^ could not find `spinnaker` in `rest`
[INFO] [stdout] 
[INFO] [stdout] error[E0432]: unresolved import `deployment_changelog::api::rest::graphql`
[INFO] [stdout]  --> src/api/spinnaker.rs:55:38
[INFO] [stdout]   |
[INFO] [stdout] 5 | use deployment_changelog::api::rest::graphql::Response;
[INFO] [stdout]   |                                      ^^^^^^^ could not find `graphql` in `rest`
[INFO] [stdout] 
[INFO] [stdout] error[E0432]: unresolved import `deployment_changelog::api::rest::spinnaker`
[INFO] [stdout]  --> src/api/spinnaker.rs:56:38
[INFO] [stdout]   |
[INFO] [stdout] 6 | use deployment_changelog::api::rest::spinnaker::md_environment_states_query;
[INFO] [stdout]   |                                      ^^^^^^^^^ could not find `spinnaker` in `rest`
[INFO] [stdout] 
[INFO] [stdout] error[E0107]: enum takes 2 generic arguments but 1 generic argument was supplied
[INFO] [stdout]  --> src/api/spinnaker.rs:58:48
[INFO] [stdout]   |
[INFO] [stdout] 8 | async fn execute_environment_states_query() -> Result<Response<md_environment_states_query::ResponseData>> {
[INFO] [stdout]   |                                                ^^^^^^ --------------------------------------------------- supplied 1 generic argument
[INFO] [stdout]   |                                                |
[INFO] [stdout]   |                                                expected 2 generic arguments
[INFO] [stdout]   |
[INFO] [stdout] help: add missing generic argument
[INFO] [stdout]   |
[INFO] [stdout] 8 | async fn execute_environment_states_query() -> Result<Response<md_environment_states_query::ResponseData>, E> {
[INFO] [stdout]   |                                                                                                          +++
[INFO] [stdout] 
[INFO] [stdout] error: aborting due to 4 previous errors
[INFO] [stdout] 
[INFO] [stdout] Some errors have detailed explanations: E0107, E0432.
[INFO] [stdout] For more information about an error, try `rustc --explain E0107`.
[INFO] [stdout] Couldn't compile the test.
[INFO] [stdout] ---- src/api/spinnaker.rs - api::spinnaker::SpinnakerClient::get_environment_states (line 179) stdout ----
[INFO] [stdout] error[E0432]: unresolved import `deployment_changelog::api::rest::spinnaker`
[INFO] [stdout]  --> src/api/spinnaker.rs:180:38
[INFO] [stdout]   |
[INFO] [stdout] 4 | use deployment_changelog::api::rest::spinnaker::{SpinnakerClient, md_environment_states_query};
[INFO] [stdout]   |                                      ^^^^^^^^^ could not find `spinnaker` in `rest`
[INFO] [stdout] 
[INFO] [stdout] error[E0107]: enum takes 2 generic arguments but 1 generic argument was supplied
[INFO] [stdout]  --> src/api/spinnaker.rs:182:40
[INFO] [stdout]   |
[INFO] [stdout] 6 | async fn fetch_environment_states() -> Result<md_environment_states_query::ResponseData> {
[INFO] [stdout]   |                                        ^^^^^^ ----------------------------------------- supplied 1 generic argument
[INFO] [stdout]   |                                        |
[INFO] [stdout]   |                                        expected 2 generic arguments
[INFO] [stdout]   |
[INFO] [stdout] help: add missing generic argument
[INFO] [stdout]   |
[INFO] [stdout] 6 | async fn fetch_environment_states() -> Result<md_environment_states_query::ResponseData, E> {
[INFO] [stdout]   |                                                                                        +++
[INFO] [stdout] 
[INFO] [stdout] error: aborting due to 2 previous errors
[INFO] [stdout] 
[INFO] [stdout] Some errors have detailed explanations: E0107, E0432.
[INFO] [stdout] For more information about an error, try `rustc --explain E0107`.
[INFO] [stdout] Couldn't compile the test.
[INFO] [stdout] ---- src/api/spinnaker.rs - api::spinnaker::SpinnakerClient::new (line 129) stdout ----
[INFO] [stdout] error[E0432]: unresolved import `deployment_changelog::api::rest::spinnaker`
[INFO] [stdout]  --> src/api/spinnaker.rs:130:38
[INFO] [stdout]   |
[INFO] [stdout] 4 | use deployment_changelog::api::rest::spinnaker::SpinnakerClient;
[INFO] [stdout]   |                                      ^^^^^^^^^ could not find `spinnaker` in `rest`
[INFO] [stdout] 
[INFO] [stdout] error: aborting due to previous error
[INFO] [stdout] 
[INFO] [stdout] For more information about this error, try `rustc --explain E0432`.
[INFO] [stdout] Couldn't compile the test.
[INFO] [stdout] ---- src/changelog.rs - changelog (line 9) stdout ----
[INFO] [stdout] error[E0308]: arguments to this function are incorrect
[INFO] [stdout]    --> src/changelog.rs:27:21
[INFO] [stdout]     |
[INFO] [stdout] 20  |     let changelog = Changelog::new(&bitbucket_client, &jira_client, &commit_specifier).await.unwrap();
[INFO] [stdout]     |                     ^^^^^^^^^^^^^^
[INFO] [stdout]     |
[INFO] [stdout] note: expected `&BitbucketClient`, found `&Result<BitbucketClient, Error>`
[INFO] [stdout]    --> src/changelog.rs:27:36
[INFO] [stdout]     |
[INFO] [stdout] 20  |     let changelog = Changelog::new(&bitbucket_client, &jira_client, &commit_specifier).await.unwrap();
[INFO] [stdout]     |                                    ^^^^^^^^^^^^^^^^^
[INFO] [stdout]     = note: expected reference `&BitbucketClient`
[INFO] [stdout]                found reference `&Result<BitbucketClient, anyhow::Error>`
[INFO] [stdout] note: expected `&JiraClient`, found `&Result<JiraClient, Error>`
[INFO] [stdout]    --> src/changelog.rs:27:55
[INFO] [stdout]     |
[INFO] [stdout] 20  |     let changelog = Changelog::new(&bitbucket_client, &jira_client, &commit_specifier).await.unwrap();
[INFO] [stdout]     |                                                       ^^^^^^^^^^^^
[INFO] [stdout]     = note: expected reference `&JiraClient`
[INFO] [stdout]                found reference `&Result<JiraClient, anyhow::Error>`
[INFO] [stdout] note: associated function defined here
[INFO] [stdout]    --> /opt/rustwide/workdir/src/changelog.rs:251:18
[INFO] [stdout]     |
[INFO] [stdout] 251 |     pub async fn new(
[INFO] [stdout]     |                  ^^^
[INFO] [stdout] 
[INFO] [stdout] error: aborting due to previous error
[INFO] [stdout] 
[INFO] [stdout] For more information about this error, try `rustc --explain E0308`.
[INFO] [stdout] Couldn't compile the test.
[INFO] [stdout] ---- src/changelog.rs - changelog::Changelog::get_changelog_from_range (line 422) stdout ----
[INFO] [stdout] error[E0728]: `await` is only allowed inside `async` functions and blocks
[INFO] [stdout]   --> src/changelog.rs:439:100
[INFO] [stdout]    |
[INFO] [stdout] 3  | fn main() { #[allow(non_snake_case)] fn _doctest_main_src_changelog_rs_422_0() {
[INFO] [stdout]    |                                         ------------------------------------ this is not `async`
[INFO] [stdout] ...
[INFO] [stdout] 20 | let changelog = Changelog::get_changelog_from_range(&bitbucket_client, &jira_client, &commit_range).await.unwrap();
[INFO] [stdout]    |                                                                                                    ^^^^^^ only allowed inside `async` functions and blocks
[INFO] [stdout] 
[INFO] [stdout] error[E0308]: arguments to this function are incorrect
[INFO] [stdout]    --> src/changelog.rs:439:17
[INFO] [stdout]     |
[INFO] [stdout] 20  | let changelog = Changelog::get_changelog_from_range(&bitbucket_client, &jira_client, &commit_range).await.unwrap();
[INFO] [stdout]     |                 ^^^^^^^^^^^^^^^^^^^^^^^^^^^^^^^^^^^
[INFO] [stdout]     |
[INFO] [stdout] note: expected `&BitbucketClient`, found `&Result<BitbucketClient, Error>`
[INFO] [stdout]    --> src/changelog.rs:439:53
[INFO] [stdout]     |
[INFO] [stdout] 20  | let changelog = Changelog::get_changelog_from_range(&bitbucket_client, &jira_client, &commit_range).await.unwrap();
[INFO] [stdout]     |                                                     ^^^^^^^^^^^^^^^^^
[INFO] [stdout]     = note: expected reference `&BitbucketClient`
[INFO] [stdout]                found reference `&Result<BitbucketClient, anyhow::Error>`
[INFO] [stdout] note: expected `&JiraClient`, found `&Result<JiraClient, Error>`
[INFO] [stdout]    --> src/changelog.rs:439:72
[INFO] [stdout]     |
[INFO] [stdout] 20  | let changelog = Changelog::get_changelog_from_range(&bitbucket_client, &jira_client, &commit_range).await.unwrap();
[INFO] [stdout]     |                                                                        ^^^^^^^^^^^^
[INFO] [stdout]     = note: expected reference `&JiraClient`
[INFO] [stdout]                found reference `&Result<JiraClient, anyhow::Error>`
[INFO] [stdout] note: associated function defined here
[INFO] [stdout]    --> /opt/rustwide/workdir/src/changelog.rs:446:18
[INFO] [stdout]     |
[INFO] [stdout] 446 |     pub async fn get_changelog_from_range(
[INFO] [stdout]     |                  ^^^^^^^^^^^^^^^^^^^^^^^^
[INFO] [stdout] 
[INFO] [stdout] error: aborting due to 2 previous errors
[INFO] [stdout] 
[INFO] [stdout] Some errors have detailed explanations: E0308, E0728.
[INFO] [stdout] For more information about an error, try `rustc --explain E0308`.
[INFO] [stdout] Couldn't compile the test.
[INFO] [stdout] ---- src/changelog.rs - changelog::Changelog (line 175) stdout ----
[INFO] [stdout] error[E0728]: `await` is only allowed inside `async` functions and blocks
[INFO] [stdout]   --> src/changelog.rs:190:83
[INFO] [stdout]    |
[INFO] [stdout] 3  | fn main() { #[allow(non_snake_case)] fn _doctest_main_src_changelog_rs_175_0() {
[INFO] [stdout]    |                                         ------------------------------------ this is not `async`
[INFO] [stdout] ...
[INFO] [stdout] 18 | let changelog = Changelog::new(&bitbucket_client, &jira_client, &commit_specifier).await.unwrap();
[INFO] [stdout]    |                                                                                   ^^^^^^ only allowed inside `async` functions and blocks
[INFO] [stdout] 
[INFO] [stdout] error[E0308]: arguments to this function are incorrect
[INFO] [stdout]    --> src/changelog.rs:190:17
[INFO] [stdout]     |
[INFO] [stdout] 18  | let changelog = Changelog::new(&bitbucket_client, &jira_client, &commit_specifier).await.unwrap();
[INFO] [stdout]     |                 ^^^^^^^^^^^^^^
[INFO] [stdout]     |
[INFO] [stdout] note: expected `&BitbucketClient`, found `&Result<BitbucketClient, Error>`
[INFO] [stdout]    --> src/changelog.rs:190:32
[INFO] [stdout]     |
[INFO] [stdout] 18  | let changelog = Changelog::new(&bitbucket_client, &jira_client, &commit_specifier).await.unwrap();
[INFO] [stdout]     |                                ^^^^^^^^^^^^^^^^^
[INFO] [stdout]     = note: expected reference `&BitbucketClient`
[INFO] [stdout]                found reference `&Result<BitbucketClient, anyhow::Error>`
[INFO] [stdout] note: expected `&JiraClient`, found `&Result<JiraClient, Error>`
[INFO] [stdout]    --> src/changelog.rs:190:51
[INFO] [stdout]     |
[INFO] [stdout] 18  | let changelog = Changelog::new(&bitbucket_client, &jira_client, &commit_specifier).await.unwrap();
[INFO] [stdout]     |                                                   ^^^^^^^^^^^^
[INFO] [stdout]     = note: expected reference `&JiraClient`
[INFO] [stdout]                found reference `&Result<JiraClient, anyhow::Error>`
[INFO] [stdout] note: associated function defined here
[INFO] [stdout]    --> /opt/rustwide/workdir/src/changelog.rs:251:18
[INFO] [stdout]     |
[INFO] [stdout] 251 |     pub async fn new(
[INFO] [stdout]     |                  ^^^
[INFO] [stdout] 
[INFO] [stdout] error: aborting due to 2 previous errors
[INFO] [stdout] 
[INFO] [stdout] Some errors have detailed explanations: E0308, E0728.
[INFO] [stdout] For more information about an error, try `rustc --explain E0308`.
[INFO] [stdout] Couldn't compile the test.
[INFO] [stdout] ---- src/changelog.rs - changelog::Changelog::get_changelog_from_spinnaker (line 276) stdout ----
[INFO] [stdout] error[E0728]: `await` is only allowed inside `async` functions and blocks
[INFO] [stdout]   --> src/changelog.rs:296:105
[INFO] [stdout]    |
[INFO] [stdout] 3  | fn main() { #[allow(non_snake_case)] fn _doctest_main_src_changelog_rs_276_0() {
[INFO] [stdout]    |                                         ------------------------------------ this is not `async`
[INFO] [stdout] ...
[INFO] [stdout] 23 | let changelog = Changelog::get_changelog_from_spinnaker(&bitbucket_client, &jira_client, &spinnaker_env).await.unwrap();
[INFO] [stdout]    |                                                                                                         ^^^^^^ only allowed inside `async` functions and blocks
[INFO] [stdout] 
[INFO] [stdout] error[E0308]: mismatched types
[INFO] [stdout]   --> src/changelog.rs:287:13
[INFO] [stdout]    |
[INFO] [stdout] 14 |     client: spinnaker_client,
[INFO] [stdout]    |             ^^^^^^^^^^^^^^^^ expected `SpinnakerClient`, found `Result<SpinnakerClient, Error>`
[INFO] [stdout]    |
[INFO] [stdout]    = note: expected struct `SpinnakerClient`
[INFO] [stdout]                 found enum `Result<SpinnakerClient, anyhow::Error>`
[INFO] [stdout] 
[INFO] [stdout] error[E0308]: arguments to this function are incorrect
[INFO] [stdout]    --> src/changelog.rs:296:17
[INFO] [stdout]     |
[INFO] [stdout] 23  | let changelog = Changelog::get_changelog_from_spinnaker(&bitbucket_client, &jira_client, &spinnaker_env).await.unwrap();
[INFO] [stdout]     |                 ^^^^^^^^^^^^^^^^^^^^^^^^^^^^^^^^^^^^^^^
[INFO] [stdout]     |
[INFO] [stdout] note: expected `&BitbucketClient`, found `&Result<BitbucketClient, Error>`
[INFO] [stdout]    --> src/changelog.rs:296:57
[INFO] [stdout]     |
[INFO] [stdout] 23  | let changelog = Changelog::get_changelog_from_spinnaker(&bitbucket_client, &jira_client, &spinnaker_env).await.unwrap();
[INFO] [stdout]     |                                                         ^^^^^^^^^^^^^^^^^
[INFO] [stdout]     = note: expected reference `&BitbucketClient`
[INFO] [stdout]                found reference `&Result<BitbucketClient, anyhow::Error>`
[INFO] [stdout] note: expected `&JiraClient`, found `&Result<JiraClient, Error>`
[INFO] [stdout]    --> src/changelog.rs:296:76
[INFO] [stdout]     |
[INFO] [stdout] 23  | let changelog = Changelog::get_changelog_from_spinnaker(&bitbucket_client, &jira_client, &spinnaker_env).await.unwrap();
[INFO] [stdout]     |                                                                            ^^^^^^^^^^^^
[INFO] [stdout]     = note: expected reference `&JiraClient`
[INFO] [stdout]                found reference `&Result<JiraClient, anyhow::Error>`
[INFO] [stdout] note: associated function defined here
[INFO] [stdout]    --> /opt/rustwide/workdir/src/changelog.rs:304:18
[INFO] [stdout]     |
[INFO] [stdout] 304 |     pub async fn get_changelog_from_spinnaker(
[INFO] [stdout]     |                  ^^^^^^^^^^^^^^^^^^^^^^^^^^^^
[INFO] [stdout] 
[INFO] [stdout] error: aborting due to 3 previous errors
[INFO] [stdout] 
[INFO] [stdout] Some errors have detailed explanations: E0308, E0728.
[INFO] [stdout] For more information about an error, try `rustc --explain E0308`.
[INFO] [stdout] Couldn't compile the test.
[INFO] [stdout] ---- src/changelog.rs - changelog::Changelog::new (line 223) stdout ----
[INFO] [stdout] error[E0728]: `await` is only allowed inside `async` functions and blocks
[INFO] [stdout]   --> src/changelog.rs:243:83
[INFO] [stdout]    |
[INFO] [stdout] 3  | fn main() { #[allow(non_snake_case)] fn _doctest_main_src_changelog_rs_223_0() {
[INFO] [stdout]    |                                         ------------------------------------ this is not `async`
[INFO] [stdout] ...
[INFO] [stdout] 23 | let changelog = Changelog::new(&bitbucket_client, &jira_client, &commit_specifier).await.unwrap();
[INFO] [stdout]    |                                                                                   ^^^^^^ only allowed inside `async` functions and blocks
[INFO] [stdout] 
[INFO] [stdout] error[E0308]: arguments to this function are incorrect
[INFO] [stdout]    --> src/changelog.rs:243:17
[INFO] [stdout]     |
[INFO] [stdout] 23  | let changelog = Changelog::new(&bitbucket_client, &jira_client, &commit_specifier).await.unwrap();
[INFO] [stdout]     |                 ^^^^^^^^^^^^^^
[INFO] [stdout]     |
[INFO] [stdout] note: expected `&BitbucketClient`, found `&Result<BitbucketClient, Error>`
[INFO] [stdout]    --> src/changelog.rs:243:32
[INFO] [stdout]     |
[INFO] [stdout] 23  | let changelog = Changelog::new(&bitbucket_client, &jira_client, &commit_specifier).await.unwrap();
[INFO] [stdout]     |                                ^^^^^^^^^^^^^^^^^
[INFO] [stdout]     = note: expected reference `&BitbucketClient`
[INFO] [stdout]                found reference `&Result<BitbucketClient, anyhow::Error>`
[INFO] [stdout] note: expected `&JiraClient`, found `&Result<JiraClient, Error>`
[INFO] [stdout]    --> src/changelog.rs:243:51
[INFO] [stdout]     |
[INFO] [stdout] 23  | let changelog = Changelog::new(&bitbucket_client, &jira_client, &commit_specifier).await.unwrap();
[INFO] [stdout]     |                                                   ^^^^^^^^^^^^
[INFO] [stdout]     = note: expected reference `&JiraClient`
[INFO] [stdout]                found reference `&Result<JiraClient, anyhow::Error>`
[INFO] [stdout] note: associated function defined here
[INFO] [stdout]    --> /opt/rustwide/workdir/src/changelog.rs:251:18
[INFO] [stdout]     |
[INFO] [stdout] 251 |     pub async fn new(
[INFO] [stdout]     |                  ^^^
[INFO] [stdout] 
[INFO] [stdout] error: aborting due to 2 previous errors
[INFO] [stdout] 
[INFO] [stdout] Some errors have detailed explanations: E0308, E0728.
[INFO] [stdout] For more information about an error, try `rustc --explain E0308`.
[INFO] [stdout] Couldn't compile the test.
[INFO] [stdout] ---- src/changelog.rs - changelog::SpinnakerEnvironment (line 102) stdout ----
[INFO] [stdout] error[E0308]: mismatched types
[INFO] [stdout]  --> src/changelog.rs:108:13
[INFO] [stdout]   |
[INFO] [stdout] 9 |     client: spinnaker_client,
[INFO] [stdout]   |             ^^^^^^^^^^^^^^^^ expected `SpinnakerClient`, found `Result<SpinnakerClient, Error>`
[INFO] [stdout]   |
[INFO] [stdout]   = note: expected struct `SpinnakerClient`
[INFO] [stdout]                found enum `Result<SpinnakerClient, anyhow::Error>`
[INFO] [stdout] 
[INFO] [stdout] error: aborting due to previous error
[INFO] [stdout] 
[INFO] [stdout] For more information about this error, try `rustc --explain E0308`.
[INFO] [stdout] Couldn't compile the test.
[INFO] [stdout] ---- src/changelog.rs - changelog::CommitSpecifier (line 58) stdout ----
[INFO] [stdout] error[E0308]: mismatched types
[INFO] [stdout]   --> src/changelog.rs:65:13
[INFO] [stdout]    |
[INFO] [stdout] 10 |     client: spinnaker_client,
[INFO] [stdout]    |             ^^^^^^^^^^^^^^^^ expected `SpinnakerClient`, found `Result<SpinnakerClient, Error>`
[INFO] [stdout]    |
[INFO] [stdout]    = note: expected struct `SpinnakerClient`
[INFO] [stdout]                 found enum `Result<SpinnakerClient, anyhow::Error>`
[INFO] [stdout] 
[INFO] [stdout] error: aborting due to previous error
[INFO] [stdout] 
[INFO] [stdout] For more information about this error, try `rustc --explain E0308`.
[INFO] [stdout] Couldn't compile the test.
[INFO] [stdout] ---- src/api/jira.rs - api::jira::JiraClient::from_client (line 309) stdout ----
[INFO] [stdout] error: linking with `cc` failed: exit status: 1
[INFO] [stdout]   |
[INFO] [stdout]   = note: LC_ALL="C" PATH="/opt/rustwide/rustup-home/toolchains/1.69.0-x86_64-unknown-linux-gnu/lib/rustlib/x86_64-unknown-linux-gnu/bin:/opt/rustwide/cargo-home/bin:/usr/local/sbin:/usr/local/bin:/usr/sbin:/usr/bin:/sbin:/bin" VSLANG="1033" "cc" "-m64" "/tmp/rustchDr0r0/symbols.o" "/tmp/rustdoctestNNH5zS/rust_out.rust_out.5bfee551-cgu.0.rcgu.o" "/tmp/rustdoctestNNH5zS/rust_out.j00p4ncf7xg64kg.rcgu.o" "-Wl,--as-needed" "-L" "/opt/rustwide/target/debug/deps" "-L" "/opt/rustwide/target/debug/deps" "-L" "/opt/rustwide/target/debug/build/libgit2-sys-0b846e727202d396/out/build" "-L" "/opt/rustwide/rustup-home/toolchains/1.69.0-x86_64-unknown-linux-gnu/lib/rustlib/x86_64-unknown-linux-gnu/lib" "-Wl,-Bstatic" "/opt/rustwide/target/debug/deps/libdeployment_changelog-85b950a88a0aba35.rlib" "/opt/rustwide/target/debug/deps/libfutures-7776a6d5aee2b609.rlib" "/opt/rustwide/target/debug/deps/libfutures_executor-c23fca3d793a9daa.rlib" "/opt/rustwide/target/debug/deps/libgraphql_client-bf6005b555b647e7.rlib" "/opt/rustwide/target/debug/deps/libserde_with-25b6119f7356dc9a.rlib" "/opt/rustwide/target/debug/deps/libchrono-84430770e6b55a19.rlib" "/opt/rustwide/target/debug/deps/libiana_time_zone-771492406adac598.rlib" "/opt/rustwide/target/debug/deps/libnum_integer-8056a34aec203bba.rlib" "/opt/rustwide/target/debug/deps/libnum_traits-11c9b029deaf19dd.rlib" "/opt/rustwide/target/debug/deps/libtime-62577bd6f5b194c1.rlib" "/opt/rustwide/target/debug/deps/libanyhow-06517169a980eda8.rlib" "/opt/rustwide/target/debug/deps/libreqwest-16d93fa728fe44fb.rlib" "/opt/rustwide/target/debug/deps/libhyper_tls-f3cd72909cc83d1a.rlib" "/opt/rustwide/target/debug/deps/libserde_urlencoded-af3a63942b52af4d.rlib" "/opt/rustwide/target/debug/deps/libbase64-8062ff4772a66de9.rlib" "/opt/rustwide/target/debug/deps/libipnet-c7c4785b48ce73f5.rlib" "/opt/rustwide/target/debug/deps/libtokio_native_tls-73567b43a6a613f3.rlib" "/opt/rustwide/target/debug/deps/libmime-a79fe19129dcd0fb.rlib" "/opt/rustwide/target/debug/deps/libencoding_rs-73122f64baa7d749.rlib" "/opt/rustwide/target/debug/deps/libserde_json-ba53d30b44c8ecf3.rlib" "/opt/rustwide/target/debug/deps/libryu-87a43729435ac998.rlib" "/opt/rustwide/target/debug/deps/libserde-a0e4edfe4b9d2d19.rlib" "/opt/rustwide/target/debug/deps/libnative_tls-1c71e2b06636ad94.rlib" "/opt/rustwide/target/debug/deps/libopenssl_probe-2d1cd15c290ad1de.rlib" "/opt/rustwide/target/debug/deps/libopenssl-9a7b97e9ade6b3d0.rlib" "/opt/rustwide/target/debug/deps/libbitflags-82cc2d155c6eb112.rlib" "/opt/rustwide/target/debug/deps/libforeign_types-f2b053f84105065c.rlib" "/opt/rustwide/target/debug/deps/libforeign_types_shared-48f8f1f9ea32d068.rlib" "/opt/rustwide/target/debug/deps/libopenssl_sys-7bc4944b1ee28a68.rlib" "/opt/rustwide/target/debug/deps/libhyper-256e18db4997b924.rlib" "/opt/rustwide/target/debug/deps/libwant-c819868714771aeb.rlib" "/opt/rustwide/target/debug/deps/libtry_lock-ec51eacf97b087e9.rlib" "/opt/rustwide/target/debug/deps/libhttparse-30fefae29fd53c2e.rlib" "/opt/rustwide/target/debug/deps/libh2-4c82f724ecf43ce7.rlib" "/opt/rustwide/target/debug/deps/libindexmap-4a7e2da62b4b6cd1.rlib" "/opt/rustwide/target/debug/deps/libhashbrown-f669da50cece7aa5.rlib" "/opt/rustwide/target/debug/deps/libtokio_util-831e9da9e49b8df2.rlib" "/opt/rustwide/target/debug/deps/libtower_service-a82a463fea06a00e.rlib" "/opt/rustwide/target/debug/deps/libtracing-5e45c18f98c454bb.rlib" "/opt/rustwide/target/debug/deps/libtracing_core-259db95f475fb2a8.rlib" "/opt/rustwide/target/debug/deps/libonce_cell-7d2ec3fb6b6c5a4d.rlib" "/opt/rustwide/target/debug/deps/libfutures_util-ffa5eb01fccbc758.rlib" "/opt/rustwide/target/debug/deps/libmemchr-b18e4aa3c7a38625.rlib" "/opt/rustwide/target/debug/deps/libfutures_io-4614e9b19a26d89f.rlib" "/opt/rustwide/target/debug/deps/libslab-8bb798f134a0a9e7.rlib" "/opt/rustwide/target/debug/deps/libfutures_channel-6efe3e36c9bebe99.rlib" "/opt/rustwide/target/debug/deps/libfutures_sink-0848eae0e91803d6.rlib" "/opt/rustwide/target/debug/deps/libfutures_task-b59556b3c537ad98.rlib" "/opt/rustwide/target/debug/deps/libpin_utils-0d8eaf4ac0fcb221.rlib" "/opt/rustwide/target/debug/deps/libtokio-2c9fb0cfc8fd41bc.rlib" "/opt/rustwide/target/debug/deps/libnum_cpus-4049bb4952109c03.rlib" "/opt/rustwide/target/debug/deps/libsocket2-f398ffa2c3c542be.rlib" "/opt/rustwide/target/debug/deps/libmio-35f539694e8b4a9b.rlib" "/opt/rustwide/target/debug/deps/liblibc-b3921bff615d742a.rlib" "/opt/rustwide/target/debug/deps/libhttp_body-1af96f59fded0cc1.rlib" "/opt/rustwide/target/debug/deps/libpin_project_lite-e66e1bab7310d569.rlib" "/opt/rustwide/target/debug/deps/liblog-e4acea3c8ca43b70.rlib" "/opt/rustwide/target/debug/deps/libcfg_if-e5e118dd7d121aaa.rlib" "/opt/rustwide/target/debug/deps/libfutures_core-6002dc2ff0ad2c7a.rlib" "/opt/rustwide/target/debug/deps/liburl-25a81f6654f7c1c7.rlib" "/opt/rustwide/target/debug/deps/libidna-b865ee86652f4dd4.rlib" "/opt/rustwide/target/debug/deps/libunicode_normalization-65834209e2c3efa0.rlib" "/opt/rustwide/target/debug/deps/libtinyvec-4aa74f8a972e3d9d.rlib" "/opt/rustwide/target/debug/deps/libtinyvec_macros-8eb663675e81bb18.rlib" "/opt/rustwide/target/debug/deps/libunicode_bidi-df88d89b87cd1c3f.rlib" "/opt/rustwide/target/debug/deps/libform_urlencoded-4406ed733a551179.rlib" "/opt/rustwide/target/debug/deps/libpercent_encoding-5b4f3c280783d946.rlib" "/opt/rustwide/target/debug/deps/libhttp-1912e0b438bd2fae.rlib" "/opt/rustwide/target/debug/deps/libitoa-12e0c769e046c1b6.rlib" "/opt/rustwide/target/debug/deps/libbytes-e760d6ac9a2f6963.rlib" "/opt/rustwide/target/debug/deps/libfnv-41a559218f992797.rlib" "/opt/rustwide/rustup-home/toolchains/1.69.0-x86_64-unknown-linux-gnu/lib/rustlib/x86_64-unknown-linux-gnu/lib/libstd-89bc084783fdc439.rlib" "/opt/rustwide/rustup-home/toolchains/1.69.0-x86_64-unknown-linux-gnu/lib/rustlib/x86_64-unknown-linux-gnu/lib/libpanic_unwind-8bee4b287d4367c1.rlib" "/opt/rustwide/rustup-home/toolchains/1.69.0-x86_64-unknown-linux-gnu/lib/rustlib/x86_64-unknown-linux-gnu/lib/libobject-d61707aed80694c0.rlib" "/opt/rustwide/rustup-home/toolchains/1.69.0-x86_64-unknown-linux-gnu/lib/rustlib/x86_64-unknown-linux-gnu/lib/libmemchr-d85366256f22345b.rlib" "/opt/rustwide/rustup-home/toolchains/1.69.0-x86_64-unknown-linux-gnu/lib/rustlib/x86_64-unknown-linux-gnu/lib/libaddr2line-96069b86b8a8cae9.rlib" "/opt/rustwide/rustup-home/toolchains/1.69.0-x86_64-unknown-linux-gnu/lib/rustlib/x86_64-unknown-linux-gnu/lib/libgimli-d19d53abf68dfa6c.rlib" "/opt/rustwide/rustup-home/toolchains/1.69.0-x86_64-unknown-linux-gnu/lib/rustlib/x86_64-unknown-linux-gnu/lib/librustc_demangle-787cbccd19d64ac6.rlib" "/opt/rustwide/rustup-home/toolchains/1.69.0-x86_64-unknown-linux-gnu/lib/rustlib/x86_64-unknown-linux-gnu/lib/libstd_detect-b3837a36b830e0d0.rlib" "/opt/rustwide/rustup-home/toolchains/1.69.0-x86_64-unknown-linux-gnu/lib/rustlib/x86_64-unknown-linux-gnu/lib/libhashbrown-e3deb0e7e3f04966.rlib" "/opt/rustwide/rustup-home/toolchains/1.69.0-x86_64-unknown-linux-gnu/lib/rustlib/x86_64-unknown-linux-gnu/lib/libminiz_oxide-dabbb79c9815def4.rlib" "/opt/rustwide/rustup-home/toolchains/1.69.0-x86_64-unknown-linux-gnu/lib/rustlib/x86_64-unknown-linux-gnu/lib/libadler-305b01f34c9409f2.rlib" "/opt/rustwide/rustup-home/toolchains/1.69.0-x86_64-unknown-linux-gnu/lib/rustlib/x86_64-unknown-linux-gnu/lib/librustc_std_workspace_alloc-f833521df6074e73.rlib" "/opt/rustwide/rustup-home/toolchains/1.69.0-x86_64-unknown-linux-gnu/lib/rustlib/x86_64-unknown-linux-gnu/lib/libunwind-9ac333113350d171.rlib" "/opt/rustwide/rustup-home/toolchains/1.69.0-x86_64-unknown-linux-gnu/lib/rustlib/x86_64-unknown-linux-gnu/lib/libcfg_if-1c126114322d0eee.rlib" "/opt/rustwide/rustup-home/toolchains/1.69.0-x86_64-unknown-linux-gnu/lib/rustlib/x86_64-unknown-linux-gnu/lib/liblibc-bad9164fdeeecf92.rlib" "/opt/rustwide/rustup-home/toolchains/1.69.0-x86_64-unknown-linux-gnu/lib/rustlib/x86_64-unknown-linux-gnu/lib/liballoc-f9374b1e480fa681.rlib" "/opt/rustwide/rustup-home/toolchains/1.69.0-x86_64-unknown-linux-gnu/lib/rustlib/x86_64-unknown-linux-gnu/lib/librustc_std_workspace_core-207f06e41d9603af.rlib" "/opt/rustwide/rustup-home/toolchains/1.69.0-x86_64-unknown-linux-gnu/lib/rustlib/x86_64-unknown-linux-gnu/lib/libcore-7e2768e66e984e85.rlib" "/opt/rustwide/rustup-home/toolchains/1.69.0-x86_64-unknown-linux-gnu/lib/rustlib/x86_64-unknown-linux-gnu/lib/libcompiler_builtins-957b4aff41f8cd46.rlib" "-Wl,-Bdynamic" "-lssl" "-lcrypto" "-lgcc_s" "-lutil" "-lrt" "-lpthread" "-lm" "-ldl" "-lc" "-Wl,--eh-frame-hdr" "-Wl,-z,noexecstack" "-L" "/opt/rustwide/rustup-home/toolchains/1.69.0-x86_64-unknown-linux-gnu/lib/rustlib/x86_64-unknown-linux-gnu/lib" "-o" "/tmp/rustdoctestNNH5zS/rust_out" "-Wl,--gc-sections" "-pie" "-Wl,-z,relro,-z,now" "-nodefaultlibs"
[INFO] [stdout]   = note: collect2: fatal error: ld terminated with signal 9 [Killed]
[INFO] [stdout]           compilation terminated.
[INFO] [stdout]           
[INFO] [stdout] 
[INFO] [stdout] error: aborting due to previous error
[INFO] [stdout] 
[INFO] [stdout] Couldn't compile the test.
[INFO] [stdout] ---- src/api/jira.rs - api::jira (line 13) stdout ----
[INFO] [stdout] error: linking with `cc` failed: exit status: 1
[INFO] [stdout]   |
[INFO] [stdout]   = note: LC_ALL="C" PATH="/opt/rustwide/rustup-home/toolchains/1.69.0-x86_64-unknown-linux-gnu/lib/rustlib/x86_64-unknown-linux-gnu/bin:/opt/rustwide/cargo-home/bin:/usr/local/sbin:/usr/local/bin:/usr/sbin:/usr/bin:/sbin:/bin" VSLANG="1033" "cc" "-m64" "/tmp/rustc1wselC/symbols.o" "/tmp/rustdoctestIBPUXU/rust_out.rust_out.5bfee551-cgu.0.rcgu.o" "/tmp/rustdoctestIBPUXU/rust_out.j00p4ncf7xg64kg.rcgu.o" "-Wl,--as-needed" "-L" "/opt/rustwide/target/debug/deps" "-L" "/opt/rustwide/target/debug/deps" "-L" "/opt/rustwide/target/debug/build/libgit2-sys-0b846e727202d396/out/build" "-L" "/opt/rustwide/rustup-home/toolchains/1.69.0-x86_64-unknown-linux-gnu/lib/rustlib/x86_64-unknown-linux-gnu/lib" "-Wl,-Bstatic" "/opt/rustwide/target/debug/deps/libdeployment_changelog-85b950a88a0aba35.rlib" "/opt/rustwide/target/debug/deps/libfutures-7776a6d5aee2b609.rlib" "/opt/rustwide/target/debug/deps/libfutures_executor-c23fca3d793a9daa.rlib" "/opt/rustwide/target/debug/deps/libgraphql_client-bf6005b555b647e7.rlib" "/opt/rustwide/target/debug/deps/libserde_with-25b6119f7356dc9a.rlib" "/opt/rustwide/target/debug/deps/libchrono-84430770e6b55a19.rlib" "/opt/rustwide/target/debug/deps/libiana_time_zone-771492406adac598.rlib" "/opt/rustwide/target/debug/deps/libnum_integer-8056a34aec203bba.rlib" "/opt/rustwide/target/debug/deps/libnum_traits-11c9b029deaf19dd.rlib" "/opt/rustwide/target/debug/deps/libtime-62577bd6f5b194c1.rlib" "/opt/rustwide/target/debug/deps/libanyhow-06517169a980eda8.rlib" "/opt/rustwide/target/debug/deps/libreqwest-16d93fa728fe44fb.rlib" "/opt/rustwide/target/debug/deps/libhyper_tls-f3cd72909cc83d1a.rlib" "/opt/rustwide/target/debug/deps/libserde_urlencoded-af3a63942b52af4d.rlib" "/opt/rustwide/target/debug/deps/libbase64-8062ff4772a66de9.rlib" "/opt/rustwide/target/debug/deps/libipnet-c7c4785b48ce73f5.rlib" "/opt/rustwide/target/debug/deps/libtokio_native_tls-73567b43a6a613f3.rlib" "/opt/rustwide/target/debug/deps/libmime-a79fe19129dcd0fb.rlib" "/opt/rustwide/target/debug/deps/libencoding_rs-73122f64baa7d749.rlib" "/opt/rustwide/target/debug/deps/libserde_json-ba53d30b44c8ecf3.rlib" "/opt/rustwide/target/debug/deps/libryu-87a43729435ac998.rlib" "/opt/rustwide/target/debug/deps/libserde-a0e4edfe4b9d2d19.rlib" "/opt/rustwide/target/debug/deps/libnative_tls-1c71e2b06636ad94.rlib" "/opt/rustwide/target/debug/deps/libopenssl_probe-2d1cd15c290ad1de.rlib" "/opt/rustwide/target/debug/deps/libopenssl-9a7b97e9ade6b3d0.rlib" "/opt/rustwide/target/debug/deps/libbitflags-82cc2d155c6eb112.rlib" "/opt/rustwide/target/debug/deps/libforeign_types-f2b053f84105065c.rlib" "/opt/rustwide/target/debug/deps/libforeign_types_shared-48f8f1f9ea32d068.rlib" "/opt/rustwide/target/debug/deps/libopenssl_sys-7bc4944b1ee28a68.rlib" "/opt/rustwide/target/debug/deps/libhyper-256e18db4997b924.rlib" "/opt/rustwide/target/debug/deps/libwant-c819868714771aeb.rlib" "/opt/rustwide/target/debug/deps/libtry_lock-ec51eacf97b087e9.rlib" "/opt/rustwide/target/debug/deps/libhttparse-30fefae29fd53c2e.rlib" "/opt/rustwide/target/debug/deps/libh2-4c82f724ecf43ce7.rlib" "/opt/rustwide/target/debug/deps/libindexmap-4a7e2da62b4b6cd1.rlib" "/opt/rustwide/target/debug/deps/libhashbrown-f669da50cece7aa5.rlib" "/opt/rustwide/target/debug/deps/libtokio_util-831e9da9e49b8df2.rlib" "/opt/rustwide/target/debug/deps/libtower_service-a82a463fea06a00e.rlib" "/opt/rustwide/target/debug/deps/libtracing-5e45c18f98c454bb.rlib" "/opt/rustwide/target/debug/deps/libtracing_core-259db95f475fb2a8.rlib" "/opt/rustwide/target/debug/deps/libonce_cell-7d2ec3fb6b6c5a4d.rlib" "/opt/rustwide/target/debug/deps/libfutures_util-ffa5eb01fccbc758.rlib" "/opt/rustwide/target/debug/deps/libmemchr-b18e4aa3c7a38625.rlib" "/opt/rustwide/target/debug/deps/libfutures_io-4614e9b19a26d89f.rlib" "/opt/rustwide/target/debug/deps/libslab-8bb798f134a0a9e7.rlib" "/opt/rustwide/target/debug/deps/libfutures_channel-6efe3e36c9bebe99.rlib" "/opt/rustwide/target/debug/deps/libfutures_sink-0848eae0e91803d6.rlib" "/opt/rustwide/target/debug/deps/libfutures_task-b59556b3c537ad98.rlib" "/opt/rustwide/target/debug/deps/libpin_utils-0d8eaf4ac0fcb221.rlib" "/opt/rustwide/target/debug/deps/libtokio-2c9fb0cfc8fd41bc.rlib" "/opt/rustwide/target/debug/deps/libnum_cpus-4049bb4952109c03.rlib" "/opt/rustwide/target/debug/deps/libsocket2-f398ffa2c3c542be.rlib" "/opt/rustwide/target/debug/deps/libmio-35f539694e8b4a9b.rlib" "/opt/rustwide/target/debug/deps/liblibc-b3921bff615d742a.rlib" "/opt/rustwide/target/debug/deps/libhttp_body-1af96f59fded0cc1.rlib" "/opt/rustwide/target/debug/deps/libpin_project_lite-e66e1bab7310d569.rlib" "/opt/rustwide/target/debug/deps/liblog-e4acea3c8ca43b70.rlib" "/opt/rustwide/target/debug/deps/libcfg_if-e5e118dd7d121aaa.rlib" "/opt/rustwide/target/debug/deps/libfutures_core-6002dc2ff0ad2c7a.rlib" "/opt/rustwide/target/debug/deps/liburl-25a81f6654f7c1c7.rlib" "/opt/rustwide/target/debug/deps/libidna-b865ee86652f4dd4.rlib" "/opt/rustwide/target/debug/deps/libunicode_normalization-65834209e2c3efa0.rlib" "/opt/rustwide/target/debug/deps/libtinyvec-4aa74f8a972e3d9d.rlib" "/opt/rustwide/target/debug/deps/libtinyvec_macros-8eb663675e81bb18.rlib" "/opt/rustwide/target/debug/deps/libunicode_bidi-df88d89b87cd1c3f.rlib" "/opt/rustwide/target/debug/deps/libform_urlencoded-4406ed733a551179.rlib" "/opt/rustwide/target/debug/deps/libpercent_encoding-5b4f3c280783d946.rlib" "/opt/rustwide/target/debug/deps/libhttp-1912e0b438bd2fae.rlib" "/opt/rustwide/target/debug/deps/libitoa-12e0c769e046c1b6.rlib" "/opt/rustwide/target/debug/deps/libbytes-e760d6ac9a2f6963.rlib" "/opt/rustwide/target/debug/deps/libfnv-41a559218f992797.rlib" "/opt/rustwide/rustup-home/toolchains/1.69.0-x86_64-unknown-linux-gnu/lib/rustlib/x86_64-unknown-linux-gnu/lib/libstd-89bc084783fdc439.rlib" "/opt/rustwide/rustup-home/toolchains/1.69.0-x86_64-unknown-linux-gnu/lib/rustlib/x86_64-unknown-linux-gnu/lib/libpanic_unwind-8bee4b287d4367c1.rlib" "/opt/rustwide/rustup-home/toolchains/1.69.0-x86_64-unknown-linux-gnu/lib/rustlib/x86_64-unknown-linux-gnu/lib/libobject-d61707aed80694c0.rlib" "/opt/rustwide/rustup-home/toolchains/1.69.0-x86_64-unknown-linux-gnu/lib/rustlib/x86_64-unknown-linux-gnu/lib/libmemchr-d85366256f22345b.rlib" "/opt/rustwide/rustup-home/toolchains/1.69.0-x86_64-unknown-linux-gnu/lib/rustlib/x86_64-unknown-linux-gnu/lib/libaddr2line-96069b86b8a8cae9.rlib" "/opt/rustwide/rustup-home/toolchains/1.69.0-x86_64-unknown-linux-gnu/lib/rustlib/x86_64-unknown-linux-gnu/lib/libgimli-d19d53abf68dfa6c.rlib" "/opt/rustwide/rustup-home/toolchains/1.69.0-x86_64-unknown-linux-gnu/lib/rustlib/x86_64-unknown-linux-gnu/lib/librustc_demangle-787cbccd19d64ac6.rlib" "/opt/rustwide/rustup-home/toolchains/1.69.0-x86_64-unknown-linux-gnu/lib/rustlib/x86_64-unknown-linux-gnu/lib/libstd_detect-b3837a36b830e0d0.rlib" "/opt/rustwide/rustup-home/toolchains/1.69.0-x86_64-unknown-linux-gnu/lib/rustlib/x86_64-unknown-linux-gnu/lib/libhashbrown-e3deb0e7e3f04966.rlib" "/opt/rustwide/rustup-home/toolchains/1.69.0-x86_64-unknown-linux-gnu/lib/rustlib/x86_64-unknown-linux-gnu/lib/libminiz_oxide-dabbb79c9815def4.rlib" "/opt/rustwide/rustup-home/toolchains/1.69.0-x86_64-unknown-linux-gnu/lib/rustlib/x86_64-unknown-linux-gnu/lib/libadler-305b01f34c9409f2.rlib" "/opt/rustwide/rustup-home/toolchains/1.69.0-x86_64-unknown-linux-gnu/lib/rustlib/x86_64-unknown-linux-gnu/lib/librustc_std_workspace_alloc-f833521df6074e73.rlib" "/opt/rustwide/rustup-home/toolchains/1.69.0-x86_64-unknown-linux-gnu/lib/rustlib/x86_64-unknown-linux-gnu/lib/libunwind-9ac333113350d171.rlib" "/opt/rustwide/rustup-home/toolchains/1.69.0-x86_64-unknown-linux-gnu/lib/rustlib/x86_64-unknown-linux-gnu/lib/libcfg_if-1c126114322d0eee.rlib" "/opt/rustwide/rustup-home/toolchains/1.69.0-x86_64-unknown-linux-gnu/lib/rustlib/x86_64-unknown-linux-gnu/lib/liblibc-bad9164fdeeecf92.rlib" "/opt/rustwide/rustup-home/toolchains/1.69.0-x86_64-unknown-linux-gnu/lib/rustlib/x86_64-unknown-linux-gnu/lib/liballoc-f9374b1e480fa681.rlib" "/opt/rustwide/rustup-home/toolchains/1.69.0-x86_64-unknown-linux-gnu/lib/rustlib/x86_64-unknown-linux-gnu/lib/librustc_std_workspace_core-207f06e41d9603af.rlib" "/opt/rustwide/rustup-home/toolchains/1.69.0-x86_64-unknown-linux-gnu/lib/rustlib/x86_64-unknown-linux-gnu/lib/libcore-7e2768e66e984e85.rlib" "/opt/rustwide/rustup-home/toolchains/1.69.0-x86_64-unknown-linux-gnu/lib/rustlib/x86_64-unknown-linux-gnu/lib/libcompiler_builtins-957b4aff41f8cd46.rlib" "-Wl,-Bdynamic" "-lssl" "-lcrypto" "-lgcc_s" "-lutil" "-lrt" "-lpthread" "-lm" "-ldl" "-lc" "-Wl,--eh-frame-hdr" "-Wl,-z,noexecstack" "-L" "/opt/rustwide/rustup-home/toolchains/1.69.0-x86_64-unknown-linux-gnu/lib/rustlib/x86_64-unknown-linux-gnu/lib" "-o" "/tmp/rustdoctestIBPUXU/rust_out" "-Wl,--gc-sections" "-pie" "-Wl,-z,relro,-z,now" "-nodefaultlibs"
[INFO] [stdout]   = note: collect2: fatal error: ld terminated with signal 9 [Killed]
[INFO] [stdout]           compilation terminated.
[INFO] [stdout]           
[INFO] [stdout] 
[INFO] [stdout] error: aborting due to previous error
[INFO] [stdout] 
[INFO] [stdout] Couldn't compile the test.
[INFO] [stdout] 
[INFO] [stdout] failures:
[INFO] [stdout]     src/api/bitbucket.rs - api::bitbucket (line 13)
[INFO] [stdout]     src/api/bitbucket.rs - api::bitbucket (line 30)
[INFO] [stdout]     src/api/bitbucket.rs - api::bitbucket (line 47)
[INFO] [stdout]     src/api/bitbucket.rs - api::bitbucket::BitbucketAuthor (line 333)
[INFO] [stdout]     src/api/bitbucket.rs - api::bitbucket::BitbucketClient (line 541)
[INFO] [stdout]     src/api/bitbucket.rs - api::bitbucket::BitbucketClient (line 573)
[INFO] [stdout]     src/api/bitbucket.rs - api::bitbucket::BitbucketCommit (line 284)
[INFO] [stdout]     src/api/bitbucket.rs - api::bitbucket::BitbucketPage (line 113)
[INFO] [stdout]     src/api/bitbucket.rs - api::bitbucket::BitbucketPaginated (line 158)
[INFO] [stdout]     src/api/bitbucket.rs - api::bitbucket::BitbucketPaginated<'_,T>::is_last (line 253)
[INFO] [stdout]     src/api/bitbucket.rs - api::bitbucket::BitbucketPaginated<'_,T>::next (line 220)
[INFO] [stdout]     src/api/bitbucket.rs - api::bitbucket::BitbucketPaginated<'a,T>::new (line 189)
[INFO] [stdout]     src/api/bitbucket.rs - api::bitbucket::BitbucketPullRequest (line 381)
[INFO] [stdout]     src/api/bitbucket.rs - api::bitbucket::BitbucketPullRequestAuthor (line 439)
[INFO] [stdout]     src/api/bitbucket.rs - api::bitbucket::BitbucketPullRequestIssue (line 484)
[INFO] [stdout]     src/api/graphql.rs - api::graphql (line 16)
[INFO] [stdout]     src/api/graphql.rs - api::graphql::GraphQLClient (line 67)
[INFO] [stdout]     src/api/graphql.rs - api::graphql::GraphQLClient::from_client (line 135)
[INFO] [stdout]     src/api/graphql.rs - api::graphql::GraphQLClient::new (line 111)
[INFO] [stdout]     src/api/graphql.rs - api::graphql::GraphQLClient::post (line 155)
[INFO] [stdout]     src/api/jira.rs - api::jira (line 13)
[INFO] [stdout]     src/api/jira.rs - api::jira (line 22)
[INFO] [stdout]     src/api/jira.rs - api::jira::JiraClient::from_client (line 309)
[INFO] [stdout]     src/api/rest.rs - api::rest (line 17)
[INFO] [stdout]     src/api/rest.rs - api::rest (line 75)
[INFO] [stdout]     src/api/rest.rs - api::rest::Paginated (line 144)
[INFO] [stdout]     src/api/rest.rs - api::rest::Paginated::all (line 197)
[INFO] [stdout]     src/api/rest.rs - api::rest::Paginated::is_last (line 181)
[INFO] [stdout]     src/api/rest.rs - api::rest::Paginated::next (line 167)
[INFO] [stdout]     src/api/rest.rs - api::rest::RestClient (line 233)
[INFO] [stdout]     src/api/rest.rs - api::rest::RestClient::build_url (line 388)
[INFO] [stdout]     src/api/rest.rs - api::rest::RestClient::builder (line 286)
[INFO] [stdout]     src/api/rest.rs - api::rest::RestClient::execute (line 360)
[INFO] [stdout]     src/api/rest.rs - api::rest::RestClient::get (line 305)
[INFO] [stdout]     src/api/rest.rs - api::rest::RestClient::new (line 266)
[INFO] [stdout]     src/api/rest.rs - api::rest::RestClient::post_json (line 332)
[INFO] [stdout]     src/api/rest.rs - api::rest::RestClientBuilder (line 418)
[INFO] [stdout]     src/api/rest.rs - api::rest::RestClientBuilder::build (line 477)
[INFO] [stdout]     src/api/rest.rs - api::rest::RestClientBuilder::new (line 444)
[INFO] [stdout]     src/api/spinnaker.rs - api::spinnaker (line 13)
[INFO] [stdout]     src/api/spinnaker.rs - api::spinnaker::MdEnvironmentStatesQuery (line 53)
[INFO] [stdout]     src/api/spinnaker.rs - api::spinnaker::SpinnakerClient (line 91)
[INFO] [stdout]     src/api/spinnaker.rs - api::spinnaker::SpinnakerClient::from_client (line 152)
[INFO] [stdout]     src/api/spinnaker.rs - api::spinnaker::SpinnakerClient::get_environment_states (line 179)
[INFO] [stdout]     src/api/spinnaker.rs - api::spinnaker::SpinnakerClient::new (line 129)
[INFO] [stdout]     src/changelog.rs - changelog (line 9)
[INFO] [stdout]     src/changelog.rs - changelog::Changelog (line 175)
[INFO] [stdout]     src/changelog.rs - changelog::Changelog::get_changelog_from_range (line 422)
[INFO] [stdout]     src/changelog.rs - changelog::Changelog::get_changelog_from_spinnaker (line 276)
[INFO] [stdout]     src/changelog.rs - changelog::Changelog::new (line 223)
[INFO] [stdout]     src/changelog.rs - changelog::CommitSpecifier (line 58)
[INFO] [stdout]     src/changelog.rs - changelog::SpinnakerEnvironment (line 102)
[INFO] [stdout] 
[INFO] [stdout] test result: FAILED. 14 passed; 52 failed; 0 ignored; 0 measured; 0 filtered out; finished in 5.39s
[INFO] [stdout] 
[INFO] running `Command { std: "docker" "inspect" "ffd892f8b8049514c19dec6842a83e56fc9406815d1bb6d717146ac1de365e3e", kill_on_drop: false }`
[INFO] running `Command { std: "docker" "rm" "-f" "ffd892f8b8049514c19dec6842a83e56fc9406815d1bb6d717146ac1de365e3e", kill_on_drop: false }`
[INFO] [stdout] ffd892f8b8049514c19dec6842a83e56fc9406815d1bb6d717146ac1de365e3e
