[INFO] fetching crate depcon_codegen 0.3.0...
[INFO] testing depcon_codegen-0.3.0 against beta-2023-04-20 for beta-1.70-1
[INFO] extracting crate depcon_codegen 0.3.0 into /workspace/builds/worker-4-tc2/source
[INFO] validating manifest of crates.io crate depcon_codegen 0.3.0 on toolchain beta-2023-04-20
[INFO] running `Command { std: CARGO_HOME="/workspace/cargo-home" RUSTUP_HOME="/workspace/rustup-home" "/workspace/cargo-home/bin/cargo" "+beta-2023-04-20" "metadata" "--manifest-path" "Cargo.toml" "--no-deps", kill_on_drop: false }`
[INFO] started tweaking crates.io crate depcon_codegen 0.3.0
[INFO] finished tweaking crates.io crate depcon_codegen 0.3.0
[INFO] tweaked toml for crates.io crate depcon_codegen 0.3.0 written to /workspace/builds/worker-4-tc2/source/Cargo.toml
[INFO] running `Command { std: CARGO_HOME="/workspace/cargo-home" RUSTUP_HOME="/workspace/rustup-home" __CARGO_TEST_CHANNEL_OVERRIDE_DO_NOT_USE_THIS="nightly" "/workspace/cargo-home/bin/cargo" "+beta-2023-04-20" "generate-lockfile" "--manifest-path" "Cargo.toml" "-Zno-index-update", kill_on_drop: false }`
[INFO] running `Command { std: CARGO_HOME="/workspace/cargo-home" RUSTUP_HOME="/workspace/rustup-home" "/workspace/cargo-home/bin/cargo" "+beta-2023-04-20" "fetch" "--manifest-path" "Cargo.toml", kill_on_drop: false }`
[INFO] [stderr]  Downloading crates ...
[INFO] [stderr]   Downloaded trybuild v1.0.76
[INFO] running `Command { std: "docker" "create" "-v" "/var/lib/crater-agent-workspace/builds/worker-4-tc2/target:/opt/rustwide/target:rw,Z" "-v" "/var/lib/crater-agent-workspace/builds/worker-4-tc2/source:/opt/rustwide/workdir:ro,Z" "-v" "/var/lib/crater-agent-workspace/cargo-home:/opt/rustwide/cargo-home:ro,Z" "-v" "/var/lib/crater-agent-workspace/rustup-home:/opt/rustwide/rustup-home:ro,Z" "-e" "SOURCE_DIR=/opt/rustwide/workdir" "-e" "CARGO_TARGET_DIR=/opt/rustwide/target" "-e" "CARGO_HOME=/opt/rustwide/cargo-home" "-e" "RUSTUP_HOME=/opt/rustwide/rustup-home" "-w" "/opt/rustwide/workdir" "-m" "1610612736" "--user" "0:0" "--network" "none" "ghcr.io/rust-lang/crates-build-env/linux@sha256:5ff2268d62e97bff2cde7d5815dd6ed5b47097566f13b8d0ca110b04b60e07ed" "/opt/rustwide/cargo-home/bin/cargo" "+beta-2023-04-20" "metadata" "--no-deps" "--format-version=1", kill_on_drop: false }`
[INFO] [stdout] 8edcac45ef20ab2a61f4ff1c659cd57a77748b918a0ae74a6e8cbd9b4af0def6
[INFO] running `Command { std: "docker" "start" "-a" "8edcac45ef20ab2a61f4ff1c659cd57a77748b918a0ae74a6e8cbd9b4af0def6", kill_on_drop: false }`
[INFO] running `Command { std: "docker" "inspect" "8edcac45ef20ab2a61f4ff1c659cd57a77748b918a0ae74a6e8cbd9b4af0def6", kill_on_drop: false }`
[INFO] running `Command { std: "docker" "rm" "-f" "8edcac45ef20ab2a61f4ff1c659cd57a77748b918a0ae74a6e8cbd9b4af0def6", kill_on_drop: false }`
[INFO] [stdout] 8edcac45ef20ab2a61f4ff1c659cd57a77748b918a0ae74a6e8cbd9b4af0def6
[INFO] running `Command { std: "docker" "create" "-v" "/var/lib/crater-agent-workspace/builds/worker-4-tc2/target:/opt/rustwide/target:rw,Z" "-v" "/var/lib/crater-agent-workspace/builds/worker-4-tc2/source:/opt/rustwide/workdir:ro,Z" "-v" "/var/lib/crater-agent-workspace/cargo-home:/opt/rustwide/cargo-home:ro,Z" "-v" "/var/lib/crater-agent-workspace/rustup-home:/opt/rustwide/rustup-home:ro,Z" "-e" "SOURCE_DIR=/opt/rustwide/workdir" "-e" "CARGO_TARGET_DIR=/opt/rustwide/target" "-e" "CARGO_INCREMENTAL=0" "-e" "RUST_BACKTRACE=full" "-e" "RUSTFLAGS=--cap-lints=warn" "-e" "RUSTDOCFLAGS=--cap-lints=warn" "-e" "CARGO_HOME=/opt/rustwide/cargo-home" "-e" "RUSTUP_HOME=/opt/rustwide/rustup-home" "-w" "/opt/rustwide/workdir" "-m" "1610612736" "--user" "0:0" "--network" "none" "ghcr.io/rust-lang/crates-build-env/linux@sha256:5ff2268d62e97bff2cde7d5815dd6ed5b47097566f13b8d0ca110b04b60e07ed" "/opt/rustwide/cargo-home/bin/cargo" "+beta-2023-04-20" "build" "--frozen" "--message-format=json", kill_on_drop: false }`
[INFO] [stdout] 1c03661f8d86bc67f5072fe1380f7d5e66bc2aa318bda4f8fb7ef303e710831b
[INFO] running `Command { std: "docker" "start" "-a" "1c03661f8d86bc67f5072fe1380f7d5e66bc2aa318bda4f8fb7ef303e710831b", kill_on_drop: false }`
[INFO] [stderr]    Compiling syn v1.0.109
[INFO] [stderr]    Compiling depcon_codegen v0.3.0 (/opt/rustwide/workdir)
[INFO] [stderr]     Finished dev [unoptimized + debuginfo] target(s) in 5.38s
[INFO] running `Command { std: "docker" "inspect" "1c03661f8d86bc67f5072fe1380f7d5e66bc2aa318bda4f8fb7ef303e710831b", kill_on_drop: false }`
[INFO] running `Command { std: "docker" "rm" "-f" "1c03661f8d86bc67f5072fe1380f7d5e66bc2aa318bda4f8fb7ef303e710831b", kill_on_drop: false }`
[INFO] [stdout] 1c03661f8d86bc67f5072fe1380f7d5e66bc2aa318bda4f8fb7ef303e710831b
[INFO] running `Command { std: "docker" "create" "-v" "/var/lib/crater-agent-workspace/builds/worker-4-tc2/target:/opt/rustwide/target:rw,Z" "-v" "/var/lib/crater-agent-workspace/builds/worker-4-tc2/source:/opt/rustwide/workdir:ro,Z" "-v" "/var/lib/crater-agent-workspace/cargo-home:/opt/rustwide/cargo-home:ro,Z" "-v" "/var/lib/crater-agent-workspace/rustup-home:/opt/rustwide/rustup-home:ro,Z" "-e" "SOURCE_DIR=/opt/rustwide/workdir" "-e" "CARGO_TARGET_DIR=/opt/rustwide/target" "-e" "CARGO_INCREMENTAL=0" "-e" "RUST_BACKTRACE=full" "-e" "RUSTFLAGS=--cap-lints=warn" "-e" "RUSTDOCFLAGS=--cap-lints=warn" "-e" "CARGO_HOME=/opt/rustwide/cargo-home" "-e" "RUSTUP_HOME=/opt/rustwide/rustup-home" "-w" "/opt/rustwide/workdir" "-m" "1610612736" "--user" "0:0" "--network" "none" "ghcr.io/rust-lang/crates-build-env/linux@sha256:5ff2268d62e97bff2cde7d5815dd6ed5b47097566f13b8d0ca110b04b60e07ed" "/opt/rustwide/cargo-home/bin/cargo" "+beta-2023-04-20" "test" "--frozen" "--no-run" "--message-format=json", kill_on_drop: false }`
[INFO] [stdout] 036a629d05de947eb489163b58ab6ae3b4d663e0620558d5638cdf98a6f271e4
[INFO] running `Command { std: "docker" "start" "-a" "036a629d05de947eb489163b58ab6ae3b4d663e0620558d5638cdf98a6f271e4", kill_on_drop: false }`
[INFO] [stderr]    Compiling proc-macro2 v1.0.56
[INFO] [stderr]    Compiling serde v1.0.160
[INFO] [stderr]    Compiling serde_derive v1.0.160
[INFO] [stderr]    Compiling serde_json v1.0.96
[INFO] [stderr]    Compiling ryu v1.0.13
[INFO] [stderr]    Compiling trybuild v1.0.76
[INFO] [stderr]    Compiling glob v0.3.1
[INFO] [stderr]    Compiling once_cell v1.17.1
[INFO] [stderr]    Compiling quote v1.0.26
[INFO] [stderr]    Compiling syn v1.0.109
[INFO] [stderr]    Compiling syn v2.0.15
[INFO] [stderr]    Compiling toml v0.5.11
[INFO] [stderr]    Compiling depcon_codegen v0.3.0 (/opt/rustwide/workdir)
[INFO] [stderr]     Finished test [unoptimized + debuginfo] target(s) in 13.61s
[INFO] running `Command { std: "docker" "inspect" "036a629d05de947eb489163b58ab6ae3b4d663e0620558d5638cdf98a6f271e4", kill_on_drop: false }`
[INFO] running `Command { std: "docker" "rm" "-f" "036a629d05de947eb489163b58ab6ae3b4d663e0620558d5638cdf98a6f271e4", kill_on_drop: false }`
[INFO] [stdout] 036a629d05de947eb489163b58ab6ae3b4d663e0620558d5638cdf98a6f271e4
[INFO] running `Command { std: "docker" "create" "-v" "/var/lib/crater-agent-workspace/builds/worker-4-tc2/target:/opt/rustwide/target:rw,Z" "-v" "/var/lib/crater-agent-workspace/builds/worker-4-tc2/source:/opt/rustwide/workdir:ro,Z" "-v" "/var/lib/crater-agent-workspace/cargo-home:/opt/rustwide/cargo-home:ro,Z" "-v" "/var/lib/crater-agent-workspace/rustup-home:/opt/rustwide/rustup-home:ro,Z" "-e" "SOURCE_DIR=/opt/rustwide/workdir" "-e" "CARGO_TARGET_DIR=/opt/rustwide/target" "-e" "CARGO_INCREMENTAL=0" "-e" "RUST_BACKTRACE=full" "-e" "RUSTFLAGS=--cap-lints=warn" "-e" "RUSTDOCFLAGS=--cap-lints=warn" "-e" "CARGO_HOME=/opt/rustwide/cargo-home" "-e" "RUSTUP_HOME=/opt/rustwide/rustup-home" "-w" "/opt/rustwide/workdir" "-m" "1610612736" "--user" "0:0" "--network" "none" "ghcr.io/rust-lang/crates-build-env/linux@sha256:5ff2268d62e97bff2cde7d5815dd6ed5b47097566f13b8d0ca110b04b60e07ed" "/opt/rustwide/cargo-home/bin/cargo" "+beta-2023-04-20" "test" "--frozen", kill_on_drop: false }`
[INFO] [stdout] 6718488f907eab273de0d35a9f905f7f0803bdafb4d3d9082de89bd60e4df3cc
[INFO] running `Command { std: "docker" "start" "-a" "6718488f907eab273de0d35a9f905f7f0803bdafb4d3d9082de89bd60e4df3cc", kill_on_drop: false }`
[INFO] [stderr]     Finished test [unoptimized + debuginfo] target(s) in 0.04s
[INFO] [stderr]      Running unittests src/lib.rs (/opt/rustwide/target/debug/deps/depcon_codegen-fc774c46153e41e1)
[INFO] [stdout] 
[INFO] [stdout] running 8 tests
[INFO] [stdout] test derive_injectable::test::test_unit_struct ... ok
[INFO] [stdout] test attribute_auto_provide::test::test_auto_provide ... ok
[INFO] [stdout] test derive_injectable::test::test_named_struct ... ok
[INFO] [stdout] test attribute_provide::test::test_provide_generics ... ok
[INFO] [stdout] test derive_injectable::test::test_tuple_struct ... ok
[INFO] [stdout] test attribute_provide::test::test_provide ... ok
[INFO] [stdout] test attribute_auto_provide::test::test_reject_params - should panic ... ok
[INFO] [stdout] test attribute_provide::test::test_reject_params - should panic ... ok
[INFO] [stdout] 
[INFO] [stdout] test result: ok. 8 passed; 0 failed; 0 ignored; 0 measured; 0 filtered out; finished in 0.10s
[INFO] [stdout] 
[INFO] [stderr]      Running tests/attribute_auto_provide.rs (/opt/rustwide/target/debug/deps/attribute_auto_provide-2a4f999ebef5c179)
[INFO] [stdout] 
[INFO] [stdout] running 2 tests
[INFO] [stderr]    Compiling proc-macro2 v1.0.56
[INFO] [stderr]    Compiling quote v1.0.26
[INFO] [stderr]    Compiling syn v1.0.109
[INFO] [stderr]    Compiling unicode-ident v1.0.8
[INFO] [stderr]    Compiling depcon_codegen v0.3.0 (/opt/rustwide/workdir)
[INFO] [stderr]    Compiling depcon_codegen-tests v0.0.0 (/opt/rustwide/target/tests/trybuild/depcon_codegen)
[INFO] [stderr]     Finished dev [unoptimized + debuginfo] target(s) in 10.50s
[INFO] [stderr] 
[INFO] [stderr] 
[INFO] [stderr] test tests/attribute_auto_provide/pass/concrete_generics.rs ... error
[INFO] [stderr] ┈┈┈┈┈┈┈┈┈┈┈┈┈┈┈┈┈┈┈┈┈┈┈┈┈┈┈┈┈┈┈┈┈┈┈┈┈┈┈┈┈┈┈┈┈┈┈┈┈┈┈┈┈┈┈┈┈┈┈┈
[INFO] [stderr] error[E0432]: unresolved import `depcon`
[INFO] [stderr]  --> tests/attribute_auto_provide/pass/concrete_generics.rs:1:5
[INFO] [stderr]   |
[INFO] [stderr] 1 | use depcon::*;
[INFO] [stderr]   |     ^^^^^^ use of undeclared crate or module `depcon`
[INFO] [stderr] 
[INFO] [stderr] error: cannot find attribute `auto_provide` in this scope
[INFO] [stderr]  --> tests/attribute_auto_provide/pass/concrete_generics.rs:9:3
[INFO] [stderr]   |
[INFO] [stderr] 9 | #[auto_provide]
[INFO] [stderr]   |   ^^^^^^^^^^^^
[INFO] [stderr]   |
[INFO] [stderr]   = help: consider importing this attribute macro:
[INFO] [stderr]           depcon_codegen::auto_provide
[INFO] [stderr] 
[INFO] [stderr] error: cannot find derive macro `Injectable` in this scope
[INFO] [stderr]  --> tests/attribute_auto_provide/pass/concrete_generics.rs:6:10
[INFO] [stderr]   |
[INFO] [stderr] 6 | #[derive(Injectable)]
[INFO] [stderr]   |          ^^^^^^^^^^
[INFO] [stderr]   |
[INFO] [stderr]   = help: consider importing this derive macro:
[INFO] [stderr]           depcon_codegen::Injectable
[INFO] [stderr] 
[INFO] [stderr] error[E0433]: failed to resolve: use of undeclared type `Container`
[INFO] [stderr]   --> tests/attribute_auto_provide/pass/concrete_generics.rs:13:25
[INFO] [stderr]    |
[INFO] [stderr] 13 |     let mut container = Container::auto().unwrap();
[INFO] [stderr]    |                         ^^^^^^^^^ use of undeclared type `Container`
[INFO] [stderr] ┈┈┈┈┈┈┈┈┈┈┈┈┈┈┈┈┈┈┈┈┈┈┈┈┈┈┈┈┈┈┈┈┈┈┈┈┈┈┈┈┈┈┈┈┈┈┈┈┈┈┈┈┈┈┈┈┈┈┈┈
[INFO] [stderr] 
[INFO] [stderr] test tests/attribute_auto_provide/pass/simple_trait.rs ... error
[INFO] [stderr] ┈┈┈┈┈┈┈┈┈┈┈┈┈┈┈┈┈┈┈┈┈┈┈┈┈┈┈┈┈┈┈┈┈┈┈┈┈┈┈┈┈┈┈┈┈┈┈┈┈┈┈┈┈┈┈┈┈┈┈┈
[INFO] [stderr] error[E0432]: unresolved import `depcon`
[INFO] [stderr]  --> tests/attribute_auto_provide/pass/simple_trait.rs:1:5
[INFO] [stderr]   |
[INFO] [stderr] 1 | use depcon::*;
[INFO] [stderr]   |     ^^^^^^ use of undeclared crate or module `depcon`
[INFO] [stderr] 
[INFO] [stderr] error: cannot find attribute `auto_provide` in this scope
[INFO] [stderr]  --> tests/attribute_auto_provide/pass/simple_trait.rs:9:3
[INFO] [stderr]   |
[INFO] [stderr] 9 | #[auto_provide]
[INFO] [stderr]   |   ^^^^^^^^^^^^
[INFO] [stderr]   |
[INFO] [stderr]   = help: consider importing this attribute macro:
[INFO] [stderr]           depcon_codegen::auto_provide
[INFO] [stderr] 
[INFO] [stderr] error: cannot find derive macro `Injectable` in this scope
[INFO] [stderr]  --> tests/attribute_auto_provide/pass/simple_trait.rs:6:10
[INFO] [stderr]   |
[INFO] [stderr] 6 | #[derive(Injectable)]
[INFO] [stderr]   |          ^^^^^^^^^^
[INFO] [stderr]   |
[INFO] [stderr]   = help: consider importing this derive macro:
[INFO] [stderr]           depcon_codegen::Injectable
[INFO] [stderr] 
[INFO] [stderr] error[E0433]: failed to resolve: use of undeclared type `Container`
[INFO] [stderr]   --> tests/attribute_auto_provide/pass/simple_trait.rs:13:25
[INFO] [stderr]    |
[INFO] [stderr] 13 |     let mut container = Container::auto().unwrap();
[INFO] [stderr]    |                         ^^^^^^^^^ use of undeclared type `Container`
[INFO] [stderr] ┈┈┈┈┈┈┈┈┈┈┈┈┈┈┈┈┈┈┈┈┈┈┈┈┈┈┈┈┈┈┈┈┈┈┈┈┈┈┈┈┈┈┈┈┈┈┈┈┈┈┈┈┈┈┈┈┈┈┈┈
[INFO] [stderr] 
[INFO] [stderr] 
[INFO] [stderr] 
[INFO] [stdout] test test_valid_attributes_pass ... FAILED
[INFO] [stderr]     Checking unicode-ident v1.0.8
[INFO] [stderr]     Checking proc-macro2 v1.0.56
[INFO] [stderr]     Checking quote v1.0.26
[INFO] [stderr]     Checking syn v1.0.109
[INFO] [stderr]     Checking depcon_codegen-tests v0.0.0 (/opt/rustwide/target/tests/trybuild/depcon_codegen)
[INFO] [stderr]     Finished dev [unoptimized + debuginfo] target(s) in 3.39s
[INFO] [stderr] 
[INFO] [stderr] 
[INFO] [stderr] test tests/attribute_auto_provide/fail/attribute_params.rs ... mismatch
[INFO] [stderr] 
[INFO] [stderr] EXPECTED:
[INFO] [stderr] ┈┈┈┈┈┈┈┈┈┈┈┈┈┈┈┈┈┈┈┈┈┈┈┈┈┈┈┈┈┈┈┈┈┈┈┈┈┈┈┈┈┈┈┈┈┈┈┈┈┈┈┈┈┈┈┈┈┈┈┈
[INFO] [stderr] error: custom attribute panicked
[INFO] [stderr]  --> tests/attribute_auto_provide/fail/attribute_params.rs:6:1
[INFO] [stderr]   |
[INFO] [stderr] 6 | #[auto_provide(bad)]
[INFO] [stderr]   | ^^^^^^^^^^^^^^^^^^^^
[INFO] [stderr]   |
[INFO] [stderr]   = help: message: attribute does not accept parameters
[INFO] [stderr] ┈┈┈┈┈┈┈┈┈┈┈┈┈┈┈┈┈┈┈┈┈┈┈┈┈┈┈┈┈┈┈┈┈┈┈┈┈┈┈┈┈┈┈┈┈┈┈┈┈┈┈┈┈┈┈┈┈┈┈┈
[INFO] [stderr] 
[INFO] [stderr] ACTUAL OUTPUT:
[INFO] [stderr] ┈┈┈┈┈┈┈┈┈┈┈┈┈┈┈┈┈┈┈┈┈┈┈┈┈┈┈┈┈┈┈┈┈┈┈┈┈┈┈┈┈┈┈┈┈┈┈┈┈┈┈┈┈┈┈┈┈┈┈┈
[INFO] [stderr] error[E0432]: unresolved import `depcon`
[INFO] [stderr]  --> tests/attribute_auto_provide/fail/attribute_params.rs:1:5
[INFO] [stderr]   |
[INFO] [stderr] 1 | use depcon::*;
[INFO] [stderr]   |     ^^^^^^ use of undeclared crate or module `depcon`
[INFO] [stderr] 
[INFO] [stderr] error: cannot find attribute `auto_provide` in this scope
[INFO] [stderr]  --> tests/attribute_auto_provide/fail/attribute_params.rs:6:3
[INFO] [stderr]   |
[INFO] [stderr] 6 | #[auto_provide(bad)]
[INFO] [stderr]   |   ^^^^^^^^^^^^
[INFO] [stderr]   |
[INFO] [stderr]   = help: consider importing this attribute macro:
[INFO] [stderr]           depcon_codegen::auto_provide
[INFO] [stderr] ┈┈┈┈┈┈┈┈┈┈┈┈┈┈┈┈┈┈┈┈┈┈┈┈┈┈┈┈┈┈┈┈┈┈┈┈┈┈┈┈┈┈┈┈┈┈┈┈┈┈┈┈┈┈┈┈┈┈┈┈
[INFO] [stderr] note: If the actual output is the correct output you can bless it by rerunning
[INFO] [stderr]       your test with the environment variable TRYBUILD=overwrite
[INFO] [stderr] 
[INFO] [stderr] test tests/attribute_auto_provide/fail/generics.rs ... mismatch
[INFO] [stdout] test test_invalid_attributes_fail ... FAILED
[INFO] [stderr] 
[INFO] [stdout] 
[INFO] [stderr] EXPECTED:
[INFO] [stdout] failures:
[INFO] [stderr] ┈┈┈┈┈┈┈┈┈┈┈┈┈┈┈┈┈┈┈┈┈┈┈┈┈┈┈┈┈┈┈┈┈┈┈┈┈┈┈┈┈┈┈┈┈┈┈┈┈┈┈┈┈┈┈┈┈┈┈┈
[INFO] [stdout] 
[INFO] [stderr] error: custom attribute panicked
[INFO] [stdout] ---- test_valid_attributes_pass stdout ----
[INFO] [stderr]  --> tests/attribute_auto_provide/fail/generics.rs:8:1
[INFO] [stdout] thread 'test_valid_attributes_pass' panicked at '2 of 2 tests failed', /opt/rustwide/cargo-home/registry/src/index.crates.io-6f17d22bba15001f/trybuild-1.0.76/src/run.rs:101:13
[INFO] [stderr]   |
[INFO] [stdout] stack backtrace:
[INFO] [stderr] 8 | #[auto_provide]
[INFO] [stdout]    0:     0x55e2b9dc9b0a - std::backtrace_rs::backtrace::libunwind::trace::h2f05d0192276a8f6
[INFO] [stderr]   | ^^^^^^^^^^^^^^^
[INFO] [stdout]                                at /rustc/1b7dd2252b99671ce5d1cb9664c5f8636329436d/library/std/src/../../backtrace/src/backtrace/libunwind.rs:93:5
[INFO] [stderr]   |
[INFO] [stdout]    1:     0x55e2b9dc9b0a - std::backtrace_rs::backtrace::trace_unsynchronized::hedc23dff7a1af150
[INFO] [stderr]   = help: message: Only concrete types can be registered. Use auto_register! instead
[INFO] [stdout]                                at /rustc/1b7dd2252b99671ce5d1cb9664c5f8636329436d/library/std/src/../../backtrace/src/backtrace/mod.rs:66:5
[INFO] [stderr] ┈┈┈┈┈┈┈┈┈┈┈┈┈┈┈┈┈┈┈┈┈┈┈┈┈┈┈┈┈┈┈┈┈┈┈┈┈┈┈┈┈┈┈┈┈┈┈┈┈┈┈┈┈┈┈┈┈┈┈┈
[INFO] [stdout]    2:     0x55e2b9dc9b0a - std::sys_common::backtrace::_print_fmt::h17541ef7592f3ce2
[INFO] [stderr] 
[INFO] [stdout]                                at /rustc/1b7dd2252b99671ce5d1cb9664c5f8636329436d/library/std/src/sys_common/backtrace.rs:65:5
[INFO] [stderr] ACTUAL OUTPUT:
[INFO] [stdout]    3:     0x55e2b9dc9b0a - <std::sys_common::backtrace::_print::DisplayBacktrace as core::fmt::Display>::fmt::h20f75df5ab0c0792
[INFO] [stderr] ┈┈┈┈┈┈┈┈┈┈┈┈┈┈┈┈┈┈┈┈┈┈┈┈┈┈┈┈┈┈┈┈┈┈┈┈┈┈┈┈┈┈┈┈┈┈┈┈┈┈┈┈┈┈┈┈┈┈┈┈
[INFO] [stdout]                                at /rustc/1b7dd2252b99671ce5d1cb9664c5f8636329436d/library/std/src/sys_common/backtrace.rs:44:22
[INFO] [stderr] error[E0432]: unresolved import `depcon`
[INFO] [stdout]    4:     0x55e2b9defe4f - core::fmt::write::h78109e6f466b3af6
[INFO] [stderr]  --> tests/attribute_auto_provide/fail/generics.rs:1:5
[INFO] [stdout]                                at /rustc/1b7dd2252b99671ce5d1cb9664c5f8636329436d/library/core/src/fmt/mod.rs:1254:17
[INFO] [stderr]   |
[INFO] [stdout]    5:     0x55e2b9dc6095 - std::io::Write::write_fmt::hd24bfb68a1b35a25
[INFO] [stderr] 1 | use depcon::*;
[INFO] [stdout]                                at /rustc/1b7dd2252b99671ce5d1cb9664c5f8636329436d/library/std/src/io/mod.rs:1698:15
[INFO] [stderr]   |     ^^^^^^ use of undeclared crate or module `depcon`
[INFO] [stdout]    6:     0x55e2b9dc98d5 - std::sys_common::backtrace::_print::h8dac57a9f8fbf9a5
[INFO] [stderr] 
[INFO] [stdout]                                at /rustc/1b7dd2252b99671ce5d1cb9664c5f8636329436d/library/std/src/sys_common/backtrace.rs:47:5
[INFO] [stderr] error: cannot find attribute `auto_provide` in this scope
[INFO] [stdout]    7:     0x55e2b9dc98d5 - std::sys_common::backtrace::print::hf9ecbf41d1aa712f
[INFO] [stderr]  --> tests/attribute_auto_provide/fail/generics.rs:8:3
[INFO] [stdout]                                at /rustc/1b7dd2252b99671ce5d1cb9664c5f8636329436d/library/std/src/sys_common/backtrace.rs:34:9
[INFO] [stderr]   |
[INFO] [stdout]    8:     0x55e2b9dcb58e - std::panicking::default_hook::{{closure}}::h04c07acfc84ca028
[INFO] [stderr] 8 | #[auto_provide]
[INFO] [stdout]                                at /rustc/1b7dd2252b99671ce5d1cb9664c5f8636329436d/library/std/src/panicking.rs:269:22
[INFO] [stderr]   |   ^^^^^^^^^^^^
[INFO] [stdout]    9:     0x55e2b9dcb2c1 - std::panicking::default_hook::h01f6bb23e1eceb2c
[INFO] [stderr]   |
[INFO] [stdout]                                at /rustc/1b7dd2252b99671ce5d1cb9664c5f8636329436d/library/std/src/panicking.rs:285:9
[INFO] [stderr]   = help: consider importing this attribute macro:
[INFO] [stdout]   10:     0x55e2b9b770db - <alloc::boxed::Box<F,A> as core::ops::function::Fn<Args>>::call::h87fe9f7b2fd49e4c
[INFO] [stderr]           depcon_codegen::auto_provide
[INFO] [stdout]                                at /rustc/1b7dd2252b99671ce5d1cb9664c5f8636329436d/library/alloc/src/boxed.rs:1987:9
[INFO] [stderr] 
[INFO] [stdout]   11:     0x55e2b9b770db - test::test_main::{{closure}}::he94d679243a7531b
[INFO] [stderr] error: cannot find derive macro `Injectable` in this scope
[INFO] [stdout]                                at /rustc/1b7dd2252b99671ce5d1cb9664c5f8636329436d/library/test/src/lib.rs:134:21
[INFO] [stderr]  --> tests/attribute_auto_provide/fail/generics.rs:5:10
[INFO] [stdout]   12:     0x55e2b9dcbc74 - <alloc::boxed::Box<F,A> as core::ops::function::Fn<Args>>::call::h3f2d6d8b14c4769f
[INFO] [stderr]   |
[INFO] [stdout]                                at /rustc/1b7dd2252b99671ce5d1cb9664c5f8636329436d/library/alloc/src/boxed.rs:1987:9
[INFO] [stderr] 5 | #[derive(Injectable)]
[INFO] [stdout]   13:     0x55e2b9dcbc74 - std::panicking::rust_panic_with_hook::h2bb3722bbaf2f6df
[INFO] [stderr]   |          ^^^^^^^^^^
[INFO] [stdout]                                at /rustc/1b7dd2252b99671ce5d1cb9664c5f8636329436d/library/std/src/panicking.rs:695:13
[INFO] [stderr]   |
[INFO] [stdout]   14:     0x55e2b9dcb9e9 - std::panicking::begin_panic_handler::{{closure}}::h91bc7f36a4be011b
[INFO] [stderr]   = help: consider importing this derive macro:
[INFO] [stdout]                                at /rustc/1b7dd2252b99671ce5d1cb9664c5f8636329436d/library/std/src/panicking.rs:582:13
[INFO] [stderr]           depcon_codegen::Injectable
[INFO] [stdout]   15:     0x55e2b9dc9f76 - std::sys_common::backtrace::__rust_end_short_backtrace::h8b3d3717114f9e59
[INFO] [stderr] ┈┈┈┈┈┈┈┈┈┈┈┈┈┈┈┈┈┈┈┈┈┈┈┈┈┈┈┈┈┈┈┈┈┈┈┈┈┈┈┈┈┈┈┈┈┈┈┈┈┈┈┈┈┈┈┈┈┈┈┈
[INFO] [stdout]                                at /rustc/1b7dd2252b99671ce5d1cb9664c5f8636329436d/library/std/src/sys_common/backtrace.rs:150:18
[INFO] [stderr] note: If the actual output is the correct output you can bless it by rerunning
[INFO] [stdout]   16:     0x55e2b9dcb742 - rust_begin_unwind
[INFO] [stderr]       your test with the environment variable TRYBUILD=overwrite
[INFO] [stdout]                                at /rustc/1b7dd2252b99671ce5d1cb9664c5f8636329436d/library/std/src/panicking.rs:578:5
[INFO] [stderr] 
[INFO] [stdout]   17:     0x55e2b9b41e73 - core::panicking::panic_fmt::hfd368e3fbdabea26
[INFO] [stderr] 
[INFO] [stdout]                                at /rustc/1b7dd2252b99671ce5d1cb9664c5f8636329436d/library/core/src/panicking.rs:67:14
[INFO] [stderr] 
[INFO] [stdout]   18:     0x55e2b9bcdda7 - trybuild::run::<impl trybuild::Runner>::run::h6e835241a8b87b00
[INFO] [stdout]                                at /opt/rustwide/cargo-home/registry/src/index.crates.io-6f17d22bba15001f/trybuild-1.0.76/src/run.rs:101:13
[INFO] [stdout]   19:     0x55e2b9bd366a - <trybuild::TestCases as core::ops::drop::Drop>::drop::hfdd2c2b342f06689
[INFO] [stdout]                                at /opt/rustwide/cargo-home/registry/src/index.crates.io-6f17d22bba15001f/trybuild-1.0.76/src/lib.rs:313:13
[INFO] [stdout]   20:     0x55e2b9b42dd7 - core::ptr::drop_in_place<trybuild::TestCases>::hec6c4f658f8cfbee
[INFO] [stdout]                                at /rustc/1b7dd2252b99671ce5d1cb9664c5f8636329436d/library/core/src/ptr/mod.rs:490:1
[INFO] [stdout]   21:     0x55e2b9b426e3 - attribute_auto_provide::test_valid_attributes_pass::h732133cfdf0c58b8
[INFO] [stdout]                                at /opt/rustwide/workdir/tests/attribute_auto_provide.rs:7:1
[INFO] [stdout]   22:     0x55e2b9b42677 - attribute_auto_provide::test_valid_attributes_pass::{{closure}}::hdc0fea9a46c1b484
[INFO] [stdout]                                at /opt/rustwide/workdir/tests/attribute_auto_provide.rs:4:33
[INFO] [stdout]   23:     0x55e2b9b42d85 - core::ops::function::FnOnce::call_once::ha86f99a1ccfbc492
[INFO] [stdout]                                at /rustc/1b7dd2252b99671ce5d1cb9664c5f8636329436d/library/core/src/ops/function.rs:250:5
[INFO] [stdout]   24:     0x55e2b9b7bfaf - core::ops::function::FnOnce::call_once::ha6a70e79f7481a7e
[INFO] [stdout]                                at /rustc/1b7dd2252b99671ce5d1cb9664c5f8636329436d/library/core/src/ops/function.rs:250:5
[INFO] [stdout]   25:     0x55e2b9b7bfaf - test::__rust_begin_short_backtrace::hce33033019b61e69
[INFO] [stdout]                                at /rustc/1b7dd2252b99671ce5d1cb9664c5f8636329436d/library/test/src/lib.rs:655:18
[INFO] [stdout]   26:     0x55e2b9b4979c - test::run_test::{{closure}}::h858d3528838ae3e5
[INFO] [stdout]                                at /rustc/1b7dd2252b99671ce5d1cb9664c5f8636329436d/library/test/src/lib.rs:646:30
[INFO] [stdout]   27:     0x55e2b9b4979c - core::ops::function::FnOnce::call_once{{vtable.shim}}::he8ac2b00f01ae79e
[INFO] [stdout]                                at /rustc/1b7dd2252b99671ce5d1cb9664c5f8636329436d/library/core/src/ops/function.rs:250:5
[INFO] [stdout]   28:     0x55e2b9b7b086 - <alloc::boxed::Box<F,A> as core::ops::function::FnOnce<Args>>::call_once::h8093d25b522725ef
[INFO] [stdout]                                at /rustc/1b7dd2252b99671ce5d1cb9664c5f8636329436d/library/alloc/src/boxed.rs:1973:9
[INFO] [stdout]   29:     0x55e2b9b7b086 - <core::panic::unwind_safe::AssertUnwindSafe<F> as core::ops::function::FnOnce<()>>::call_once::h5c334c204e4a3913
[INFO] [stdout]                                at /rustc/1b7dd2252b99671ce5d1cb9664c5f8636329436d/library/core/src/panic/unwind_safe.rs:271:9
[INFO] [stdout]   30:     0x55e2b9b7b086 - std::panicking::try::do_call::ha8b740c7b9478074
[INFO] [stdout]                                at /rustc/1b7dd2252b99671ce5d1cb9664c5f8636329436d/library/std/src/panicking.rs:485:40
[INFO] [stdout]   31:     0x55e2b9b7b086 - std::panicking::try::h5d34f63d0e41b64e
[INFO] [stdout]                                at /rustc/1b7dd2252b99671ce5d1cb9664c5f8636329436d/library/std/src/panicking.rs:449:19
[INFO] [stdout]   32:     0x55e2b9b7b086 - std::panic::catch_unwind::hcfbb511e1aa7fc67
[INFO] [stdout]                                at /rustc/1b7dd2252b99671ce5d1cb9664c5f8636329436d/library/std/src/panic.rs:140:14
[INFO] [stdout]   33:     0x55e2b9b7b086 - test::run_test_in_process::h9abda90f802eaf21
[INFO] [stdout]                                at /rustc/1b7dd2252b99671ce5d1cb9664c5f8636329436d/library/test/src/lib.rs:678:27
[INFO] [stdout]   34:     0x55e2b9b7b086 - test::run_test::run_test_inner::{{closure}}::h0f058de91f6c6edf
[INFO] [stdout]                                at /rustc/1b7dd2252b99671ce5d1cb9664c5f8636329436d/library/test/src/lib.rs:572:39
[INFO] [stdout]   35:     0x55e2b9b43fa5 - test::run_test::run_test_inner::{{closure}}::h5ca48a4c59c6c1fb
[INFO] [stdout]                                at /rustc/1b7dd2252b99671ce5d1cb9664c5f8636329436d/library/test/src/lib.rs:599:37
[INFO] [stdout]   36:     0x55e2b9b43fa5 - std::sys_common::backtrace::__rust_begin_short_backtrace::h32bd51e1495d4a33
[INFO] [stdout]                                at /rustc/1b7dd2252b99671ce5d1cb9664c5f8636329436d/library/std/src/sys_common/backtrace.rs:134:18
[INFO] [stdout]   37:     0x55e2b9b494e1 - std::thread::Builder::spawn_unchecked_::{{closure}}::{{closure}}::hc086fae9b128b2db
[INFO] [stdout]                                at /rustc/1b7dd2252b99671ce5d1cb9664c5f8636329436d/library/std/src/thread/mod.rs:526:17
[INFO] [stdout]   38:     0x55e2b9b494e1 - <core::panic::unwind_safe::AssertUnwindSafe<F> as core::ops::function::FnOnce<()>>::call_once::hb66571888d270d43
[INFO] [stdout]                                at /rustc/1b7dd2252b99671ce5d1cb9664c5f8636329436d/library/core/src/panic/unwind_safe.rs:271:9
[INFO] [stdout]   39:     0x55e2b9b494e1 - std::panicking::try::do_call::h4fa2ef4f6e51fecf
[INFO] [stdout]                                at /rustc/1b7dd2252b99671ce5d1cb9664c5f8636329436d/library/std/src/panicking.rs:485:40
[INFO] [stdout]   40:     0x55e2b9b494e1 - std::panicking::try::h1e9e22b8584489b5
[INFO] [stdout]                                at /rustc/1b7dd2252b99671ce5d1cb9664c5f8636329436d/library/std/src/panicking.rs:449:19
[INFO] [stdout]   41:     0x55e2b9b494e1 - std::panic::catch_unwind::h44698a3de0e0769e
[INFO] [stdout]                                at /rustc/1b7dd2252b99671ce5d1cb9664c5f8636329436d/library/std/src/panic.rs:140:14
[INFO] [stdout]   42:     0x55e2b9b494e1 - std::thread::Builder::spawn_unchecked_::{{closure}}::h50153abde3fe239e
[INFO] [stdout]                                at /rustc/1b7dd2252b99671ce5d1cb9664c5f8636329436d/library/std/src/thread/mod.rs:525:30
[INFO] [stdout]   43:     0x55e2b9b494e1 - core::ops::function::FnOnce::call_once{{vtable.shim}}::hbe5bbf6f38394364
[INFO] [stdout]                                at /rustc/1b7dd2252b99671ce5d1cb9664c5f8636329436d/library/core/src/ops/function.rs:250:5
[INFO] [stdout]   44:     0x55e2b9dd10c5 - <alloc::boxed::Box<F,A> as core::ops::function::FnOnce<Args>>::call_once::h0d83cb2920a49046
[INFO] [stdout]                                at /rustc/1b7dd2252b99671ce5d1cb9664c5f8636329436d/library/alloc/src/boxed.rs:1973:9
[INFO] [stdout]   45:     0x55e2b9dd10c5 - <alloc::boxed::Box<F,A> as core::ops::function::FnOnce<Args>>::call_once::hbe0a008aa7d9ef59
[INFO] [stdout]                                at /rustc/1b7dd2252b99671ce5d1cb9664c5f8636329436d/library/alloc/src/boxed.rs:1973:9
[INFO] [stdout]   46:     0x55e2b9dd10c5 - std::sys::unix::thread::Thread::new::thread_start::h3a466996bdf6b1f9
[INFO] [stdout]                                at /rustc/1b7dd2252b99671ce5d1cb9664c5f8636329436d/library/std/src/sys/unix/thread.rs:108:17
[INFO] [stdout]   47:     0x7fcc0050bb43 - <unknown>
[INFO] [stdout]   48:     0x7fcc0059cbb4 - __clone
[INFO] [stdout]   49:                0x0 - <unknown>
[INFO] [stdout] 
[INFO] [stdout] ---- test_invalid_attributes_fail stdout ----
[INFO] [stdout] thread 'test_invalid_attributes_fail' panicked at '2 of 2 tests failed', /opt/rustwide/cargo-home/registry/src/index.crates.io-6f17d22bba15001f/trybuild-1.0.76/src/run.rs:101:13
[INFO] [stdout] stack backtrace:
[INFO] [stdout]    0:     0x55e2b9dc9b0a - std::backtrace_rs::backtrace::libunwind::trace::h2f05d0192276a8f6
[INFO] [stdout]                                at /rustc/1b7dd2252b99671ce5d1cb9664c5f8636329436d/library/std/src/../../backtrace/src/backtrace/libunwind.rs:93:5
[INFO] [stdout]    1:     0x55e2b9dc9b0a - std::backtrace_rs::backtrace::trace_unsynchronized::hedc23dff7a1af150
[INFO] [stdout]                                at /rustc/1b7dd2252b99671ce5d1cb9664c5f8636329436d/library/std/src/../../backtrace/src/backtrace/mod.rs:66:5
[INFO] [stdout]    2:     0x55e2b9dc9b0a - std::sys_common::backtrace::_print_fmt::h17541ef7592f3ce2
[INFO] [stdout]                                at /rustc/1b7dd2252b99671ce5d1cb9664c5f8636329436d/library/std/src/sys_common/backtrace.rs:65:5
[INFO] [stdout]    3:     0x55e2b9dc9b0a - <std::sys_common::backtrace::_print::DisplayBacktrace as core::fmt::Display>::fmt::h20f75df5ab0c0792
[INFO] [stdout]                                at /rustc/1b7dd2252b99671ce5d1cb9664c5f8636329436d/library/std/src/sys_common/backtrace.rs:44:22
[INFO] [stdout]    4:     0x55e2b9defe4f - core::fmt::write::h78109e6f466b3af6
[INFO] [stdout]                                at /rustc/1b7dd2252b99671ce5d1cb9664c5f8636329436d/library/core/src/fmt/mod.rs:1254:17
[INFO] [stdout]    5:     0x55e2b9dc6095 - std::io::Write::write_fmt::hd24bfb68a1b35a25
[INFO] [stdout]                                at /rustc/1b7dd2252b99671ce5d1cb9664c5f8636329436d/library/std/src/io/mod.rs:1698:15
[INFO] [stdout]    6:     0x55e2b9dc98d5 - std::sys_common::backtrace::_print::h8dac57a9f8fbf9a5
[INFO] [stdout]                                at /rustc/1b7dd2252b99671ce5d1cb9664c5f8636329436d/library/std/src/sys_common/backtrace.rs:47:5
[INFO] [stdout]    7:     0x55e2b9dc98d5 - std::sys_common::backtrace::print::hf9ecbf41d1aa712f
[INFO] [stdout]                                at /rustc/1b7dd2252b99671ce5d1cb9664c5f8636329436d/library/std/src/sys_common/backtrace.rs:34:9
[INFO] [stdout]    8:     0x55e2b9dcb58e - std::panicking::default_hook::{{closure}}::h04c07acfc84ca028
[INFO] [stdout]                                at /rustc/1b7dd2252b99671ce5d1cb9664c5f8636329436d/library/std/src/panicking.rs:269:22
[INFO] [stdout]    9:     0x55e2b9dcb2c1 - std::panicking::default_hook::h01f6bb23e1eceb2c
[INFO] [stdout]                                at /rustc/1b7dd2252b99671ce5d1cb9664c5f8636329436d/library/std/src/panicking.rs:285:9
[INFO] [stdout]   10:     0x55e2b9b770db - <alloc::boxed::Box<F,A> as core::ops::function::Fn<Args>>::call::h87fe9f7b2fd49e4c
[INFO] [stdout]                                at /rustc/1b7dd2252b99671ce5d1cb9664c5f8636329436d/library/alloc/src/boxed.rs:1987:9
[INFO] [stdout]   11:     0x55e2b9b770db - test::test_main::{{closure}}::he94d679243a7531b
[INFO] [stdout]                                at /rustc/1b7dd2252b99671ce5d1cb9664c5f8636329436d/library/test/src/lib.rs:134:21
[INFO] [stdout]   12:     0x55e2b9dcbc74 - <alloc::boxed::Box<F,A> as core::ops::function::Fn<Args>>::call::h3f2d6d8b14c4769f
[INFO] [stdout]                                at /rustc/1b7dd2252b99671ce5d1cb9664c5f8636329436d/library/alloc/src/boxed.rs:1987:9
[INFO] [stdout]   13:     0x55e2b9dcbc74 - std::panicking::rust_panic_with_hook::h2bb3722bbaf2f6df
[INFO] [stdout]                                at /rustc/1b7dd2252b99671ce5d1cb9664c5f8636329436d/library/std/src/panicking.rs:695:13
[INFO] [stdout]   14:     0x55e2b9dcb9e9 - std::panicking::begin_panic_handler::{{closure}}::h91bc7f36a4be011b
[INFO] [stdout]                                at /rustc/1b7dd2252b99671ce5d1cb9664c5f8636329436d/library/std/src/panicking.rs:582:13
[INFO] [stdout]   15:     0x55e2b9dc9f76 - std::sys_common::backtrace::__rust_end_short_backtrace::h8b3d3717114f9e59
[INFO] [stdout]                                at /rustc/1b7dd2252b99671ce5d1cb9664c5f8636329436d/library/std/src/sys_common/backtrace.rs:150:18
[INFO] [stdout]   16:     0x55e2b9dcb742 - rust_begin_unwind
[INFO] [stdout]                                at /rustc/1b7dd2252b99671ce5d1cb9664c5f8636329436d/library/std/src/panicking.rs:578:5
[INFO] [stdout]   17:     0x55e2b9b41e73 - core::panicking::panic_fmt::hfd368e3fbdabea26
[INFO] [stdout]                                at /rustc/1b7dd2252b99671ce5d1cb9664c5f8636329436d/library/core/src/panicking.rs:67:14
[INFO] [stdout]   18:     0x55e2b9bcdda7 - trybuild::run::<impl trybuild::Runner>::run::h6e835241a8b87b00
[INFO] [stdout]                                at /opt/rustwide/cargo-home/registry/src/index.crates.io-6f17d22bba15001f/trybuild-1.0.76/src/run.rs:101:13
[INFO] [stdout]   19:     0x55e2b9bd366a - <trybuild::TestCases as core::ops::drop::Drop>::drop::hfdd2c2b342f06689
[INFO] [stdout]                                at /opt/rustwide/cargo-home/registry/src/index.crates.io-6f17d22bba15001f/trybuild-1.0.76/src/lib.rs:313:13
[INFO] [stdout]   20:     0x55e2b9b42dd7 - core::ptr::drop_in_place<trybuild::TestCases>::hec6c4f658f8cfbee
[INFO] [stdout]                                at /rustc/1b7dd2252b99671ce5d1cb9664c5f8636329436d/library/core/src/ptr/mod.rs:490:1
[INFO] [stdout]   21:     0x55e2b9b42783 - attribute_auto_provide::test_invalid_attributes_fail::hd1fd0cb7790f88fa
[INFO] [stdout]                                at /opt/rustwide/workdir/tests/attribute_auto_provide.rs:13:1
[INFO] [stdout]   22:     0x55e2b9b42717 - attribute_auto_provide::test_invalid_attributes_fail::{{closure}}::h1baf731437621c79
[INFO] [stdout]                                at /opt/rustwide/workdir/tests/attribute_auto_provide.rs:10:35
[INFO] [stdout]   23:     0x55e2b9b42d45 - core::ops::function::FnOnce::call_once::h93653736d85adbb0
[INFO] [stdout]                                at /rustc/1b7dd2252b99671ce5d1cb9664c5f8636329436d/library/core/src/ops/function.rs:250:5
[INFO] [stdout]   24:     0x55e2b9b7bfaf - core::ops::function::FnOnce::call_once::ha6a70e79f7481a7e
[INFO] [stdout]                                at /rustc/1b7dd2252b99671ce5d1cb9664c5f8636329436d/library/core/src/ops/function.rs:250:5
[INFO] [stdout]   25:     0x55e2b9b7bfaf - test::__rust_begin_short_backtrace::hce33033019b61e69
[INFO] [stdout]                                at /rustc/1b7dd2252b99671ce5d1cb9664c5f8636329436d/library/test/src/lib.rs:655:18
[INFO] [stdout]   26:     0x55e2b9b4979c - test::run_test::{{closure}}::h858d3528838ae3e5
[INFO] [stdout]                                at /rustc/1b7dd2252b99671ce5d1cb9664c5f8636329436d/library/test/src/lib.rs:646:30
[INFO] [stdout]   27:     0x55e2b9b4979c - core::ops::function::FnOnce::call_once{{vtable.shim}}::he8ac2b00f01ae79e
[INFO] [stdout]                                at /rustc/1b7dd2252b99671ce5d1cb9664c5f8636329436d/library/core/src/ops/function.rs:250:5
[INFO] [stdout]   28:     0x55e2b9b7b086 - <alloc::boxed::Box<F,A> as core::ops::function::FnOnce<Args>>::call_once::h8093d25b522725ef
[INFO] [stdout]                                at /rustc/1b7dd2252b99671ce5d1cb9664c5f8636329436d/library/alloc/src/boxed.rs:1973:9
[INFO] [stdout]   29:     0x55e2b9b7b086 - <core::panic::unwind_safe::AssertUnwindSafe<F> as core::ops::function::FnOnce<()>>::call_once::h5c334c204e4a3913
[INFO] [stdout]                                at /rustc/1b7dd2252b99671ce5d1cb9664c5f8636329436d/library/core/src/panic/unwind_safe.rs:271:9
[INFO] [stdout]   30:     0x55e2b9b7b086 - std::panicking::try::do_call::ha8b740c7b9478074
[INFO] [stdout]                                at /rustc/1b7dd2252b99671ce5d1cb9664c5f8636329436d/library/std/src/panicking.rs:485:40
[INFO] [stdout]   31:     0x55e2b9b7b086 - std::panicking::try::h5d34f63d0e41b64e
[INFO] [stdout]                                at /rustc/1b7dd2252b99671ce5d1cb9664c5f8636329436d/library/std/src/panicking.rs:449:19
[INFO] [stdout]   32:     0x55e2b9b7b086 - std::panic::catch_unwind::hcfbb511e1aa7fc67
[INFO] [stdout]                                at /rustc/1b7dd2252b99671ce5d1cb9664c5f8636329436d/library/std/src/panic.rs:140:14
[INFO] [stdout]   33:     0x55e2b9b7b086 - test::run_test_in_process::h9abda90f802eaf21
[INFO] [stdout]                                at /rustc/1b7dd2252b99671ce5d1cb9664c5f8636329436d/library/test/src/lib.rs:678:27
[INFO] [stdout]   34:     0x55e2b9b7b086 - test::run_test::run_test_inner::{{closure}}::h0f058de91f6c6edf
[INFO] [stdout]                                at /rustc/1b7dd2252b99671ce5d1cb9664c5f8636329436d/library/test/src/lib.rs:572:39
[INFO] [stdout]   35:     0x55e2b9b43fa5 - test::run_test::run_test_inner::{{closure}}::h5ca48a4c59c6c1fb
[INFO] [stdout]                                at /rustc/1b7dd2252b99671ce5d1cb9664c5f8636329436d/library/test/src/lib.rs:599:37
[INFO] [stdout]   36:     0x55e2b9b43fa5 - std::sys_common::backtrace::__rust_begin_short_backtrace::h32bd51e1495d4a33
[INFO] [stdout]                                at /rustc/1b7dd2252b99671ce5d1cb9664c5f8636329436d/library/std/src/sys_common/backtrace.rs:134:18
[INFO] [stdout]   37:     0x55e2b9b494e1 - std::thread::Builder::spawn_unchecked_::{{closure}}::{{closure}}::hc086fae9b128b2db
[INFO] [stdout]                                at /rustc/1b7dd2252b99671ce5d1cb9664c5f8636329436d/library/std/src/thread/mod.rs:526:17
[INFO] [stdout]   38:     0x55e2b9b494e1 - <core::panic::unwind_safe::AssertUnwindSafe<F> as core::ops::function::FnOnce<()>>::call_once::hb66571888d270d43
[INFO] [stdout]                                at /rustc/1b7dd2252b99671ce5d1cb9664c5f8636329436d/library/core/src/panic/unwind_safe.rs:271:9
[INFO] [stdout]   39:     0x55e2b9b494e1 - std::panicking::try::do_call::h4fa2ef4f6e51fecf
[INFO] [stdout]                                at /rustc/1b7dd2252b99671ce5d1cb9664c5f8636329436d/library/std/src/panicking.rs:485:40
[INFO] [stdout]   40:     0x55e2b9b494e1 - std::panicking::try::h1e9e22b8584489b5
[INFO] [stdout]                                at /rustc/1b7dd2252b99671ce5d1cb9664c5f8636329436d/library/std/src/panicking.rs:449:19
[INFO] [stdout]   41:     0x55e2b9b494e1 - std::panic::catch_unwind::h44698a3de0e0769e
[INFO] [stdout]                                at /rustc/1b7dd2252b99671ce5d1cb9664c5f8636329436d/library/std/src/panic.rs:140:14
[INFO] [stdout]   42:     0x55e2b9b494e1 - std::thread::Builder::spawn_unchecked_::{{closure}}::h50153abde3fe239e
[INFO] [stdout]                                at /rustc/1b7dd2252b99671ce5d1cb9664c5f8636329436d/library/std/src/thread/mod.rs:525:30
[INFO] [stdout]   43:     0x55e2b9b494e1 - core::ops::function::FnOnce::call_once{{vtable.shim}}::hbe5bbf6f38394364
[INFO] [stdout]                                at /rustc/1b7dd2252b99671ce5d1cb9664c5f8636329436d/library/core/src/ops/function.rs:250:5
[INFO] [stdout]   44:     0x55e2b9dd10c5 - <alloc::boxed::Box<F,A> as core::ops::function::FnOnce<Args>>::call_once::h0d83cb2920a49046
[INFO] [stdout]                                at /rustc/1b7dd2252b99671ce5d1cb9664c5f8636329436d/library/alloc/src/boxed.rs:1973:9
[INFO] [stdout]   45:     0x55e2b9dd10c5 - <alloc::boxed::Box<F,A> as core::ops::function::FnOnce<Args>>::call_once::hbe0a008aa7d9ef59
[INFO] [stdout]                                at /rustc/1b7dd2252b99671ce5d1cb9664c5f8636329436d/library/alloc/src/boxed.rs:1973:9
[INFO] [stdout]   46:     0x55e2b9dd10c5 - std::sys::unix::thread::Thread::new::thread_start::h3a466996bdf6b1f9
[INFO] [stdout]                                at /rustc/1b7dd2252b99671ce5d1cb9664c5f8636329436d/library/std/src/sys/unix/thread.rs:108:17
[INFO] [stdout]   47:     0x7fcc0050bb43 - <unknown>
[INFO] [stdout]   48:     0x7fcc0059cbb4 - __clone
[INFO] [stdout]   49:                0x0 - <unknown>
[INFO] [stdout] 
[INFO] [stdout] 
[INFO] [stdout] failures:
[INFO] [stdout]     test_invalid_attributes_fail
[INFO] [stdout]     test_valid_attributes_pass
[INFO] [stdout] 
[INFO] [stdout] test result: FAILED. 0 passed; 2 failed; 0 ignored; 0 measured; 0 filtered out; finished in 14.85s
[INFO] [stdout] 
[INFO] [stderr] error: test failed, to rerun pass `--test attribute_auto_provide`
[INFO] running `Command { std: "docker" "inspect" "6718488f907eab273de0d35a9f905f7f0803bdafb4d3d9082de89bd60e4df3cc", kill_on_drop: false }`
[INFO] running `Command { std: "docker" "rm" "-f" "6718488f907eab273de0d35a9f905f7f0803bdafb4d3d9082de89bd60e4df3cc", kill_on_drop: false }`
[INFO] [stdout] 6718488f907eab273de0d35a9f905f7f0803bdafb4d3d9082de89bd60e4df3cc
