[INFO] fetching crate default_variant 0.1.0...
[INFO] testing default_variant-0.1.0 against beta-2023-04-20 for beta-1.70-1
[INFO] extracting crate default_variant 0.1.0 into /workspace/builds/worker-7-tc2/source
[INFO] validating manifest of crates.io crate default_variant 0.1.0 on toolchain beta-2023-04-20
[INFO] running `Command { std: CARGO_HOME="/workspace/cargo-home" RUSTUP_HOME="/workspace/rustup-home" "/workspace/cargo-home/bin/cargo" "+beta-2023-04-20" "metadata" "--manifest-path" "Cargo.toml" "--no-deps", kill_on_drop: false }`
[INFO] started tweaking crates.io crate default_variant 0.1.0
[INFO] finished tweaking crates.io crate default_variant 0.1.0
[INFO] tweaked toml for crates.io crate default_variant 0.1.0 written to /workspace/builds/worker-7-tc2/source/Cargo.toml
[INFO] running `Command { std: CARGO_HOME="/workspace/cargo-home" RUSTUP_HOME="/workspace/rustup-home" __CARGO_TEST_CHANNEL_OVERRIDE_DO_NOT_USE_THIS="nightly" "/workspace/cargo-home/bin/cargo" "+beta-2023-04-20" "generate-lockfile" "--manifest-path" "Cargo.toml" "-Zno-index-update", kill_on_drop: false }`
[INFO] running `Command { std: CARGO_HOME="/workspace/cargo-home" RUSTUP_HOME="/workspace/rustup-home" "/workspace/cargo-home/bin/cargo" "+beta-2023-04-20" "fetch" "--manifest-path" "Cargo.toml", kill_on_drop: false }`
[INFO] running `Command { std: "docker" "create" "-v" "/var/lib/crater-agent-workspace/builds/worker-7-tc2/target:/opt/rustwide/target:rw,Z" "-v" "/var/lib/crater-agent-workspace/builds/worker-7-tc2/source:/opt/rustwide/workdir:ro,Z" "-v" "/var/lib/crater-agent-workspace/cargo-home:/opt/rustwide/cargo-home:ro,Z" "-v" "/var/lib/crater-agent-workspace/rustup-home:/opt/rustwide/rustup-home:ro,Z" "-e" "SOURCE_DIR=/opt/rustwide/workdir" "-e" "CARGO_TARGET_DIR=/opt/rustwide/target" "-e" "CARGO_HOME=/opt/rustwide/cargo-home" "-e" "RUSTUP_HOME=/opt/rustwide/rustup-home" "-w" "/opt/rustwide/workdir" "-m" "1610612736" "--user" "0:0" "--network" "none" "ghcr.io/rust-lang/crates-build-env/linux@sha256:5ff2268d62e97bff2cde7d5815dd6ed5b47097566f13b8d0ca110b04b60e07ed" "/opt/rustwide/cargo-home/bin/cargo" "+beta-2023-04-20" "metadata" "--no-deps" "--format-version=1", kill_on_drop: false }`
[INFO] [stdout] 4da80269ab630aa2a87856ebb2c026c98a206f0b5efe2f07b85683738739d734
[INFO] running `Command { std: "docker" "start" "-a" "4da80269ab630aa2a87856ebb2c026c98a206f0b5efe2f07b85683738739d734", kill_on_drop: false }`
[INFO] running `Command { std: "docker" "inspect" "4da80269ab630aa2a87856ebb2c026c98a206f0b5efe2f07b85683738739d734", kill_on_drop: false }`
[INFO] running `Command { std: "docker" "rm" "-f" "4da80269ab630aa2a87856ebb2c026c98a206f0b5efe2f07b85683738739d734", kill_on_drop: false }`
[INFO] [stdout] 4da80269ab630aa2a87856ebb2c026c98a206f0b5efe2f07b85683738739d734
[INFO] running `Command { std: "docker" "create" "-v" "/var/lib/crater-agent-workspace/builds/worker-7-tc2/target:/opt/rustwide/target:rw,Z" "-v" "/var/lib/crater-agent-workspace/builds/worker-7-tc2/source:/opt/rustwide/workdir:ro,Z" "-v" "/var/lib/crater-agent-workspace/cargo-home:/opt/rustwide/cargo-home:ro,Z" "-v" "/var/lib/crater-agent-workspace/rustup-home:/opt/rustwide/rustup-home:ro,Z" "-e" "SOURCE_DIR=/opt/rustwide/workdir" "-e" "CARGO_TARGET_DIR=/opt/rustwide/target" "-e" "CARGO_INCREMENTAL=0" "-e" "RUST_BACKTRACE=full" "-e" "RUSTFLAGS=--cap-lints=warn" "-e" "RUSTDOCFLAGS=--cap-lints=warn" "-e" "CARGO_HOME=/opt/rustwide/cargo-home" "-e" "RUSTUP_HOME=/opt/rustwide/rustup-home" "-w" "/opt/rustwide/workdir" "-m" "1610612736" "--user" "0:0" "--network" "none" "ghcr.io/rust-lang/crates-build-env/linux@sha256:5ff2268d62e97bff2cde7d5815dd6ed5b47097566f13b8d0ca110b04b60e07ed" "/opt/rustwide/cargo-home/bin/cargo" "+beta-2023-04-20" "build" "--frozen" "--message-format=json", kill_on_drop: false }`
[INFO] [stdout] 14dd8bbc9da89663ba56685811b5881e9df6d6953a2893f71e461d28272107a3
[INFO] running `Command { std: "docker" "start" "-a" "14dd8bbc9da89663ba56685811b5881e9df6d6953a2893f71e461d28272107a3", kill_on_drop: false }`
[INFO] [stderr]    Compiling syn v1.0.109
[INFO] [stderr]    Compiling default_variant v0.1.0 (/opt/rustwide/workdir)
[INFO] [stderr]     Finished dev [unoptimized + debuginfo] target(s) in 3.91s
[INFO] running `Command { std: "docker" "inspect" "14dd8bbc9da89663ba56685811b5881e9df6d6953a2893f71e461d28272107a3", kill_on_drop: false }`
[INFO] running `Command { std: "docker" "rm" "-f" "14dd8bbc9da89663ba56685811b5881e9df6d6953a2893f71e461d28272107a3", kill_on_drop: false }`
[INFO] [stdout] 14dd8bbc9da89663ba56685811b5881e9df6d6953a2893f71e461d28272107a3
[INFO] running `Command { std: "docker" "create" "-v" "/var/lib/crater-agent-workspace/builds/worker-7-tc2/target:/opt/rustwide/target:rw,Z" "-v" "/var/lib/crater-agent-workspace/builds/worker-7-tc2/source:/opt/rustwide/workdir:ro,Z" "-v" "/var/lib/crater-agent-workspace/cargo-home:/opt/rustwide/cargo-home:ro,Z" "-v" "/var/lib/crater-agent-workspace/rustup-home:/opt/rustwide/rustup-home:ro,Z" "-e" "SOURCE_DIR=/opt/rustwide/workdir" "-e" "CARGO_TARGET_DIR=/opt/rustwide/target" "-e" "CARGO_INCREMENTAL=0" "-e" "RUST_BACKTRACE=full" "-e" "RUSTFLAGS=--cap-lints=warn" "-e" "RUSTDOCFLAGS=--cap-lints=warn" "-e" "CARGO_HOME=/opt/rustwide/cargo-home" "-e" "RUSTUP_HOME=/opt/rustwide/rustup-home" "-w" "/opt/rustwide/workdir" "-m" "1610612736" "--user" "0:0" "--network" "none" "ghcr.io/rust-lang/crates-build-env/linux@sha256:5ff2268d62e97bff2cde7d5815dd6ed5b47097566f13b8d0ca110b04b60e07ed" "/opt/rustwide/cargo-home/bin/cargo" "+beta-2023-04-20" "test" "--frozen" "--no-run" "--message-format=json", kill_on_drop: false }`
[INFO] [stdout] 230380b156b665060b61f8a1273febc4f339a5e65455186c3467296b412555b8
[INFO] running `Command { std: "docker" "start" "-a" "230380b156b665060b61f8a1273febc4f339a5e65455186c3467296b412555b8", kill_on_drop: false }`
[INFO] [stderr]    Compiling proc-macro2 v1.0.56
[INFO] [stderr]    Compiling unicode-ident v1.0.8
[INFO] [stderr]    Compiling quote v1.0.26
[INFO] [stderr]    Compiling syn v1.0.109
[INFO] [stderr]    Compiling default_variant v0.1.0 (/opt/rustwide/workdir)
[INFO] [stderr]     Finished test [unoptimized + debuginfo] target(s) in 5.92s
[INFO] running `Command { std: "docker" "inspect" "230380b156b665060b61f8a1273febc4f339a5e65455186c3467296b412555b8", kill_on_drop: false }`
[INFO] running `Command { std: "docker" "rm" "-f" "230380b156b665060b61f8a1273febc4f339a5e65455186c3467296b412555b8", kill_on_drop: false }`
[INFO] [stdout] 230380b156b665060b61f8a1273febc4f339a5e65455186c3467296b412555b8
[INFO] running `Command { std: "docker" "create" "-v" "/var/lib/crater-agent-workspace/builds/worker-7-tc2/target:/opt/rustwide/target:rw,Z" "-v" "/var/lib/crater-agent-workspace/builds/worker-7-tc2/source:/opt/rustwide/workdir:ro,Z" "-v" "/var/lib/crater-agent-workspace/cargo-home:/opt/rustwide/cargo-home:ro,Z" "-v" "/var/lib/crater-agent-workspace/rustup-home:/opt/rustwide/rustup-home:ro,Z" "-e" "SOURCE_DIR=/opt/rustwide/workdir" "-e" "CARGO_TARGET_DIR=/opt/rustwide/target" "-e" "CARGO_INCREMENTAL=0" "-e" "RUST_BACKTRACE=full" "-e" "RUSTFLAGS=--cap-lints=warn" "-e" "RUSTDOCFLAGS=--cap-lints=warn" "-e" "CARGO_HOME=/opt/rustwide/cargo-home" "-e" "RUSTUP_HOME=/opt/rustwide/rustup-home" "-w" "/opt/rustwide/workdir" "-m" "1610612736" "--user" "0:0" "--network" "none" "ghcr.io/rust-lang/crates-build-env/linux@sha256:5ff2268d62e97bff2cde7d5815dd6ed5b47097566f13b8d0ca110b04b60e07ed" "/opt/rustwide/cargo-home/bin/cargo" "+beta-2023-04-20" "test" "--frozen", kill_on_drop: false }`
[INFO] [stdout] 5dcb13924366752ca8186b34a3c73b1f72e9805e4cf97b50ed076014e6aeb5d4
[INFO] running `Command { std: "docker" "start" "-a" "5dcb13924366752ca8186b34a3c73b1f72e9805e4cf97b50ed076014e6aeb5d4", kill_on_drop: false }`
[INFO] [stderr]     Finished test [unoptimized + debuginfo] target(s) in 0.01s
[INFO] [stderr]      Running unittests src/lib.rs (/opt/rustwide/target/debug/deps/default_variant-110a3d63c809001a)
[INFO] [stdout] 
[INFO] [stdout] running 0 tests
[INFO] [stdout] 
[INFO] [stdout] test result: ok. 0 passed; 0 failed; 0 ignored; 0 measured; 0 filtered out; finished in 0.00s
[INFO] [stderr]      Running tests/associated_constant.rs (/opt/rustwide/target/debug/deps/associated_constant-0c11aa6e7d47cdbf)
[INFO] [stdout] 
[INFO] [stdout] 
[INFO] [stdout] running 1 test
[INFO] [stderr]      Running tests/method_call.rs (/opt/rustwide/target/debug/deps/method_call-06b5dbe52d582609)
[INFO] [stdout] test associated_constant_default ... ok
[INFO] [stdout] 
[INFO] [stdout] test result: ok. 1 passed; 0 failed; 0 ignored; 0 measured; 0 filtered out; finished in 0.00s
[INFO] [stdout] 
[INFO] [stdout] 
[INFO] [stdout] running 3 tests
[INFO] [stdout] test assert_ridiculous_default_states ... ok
[INFO] [stdout] test fizz_buzz_states_via_default ... ok
[INFO] [stderr]      Running tests/struct_variant.rs (/opt/rustwide/target/debug/deps/struct_variant-c37676e2ff748d2a)
[INFO] [stdout] test parity_default_changes_state ... ok
[INFO] [stdout] 
[INFO] [stdout] test result: ok. 3 passed; 0 failed; 0 ignored; 0 measured; 0 filtered out; finished in 0.00s
[INFO] [stdout] 
[INFO] [stdout] 
[INFO] [stdout] running 3 tests
[INFO] [stdout] test generic_struct_variant_default ... ok
[INFO] [stdout] test struct_variant_default ... ok
[INFO] [stdout] test generic_struct_with_bounds_variant_default ... ok
[INFO] [stdout] 
[INFO] [stdout] test result: ok. 3 passed; 0 failed; 0 ignored; 0 measured; 0 filtered out; finished in 0.00s
[INFO] [stdout] 
[INFO] [stderr]      Running tests/tuple_variant.rs (/opt/rustwide/target/debug/deps/tuple_variant-6dc7b1257c240717)
[INFO] [stdout] 
[INFO] [stdout] running 4 tests
[INFO] [stdout] test generic_tuple_1_variant_with_bounds_in_default ... ok
[INFO] [stdout] test generic_tuple_2_variant_without_bounds_default ... ok
[INFO] [stdout] test tuple_2_variant_defaults ... ok
[INFO] [stderr]      Running tests/unit_variant.rs (/opt/rustwide/target/debug/deps/unit_variant-98ee3edc24020eea)
[INFO] [stdout] test tuple_1_variant_defaults ... ok
[INFO] [stdout] 
[INFO] [stdout] test result: ok. 4 passed; 0 failed; 0 ignored; 0 measured; 0 filtered out; finished in 0.00s
[INFO] [stdout] 
[INFO] [stdout] 
[INFO] [stdout] running 1 test
[INFO] [stdout] test unit_variant_default ... ok
[INFO] [stderr]    Doc-tests default_variant
[INFO] [stdout] 
[INFO] [stdout] test result: ok. 1 passed; 0 failed; 0 ignored; 0 measured; 0 filtered out; finished in 0.01s
[INFO] [stdout] 
[INFO] [stdout] 
[INFO] [stdout] running 20 tests
[INFO] [stdout] test src/lib.rs - Call (line 19) ... FAILED
[INFO] [stdout] test src/lib.rs - VariantValue (line 62) ... FAILED
[INFO] [stdout] test src/lib.rs - VariantValue (line 85) ... FAILED
[INFO] [stdout] test src/lib.rs - VariantValue (line 123) ... FAILED
[INFO] [stdout] test src/lib.rs - EnumDefault (line 240) ... FAILED
[INFO] [stdout] test src/lib.rs - EnumDefault (line 255) ... FAILED
[INFO] [stdout] test src/lib.rs - default (line 348) ... FAILED
[INFO] [stdout] test src/lib.rs - EnumDefault (line 218) ... FAILED
[INFO] [stdout] test src/lib.rs - Call (line 32) ... FAILED
[INFO] [stdout] test src/lib.rs - VariantValue (line 158) ... FAILED
[INFO] [stdout] test src/lib.rs - VariantValue (line 104) ... FAILED
[INFO] [stdout] test src/lib.rs - VariantValue (line 112) ... FAILED
[INFO] [stdout] test src/lib.rs - VariantValue (line 93) ... FAILED
[INFO] [stdout] test src/lib.rs - VariantValue (line 167) ... FAILED
[INFO] [stdout] test src/lib.rs - VariantValue (line 147) ... FAILED
[INFO] [stdout] test src/lib.rs - default (line 360) ... FAILED
[INFO] [stdout] test src/lib.rs - Call (line 23) ... FAILED
[INFO] [stdout] test src/lib.rs - default (line 372) ... FAILED
[INFO] [stdout] test src/lib.rs - default (line 381) ... FAILED
[INFO] [stdout] test src/lib.rs - default (line 390) ... FAILED
[INFO] [stdout] 
[INFO] [stdout] failures:
[INFO] [stdout] 
[INFO] [stdout] ---- src/lib.rs - Call (line 19) stdout ----
[INFO] [stdout] error: expected expression, found `^`
[INFO] [stdout]  --> src/lib.rs:21:11
[INFO] [stdout]   |
[INFO] [stdout] 4 |           ^^^^^^^^^^^^
[INFO] [stdout]   |           ^ expected expression
[INFO] [stdout] 
[INFO] [stdout] error: aborting due to previous error
[INFO] [stdout] 
[INFO] [stdout] Couldn't compile the test.
[INFO] [stdout] ---- src/lib.rs - VariantValue (line 62) stdout ----
[INFO] [stdout] error: expected expression, found `^`
[INFO] [stdout]  --> src/lib.rs:64:15
[INFO] [stdout]   |
[INFO] [stdout] 4 |               ^^^
[INFO] [stdout]   |               ^ expected expression
[INFO] [stdout] 
[INFO] [stdout] error: aborting due to previous error
[INFO] [stdout] 
[INFO] [stdout] Couldn't compile the test.
[INFO] [stdout] ---- src/lib.rs - VariantValue (line 85) stdout ----
[INFO] [stdout] error: cannot find attribute `default` in this scope
[INFO] [stdout]  --> src/lib.rs:86:3
[INFO] [stdout]   |
[INFO] [stdout] 3 | #[default(Zero)]
[INFO] [stdout]   |   ^^^^^^^
[INFO] [stdout]   |
[INFO] [stdout]   = help: consider importing this attribute macro:
[INFO] [stdout]           default_variant::default
[INFO] [stdout] 
[INFO] [stdout] error: aborting due to previous error
[INFO] [stdout] 
[INFO] [stdout] Couldn't compile the test.
[INFO] [stdout] ---- src/lib.rs - VariantValue (line 123) stdout ----
[INFO] [stdout] error: cannot find attribute `default` in this scope
[INFO] [stdout]  --> src/lib.rs:124:3
[INFO] [stdout]   |
[INFO] [stdout] 3 | #[default(cfg())]
[INFO] [stdout]   |   ^^^^^^^
[INFO] [stdout]   |
[INFO] [stdout]   = help: consider importing this attribute macro:
[INFO] [stdout]           default_variant::default
[INFO] [stdout] 
[INFO] [stdout] error: aborting due to previous error
[INFO] [stdout] 
[INFO] [stdout] Couldn't compile the test.
[INFO] [stdout] ---- src/lib.rs - EnumDefault (line 240) stdout ----
[INFO] [stdout] error: cannot find attribute `default` in this scope
[INFO] [stdout]  --> src/lib.rs:241:3
[INFO] [stdout]   |
[INFO] [stdout] 3 | #[default(Foo)]
[INFO] [stdout]   |   ^^^^^^^
[INFO] [stdout]   |
[INFO] [stdout]   = help: consider importing this attribute macro:
[INFO] [stdout]           default_variant::default
[INFO] [stdout] 
[INFO] [stdout] error: aborting due to previous error
[INFO] [stdout] 
[INFO] [stdout] Couldn't compile the test.
[INFO] [stdout] ---- src/lib.rs - EnumDefault (line 255) stdout ----
[INFO] [stdout] error: cannot find attribute `default` in this scope
[INFO] [stdout]  --> src/lib.rs:256:3
[INFO] [stdout]   |
[INFO] [stdout] 3 | #[default(
[INFO] [stdout]   |   ^^^^^^^
[INFO] [stdout]   |
[INFO] [stdout]   = help: consider importing this attribute macro:
[INFO] [stdout]           default_variant::default
[INFO] [stdout] 
[INFO] [stdout] error: aborting due to previous error
[INFO] [stdout] 
[INFO] [stdout] Couldn't compile the test.
[INFO] [stdout] ---- src/lib.rs - default (line 348) stdout ----
[INFO] [stdout] error: cannot find attribute `default` in this scope
[INFO] [stdout]  --> src/lib.rs:349:3
[INFO] [stdout]   |
[INFO] [stdout] 3 | #[default(Zero)]
[INFO] [stdout]   |   ^^^^^^^
[INFO] [stdout]   |
[INFO] [stdout]   = help: consider importing this attribute macro:
[INFO] [stdout]           default_variant::default
[INFO] [stdout] 
[INFO] [stdout] error: aborting due to previous error
[INFO] [stdout] 
[INFO] [stdout] Couldn't compile the test.
[INFO] [stdout] ---- src/lib.rs - EnumDefault (line 218) stdout ----
[INFO] [stdout] error: mismatched closing delimiter: `]`
[INFO] [stdout]   --> src/lib.rs:236:14
[INFO] [stdout]    |
[INFO] [stdout] 20 |     #[default(MyGenerics(Default::default() where T: Default)]
[INFO] [stdout]    |      -       ^ unclosed delimiter                            ^ mismatched closing delimiter
[INFO] [stdout]    |      |
[INFO] [stdout]    |      closing delimiter possibly meant for this
[INFO] [stdout] 
[INFO] [stdout] error: aborting due to previous error
[INFO] [stdout] 
[INFO] [stdout] Couldn't compile the test.
[INFO] [stdout] ---- src/lib.rs - Call (line 32) stdout ----
[INFO] [stdout] error: expected statement after outer attribute
[INFO] [stdout]  --> src/lib.rs:33:1
[INFO] [stdout]   |
[INFO] [stdout] 3 | #[default((|x| if GLOBAL_STATE { Foo } else { Bar })(a, b, c))]
[INFO] [stdout]   | ^^^^^^^^^^^^^^^^^^^^^^^^^^^^^^^^^^^^^^^^^^^^^^^^^^^^^^^^^^^^^^^
[INFO] [stdout] 
[INFO] [stdout] error: aborting due to previous error
[INFO] [stdout] 
[INFO] [stdout] Couldn't compile the test.
[INFO] [stdout] ---- src/lib.rs - VariantValue (line 158) stdout ----
[INFO] [stdout] error: cannot find attribute `default` in this scope
[INFO] [stdout]  --> src/lib.rs:159:3
[INFO] [stdout]   |
[INFO] [stdout] 3 | #[default(Baz { one: 1, two: 2 })]
[INFO] [stdout]   |   ^^^^^^^
[INFO] [stdout]   |
[INFO] [stdout]   = help: consider importing this attribute macro:
[INFO] [stdout]           default_variant::default
[INFO] [stdout] 
[INFO] [stdout] error: aborting due to previous error
[INFO] [stdout] 
[INFO] [stdout] Couldn't compile the test.
[INFO] [stdout] ---- src/lib.rs - VariantValue (line 104) stdout ----
[INFO] [stdout] error: cannot find attribute `default` in this scope
[INFO] [stdout]  --> src/lib.rs:105:3
[INFO] [stdout]   |
[INFO] [stdout] 3 | #[default(Foo(true))]
[INFO] [stdout]   |   ^^^^^^^
[INFO] [stdout]   |
[INFO] [stdout]   = help: consider importing this attribute macro:
[INFO] [stdout]           default_variant::default
[INFO] [stdout] 
[INFO] [stdout] error: aborting due to previous error
[INFO] [stdout] 
[INFO] [stdout] Couldn't compile the test.
[INFO] [stdout] ---- src/lib.rs - VariantValue (line 112) stdout ----
[INFO] [stdout] error[E0412]: cannot find type `FooBar` in this scope
[INFO] [stdout]  --> src/lib.rs:113:18
[INFO] [stdout]   |
[INFO] [stdout] 3 | impl Default for FooBar {
[INFO] [stdout]   |                  ^^^^^^ not found in this scope
[INFO] [stdout] 
[INFO] [stdout] error: aborting due to previous error
[INFO] [stdout] 
[INFO] [stdout] For more information about this error, try `rustc --explain E0412`.
[INFO] [stdout] Couldn't compile the test.
[INFO] [stdout] ---- src/lib.rs - VariantValue (line 93) stdout ----
[INFO] [stdout] error[E0412]: cannot find type `Nat` in this scope
[INFO] [stdout]  --> src/lib.rs:94:18
[INFO] [stdout]   |
[INFO] [stdout] 3 | impl Default for Nat {
[INFO] [stdout]   |                  ^^^ not found in this scope
[INFO] [stdout] 
[INFO] [stdout] error: aborting due to previous error
[INFO] [stdout] 
[INFO] [stdout] For more information about this error, try `rustc --explain E0412`.
[INFO] [stdout] Couldn't compile the test.
[INFO] [stdout] ---- src/lib.rs - VariantValue (line 167) stdout ----
[INFO] [stdout] error[E0412]: cannot find type `MyEnum` in this scope
[INFO] [stdout]  --> src/lib.rs:168:18
[INFO] [stdout]   |
[INFO] [stdout] 3 | impl Default for MyEnum {
[INFO] [stdout]   |                  ^^^^^^ not found in this scope
[INFO] [stdout] 
[INFO] [stdout] error[E0220]: associated type `Baz` not found for `Self`
[INFO] [stdout]  --> src/lib.rs:170:15
[INFO] [stdout]   |
[INFO] [stdout] 5 |         Self::Baz { one: 1, two: 2 }
[INFO] [stdout]   |               ^^^ associated type `Baz` not found
[INFO] [stdout] 
[INFO] [stdout] error: aborting due to 2 previous errors
[INFO] [stdout] 
[INFO] [stdout] Some errors have detailed explanations: E0220, E0412.
[INFO] [stdout] For more information about an error, try `rustc --explain E0220`.
[INFO] [stdout] Couldn't compile the test.
[INFO] [stdout] ---- src/lib.rs - VariantValue (line 147) stdout ----
[INFO] [stdout] error[E0412]: cannot find type `OsTag` in this scope
[INFO] [stdout]  --> src/lib.rs:148:18
[INFO] [stdout]   |
[INFO] [stdout] 3 | impl Default for OsTag {
[INFO] [stdout]   |                  ^^^^^ not found in this scope
[INFO] [stdout] 
[INFO] [stdout] error: aborting due to previous error
[INFO] [stdout] 
[INFO] [stdout] For more information about this error, try `rustc --explain E0412`.
[INFO] [stdout] Couldn't compile the test.
[INFO] [stdout] ---- src/lib.rs - default (line 360) stdout ----
[INFO] [stdout] error: expected expression, found `;`
[INFO] [stdout]   --> src/lib.rs:368:57
[INFO] [stdout]    |
[INFO] [stdout] 9  | impl MyEnum {
[INFO] [stdout]    |             - while parsing this item list starting here
[INFO] [stdout] 10 |     pub const MY_CONST: Self = /* constant expression */;
[INFO] [stdout]    |                                                         ^ expected expression
[INFO] [stdout] 11 | }
[INFO] [stdout]    | - the item list ends here
[INFO] [stdout] 
[INFO] [stdout] error: cannot find attribute `default` in this scope
[INFO] [stdout]  --> src/lib.rs:361:3
[INFO] [stdout]   |
[INFO] [stdout] 3 | #[default(MY_CONST)]
[INFO] [stdout]   |   ^^^^^^^
[INFO] [stdout]   |
[INFO] [stdout]   = help: consider importing this attribute macro:
[INFO] [stdout]           default_variant::default
[INFO] [stdout] 
[INFO] [stdout] error: aborting due to 2 previous errors
[INFO] [stdout] 
[INFO] [stdout] Couldn't compile the test.
[INFO] [stdout] ---- src/lib.rs - Call (line 23) stdout ----
[INFO] [stdout] error[E0425]: cannot find value `a` in this scope
[INFO] [stdout]  --> src/lib.rs:24:11
[INFO] [stdout]   |
[INFO] [stdout] 3 | Self::Foo(a, b, c)
[INFO] [stdout]   |           ^ not found in this scope
[INFO] [stdout] 
[INFO] [stdout] error[E0425]: cannot find value `b` in this scope
[INFO] [stdout]  --> src/lib.rs:24:14
[INFO] [stdout]   |
[INFO] [stdout] 3 | Self::Foo(a, b, c)
[INFO] [stdout]   |              ^ not found in this scope
[INFO] [stdout] 
[INFO] [stdout] error[E0425]: cannot find value `c` in this scope
[INFO] [stdout]  --> src/lib.rs:24:17
[INFO] [stdout]   |
[INFO] [stdout] 3 | Self::Foo(a, b, c)
[INFO] [stdout]   |                 ^ not found in this scope
[INFO] [stdout] 
[INFO] [stdout] error[E0433]: failed to resolve: `Self` is only available in impls, traits, and type definitions
[INFO] [stdout]  --> src/lib.rs:24:1
[INFO] [stdout]   |
[INFO] [stdout] 3 | Self::Foo(a, b, c)
[INFO] [stdout]   | ^^^^ `Self` is only available in impls, traits, and type definitions
[INFO] [stdout] 
[INFO] [stdout] error: aborting due to 4 previous errors
[INFO] [stdout] 
[INFO] [stdout] Some errors have detailed explanations: E0425, E0433.
[INFO] [stdout] For more information about an error, try `rustc --explain E0425`.
[INFO] [stdout] Couldn't compile the test.
[INFO] [stdout] ---- src/lib.rs - default (line 372) stdout ----
[INFO] [stdout] error: cannot find attribute `default` in this scope
[INFO] [stdout]  --> src/lib.rs:373:3
[INFO] [stdout]   |
[INFO] [stdout] 3 | #[default(Bar(true, 0))]
[INFO] [stdout]   |   ^^^^^^^
[INFO] [stdout]   |
[INFO] [stdout]   = help: consider importing this attribute macro:
[INFO] [stdout]           default_variant::default
[INFO] [stdout] 
[INFO] [stdout] error: aborting due to previous error
[INFO] [stdout] 
[INFO] [stdout] Couldn't compile the test.
[INFO] [stdout] ---- src/lib.rs - default (line 381) stdout ----
[INFO] [stdout] error: cannot find attribute `default` in this scope
[INFO] [stdout]  --> src/lib.rs:382:3
[INFO] [stdout]   |
[INFO] [stdout] 3 | #[default(Baz { foo: Some(0), bar: true })]
[INFO] [stdout]   |   ^^^^^^^
[INFO] [stdout]   |
[INFO] [stdout]   = help: consider importing this attribute macro:
[INFO] [stdout]           default_variant::default
[INFO] [stdout] 
[INFO] [stdout] error: aborting due to previous error
[INFO] [stdout] 
[INFO] [stdout] Couldn't compile the test.
[INFO] [stdout] ---- src/lib.rs - default (line 390) stdout ----
[INFO] [stdout] error: cannot find attribute `default` in this scope
[INFO] [stdout]  --> src/lib.rs:397:3
[INFO] [stdout]   |
[INFO] [stdout] 9 | #[default(
[INFO] [stdout]   |   ^^^^^^^
[INFO] [stdout]   |
[INFO] [stdout]   = help: consider importing this attribute macro:
[INFO] [stdout]           default_variant::default
[INFO] [stdout] 
[INFO] [stdout] error: cannot find attribute `default` in this scope
[INFO] [stdout]  --> src/lib.rs:391:3
[INFO] [stdout]   |
[INFO] [stdout] 3 | #[default(One(Default::default()) where A: Default)]
[INFO] [stdout]   |   ^^^^^^^
[INFO] [stdout]   |
[INFO] [stdout]   = help: consider importing this attribute macro:
[INFO] [stdout]           default_variant::default
[INFO] [stdout] 
[INFO] [stdout] error[E0412]: cannot find type `C` in this scope
[INFO] [stdout]   --> src/lib.rs:407:21
[INFO] [stdout]    |
[INFO] [stdout] 16 | enum Thing<A, B> {
[INFO] [stdout]    |            - similarly named type parameter `A` defined here
[INFO] [stdout] ...
[INFO] [stdout] 19 |     Quux { a: A, b: C, letter: char }
[INFO] [stdout]    |                     ^
[INFO] [stdout]    |
[INFO] [stdout] help: a type parameter with a similar name exists
[INFO] [stdout]    |
[INFO] [stdout] 19 |     Quux { a: A, b: A, letter: char }
[INFO] [stdout]    |                     ~
[INFO] [stdout] help: you might be missing a type parameter
[INFO] [stdout]    |
[INFO] [stdout] 16 | enum Thing<A, B, C> {
[INFO] [stdout]    |                +++
[INFO] [stdout] 
[INFO] [stdout] error: aborting due to 3 previous errors
[INFO] [stdout] 
[INFO] [stdout] For more information about this error, try `rustc --explain E0412`.
[INFO] [stdout] Couldn't compile the test.
[INFO] [stdout] 
[INFO] [stdout] failures:
[INFO] [stdout]     src/lib.rs - Call (line 19)
[INFO] [stdout]     src/lib.rs - Call (line 23)
[INFO] [stdout]     src/lib.rs - Call (line 32)
[INFO] [stdout]     src/lib.rs - EnumDefault (line 218)
[INFO] [stdout]     src/lib.rs - EnumDefault (line 240)
[INFO] [stdout]     src/lib.rs - EnumDefault (line 255)
[INFO] [stdout]     src/lib.rs - VariantValue (line 104)
[INFO] [stdout]     src/lib.rs - VariantValue (line 112)
[INFO] [stdout]     src/lib.rs - VariantValue (line 123)
[INFO] [stdout]     src/lib.rs - VariantValue (line 147)
[INFO] [stdout]     src/lib.rs - VariantValue (line 158)
[INFO] [stdout]     src/lib.rs - VariantValue (line 167)
[INFO] [stdout]     src/lib.rs - VariantValue (line 62)
[INFO] [stdout]     src/lib.rs - VariantValue (line 85)
[INFO] [stdout]     src/lib.rs - VariantValue (line 93)
[INFO] [stdout]     src/lib.rs - default (line 348)
[INFO] [stdout]     src/lib.rs - default (line 360)
[INFO] [stdout]     src/lib.rs - default (line 372)
[INFO] [stdout]     src/lib.rs - default (line 381)
[INFO] [stdout]     src/lib.rs - default (line 390)
[INFO] [stdout] 
[INFO] [stdout] test result: FAILED. 0 passed; 20 failed; 0 ignored; 0 measured; 0 filtered out; finished in 0.16s
[INFO] [stdout] 
[INFO] [stderr] error: doctest failed, to rerun pass `--doc`
[INFO] running `Command { std: "docker" "inspect" "5dcb13924366752ca8186b34a3c73b1f72e9805e4cf97b50ed076014e6aeb5d4", kill_on_drop: false }`
[INFO] running `Command { std: "docker" "rm" "-f" "5dcb13924366752ca8186b34a3c73b1f72e9805e4cf97b50ed076014e6aeb5d4", kill_on_drop: false }`
[INFO] [stdout] 5dcb13924366752ca8186b34a3c73b1f72e9805e4cf97b50ed076014e6aeb5d4
