[INFO] fetching crate debug_plotter 0.2.1...
[INFO] testing debug_plotter-0.2.1 against beta-2023-04-20 for beta-1.70-1
[INFO] extracting crate debug_plotter 0.2.1 into /workspace/builds/worker-5-tc2/source
[INFO] validating manifest of crates.io crate debug_plotter 0.2.1 on toolchain beta-2023-04-20
[INFO] running `Command { std: CARGO_HOME="/workspace/cargo-home" RUSTUP_HOME="/workspace/rustup-home" "/workspace/cargo-home/bin/cargo" "+beta-2023-04-20" "metadata" "--manifest-path" "Cargo.toml" "--no-deps", kill_on_drop: false }`
[INFO] started tweaking crates.io crate debug_plotter 0.2.1
[INFO] finished tweaking crates.io crate debug_plotter 0.2.1
[INFO] tweaked toml for crates.io crate debug_plotter 0.2.1 written to /workspace/builds/worker-5-tc2/source/Cargo.toml
[INFO] crate crates.io crate debug_plotter 0.2.1 already has a lockfile, it will not be regenerated
[INFO] running `Command { std: CARGO_HOME="/workspace/cargo-home" RUSTUP_HOME="/workspace/rustup-home" "/workspace/cargo-home/bin/cargo" "+beta-2023-04-20" "fetch" "--manifest-path" "Cargo.toml", kill_on_drop: false }`
[INFO] [stderr]     Updating crates.io index
[INFO] [stderr]  Downloading crates ...
[INFO] [stderr]   Downloaded freetype v0.7.0
[INFO] [stderr]   Downloaded semver v0.11.0
[INFO] [stderr]   Downloaded pathfinder_geometry v0.5.1
[INFO] [stderr]   Downloaded cmake v0.1.46
[INFO] [stderr]   Downloaded servo-fontconfig v0.5.1
[INFO] [stderr]   Downloaded float-ord v0.2.0
[INFO] [stderr]   Downloaded semver-parser v0.10.2
[INFO] [stderr]   Downloaded rustc_version v0.3.3
[INFO] [stderr]   Downloaded plotters-bitmap v0.3.1
[INFO] [stderr]   Downloaded dwrote v0.11.0
[INFO] [stderr]   Downloaded wio v0.2.2
[INFO] [stderr]   Downloaded core-text v19.2.0
[INFO] [stderr]   Downloaded font-kit v0.10.1
[INFO] [stderr]   Downloaded pathfinder_simd v0.5.1
[INFO] [stderr]   Downloaded weezl v0.1.5
[INFO] [stderr]   Downloaded gif v0.11.3
[INFO] [stderr]   Downloaded expat-sys v2.1.6
[INFO] [stderr]   Downloaded libc v0.2.106
[INFO] [stderr]   Downloaded freetype-sys v0.13.1
[INFO] [stderr]   Downloaded servo-fontconfig-sys v5.1.0
[INFO] running `Command { std: "docker" "create" "-v" "/var/lib/crater-agent-workspace/builds/worker-5-tc2/target:/opt/rustwide/target:rw,Z" "-v" "/var/lib/crater-agent-workspace/builds/worker-5-tc2/source:/opt/rustwide/workdir:ro,Z" "-v" "/var/lib/crater-agent-workspace/cargo-home:/opt/rustwide/cargo-home:ro,Z" "-v" "/var/lib/crater-agent-workspace/rustup-home:/opt/rustwide/rustup-home:ro,Z" "-e" "SOURCE_DIR=/opt/rustwide/workdir" "-e" "CARGO_TARGET_DIR=/opt/rustwide/target" "-e" "CARGO_HOME=/opt/rustwide/cargo-home" "-e" "RUSTUP_HOME=/opt/rustwide/rustup-home" "-w" "/opt/rustwide/workdir" "-m" "1610612736" "--user" "0:0" "--network" "none" "ghcr.io/rust-lang/crates-build-env/linux@sha256:5ff2268d62e97bff2cde7d5815dd6ed5b47097566f13b8d0ca110b04b60e07ed" "/opt/rustwide/cargo-home/bin/cargo" "+beta-2023-04-20" "metadata" "--no-deps" "--format-version=1", kill_on_drop: false }`
[INFO] [stdout] 6f846dc5ba64fab99824e1d8ec6c986479b4b5663125db4430707a3c969ac390
[INFO] running `Command { std: "docker" "start" "-a" "6f846dc5ba64fab99824e1d8ec6c986479b4b5663125db4430707a3c969ac390", kill_on_drop: false }`
[INFO] running `Command { std: "docker" "inspect" "6f846dc5ba64fab99824e1d8ec6c986479b4b5663125db4430707a3c969ac390", kill_on_drop: false }`
[INFO] running `Command { std: "docker" "rm" "-f" "6f846dc5ba64fab99824e1d8ec6c986479b4b5663125db4430707a3c969ac390", kill_on_drop: false }`
[INFO] [stdout] 6f846dc5ba64fab99824e1d8ec6c986479b4b5663125db4430707a3c969ac390
[INFO] running `Command { std: "docker" "create" "-v" "/var/lib/crater-agent-workspace/builds/worker-5-tc2/target:/opt/rustwide/target:rw,Z" "-v" "/var/lib/crater-agent-workspace/builds/worker-5-tc2/source:/opt/rustwide/workdir:ro,Z" "-v" "/var/lib/crater-agent-workspace/cargo-home:/opt/rustwide/cargo-home:ro,Z" "-v" "/var/lib/crater-agent-workspace/rustup-home:/opt/rustwide/rustup-home:ro,Z" "-e" "SOURCE_DIR=/opt/rustwide/workdir" "-e" "CARGO_TARGET_DIR=/opt/rustwide/target" "-e" "CARGO_INCREMENTAL=0" "-e" "RUST_BACKTRACE=full" "-e" "RUSTFLAGS=--cap-lints=warn" "-e" "RUSTDOCFLAGS=--cap-lints=warn" "-e" "CARGO_HOME=/opt/rustwide/cargo-home" "-e" "RUSTUP_HOME=/opt/rustwide/rustup-home" "-w" "/opt/rustwide/workdir" "-m" "1610612736" "--user" "0:0" "--network" "none" "ghcr.io/rust-lang/crates-build-env/linux@sha256:5ff2268d62e97bff2cde7d5815dd6ed5b47097566f13b8d0ca110b04b60e07ed" "/opt/rustwide/cargo-home/bin/cargo" "+beta-2023-04-20" "build" "--frozen" "--message-format=json", kill_on_drop: false }`
[INFO] [stdout] 2cdadf58f7176929145bf62789ab18960e930f3857d79e841c80d7c358e475ea
[INFO] running `Command { std: "docker" "start" "-a" "2cdadf58f7176929145bf62789ab18960e930f3857d79e841c80d7c358e475ea", kill_on_drop: false }`
[INFO] [stderr]    Compiling pkg-config v0.3.22
[INFO] [stderr]    Compiling cc v1.0.71
[INFO] [stderr]    Compiling libc v0.2.106
[INFO] [stderr]    Compiling ucd-trie v0.1.3
[INFO] [stderr]    Compiling num-traits v0.2.14
[INFO] [stderr]    Compiling num-integer v0.1.44
[INFO] [stderr]    Compiling adler32 v1.2.0
[INFO] [stderr]    Compiling byteorder v1.4.3
[INFO] [stderr]    Compiling crc32fast v1.2.1
[INFO] [stderr]    Compiling num-rational v0.3.2
[INFO] [stderr]    Compiling num-iter v0.1.42
[INFO] [stderr]    Compiling log v0.4.14
[INFO] [stderr]    Compiling color_quant v1.1.0
[INFO] [stderr]    Compiling weezl v0.1.5
[INFO] [stderr]    Compiling jpeg-decoder v0.1.22
[INFO] [stderr]    Compiling plotters-backend v0.3.2
[INFO] [stderr]    Compiling pest v2.1.3
[INFO] [stderr]    Compiling miniz_oxide v0.3.7
[INFO] [stderr]    Compiling deflate v0.8.6
[INFO] [stderr]    Compiling same-file v1.0.6
[INFO] [stderr]    Compiling bytemuck v1.7.2
[INFO] [stderr]    Compiling walkdir v2.3.2
[INFO] [stderr]    Compiling gif v0.11.3
[INFO] [stderr]    Compiling cmake v0.1.46
[INFO] [stderr]    Compiling float-ord v0.2.0
[INFO] [stderr]    Compiling lazy_static v1.4.0
[INFO] [stderr]    Compiling servo-fontconfig-sys v5.1.0
[INFO] [stderr]    Compiling plotters-svg v0.3.1
[INFO] [stderr]    Compiling ttf-parser v0.12.3
[INFO] [stderr]    Compiling semver-parser v0.10.2
[INFO] [stderr]    Compiling png v0.16.8
[INFO] [stderr]    Compiling freetype-sys v0.13.1
[INFO] [stderr]    Compiling expat-sys v2.1.6
[INFO] [stderr]    Compiling dirs-sys-next v0.1.2
[INFO] [stderr]    Compiling time v0.1.44
[INFO] [stderr]    Compiling dirs-next v2.0.0
[INFO] [stderr]    Compiling semver v0.11.0
[INFO] [stderr]    Compiling rustc_version v0.3.3
[INFO] [stderr]    Compiling freetype v0.7.0
[INFO] [stderr]    Compiling chrono v0.4.19
[INFO] [stderr]    Compiling servo-fontconfig v0.5.1
[INFO] [stderr]    Compiling pathfinder_simd v0.5.1
[INFO] [stderr]    Compiling image v0.23.14
[INFO] [stderr]    Compiling pathfinder_geometry v0.5.1
[INFO] [stderr]    Compiling font-kit v0.10.1
[INFO] [stderr]    Compiling plotters-bitmap v0.3.1
[INFO] [stderr]    Compiling plotters v0.3.1
[INFO] [stderr]    Compiling debug_plotter v0.2.1 (/opt/rustwide/workdir)
[INFO] [stderr]     Finished dev [unoptimized + debuginfo] target(s) in 8.37s
[INFO] running `Command { std: "docker" "inspect" "2cdadf58f7176929145bf62789ab18960e930f3857d79e841c80d7c358e475ea", kill_on_drop: false }`
[INFO] running `Command { std: "docker" "rm" "-f" "2cdadf58f7176929145bf62789ab18960e930f3857d79e841c80d7c358e475ea", kill_on_drop: false }`
[INFO] [stdout] 2cdadf58f7176929145bf62789ab18960e930f3857d79e841c80d7c358e475ea
[INFO] running `Command { std: "docker" "create" "-v" "/var/lib/crater-agent-workspace/builds/worker-5-tc2/target:/opt/rustwide/target:rw,Z" "-v" "/var/lib/crater-agent-workspace/builds/worker-5-tc2/source:/opt/rustwide/workdir:ro,Z" "-v" "/var/lib/crater-agent-workspace/cargo-home:/opt/rustwide/cargo-home:ro,Z" "-v" "/var/lib/crater-agent-workspace/rustup-home:/opt/rustwide/rustup-home:ro,Z" "-e" "SOURCE_DIR=/opt/rustwide/workdir" "-e" "CARGO_TARGET_DIR=/opt/rustwide/target" "-e" "CARGO_INCREMENTAL=0" "-e" "RUST_BACKTRACE=full" "-e" "RUSTFLAGS=--cap-lints=warn" "-e" "RUSTDOCFLAGS=--cap-lints=warn" "-e" "CARGO_HOME=/opt/rustwide/cargo-home" "-e" "RUSTUP_HOME=/opt/rustwide/rustup-home" "-w" "/opt/rustwide/workdir" "-m" "1610612736" "--user" "0:0" "--network" "none" "ghcr.io/rust-lang/crates-build-env/linux@sha256:5ff2268d62e97bff2cde7d5815dd6ed5b47097566f13b8d0ca110b04b60e07ed" "/opt/rustwide/cargo-home/bin/cargo" "+beta-2023-04-20" "test" "--frozen" "--no-run" "--message-format=json", kill_on_drop: false }`
[INFO] [stdout] 33f9002b9fcc398b0620e241ae55d50047a9305083ad0a7bf37f7a41eef27b21
[INFO] running `Command { std: "docker" "start" "-a" "33f9002b9fcc398b0620e241ae55d50047a9305083ad0a7bf37f7a41eef27b21", kill_on_drop: false }`
[INFO] [stderr]    Compiling debug_plotter v0.2.1 (/opt/rustwide/workdir)
[INFO] [stderr]     Finished test [unoptimized + debuginfo] target(s) in 1.89s
[INFO] running `Command { std: "docker" "inspect" "33f9002b9fcc398b0620e241ae55d50047a9305083ad0a7bf37f7a41eef27b21", kill_on_drop: false }`
[INFO] running `Command { std: "docker" "rm" "-f" "33f9002b9fcc398b0620e241ae55d50047a9305083ad0a7bf37f7a41eef27b21", kill_on_drop: false }`
[INFO] [stdout] 33f9002b9fcc398b0620e241ae55d50047a9305083ad0a7bf37f7a41eef27b21
[INFO] running `Command { std: "docker" "create" "-v" "/var/lib/crater-agent-workspace/builds/worker-5-tc2/target:/opt/rustwide/target:rw,Z" "-v" "/var/lib/crater-agent-workspace/builds/worker-5-tc2/source:/opt/rustwide/workdir:ro,Z" "-v" "/var/lib/crater-agent-workspace/cargo-home:/opt/rustwide/cargo-home:ro,Z" "-v" "/var/lib/crater-agent-workspace/rustup-home:/opt/rustwide/rustup-home:ro,Z" "-e" "SOURCE_DIR=/opt/rustwide/workdir" "-e" "CARGO_TARGET_DIR=/opt/rustwide/target" "-e" "CARGO_INCREMENTAL=0" "-e" "RUST_BACKTRACE=full" "-e" "RUSTFLAGS=--cap-lints=warn" "-e" "RUSTDOCFLAGS=--cap-lints=warn" "-e" "CARGO_HOME=/opt/rustwide/cargo-home" "-e" "RUSTUP_HOME=/opt/rustwide/rustup-home" "-w" "/opt/rustwide/workdir" "-m" "1610612736" "--user" "0:0" "--network" "none" "ghcr.io/rust-lang/crates-build-env/linux@sha256:5ff2268d62e97bff2cde7d5815dd6ed5b47097566f13b8d0ca110b04b60e07ed" "/opt/rustwide/cargo-home/bin/cargo" "+beta-2023-04-20" "test" "--frozen", kill_on_drop: false }`
[INFO] [stdout] 51dcef95d250f4ab8a0d3243f9ce59e1c492ac5ec8aae0b9c933a10b46e0bffa
[INFO] running `Command { std: "docker" "start" "-a" "51dcef95d250f4ab8a0d3243f9ce59e1c492ac5ec8aae0b9c933a10b46e0bffa", kill_on_drop: false }`
[INFO] [stderr]     Finished test [unoptimized + debuginfo] target(s) in 0.04s
[INFO] [stderr]      Running unittests src/lib.rs (/opt/rustwide/target/debug/deps/debug_plotter-4be8d5d6e5adba9e)
[INFO] [stdout] 
[INFO] [stdout] running 0 tests
[INFO] [stdout] 
[INFO] [stdout] test result: ok. 0 passed; 0 failed; 0 ignored; 0 measured; 0 filtered out; finished in 0.00s
[INFO] [stdout] 
[INFO] [stderr]    Doc-tests debug_plotter
[INFO] [stdout] 
[INFO] [stdout] running 4 tests
[INFO] [stdout] test src/lib.rs - plot (line 28) ... FAILED
[INFO] [stdout] test src/lib.rs - plot (line 15) ... FAILED
[INFO] [stdout] test src/lib.rs - plot (line 22) ... FAILED
[INFO] [stdout] test src/lib.rs - plot (line 35) ... FAILED
[INFO] [stdout] 
[INFO] [stdout] failures:
[INFO] [stdout] 
[INFO] [stdout] ---- src/lib.rs - plot (line 28) stdout ----
[INFO] [stdout] error[E0425]: cannot find value `a` in this scope
[INFO] [stdout]  --> src/lib.rs:29:22
[INFO] [stdout]   |
[INFO] [stdout] 4 | debug_plotter::plot!(a as "Alice", b as "Bob", c as "Charlie");
[INFO] [stdout]   |                      ^ not found in this scope
[INFO] [stdout] 
[INFO] [stdout] error[E0425]: cannot find value `b` in this scope
[INFO] [stdout]  --> src/lib.rs:29:36
[INFO] [stdout]   |
[INFO] [stdout] 4 | debug_plotter::plot!(a as "Alice", b as "Bob", c as "Charlie");
[INFO] [stdout]   |                                    ^ not found in this scope
[INFO] [stdout] 
[INFO] [stdout] error[E0425]: cannot find value `c` in this scope
[INFO] [stdout]  --> src/lib.rs:29:48
[INFO] [stdout]   |
[INFO] [stdout] 4 | debug_plotter::plot!(a as "Alice", b as "Bob", c as "Charlie");
[INFO] [stdout]   |                                                ^ not found in this scope
[INFO] [stdout] 
[INFO] [stdout] error: aborting due to 3 previous errors
[INFO] [stdout] 
[INFO] [stdout] For more information about this error, try `rustc --explain E0425`.
[INFO] [stdout] Couldn't compile the test.
[INFO] [stdout] ---- src/lib.rs - plot (line 15) stdout ----
[INFO] [stdout] error[E0425]: cannot find value `a` in this scope
[INFO] [stdout]  --> src/lib.rs:16:22
[INFO] [stdout]   |
[INFO] [stdout] 4 | debug_plotter::plot!(a, b, c);
[INFO] [stdout]   |                      ^ not found in this scope
[INFO] [stdout] 
[INFO] [stdout] error[E0425]: cannot find value `b` in this scope
[INFO] [stdout]  --> src/lib.rs:16:25
[INFO] [stdout]   |
[INFO] [stdout] 4 | debug_plotter::plot!(a, b, c);
[INFO] [stdout]   |                         ^ not found in this scope
[INFO] [stdout] 
[INFO] [stdout] error[E0425]: cannot find value `c` in this scope
[INFO] [stdout]  --> src/lib.rs:16:28
[INFO] [stdout]   |
[INFO] [stdout] 4 | debug_plotter::plot!(a, b, c);
[INFO] [stdout]   |                            ^ not found in this scope
[INFO] [stdout] 
[INFO] [stdout] error: aborting due to 3 previous errors
[INFO] [stdout] 
[INFO] [stdout] For more information about this error, try `rustc --explain E0425`.
[INFO] [stdout] Couldn't compile the test.
[INFO] [stdout] ---- src/lib.rs - plot (line 22) stdout ----
[INFO] [stdout] error[E0425]: cannot find value `x` in this scope
[INFO] [stdout]  --> src/lib.rs:23:23
[INFO] [stdout]   |
[INFO] [stdout] 4 | debug_plotter::plot!((x, a), (x, b), (x, c));
[INFO] [stdout]   |                       ^ not found in this scope
[INFO] [stdout] 
[INFO] [stdout] error[E0425]: cannot find value `a` in this scope
[INFO] [stdout]  --> src/lib.rs:23:26
[INFO] [stdout]   |
[INFO] [stdout] 4 | debug_plotter::plot!((x, a), (x, b), (x, c));
[INFO] [stdout]   |                          ^ not found in this scope
[INFO] [stdout] 
[INFO] [stdout] error[E0425]: cannot find value `x` in this scope
[INFO] [stdout]  --> src/lib.rs:23:31
[INFO] [stdout]   |
[INFO] [stdout] 4 | debug_plotter::plot!((x, a), (x, b), (x, c));
[INFO] [stdout]   |                               ^ not found in this scope
[INFO] [stdout] 
[INFO] [stdout] error[E0425]: cannot find value `b` in this scope
[INFO] [stdout]  --> src/lib.rs:23:34
[INFO] [stdout]   |
[INFO] [stdout] 4 | debug_plotter::plot!((x, a), (x, b), (x, c));
[INFO] [stdout]   |                                  ^ not found in this scope
[INFO] [stdout] 
[INFO] [stdout] error[E0425]: cannot find value `x` in this scope
[INFO] [stdout]  --> src/lib.rs:23:39
[INFO] [stdout]   |
[INFO] [stdout] 4 | debug_plotter::plot!((x, a), (x, b), (x, c));
[INFO] [stdout]   |                                       ^ not found in this scope
[INFO] [stdout] 
[INFO] [stdout] error[E0425]: cannot find value `c` in this scope
[INFO] [stdout]  --> src/lib.rs:23:42
[INFO] [stdout]   |
[INFO] [stdout] 4 | debug_plotter::plot!((x, a), (x, b), (x, c));
[INFO] [stdout]   |                                          ^ not found in this scope
[INFO] [stdout] 
[INFO] [stdout] error: aborting due to 6 previous errors
[INFO] [stdout] 
[INFO] [stdout] For more information about this error, try `rustc --explain E0425`.
[INFO] [stdout] Couldn't compile the test.
[INFO] [stdout] ---- src/lib.rs - plot (line 35) stdout ----
[INFO] [stdout] error[E0425]: cannot find value `a` in this scope
[INFO] [stdout]  --> src/lib.rs:36:22
[INFO] [stdout]   |
[INFO] [stdout] 4 | debug_plotter::plot!(a, b, c where caption = "My Caption");
[INFO] [stdout]   |                      ^ not found in this scope
[INFO] [stdout] 
[INFO] [stdout] error[E0425]: cannot find value `b` in this scope
[INFO] [stdout]  --> src/lib.rs:36:25
[INFO] [stdout]   |
[INFO] [stdout] 4 | debug_plotter::plot!(a, b, c where caption = "My Caption");
[INFO] [stdout]   |                         ^ not found in this scope
[INFO] [stdout] 
[INFO] [stdout] error[E0425]: cannot find value `c` in this scope
[INFO] [stdout]  --> src/lib.rs:36:28
[INFO] [stdout]   |
[INFO] [stdout] 4 | debug_plotter::plot!(a, b, c where caption = "My Caption");
[INFO] [stdout]   |                            ^ not found in this scope
[INFO] [stdout] 
[INFO] [stdout] error: aborting due to 3 previous errors
[INFO] [stdout] 
[INFO] [stdout] For more information about this error, try `rustc --explain E0425`.
[INFO] [stdout] Couldn't compile the test.
[INFO] [stdout] 
[INFO] [stdout] failures:
[INFO] [stdout]     src/lib.rs - plot (line 15)
[INFO] [stdout]     src/lib.rs - plot (line 22)
[INFO] [stdout]     src/lib.rs - plot (line 28)
[INFO] [stdout]     src/lib.rs - plot (line 35)
[INFO] [stdout] 
[INFO] [stdout] test result: FAILED. 0 passed; 4 failed; 0 ignored; 0 measured; 0 filtered out; finished in 0.07s
[INFO] [stdout] 
[INFO] [stderr] error: doctest failed, to rerun pass `--doc`
[INFO] running `Command { std: "docker" "inspect" "51dcef95d250f4ab8a0d3243f9ce59e1c492ac5ec8aae0b9c933a10b46e0bffa", kill_on_drop: false }`
[INFO] running `Command { std: "docker" "rm" "-f" "51dcef95d250f4ab8a0d3243f9ce59e1c492ac5ec8aae0b9c933a10b46e0bffa", kill_on_drop: false }`
[INFO] [stdout] 51dcef95d250f4ab8a0d3243f9ce59e1c492ac5ec8aae0b9c933a10b46e0bffa
