[INFO] fetching crate debosirus 0.1.1...
[INFO] testing debosirus-0.1.1 against beta-2023-04-20 for beta-1.70-1
[INFO] extracting crate debosirus 0.1.1 into /workspace/builds/worker-2-tc2/source
[INFO] validating manifest of crates.io crate debosirus 0.1.1 on toolchain beta-2023-04-20
[INFO] running `Command { std: CARGO_HOME="/workspace/cargo-home" RUSTUP_HOME="/workspace/rustup-home" "/workspace/cargo-home/bin/cargo" "+beta-2023-04-20" "metadata" "--manifest-path" "Cargo.toml" "--no-deps", kill_on_drop: false }`
[INFO] started tweaking crates.io crate debosirus 0.1.1
[INFO] finished tweaking crates.io crate debosirus 0.1.1
[INFO] tweaked toml for crates.io crate debosirus 0.1.1 written to /workspace/builds/worker-2-tc2/source/Cargo.toml
[INFO] crate crates.io crate debosirus 0.1.1 already has a lockfile, it will not be regenerated
[INFO] running `Command { std: CARGO_HOME="/workspace/cargo-home" RUSTUP_HOME="/workspace/rustup-home" "/workspace/cargo-home/bin/cargo" "+beta-2023-04-20" "fetch" "--manifest-path" "Cargo.toml", kill_on_drop: false }`
[INFO] [stderr]     Updating crates.io index
[INFO] [stderr]  Downloading crates ...
[INFO] [stderr]   Downloaded approx v0.1.1
[INFO] [stderr]   Downloaded serde v1.0.85
[INFO] [stderr]   Downloaded rgb v0.8.14
[INFO] [stderr]   Downloaded errno-dragonfly v0.1.1
[INFO] [stderr]   Downloaded errno v0.2.4
[INFO] [stderr]   Downloaded serde-humanize-rs v0.1.1
[INFO] [stderr]   Downloaded memchr v2.1.3
[INFO] [stderr]   Downloaded humanize-rs v0.1.5
[INFO] [stderr]   Downloaded structopt-derive v0.3.5
[INFO] [stderr]   Downloaded quote v0.6.11
[INFO] [stderr]   Downloaded proc-macro2 v0.4.26
[INFO] [stderr]   Downloaded num-traits v0.2.9
[INFO] [stderr]   Downloaded serde_yaml v0.8.8
[INFO] [stderr]   Downloaded cgmath v0.16.1
[INFO] [stderr]   Downloaded colored v1.8.0
[INFO] [stderr]   Downloaded syn v0.15.26
[INFO] [stderr]   Downloaded winconsole v0.10.0
[INFO] [stderr]   Downloaded structopt v0.3.5
[INFO] [stderr]   Downloaded regex-syntax v0.6.5
[INFO] [stderr]   Downloaded serde_derive v1.0.85
[INFO] [stderr]   Downloaded redox_syscall v0.1.51
[INFO] [stderr]   Downloaded libc v0.2.48
[INFO] [stderr]   Downloaded regex v1.1.0
[INFO] [stderr]   Downloaded loopdev v0.2.1
[INFO] running `Command { std: "docker" "create" "-v" "/var/lib/crater-agent-workspace/builds/worker-2-tc2/target:/opt/rustwide/target:rw,Z" "-v" "/var/lib/crater-agent-workspace/builds/worker-2-tc2/source:/opt/rustwide/workdir:ro,Z" "-v" "/var/lib/crater-agent-workspace/cargo-home:/opt/rustwide/cargo-home:ro,Z" "-v" "/var/lib/crater-agent-workspace/rustup-home:/opt/rustwide/rustup-home:ro,Z" "-e" "SOURCE_DIR=/opt/rustwide/workdir" "-e" "CARGO_TARGET_DIR=/opt/rustwide/target" "-e" "CARGO_HOME=/opt/rustwide/cargo-home" "-e" "RUSTUP_HOME=/opt/rustwide/rustup-home" "-w" "/opt/rustwide/workdir" "-m" "1610612736" "--user" "0:0" "--network" "none" "ghcr.io/rust-lang/crates-build-env/linux@sha256:5ff2268d62e97bff2cde7d5815dd6ed5b47097566f13b8d0ca110b04b60e07ed" "/opt/rustwide/cargo-home/bin/cargo" "+beta-2023-04-20" "metadata" "--no-deps" "--format-version=1", kill_on_drop: false }`
[INFO] [stdout] 864bd43e2e393cefaf56c2442606a2310bc9ff5ac5e043729fbfd79ff1fbc066
[INFO] running `Command { std: "docker" "start" "-a" "864bd43e2e393cefaf56c2442606a2310bc9ff5ac5e043729fbfd79ff1fbc066", kill_on_drop: false }`
[INFO] running `Command { std: "docker" "inspect" "864bd43e2e393cefaf56c2442606a2310bc9ff5ac5e043729fbfd79ff1fbc066", kill_on_drop: false }`
[INFO] running `Command { std: "docker" "rm" "-f" "864bd43e2e393cefaf56c2442606a2310bc9ff5ac5e043729fbfd79ff1fbc066", kill_on_drop: false }`
[INFO] [stdout] 864bd43e2e393cefaf56c2442606a2310bc9ff5ac5e043729fbfd79ff1fbc066
[INFO] running `Command { std: "docker" "create" "-v" "/var/lib/crater-agent-workspace/builds/worker-2-tc2/target:/opt/rustwide/target:rw,Z" "-v" "/var/lib/crater-agent-workspace/builds/worker-2-tc2/source:/opt/rustwide/workdir:ro,Z" "-v" "/var/lib/crater-agent-workspace/cargo-home:/opt/rustwide/cargo-home:ro,Z" "-v" "/var/lib/crater-agent-workspace/rustup-home:/opt/rustwide/rustup-home:ro,Z" "-e" "SOURCE_DIR=/opt/rustwide/workdir" "-e" "CARGO_TARGET_DIR=/opt/rustwide/target" "-e" "CARGO_INCREMENTAL=0" "-e" "RUST_BACKTRACE=full" "-e" "RUSTFLAGS=--cap-lints=warn" "-e" "RUSTDOCFLAGS=--cap-lints=warn" "-e" "CARGO_HOME=/opt/rustwide/cargo-home" "-e" "RUSTUP_HOME=/opt/rustwide/rustup-home" "-w" "/opt/rustwide/workdir" "-m" "1610612736" "--user" "0:0" "--network" "none" "ghcr.io/rust-lang/crates-build-env/linux@sha256:5ff2268d62e97bff2cde7d5815dd6ed5b47097566f13b8d0ca110b04b60e07ed" "/opt/rustwide/cargo-home/bin/cargo" "+beta-2023-04-20" "build" "--frozen" "--message-format=json", kill_on_drop: false }`
[INFO] [stdout] 174c80f683a8cc3682cdd1ea01e08acd9ac4b7e1b6ffd9d0770f0ba215e920aa
[INFO] running `Command { std: "docker" "start" "-a" "174c80f683a8cc3682cdd1ea01e08acd9ac4b7e1b6ffd9d0770f0ba215e920aa", kill_on_drop: false }`
[INFO] [stderr]    Compiling libc v0.2.48
[INFO] [stderr]    Compiling proc-macro2 v0.4.26
[INFO] [stderr]    Compiling proc-macro2 v1.0.6
[INFO] [stderr]    Compiling autocfg v0.1.7
[INFO] [stderr]    Compiling unicode-xid v0.2.0
[INFO] [stderr]    Compiling syn v1.0.8
[INFO] [stderr]    Compiling serde v1.0.85
[INFO] [stderr]    Compiling memchr v2.1.3
[INFO] [stderr]    Compiling lazy_static v1.2.0
[INFO] [stderr]    Compiling winapi v0.3.6
[INFO] [stderr]    Compiling cgmath v0.16.1
[INFO] [stderr]    Compiling unicode-segmentation v1.2.1
[INFO] [stderr]    Compiling unicode-width v0.1.5
[INFO] [stderr]    Compiling approx v0.1.1
[INFO] [stderr]    Compiling cfg-if v0.1.6
[INFO] [stderr]    Compiling matches v0.1.8
[INFO] [stderr]    Compiling unicode-bidi v0.3.4
[INFO] [stderr]    Compiling textwrap v0.11.0
[INFO] [stderr]    Compiling unicode-normalization v0.1.7
[INFO] [stderr]    Compiling rgb v0.8.14
[INFO] [stderr]    Compiling ansi_term v0.11.0
[INFO] [stderr]    Compiling bitflags v1.0.4
[INFO] [stderr]    Compiling ucd-util v0.1.3
[INFO] [stderr]    Compiling heck v0.3.1
[INFO] [stderr]    Compiling vec_map v0.8.1
[INFO] [stderr]    Compiling linked-hash-map v0.5.1
[INFO] [stderr]    Compiling num-traits v0.2.9
[INFO] [stderr]    Compiling regex v1.1.0
[INFO] [stderr]    Compiling strsim v0.8.0
[INFO] [stderr]    Compiling regex-syntax v0.6.5
[INFO] [stderr]    Compiling thread_local v0.3.6
[INFO] [stderr]    Compiling humanize-rs v0.1.5
[INFO] [stderr]    Compiling percent-encoding v1.0.1
[INFO] [stderr]    Compiling utf8-ranges v1.0.2
[INFO] [stderr]    Compiling yaml-rust v0.4.2
[INFO] [stderr]    Compiling dtoa v0.4.3
[INFO] [stderr]    Compiling quote v0.6.11
[INFO] [stderr]    Compiling rand v0.4.6
[INFO] [stderr]    Compiling atty v0.2.11
[INFO] [stderr]    Compiling errno v0.2.4
[INFO] [stderr]    Compiling syn v0.15.26
[INFO] [stderr]    Compiling quote v1.0.2
[INFO] [stderr]    Compiling clap v2.33.0
[INFO] [stderr]    Compiling loopdev v0.2.1
[INFO] [stderr]    Compiling aho-corasick v0.6.9
[INFO] [stderr]    Compiling idna v0.1.5
[INFO] [stderr]    Compiling num-traits v0.1.43
[INFO] [stderr]    Compiling url v1.7.2
[INFO] [stderr]    Compiling serde_derive v1.0.85
[INFO] [stderr]    Compiling winconsole v0.10.0
[INFO] [stderr]    Compiling colored v1.8.0
[INFO] [stderr]    Compiling proc-macro-error v0.2.6
[INFO] [stderr]    Compiling structopt-derive v0.3.5
[INFO] [stderr]    Compiling structopt v0.3.5
[INFO] [stderr]    Compiling serde_yaml v0.8.8
[INFO] [stderr]    Compiling serde-humanize-rs v0.1.1
[INFO] [stderr]    Compiling debosirus v0.1.1 (/opt/rustwide/workdir)
[INFO] [stdout] warning: unused import: `std::path::PathBuf`
[INFO] [stdout]  --> src/actions/debootstrap.rs:8:5
[INFO] [stdout]   |
[INFO] [stdout] 8 | use std::path::PathBuf;
[INFO] [stdout]   |     ^^^^^^^^^^^^^^^^^^
[INFO] [stdout]   |
[INFO] [stdout]   = note: `#[warn(unused_imports)]` on by default
[INFO] [stdout] 
[INFO] [stdout] 
[INFO] [stdout] warning: unused import: `std::collections::HashMap`
[INFO] [stdout]  --> src/actions/user.rs:5:5
[INFO] [stdout]   |
[INFO] [stdout] 5 | use std::collections::HashMap;
[INFO] [stdout]   |     ^^^^^^^^^^^^^^^^^^^^^^^^^
[INFO] [stdout] 
[INFO] [stdout] 
[INFO] [stdout] warning: unused import: `super::chroot::ChRoot`
[INFO] [stdout]   --> src/actions/user.rs:10:5
[INFO] [stdout]    |
[INFO] [stdout] 10 | use super::chroot::ChRoot;
[INFO] [stdout]    |     ^^^^^^^^^^^^^^^^^^^^^
[INFO] [stdout] 
[INFO] [stdout] 
[INFO] [stdout] warning: variable does not need to be mutable
[INFO] [stdout]   --> src/actions/user.rs:38:13
[INFO] [stdout]    |
[INFO] [stdout] 38 |         let mut user: User = serde_yaml::from_value(value.clone()).map_err(|e| Error::Serde(e))?;
[INFO] [stdout]    |             ----^^^^
[INFO] [stdout]    |             |
[INFO] [stdout]    |             help: remove this `mut`
[INFO] [stdout]    |
[INFO] [stdout]    = note: `#[warn(unused_mut)]` on by default
[INFO] [stdout] 
[INFO] [stdout] 
[INFO] [stdout] warning: fields `name`, `toolchain`, and `version` are never read
[INFO] [stdout]   --> src/target.rs:6:5
[INFO] [stdout]    |
[INFO] [stdout] 5  | pub struct Target {
[INFO] [stdout]    |            ------ fields in this struct
[INFO] [stdout] 6  |     name: String,
[INFO] [stdout]    |     ^^^^
[INFO] [stdout] ...
[INFO] [stdout] 9  |     toolchain: String,
[INFO] [stdout]    |     ^^^^^^^^^
[INFO] [stdout] 10 |     #[serde(default)]
[INFO] [stdout] 11 |     version: String
[INFO] [stdout]    |     ^^^^^^^
[INFO] [stdout]    |
[INFO] [stdout]    = note: `Target` has a derived impl for the trait `Debug`, but this is intentionally ignored during dead code analysis
[INFO] [stdout]    = note: `#[warn(dead_code)]` on by default
[INFO] [stdout] 
[INFO] [stdout] 
[INFO] [stdout] warning: fields `mountpoint` and `partition` are never read
[INFO] [stdout]   --> src/actions/image_partition.rs:18:5
[INFO] [stdout]    |
[INFO] [stdout] 17 | struct Mountpoint {
[INFO] [stdout]    |        ---------- fields in this struct
[INFO] [stdout] 18 |     mountpoint: String,
[INFO] [stdout]    |     ^^^^^^^^^^
[INFO] [stdout] 19 |     partition: String,
[INFO] [stdout]    |     ^^^^^^^^^
[INFO] [stdout]    |
[INFO] [stdout]    = note: `Mountpoint` has a derived impl for the trait `Debug`, but this is intentionally ignored during dead code analysis
[INFO] [stdout] 
[INFO] [stdout] 
[INFO] [stdout] warning: field `flags` is never read
[INFO] [stdout]   --> src/actions/image_partition.rs:91:5
[INFO] [stdout]    |
[INFO] [stdout] 83 | pub struct Partition {
[INFO] [stdout]    |            --------- field in this struct
[INFO] [stdout] ...
[INFO] [stdout] 91 |     flags: Vec<String>,
[INFO] [stdout]    |     ^^^^^
[INFO] [stdout]    |
[INFO] [stdout]    = note: `Partition` has derived impls for the traits `Clone` and `Debug`, but these are intentionally ignored during dead code analysis
[INFO] [stdout] 
[INFO] [stdout] 
[INFO] [stdout] warning: field `gptgap` is never read
[INFO] [stdout]    --> src/actions/image_partition.rs:145:5
[INFO] [stdout]     |
[INFO] [stdout] 139 | pub struct ImagePartition {
[INFO] [stdout]     |            -------------- field in this struct
[INFO] [stdout] ...
[INFO] [stdout] 145 |     gptgap: String,
[INFO] [stdout]     |     ^^^^^^
[INFO] [stdout]     |
[INFO] [stdout]     = note: `ImagePartition` has a derived impl for the trait `Debug`, but this is intentionally ignored during dead code analysis
[INFO] [stdout] 
[INFO] [stdout] 
[INFO] [stdout] warning: function `deserialize` is never used
[INFO] [stdout]    --> src/actions/image_partition.rs:155:12
[INFO] [stdout]     |
[INFO] [stdout] 155 |     pub fn deserialize<'de, D>(deserializer: D,) -> Result<usize, D::Error>
[INFO] [stdout]     |            ^^^^^^^^^^^
[INFO] [stdout] 
[INFO] [stdout] 
[INFO] [stdout] warning: fields `action`, `mirror`, and `check_pkg` are never read
[INFO] [stdout]   --> src/actions/debootstrap.rs:13:5
[INFO] [stdout]    |
[INFO] [stdout] 10 | pub struct Debootstrap {
[INFO] [stdout]    |            ----------- fields in this struct
[INFO] [stdout] ...
[INFO] [stdout] 13 |     action: String,
[INFO] [stdout]    |     ^^^^^^
[INFO] [stdout] ...
[INFO] [stdout] 20 |     mirror: String,
[INFO] [stdout]    |     ^^^^^^
[INFO] [stdout] ...
[INFO] [stdout] 25 |     check_pkg: bool
[INFO] [stdout]    |     ^^^^^^^^^
[INFO] [stdout]    |
[INFO] [stdout]    = note: `Debootstrap` has a derived impl for the trait `Debug`, but this is intentionally ignored during dead code analysis
[INFO] [stdout] 
[INFO] [stdout] 
[INFO] [stdout] warning: fields `install_rust` and `rust_target` are never read
[INFO] [stdout]   --> src/actions/user.rs:23:5
[INFO] [stdout]    |
[INFO] [stdout] 15 | pub struct User {
[INFO] [stdout]    |            ---- fields in this struct
[INFO] [stdout] ...
[INFO] [stdout] 23 |     install_rust: bool,
[INFO] [stdout]    |     ^^^^^^^^^^^^
[INFO] [stdout] 24 |     rust_target: Option<String>,
[INFO] [stdout]    |     ^^^^^^^^^^^
[INFO] [stdout]    |
[INFO] [stdout]    = note: `User` has a derived impl for the trait `Debug`, but this is intentionally ignored during dead code analysis
[INFO] [stdout] 
[INFO] [stdout] 
[INFO] [stdout] warning: field `lodev` is never read
[INFO] [stdout]   --> src/losetup.rs:67:5
[INFO] [stdout]    |
[INFO] [stdout] 66 | pub struct Mount {
[INFO] [stdout]    |            ----- field in this struct
[INFO] [stdout] 67 |     lodev: Losetup,
[INFO] [stdout]    |     ^^^^^
[INFO] [stdout] 
[INFO] [stdout] 
[INFO] [stdout] warning: panic message is not a string literal
[INFO] [stdout]   --> src/actions/image_partition.rs:33:24
[INFO] [stdout]    |
[INFO] [stdout] 33 |                 panic!(format!("FIXME translation from MySize::Percent({}) to usize is not implemented", value))
[INFO] [stdout]    |                        ^^^^^^^^^^^^^^^^^^^^^^^^^^^^^^^^^^^^^^^^^^^^^^^^^^^^^^^^^^^^^^^^^^^^^^^^^^^^^^^^^^^^^^^^
[INFO] [stdout]    |
[INFO] [stdout]    = note: this usage of `panic!()` is deprecated; it will be a hard error in Rust 2021
[INFO] [stdout]    = note: for more information, see <https://doc.rust-lang.org/nightly/edition-guide/rust-2021/panic-macro-consistency.html>
[INFO] [stdout]    = note: the `panic!()` macro supports formatting, so there's no need for the `format!()` macro here
[INFO] [stdout]    = note: `#[warn(non_fmt_panics)]` on by default
[INFO] [stdout] help: remove the `format!(..)` macro call
[INFO] [stdout]    |
[INFO] [stdout] 33 -                 panic!(format!("FIXME translation from MySize::Percent({}) to usize is not implemented", value))
[INFO] [stdout] 33 +                 panic!("FIXME translation from MySize::Percent({}) to usize is not implemented", value)
[INFO] [stdout]    |
[INFO] [stdout] 
[INFO] [stdout] 
[INFO] [stdout] warning: 13 warnings emitted
[INFO] [stdout] 
[INFO] [stdout] 
[INFO] [stderr]     Finished dev [unoptimized + debuginfo] target(s) in 11.95s
[INFO] running `Command { std: "docker" "inspect" "174c80f683a8cc3682cdd1ea01e08acd9ac4b7e1b6ffd9d0770f0ba215e920aa", kill_on_drop: false }`
[INFO] running `Command { std: "docker" "rm" "-f" "174c80f683a8cc3682cdd1ea01e08acd9ac4b7e1b6ffd9d0770f0ba215e920aa", kill_on_drop: false }`
[INFO] [stdout] 174c80f683a8cc3682cdd1ea01e08acd9ac4b7e1b6ffd9d0770f0ba215e920aa
[INFO] running `Command { std: "docker" "create" "-v" "/var/lib/crater-agent-workspace/builds/worker-2-tc2/target:/opt/rustwide/target:rw,Z" "-v" "/var/lib/crater-agent-workspace/builds/worker-2-tc2/source:/opt/rustwide/workdir:ro,Z" "-v" "/var/lib/crater-agent-workspace/cargo-home:/opt/rustwide/cargo-home:ro,Z" "-v" "/var/lib/crater-agent-workspace/rustup-home:/opt/rustwide/rustup-home:ro,Z" "-e" "SOURCE_DIR=/opt/rustwide/workdir" "-e" "CARGO_TARGET_DIR=/opt/rustwide/target" "-e" "CARGO_INCREMENTAL=0" "-e" "RUST_BACKTRACE=full" "-e" "RUSTFLAGS=--cap-lints=warn" "-e" "RUSTDOCFLAGS=--cap-lints=warn" "-e" "CARGO_HOME=/opt/rustwide/cargo-home" "-e" "RUSTUP_HOME=/opt/rustwide/rustup-home" "-w" "/opt/rustwide/workdir" "-m" "1610612736" "--user" "0:0" "--network" "none" "ghcr.io/rust-lang/crates-build-env/linux@sha256:5ff2268d62e97bff2cde7d5815dd6ed5b47097566f13b8d0ca110b04b60e07ed" "/opt/rustwide/cargo-home/bin/cargo" "+beta-2023-04-20" "test" "--frozen" "--no-run" "--message-format=json", kill_on_drop: false }`
[INFO] [stdout] a94ed55c51cf562899538d6b2f5655a8f883e8ad783011e2620f9d423f509747
[INFO] running `Command { std: "docker" "start" "-a" "a94ed55c51cf562899538d6b2f5655a8f883e8ad783011e2620f9d423f509747", kill_on_drop: false }`
[INFO] [stderr]    Compiling debosirus v0.1.1 (/opt/rustwide/workdir)
[INFO] [stdout] warning: unused import: `std::path::PathBuf`
[INFO] [stdout]  --> src/actions/debootstrap.rs:8:5
[INFO] [stdout]   |
[INFO] [stdout] 8 | use std::path::PathBuf;
[INFO] [stdout]   |     ^^^^^^^^^^^^^^^^^^
[INFO] [stdout]   |
[INFO] [stdout]   = note: `#[warn(unused_imports)]` on by default
[INFO] [stdout] 
[INFO] [stdout] 
[INFO] [stdout] warning: unused import: `std::collections::HashMap`
[INFO] [stdout]  --> src/actions/user.rs:5:5
[INFO] [stdout]   |
[INFO] [stdout] 5 | use std::collections::HashMap;
[INFO] [stdout]   |     ^^^^^^^^^^^^^^^^^^^^^^^^^
[INFO] [stdout] 
[INFO] [stdout] 
[INFO] [stdout] warning: unused import: `super::chroot::ChRoot`
[INFO] [stdout]   --> src/actions/user.rs:10:5
[INFO] [stdout]    |
[INFO] [stdout] 10 | use super::chroot::ChRoot;
[INFO] [stdout]    |     ^^^^^^^^^^^^^^^^^^^^^
[INFO] [stdout] 
[INFO] [stdout] 
[INFO] [stdout] warning: unused import: `std::convert::TryFrom`
[INFO] [stdout]    --> src/actions/user.rs:137:9
[INFO] [stdout]     |
[INFO] [stdout] 137 |     use std::convert::TryFrom;
[INFO] [stdout]     |         ^^^^^^^^^^^^^^^^^^^^^
[INFO] [stdout] 
[INFO] [stdout] 
[INFO] [stdout] warning: unused import: `crate::actions::user::User`
[INFO] [stdout]    --> src/actions/user.rs:138:9
[INFO] [stdout]     |
[INFO] [stdout] 138 |     use crate::actions::user::User;
[INFO] [stdout]     |         ^^^^^^^^^^^^^^^^^^^^^^^^^^
[INFO] [stdout] 
[INFO] [stdout] 
[INFO] [stdout] warning: unused import: `crate::errors::Error`
[INFO] [stdout]   --> src/actions/inject.rs:39:9
[INFO] [stdout]    |
[INFO] [stdout] 39 |     use crate::errors::Error;
[INFO] [stdout]    |         ^^^^^^^^^^^^^^^^^^^^
[INFO] [stdout] 
[INFO] [stdout] 
[INFO] [stdout] warning: unused import: `crate::actions::user::User`
[INFO] [stdout]   --> src/actions/inject.rs:40:9
[INFO] [stdout]    |
[INFO] [stdout] 40 |     use crate::actions::user::User;
[INFO] [stdout]    |         ^^^^^^^^^^^^^^^^^^^^^^^^^^
[INFO] [stdout] 
[INFO] [stdout] 
[INFO] [stdout] warning: variable does not need to be mutable
[INFO] [stdout]   --> src/actions/user.rs:38:13
[INFO] [stdout]    |
[INFO] [stdout] 38 |         let mut user: User = serde_yaml::from_value(value.clone()).map_err(|e| Error::Serde(e))?;
[INFO] [stdout]    |             ----^^^^
[INFO] [stdout]    |             |
[INFO] [stdout]    |             help: remove this `mut`
[INFO] [stdout]    |
[INFO] [stdout]    = note: `#[warn(unused_mut)]` on by default
[INFO] [stdout] 
[INFO] [stdout] 
[INFO] [stdout] warning: fields `name`, `toolchain`, and `version` are never read
[INFO] [stdout]   --> src/target.rs:6:5
[INFO] [stdout]    |
[INFO] [stdout] 5  | pub struct Target {
[INFO] [stdout]    |            ------ fields in this struct
[INFO] [stdout] 6  |     name: String,
[INFO] [stdout]    |     ^^^^
[INFO] [stdout] ...
[INFO] [stdout] 9  |     toolchain: String,
[INFO] [stdout]    |     ^^^^^^^^^
[INFO] [stdout] 10 |     #[serde(default)]
[INFO] [stdout] 11 |     version: String
[INFO] [stdout]    |     ^^^^^^^
[INFO] [stdout]    |
[INFO] [stdout]    = note: `Target` has a derived impl for the trait `Debug`, but this is intentionally ignored during dead code analysis
[INFO] [stdout]    = note: `#[warn(dead_code)]` on by default
[INFO] [stdout] 
[INFO] [stdout] 
[INFO] [stdout] warning: fields `mountpoint` and `partition` are never read
[INFO] [stdout]   --> src/actions/image_partition.rs:18:5
[INFO] [stdout]    |
[INFO] [stdout] 17 | struct Mountpoint {
[INFO] [stdout]    |        ---------- fields in this struct
[INFO] [stdout] 18 |     mountpoint: String,
[INFO] [stdout]    |     ^^^^^^^^^^
[INFO] [stdout] 19 |     partition: String,
[INFO] [stdout]    |     ^^^^^^^^^
[INFO] [stdout]    |
[INFO] [stdout]    = note: `Mountpoint` has a derived impl for the trait `Debug`, but this is intentionally ignored during dead code analysis
[INFO] [stdout] 
[INFO] [stdout] 
[INFO] [stdout] warning: field `flags` is never read
[INFO] [stdout]   --> src/actions/image_partition.rs:91:5
[INFO] [stdout]    |
[INFO] [stdout] 83 | pub struct Partition {
[INFO] [stdout]    |            --------- field in this struct
[INFO] [stdout] ...
[INFO] [stdout] 91 |     flags: Vec<String>,
[INFO] [stdout]    |     ^^^^^
[INFO] [stdout]    |
[INFO] [stdout]    = note: `Partition` has derived impls for the traits `Clone` and `Debug`, but these are intentionally ignored during dead code analysis
[INFO] [stdout] 
[INFO] [stdout] 
[INFO] [stdout] warning: field `gptgap` is never read
[INFO] [stdout]    --> src/actions/image_partition.rs:145:5
[INFO] [stdout]     |
[INFO] [stdout] 139 | pub struct ImagePartition {
[INFO] [stdout]     |            -------------- field in this struct
[INFO] [stdout] ...
[INFO] [stdout] 145 |     gptgap: String,
[INFO] [stdout]     |     ^^^^^^
[INFO] [stdout]     |
[INFO] [stdout]     = note: `ImagePartition` has a derived impl for the trait `Debug`, but this is intentionally ignored during dead code analysis
[INFO] [stdout] 
[INFO] [stdout] 
[INFO] [stdout] warning: function `deserialize` is never used
[INFO] [stdout]    --> src/actions/image_partition.rs:155:12
[INFO] [stdout]     |
[INFO] [stdout] 155 |     pub fn deserialize<'de, D>(deserializer: D,) -> Result<usize, D::Error>
[INFO] [stdout]     |            ^^^^^^^^^^^
[INFO] [stdout] 
[INFO] [stdout] 
[INFO] [stdout] warning: fields `action`, `mirror`, and `check_pkg` are never read
[INFO] [stdout]   --> src/actions/debootstrap.rs:13:5
[INFO] [stdout]    |
[INFO] [stdout] 10 | pub struct Debootstrap {
[INFO] [stdout]    |            ----------- fields in this struct
[INFO] [stdout] ...
[INFO] [stdout] 13 |     action: String,
[INFO] [stdout]    |     ^^^^^^
[INFO] [stdout] ...
[INFO] [stdout] 20 |     mirror: String,
[INFO] [stdout]    |     ^^^^^^
[INFO] [stdout] ...
[INFO] [stdout] 25 |     check_pkg: bool
[INFO] [stdout]    |     ^^^^^^^^^
[INFO] [stdout]    |
[INFO] [stdout]    = note: `Debootstrap` has a derived impl for the trait `Debug`, but this is intentionally ignored during dead code analysis
[INFO] [stdout] 
[INFO] [stdout] 
[INFO] [stdout] warning: fields `install_rust` and `rust_target` are never read
[INFO] [stdout]   --> src/actions/user.rs:23:5
[INFO] [stdout]    |
[INFO] [stdout] 15 | pub struct User {
[INFO] [stdout]    |            ---- fields in this struct
[INFO] [stdout] ...
[INFO] [stdout] 23 |     install_rust: bool,
[INFO] [stdout]    |     ^^^^^^^^^^^^
[INFO] [stdout] 24 |     rust_target: Option<String>,
[INFO] [stdout]    |     ^^^^^^^^^^^
[INFO] [stdout]    |
[INFO] [stdout]    = note: `User` has a derived impl for the trait `Debug`, but this is intentionally ignored during dead code analysis
[INFO] [stdout] 
[INFO] [stdout] 
[INFO] [stdout] warning: field `lodev` is never read
[INFO] [stdout]   --> src/losetup.rs:67:5
[INFO] [stdout]    |
[INFO] [stdout] 66 | pub struct Mount {
[INFO] [stdout]    |            ----- field in this struct
[INFO] [stdout] 67 |     lodev: Losetup,
[INFO] [stdout]    |     ^^^^^
[INFO] [stdout] 
[INFO] [stdout] 
[INFO] [stdout] warning: panic message is not a string literal
[INFO] [stdout]   --> src/actions/image_partition.rs:33:24
[INFO] [stdout]    |
[INFO] [stdout] 33 |                 panic!(format!("FIXME translation from MySize::Percent({}) to usize is not implemented", value))
[INFO] [stdout]    |                        ^^^^^^^^^^^^^^^^^^^^^^^^^^^^^^^^^^^^^^^^^^^^^^^^^^^^^^^^^^^^^^^^^^^^^^^^^^^^^^^^^^^^^^^^
[INFO] [stdout]    |
[INFO] [stdout]    = note: this usage of `panic!()` is deprecated; it will be a hard error in Rust 2021
[INFO] [stdout]    = note: for more information, see <https://doc.rust-lang.org/nightly/edition-guide/rust-2021/panic-macro-consistency.html>
[INFO] [stdout]    = note: the `panic!()` macro supports formatting, so there's no need for the `format!()` macro here
[INFO] [stdout]    = note: `#[warn(non_fmt_panics)]` on by default
[INFO] [stdout] help: remove the `format!(..)` macro call
[INFO] [stdout]    |
[INFO] [stdout] 33 -                 panic!(format!("FIXME translation from MySize::Percent({}) to usize is not implemented", value))
[INFO] [stdout] 33 +                 panic!("FIXME translation from MySize::Percent({}) to usize is not implemented", value)
[INFO] [stdout]    |
[INFO] [stdout] 
[INFO] [stdout] 
[INFO] [stdout] warning: 17 warnings emitted
[INFO] [stdout] 
[INFO] [stdout] 
[INFO] [stderr]     Finished test [unoptimized + debuginfo] target(s) in 1.33s
[INFO] running `Command { std: "docker" "inspect" "a94ed55c51cf562899538d6b2f5655a8f883e8ad783011e2620f9d423f509747", kill_on_drop: false }`
[INFO] running `Command { std: "docker" "rm" "-f" "a94ed55c51cf562899538d6b2f5655a8f883e8ad783011e2620f9d423f509747", kill_on_drop: false }`
[INFO] [stdout] a94ed55c51cf562899538d6b2f5655a8f883e8ad783011e2620f9d423f509747
[INFO] running `Command { std: "docker" "create" "-v" "/var/lib/crater-agent-workspace/builds/worker-2-tc2/target:/opt/rustwide/target:rw,Z" "-v" "/var/lib/crater-agent-workspace/builds/worker-2-tc2/source:/opt/rustwide/workdir:ro,Z" "-v" "/var/lib/crater-agent-workspace/cargo-home:/opt/rustwide/cargo-home:ro,Z" "-v" "/var/lib/crater-agent-workspace/rustup-home:/opt/rustwide/rustup-home:ro,Z" "-e" "SOURCE_DIR=/opt/rustwide/workdir" "-e" "CARGO_TARGET_DIR=/opt/rustwide/target" "-e" "CARGO_INCREMENTAL=0" "-e" "RUST_BACKTRACE=full" "-e" "RUSTFLAGS=--cap-lints=warn" "-e" "RUSTDOCFLAGS=--cap-lints=warn" "-e" "CARGO_HOME=/opt/rustwide/cargo-home" "-e" "RUSTUP_HOME=/opt/rustwide/rustup-home" "-w" "/opt/rustwide/workdir" "-m" "1610612736" "--user" "0:0" "--network" "none" "ghcr.io/rust-lang/crates-build-env/linux@sha256:5ff2268d62e97bff2cde7d5815dd6ed5b47097566f13b8d0ca110b04b60e07ed" "/opt/rustwide/cargo-home/bin/cargo" "+beta-2023-04-20" "test" "--frozen", kill_on_drop: false }`
[INFO] [stdout] 7f6526e7fbc202903498df18cb8cb64efa51a119632ea4ecca3b946708408362
[INFO] running `Command { std: "docker" "start" "-a" "7f6526e7fbc202903498df18cb8cb64efa51a119632ea4ecca3b946708408362", kill_on_drop: false }`
[INFO] [stderr] warning: unused import: `std::path::PathBuf`
[INFO] [stderr]  --> src/actions/debootstrap.rs:8:5
[INFO] [stderr]   |
[INFO] [stderr] 8 | use std::path::PathBuf;
[INFO] [stderr]   |     ^^^^^^^^^^^^^^^^^^
[INFO] [stderr]   |
[INFO] [stderr]   = note: `#[warn(unused_imports)]` on by default
[INFO] [stderr] 
[INFO] [stderr] warning: unused import: `std::collections::HashMap`
[INFO] [stderr]  --> src/actions/user.rs:5:5
[INFO] [stderr]   |
[INFO] [stderr] 5 | use std::collections::HashMap;
[INFO] [stderr]   |     ^^^^^^^^^^^^^^^^^^^^^^^^^
[INFO] [stderr] 
[INFO] [stderr] warning: unused import: `super::chroot::ChRoot`
[INFO] [stderr]   --> src/actions/user.rs:10:5
[INFO] [stderr]    |
[INFO] [stderr] 10 | use super::chroot::ChRoot;
[INFO] [stderr]    |     ^^^^^^^^^^^^^^^^^^^^^
[INFO] [stderr] 
[INFO] [stderr] warning: unused import: `std::convert::TryFrom`
[INFO] [stderr]    --> src/actions/user.rs:137:9
[INFO] [stderr]     |
[INFO] [stderr] 137 |     use std::convert::TryFrom;
[INFO] [stderr]     |         ^^^^^^^^^^^^^^^^^^^^^
[INFO] [stderr] 
[INFO] [stderr] warning: unused import: `crate::actions::user::User`
[INFO] [stderr]    --> src/actions/user.rs:138:9
[INFO] [stderr]     |
[INFO] [stderr] 138 |     use crate::actions::user::User;
[INFO] [stderr]     |         ^^^^^^^^^^^^^^^^^^^^^^^^^^
[INFO] [stderr] 
[INFO] [stderr] warning: unused import: `crate::errors::Error`
[INFO] [stderr]   --> src/actions/inject.rs:39:9
[INFO] [stderr]    |
[INFO] [stderr] 39 |     use crate::errors::Error;
[INFO] [stderr]    |         ^^^^^^^^^^^^^^^^^^^^
[INFO] [stderr] 
[INFO] [stderr] warning: unused import: `crate::actions::user::User`
[INFO] [stderr]   --> src/actions/inject.rs:40:9
[INFO] [stderr]    |
[INFO] [stderr] 40 |     use crate::actions::user::User;
[INFO] [stderr]    |         ^^^^^^^^^^^^^^^^^^^^^^^^^^
[INFO] [stderr] 
[INFO] [stderr] warning: variable does not need to be mutable
[INFO] [stderr]   --> src/actions/user.rs:38:13
[INFO] [stderr]    |
[INFO] [stderr] 38 |         let mut user: User = serde_yaml::from_value(value.clone()).map_err(|e| Error::Serde(e))?;
[INFO] [stderr]    |             ----^^^^
[INFO] [stderr]    |             |
[INFO] [stderr]    |             help: remove this `mut`
[INFO] [stderr]    |
[INFO] [stderr]    = note: `#[warn(unused_mut)]` on by default
[INFO] [stderr] 
[INFO] [stderr] warning: fields `name`, `toolchain`, and `version` are never read
[INFO] [stderr]   --> src/target.rs:6:5
[INFO] [stderr]    |
[INFO] [stderr] 5  | pub struct Target {
[INFO] [stderr]    |            ------ fields in this struct
[INFO] [stderr] 6  |     name: String,
[INFO] [stderr]    |     ^^^^
[INFO] [stderr] ...
[INFO] [stderr] 9  |     toolchain: String,
[INFO] [stderr]    |     ^^^^^^^^^
[INFO] [stderr] 10 |     #[serde(default)]
[INFO] [stderr] 11 |     version: String
[INFO] [stderr]    |     ^^^^^^^
[INFO] [stderr]    |
[INFO] [stderr]    = note: `Target` has a derived impl for the trait `Debug`, but this is intentionally ignored during dead code analysis
[INFO] [stderr]    = note: `#[warn(dead_code)]` on by default
[INFO] [stderr] 
[INFO] [stderr] warning: fields `mountpoint` and `partition` are never read
[INFO] [stderr]   --> src/actions/image_partition.rs:18:5
[INFO] [stderr]    |
[INFO] [stderr] 17 | struct Mountpoint {
[INFO] [stderr]    |        ---------- fields in this struct
[INFO] [stderr] 18 |     mountpoint: String,
[INFO] [stderr]    |     ^^^^^^^^^^
[INFO] [stderr] 19 |     partition: String,
[INFO] [stderr]    |     ^^^^^^^^^
[INFO] [stderr]    |
[INFO] [stderr]    = note: `Mountpoint` has a derived impl for the trait `Debug`, but this is intentionally ignored during dead code analysis
[INFO] [stderr] 
[INFO] [stderr] warning: field `flags` is never read
[INFO] [stderr]   --> src/actions/image_partition.rs:91:5
[INFO] [stderr]    |
[INFO] [stderr] 83 | pub struct Partition {
[INFO] [stderr]    |            --------- field in this struct
[INFO] [stderr] ...
[INFO] [stderr] 91 |     flags: Vec<String>,
[INFO] [stderr]    |     ^^^^^
[INFO] [stderr]    |
[INFO] [stderr]    = note: `Partition` has derived impls for the traits `Clone` and `Debug`, but these are intentionally ignored during dead code analysis
[INFO] [stderr] 
[INFO] [stderr] warning: field `gptgap` is never read
[INFO] [stderr]    --> src/actions/image_partition.rs:145:5
[INFO] [stderr]     |
[INFO] [stderr] 139 | pub struct ImagePartition {
[INFO] [stderr]     |            -------------- field in this struct
[INFO] [stderr] ...
[INFO] [stderr] 145 |     gptgap: String,
[INFO] [stderr]     |     ^^^^^^
[INFO] [stderr]     |
[INFO] [stderr]     = note: `ImagePartition` has a derived impl for the trait `Debug`, but this is intentionally ignored during dead code analysis
[INFO] [stderr] 
[INFO] [stderr] warning: function `deserialize` is never used
[INFO] [stderr]    --> src/actions/image_partition.rs:155:12
[INFO] [stderr]     |
[INFO] [stderr] 155 |     pub fn deserialize<'de, D>(deserializer: D,) -> Result<usize, D::Error>
[INFO] [stderr]     |            ^^^^^^^^^^^
[INFO] [stderr] 
[INFO] [stderr] warning: fields `action`, `mirror`, and `check_pkg` are never read
[INFO] [stderr]   --> src/actions/debootstrap.rs:13:5
[INFO] [stderr]    |
[INFO] [stderr] 10 | pub struct Debootstrap {
[INFO] [stderr]    |            ----------- fields in this struct
[INFO] [stderr] ...
[INFO] [stderr] 13 |     action: String,
[INFO] [stderr]    |     ^^^^^^
[INFO] [stderr] ...
[INFO] [stderr] 20 |     mirror: String,
[INFO] [stderr]    |     ^^^^^^
[INFO] [stderr] ...
[INFO] [stderr] 25 |     check_pkg: bool
[INFO] [stderr]    |     ^^^^^^^^^
[INFO] [stderr]    |
[INFO] [stderr]    = note: `Debootstrap` has a derived impl for the trait `Debug`, but this is intentionally ignored during dead code analysis
[INFO] [stderr] 
[INFO] [stderr] warning: fields `install_rust` and `rust_target` are never read
[INFO] [stderr]   --> src/actions/user.rs:23:5
[INFO] [stderr]    |
[INFO] [stderr] 15 | pub struct User {
[INFO] [stderr]    |            ---- fields in this struct
[INFO] [stderr] ...
[INFO] [stderr] 23 |     install_rust: bool,
[INFO] [stderr]    |     ^^^^^^^^^^^^
[INFO] [stderr] 24 |     rust_target: Option<String>,
[INFO] [stderr]    |     ^^^^^^^^^^^
[INFO] [stderr]    |
[INFO] [stderr]    = note: `User` has a derived impl for the trait `Debug`, but this is intentionally ignored during dead code analysis
[INFO] [stderr] 
[INFO] [stderr] warning: field `lodev` is never read
[INFO] [stderr]   --> src/losetup.rs:67:5
[INFO] [stderr]    |
[INFO] [stderr] 66 | pub struct Mount {
[INFO] [stderr]    |            ----- field in this struct
[INFO] [stderr] 67 |     lodev: Losetup,
[INFO] [stderr]    |     ^^^^^
[INFO] [stderr] 
[INFO] [stderr] warning: panic message is not a string literal
[INFO] [stderr]   --> src/actions/image_partition.rs:33:24
[INFO] [stderr]    |
[INFO] [stderr] 33 |                 panic!(format!("FIXME translation from MySize::Percent({}) to usize is not implemented", value))
[INFO] [stderr]    |                        ^^^^^^^^^^^^^^^^^^^^^^^^^^^^^^^^^^^^^^^^^^^^^^^^^^^^^^^^^^^^^^^^^^^^^^^^^^^^^^^^^^^^^^^^
[INFO] [stderr]    |
[INFO] [stderr]    = note: this usage of `panic!()` is deprecated; it will be a hard error in Rust 2021
[INFO] [stderr]    = note: for more information, see <https://doc.rust-lang.org/nightly/edition-guide/rust-2021/panic-macro-consistency.html>
[INFO] [stderr]    = note: the `panic!()` macro supports formatting, so there's no need for the `format!()` macro here
[INFO] [stderr]    = note: `#[warn(non_fmt_panics)]` on by default
[INFO] [stderr] help: remove the `format!(..)` macro call
[INFO] [stderr]    |
[INFO] [stderr] 33 -                 panic!(format!("FIXME translation from MySize::Percent({}) to usize is not implemented", value))
[INFO] [stderr] 33 +                 panic!("FIXME translation from MySize::Percent({}) to usize is not implemented", value)
[INFO] [stderr]    |
[INFO] [stderr] 
[INFO] [stderr] warning: `debosirus` (bin "debosirus" test) generated 17 warnings (run `cargo fix --bin "debosirus" --tests` to apply 9 suggestions)
[INFO] [stderr]     Finished test [unoptimized + debuginfo] target(s) in 0.04s
[INFO] [stderr]      Running unittests src/main.rs (/opt/rustwide/target/debug/deps/debosirus-cce3d1d66f4592fb)
[INFO] [stdout] 
[INFO] [stdout] running 13 tests
[INFO] [stdout] test actions::image_partition::tests::test_partition_percent_parse_error2 ... ok
[INFO] [stdout] test actions::image_partition::tests::test_partition_usize ... ok
[INFO] [stdout] test actions::inject::tests::test_run ... ok
[INFO] [stdout] test actions::run::tests::test_yaml_commands_ok ... ok
[INFO] [stdout] test actions::run::tests::test_yaml_missing_command ... ok
[INFO] [stdout] test actions::image_partition::tests::test_partition_percent_ok ... ok
[INFO] [stdout] test actions::image_partition::tests::test_partition_percent_parse_error ... ok
[INFO] [stdout] test actions::image_partition::tests::test_partition_start0_ok ... ok
[INFO] [stdout] test actions::image_partition::tests::test_partition_percent_parse_error3 ... ok
[INFO] [stdout] test actions::run::tests::test_yaml_command_ok ... ok
[INFO] [stdout] test actions::run::tests::test_yaml_non_chroot_not_impl ... ok
[INFO] [stdout] test actions::sudo::tests::test_sudo ... FAILED
[INFO] [stdout] test losetup::tests::test_request_loopdevice ... FAILED
[INFO] [stdout] 
[INFO] [stdout] failures:
[INFO] [stdout] 
[INFO] [stdout] ---- actions::sudo::tests::test_sudo stdout ----
[INFO] [stdout] thread 'actions::sudo::tests::test_sudo' panicked at 'called `Result::unwrap()` on an `Err` value: NotPresent', src/actions/sudo.rs:39:43
[INFO] [stdout] stack backtrace:
[INFO] [stdout]    0:     0x555b21ec79fa - std::backtrace_rs::backtrace::libunwind::trace::h2f05d0192276a8f6
[INFO] [stdout]                                at /rustc/1b7dd2252b99671ce5d1cb9664c5f8636329436d/library/std/src/../../backtrace/src/backtrace/libunwind.rs:93:5
[INFO] [stdout]    1:     0x555b21ec79fa - std::backtrace_rs::backtrace::trace_unsynchronized::hedc23dff7a1af150
[INFO] [stdout]                                at /rustc/1b7dd2252b99671ce5d1cb9664c5f8636329436d/library/std/src/../../backtrace/src/backtrace/mod.rs:66:5
[INFO] [stdout]    2:     0x555b21ec79fa - std::sys_common::backtrace::_print_fmt::h17541ef7592f3ce2
[INFO] [stdout]                                at /rustc/1b7dd2252b99671ce5d1cb9664c5f8636329436d/library/std/src/sys_common/backtrace.rs:65:5
[INFO] [stdout]    3:     0x555b21ec79fa - <std::sys_common::backtrace::_print::DisplayBacktrace as core::fmt::Display>::fmt::h20f75df5ab0c0792
[INFO] [stdout]                                at /rustc/1b7dd2252b99671ce5d1cb9664c5f8636329436d/library/std/src/sys_common/backtrace.rs:44:22
[INFO] [stdout]    4:     0x555b21eed82f - core::fmt::write::h78109e6f466b3af6
[INFO] [stdout]                                at /rustc/1b7dd2252b99671ce5d1cb9664c5f8636329436d/library/core/src/fmt/mod.rs:1254:17
[INFO] [stdout]    5:     0x555b21ec4d35 - std::io::Write::write_fmt::hd24bfb68a1b35a25
[INFO] [stdout]                                at /rustc/1b7dd2252b99671ce5d1cb9664c5f8636329436d/library/std/src/io/mod.rs:1698:15
[INFO] [stdout]    6:     0x555b21ec77c5 - std::sys_common::backtrace::_print::h8dac57a9f8fbf9a5
[INFO] [stdout]                                at /rustc/1b7dd2252b99671ce5d1cb9664c5f8636329436d/library/std/src/sys_common/backtrace.rs:47:5
[INFO] [stdout]    7:     0x555b21ec77c5 - std::sys_common::backtrace::print::hf9ecbf41d1aa712f
[INFO] [stdout]                                at /rustc/1b7dd2252b99671ce5d1cb9664c5f8636329436d/library/std/src/sys_common/backtrace.rs:34:9
[INFO] [stdout]    8:     0x555b21ec947e - std::panicking::default_hook::{{closure}}::h04c07acfc84ca028
[INFO] [stdout]                                at /rustc/1b7dd2252b99671ce5d1cb9664c5f8636329436d/library/std/src/panicking.rs:269:22
[INFO] [stdout]    9:     0x555b21ec91b1 - std::panicking::default_hook::h01f6bb23e1eceb2c
[INFO] [stdout]                                at /rustc/1b7dd2252b99671ce5d1cb9664c5f8636329436d/library/std/src/panicking.rs:285:9
[INFO] [stdout]   10:     0x555b21d4802b - <alloc::boxed::Box<F,A> as core::ops::function::Fn<Args>>::call::h87fe9f7b2fd49e4c
[INFO] [stdout]                                at /rustc/1b7dd2252b99671ce5d1cb9664c5f8636329436d/library/alloc/src/boxed.rs:1987:9
[INFO] [stdout]   11:     0x555b21d4802b - test::test_main::{{closure}}::he94d679243a7531b
[INFO] [stdout]                                at /rustc/1b7dd2252b99671ce5d1cb9664c5f8636329436d/library/test/src/lib.rs:134:21
[INFO] [stdout]   12:     0x555b21ec9b64 - <alloc::boxed::Box<F,A> as core::ops::function::Fn<Args>>::call::h3f2d6d8b14c4769f
[INFO] [stdout]                                at /rustc/1b7dd2252b99671ce5d1cb9664c5f8636329436d/library/alloc/src/boxed.rs:1987:9
[INFO] [stdout]   13:     0x555b21ec9b64 - std::panicking::rust_panic_with_hook::h2bb3722bbaf2f6df
[INFO] [stdout]                                at /rustc/1b7dd2252b99671ce5d1cb9664c5f8636329436d/library/std/src/panicking.rs:695:13
[INFO] [stdout]   14:     0x555b21ec98d9 - std::panicking::begin_panic_handler::{{closure}}::h91bc7f36a4be011b
[INFO] [stdout]                                at /rustc/1b7dd2252b99671ce5d1cb9664c5f8636329436d/library/std/src/panicking.rs:582:13
[INFO] [stdout]   15:     0x555b21ec7e66 - std::sys_common::backtrace::__rust_end_short_backtrace::h8b3d3717114f9e59
[INFO] [stdout]                                at /rustc/1b7dd2252b99671ce5d1cb9664c5f8636329436d/library/std/src/sys_common/backtrace.rs:150:18
[INFO] [stdout]   16:     0x555b21ec9632 - rust_begin_unwind
[INFO] [stdout]                                at /rustc/1b7dd2252b99671ce5d1cb9664c5f8636329436d/library/std/src/panicking.rs:578:5
[INFO] [stdout]   17:     0x555b21cf5063 - core::panicking::panic_fmt::hfd368e3fbdabea26
[INFO] [stdout]                                at /rustc/1b7dd2252b99671ce5d1cb9664c5f8636329436d/library/core/src/panicking.rs:67:14
[INFO] [stdout]   18:     0x555b21cf55a3 - core::result::unwrap_failed::he54eb4b2f125b26f
[INFO] [stdout]                                at /rustc/1b7dd2252b99671ce5d1cb9664c5f8636329436d/library/core/src/result.rs:1687:5
[INFO] [stdout]   19:     0x555b21d0a484 - core::result::Result<T,E>::unwrap::h0caed0d78527573e
[INFO] [stdout]                                at /rustc/1b7dd2252b99671ce5d1cb9664c5f8636329436d/library/core/src/result.rs:1089:23
[INFO] [stdout]   20:     0x555b21d0f85f - debosirus::actions::sudo::tests::test_sudo::hf9eedd73b8145bbf
[INFO] [stdout]                                at /opt/rustwide/workdir/src/actions/sudo.rs:39:21
[INFO] [stdout]   21:     0x555b21d0f7f7 - debosirus::actions::sudo::tests::test_sudo::{{closure}}::h14cfffc0ac370967
[INFO] [stdout]                                at /opt/rustwide/workdir/src/actions/sudo.rs:38:20
[INFO] [stdout]   22:     0x555b21d0cb85 - core::ops::function::FnOnce::call_once::h3b57ba7eb4c93c8d
[INFO] [stdout]                                at /rustc/1b7dd2252b99671ce5d1cb9664c5f8636329436d/library/core/src/ops/function.rs:250:5
[INFO] [stdout]   23:     0x555b21d4ceff - core::ops::function::FnOnce::call_once::ha6a70e79f7481a7e
[INFO] [stdout]                                at /rustc/1b7dd2252b99671ce5d1cb9664c5f8636329436d/library/core/src/ops/function.rs:250:5
[INFO] [stdout]   24:     0x555b21d4ceff - test::__rust_begin_short_backtrace::hce33033019b61e69
[INFO] [stdout]                                at /rustc/1b7dd2252b99671ce5d1cb9664c5f8636329436d/library/test/src/lib.rs:655:18
[INFO] [stdout]   25:     0x555b21d1a6ec - test::run_test::{{closure}}::h858d3528838ae3e5
[INFO] [stdout]                                at /rustc/1b7dd2252b99671ce5d1cb9664c5f8636329436d/library/test/src/lib.rs:646:30
[INFO] [stdout]   26:     0x555b21d1a6ec - core::ops::function::FnOnce::call_once{{vtable.shim}}::he8ac2b00f01ae79e
[INFO] [stdout]                                at /rustc/1b7dd2252b99671ce5d1cb9664c5f8636329436d/library/core/src/ops/function.rs:250:5
[INFO] [stdout]   27:     0x555b21d4bfd6 - <alloc::boxed::Box<F,A> as core::ops::function::FnOnce<Args>>::call_once::h8093d25b522725ef
[INFO] [stdout]                                at /rustc/1b7dd2252b99671ce5d1cb9664c5f8636329436d/library/alloc/src/boxed.rs:1973:9
[INFO] [stdout]   28:     0x555b21d4bfd6 - <core::panic::unwind_safe::AssertUnwindSafe<F> as core::ops::function::FnOnce<()>>::call_once::h5c334c204e4a3913
[INFO] [stdout]                                at /rustc/1b7dd2252b99671ce5d1cb9664c5f8636329436d/library/core/src/panic/unwind_safe.rs:271:9
[INFO] [stdout]   29:     0x555b21d4bfd6 - std::panicking::try::do_call::ha8b740c7b9478074
[INFO] [stdout]                                at /rustc/1b7dd2252b99671ce5d1cb9664c5f8636329436d/library/std/src/panicking.rs:485:40
[INFO] [stdout]   30:     0x555b21d4bfd6 - std::panicking::try::h5d34f63d0e41b64e
[INFO] [stdout]                                at /rustc/1b7dd2252b99671ce5d1cb9664c5f8636329436d/library/std/src/panicking.rs:449:19
[INFO] [stdout]   31:     0x555b21d4bfd6 - std::panic::catch_unwind::hcfbb511e1aa7fc67
[INFO] [stdout]                                at /rustc/1b7dd2252b99671ce5d1cb9664c5f8636329436d/library/std/src/panic.rs:140:14
[INFO] [stdout]   32:     0x555b21d4bfd6 - test::run_test_in_process::h9abda90f802eaf21
[INFO] [stdout]                                at /rustc/1b7dd2252b99671ce5d1cb9664c5f8636329436d/library/test/src/lib.rs:678:27
[INFO] [stdout]   33:     0x555b21d4bfd6 - test::run_test::run_test_inner::{{closure}}::h0f058de91f6c6edf
[INFO] [stdout]                                at /rustc/1b7dd2252b99671ce5d1cb9664c5f8636329436d/library/test/src/lib.rs:572:39
[INFO] [stdout]   34:     0x555b21d14ef5 - test::run_test::run_test_inner::{{closure}}::h5ca48a4c59c6c1fb
[INFO] [stdout]                                at /rustc/1b7dd2252b99671ce5d1cb9664c5f8636329436d/library/test/src/lib.rs:599:37
[INFO] [stdout]   35:     0x555b21d14ef5 - std::sys_common::backtrace::__rust_begin_short_backtrace::h32bd51e1495d4a33
[INFO] [stdout]                                at /rustc/1b7dd2252b99671ce5d1cb9664c5f8636329436d/library/std/src/sys_common/backtrace.rs:134:18
[INFO] [stdout]   36:     0x555b21d1a431 - std::thread::Builder::spawn_unchecked_::{{closure}}::{{closure}}::hc086fae9b128b2db
[INFO] [stdout]                                at /rustc/1b7dd2252b99671ce5d1cb9664c5f8636329436d/library/std/src/thread/mod.rs:526:17
[INFO] [stdout]   37:     0x555b21d1a431 - <core::panic::unwind_safe::AssertUnwindSafe<F> as core::ops::function::FnOnce<()>>::call_once::hb66571888d270d43
[INFO] [stdout]                                at /rustc/1b7dd2252b99671ce5d1cb9664c5f8636329436d/library/core/src/panic/unwind_safe.rs:271:9
[INFO] [stdout]   38:     0x555b21d1a431 - std::panicking::try::do_call::h4fa2ef4f6e51fecf
[INFO] [stdout]                                at /rustc/1b7dd2252b99671ce5d1cb9664c5f8636329436d/library/std/src/panicking.rs:485:40
[INFO] [stdout]   39:     0x555b21d1a431 - std::panicking::try::h1e9e22b8584489b5
[INFO] [stdout]                                at /rustc/1b7dd2252b99671ce5d1cb9664c5f8636329436d/library/std/src/panicking.rs:449:19
[INFO] [stdout]   40:     0x555b21d1a431 - std::panic::catch_unwind::h44698a3de0e0769e
[INFO] [stdout]                                at /rustc/1b7dd2252b99671ce5d1cb9664c5f8636329436d/library/std/src/panic.rs:140:14
[INFO] [stdout]   41:     0x555b21d1a431 - std::thread::Builder::spawn_unchecked_::{{closure}}::h50153abde3fe239e
[INFO] [stdout]                                at /rustc/1b7dd2252b99671ce5d1cb9664c5f8636329436d/library/std/src/thread/mod.rs:525:30
[INFO] [stdout]   42:     0x555b21d1a431 - core::ops::function::FnOnce::call_once{{vtable.shim}}::hbe5bbf6f38394364
[INFO] [stdout]                                at /rustc/1b7dd2252b99671ce5d1cb9664c5f8636329436d/library/core/src/ops/function.rs:250:5
[INFO] [stdout]   43:     0x555b21ece185 - <alloc::boxed::Box<F,A> as core::ops::function::FnOnce<Args>>::call_once::h0d83cb2920a49046
[INFO] [stdout]                                at /rustc/1b7dd2252b99671ce5d1cb9664c5f8636329436d/library/alloc/src/boxed.rs:1973:9
[INFO] [stdout]   44:     0x555b21ece185 - <alloc::boxed::Box<F,A> as core::ops::function::FnOnce<Args>>::call_once::hbe0a008aa7d9ef59
[INFO] [stdout]                                at /rustc/1b7dd2252b99671ce5d1cb9664c5f8636329436d/library/alloc/src/boxed.rs:1973:9
[INFO] [stdout]   45:     0x555b21ece185 - std::sys::unix::thread::Thread::new::thread_start::h3a466996bdf6b1f9
[INFO] [stdout]                                at /rustc/1b7dd2252b99671ce5d1cb9664c5f8636329436d/library/std/src/sys/unix/thread.rs:108:17
[INFO] [stdout]   46:     0x7fc507532b43 - <unknown>
[INFO] [stdout]   47:     0x7fc5075c3bb4 - __clone
[INFO] [stdout]   48:                0x0 - <unknown>
[INFO] [stdout] 
[INFO] [stdout] ---- losetup::tests::test_request_loopdevice stdout ----
[INFO] [stdout] thread 'losetup::tests::test_request_loopdevice' panicked at 'assertion failed: `(left == right)`
[INFO] [stdout]   left: `true`,
[INFO] [stdout]  right: `false`', src/losetup.rs:110:9
[INFO] [stdout] stack backtrace:
[INFO] [stdout]    0:     0x555b21ec79fa - std::backtrace_rs::backtrace::libunwind::trace::h2f05d0192276a8f6
[INFO] [stdout]                                at /rustc/1b7dd2252b99671ce5d1cb9664c5f8636329436d/library/std/src/../../backtrace/src/backtrace/libunwind.rs:93:5
[INFO] [stdout]    1:     0x555b21ec79fa - std::backtrace_rs::backtrace::trace_unsynchronized::hedc23dff7a1af150
[INFO] [stdout]                                at /rustc/1b7dd2252b99671ce5d1cb9664c5f8636329436d/library/std/src/../../backtrace/src/backtrace/mod.rs:66:5
[INFO] [stdout]    2:     0x555b21ec79fa - std::sys_common::backtrace::_print_fmt::h17541ef7592f3ce2
[INFO] [stdout]                                at /rustc/1b7dd2252b99671ce5d1cb9664c5f8636329436d/library/std/src/sys_common/backtrace.rs:65:5
[INFO] [stdout]    3:     0x555b21ec79fa - <std::sys_common::backtrace::_print::DisplayBacktrace as core::fmt::Display>::fmt::h20f75df5ab0c0792
[INFO] [stdout]                                at /rustc/1b7dd2252b99671ce5d1cb9664c5f8636329436d/library/std/src/sys_common/backtrace.rs:44:22
[INFO] [stdout]    4:     0x555b21eed82f - core::fmt::write::h78109e6f466b3af6
[INFO] [stdout]                                at /rustc/1b7dd2252b99671ce5d1cb9664c5f8636329436d/library/core/src/fmt/mod.rs:1254:17
[INFO] [stdout]    5:     0x555b21ec4d35 - std::io::Write::write_fmt::hd24bfb68a1b35a25
[INFO] [stdout]                                at /rustc/1b7dd2252b99671ce5d1cb9664c5f8636329436d/library/std/src/io/mod.rs:1698:15
[INFO] [stdout]    6:     0x555b21ec77c5 - std::sys_common::backtrace::_print::h8dac57a9f8fbf9a5
[INFO] [stdout]                                at /rustc/1b7dd2252b99671ce5d1cb9664c5f8636329436d/library/std/src/sys_common/backtrace.rs:47:5
[INFO] [stdout]    7:     0x555b21ec77c5 - std::sys_common::backtrace::print::hf9ecbf41d1aa712f
[INFO] [stdout]                                at /rustc/1b7dd2252b99671ce5d1cb9664c5f8636329436d/library/std/src/sys_common/backtrace.rs:34:9
[INFO] [stdout]    8:     0x555b21ec947e - std::panicking::default_hook::{{closure}}::h04c07acfc84ca028
[INFO] [stdout]                                at /rustc/1b7dd2252b99671ce5d1cb9664c5f8636329436d/library/std/src/panicking.rs:269:22
[INFO] [stdout]    9:     0x555b21ec91b1 - std::panicking::default_hook::h01f6bb23e1eceb2c
[INFO] [stdout]                                at /rustc/1b7dd2252b99671ce5d1cb9664c5f8636329436d/library/std/src/panicking.rs:285:9
[INFO] [stdout]   10:     0x555b21d4802b - <alloc::boxed::Box<F,A> as core::ops::function::Fn<Args>>::call::h87fe9f7b2fd49e4c
[INFO] [stdout]                                at /rustc/1b7dd2252b99671ce5d1cb9664c5f8636329436d/library/alloc/src/boxed.rs:1987:9
[INFO] [stdout]   11:     0x555b21d4802b - test::test_main::{{closure}}::he94d679243a7531b
[INFO] [stdout]                                at /rustc/1b7dd2252b99671ce5d1cb9664c5f8636329436d/library/test/src/lib.rs:134:21
[INFO] [stdout]   12:     0x555b21ec9b64 - <alloc::boxed::Box<F,A> as core::ops::function::Fn<Args>>::call::h3f2d6d8b14c4769f
[INFO] [stdout]                                at /rustc/1b7dd2252b99671ce5d1cb9664c5f8636329436d/library/alloc/src/boxed.rs:1987:9
[INFO] [stdout]   13:     0x555b21ec9b64 - std::panicking::rust_panic_with_hook::h2bb3722bbaf2f6df
[INFO] [stdout]                                at /rustc/1b7dd2252b99671ce5d1cb9664c5f8636329436d/library/std/src/panicking.rs:695:13
[INFO] [stdout]   14:     0x555b21ec98d9 - std::panicking::begin_panic_handler::{{closure}}::h91bc7f36a4be011b
[INFO] [stdout]                                at /rustc/1b7dd2252b99671ce5d1cb9664c5f8636329436d/library/std/src/panicking.rs:582:13
[INFO] [stdout]   15:     0x555b21ec7e66 - std::sys_common::backtrace::__rust_end_short_backtrace::h8b3d3717114f9e59
[INFO] [stdout]                                at /rustc/1b7dd2252b99671ce5d1cb9664c5f8636329436d/library/std/src/sys_common/backtrace.rs:150:18
[INFO] [stdout]   16:     0x555b21ec9632 - rust_begin_unwind
[INFO] [stdout]                                at /rustc/1b7dd2252b99671ce5d1cb9664c5f8636329436d/library/std/src/panicking.rs:578:5
[INFO] [stdout]   17:     0x555b21cf5063 - core::panicking::panic_fmt::hfd368e3fbdabea26
[INFO] [stdout]                                at /rustc/1b7dd2252b99671ce5d1cb9664c5f8636329436d/library/core/src/panicking.rs:67:14
[INFO] [stdout]   18:     0x555b21cf542f - core::panicking::assert_failed_inner::haef49168e1798a91
[INFO] [stdout]   19:     0x555b21d1193a - core::panicking::assert_failed::h24201795429e5c34
[INFO] [stdout]                                at /rustc/1b7dd2252b99671ce5d1cb9664c5f8636329436d/library/core/src/panicking.rs:228:5
[INFO] [stdout]   20:     0x555b21d09260 - debosirus::losetup::tests::test_request_loopdevice::h7b25d370d11b3921
[INFO] [stdout]                                at /opt/rustwide/workdir/src/losetup.rs:110:9
[INFO] [stdout]   21:     0x555b21d09007 - debosirus::losetup::tests::test_request_loopdevice::{{closure}}::h5da49e8abe76937a
[INFO] [stdout]                                at /opt/rustwide/workdir/src/losetup.rs:105:34
[INFO] [stdout]   22:     0x555b21d0cb45 - core::ops::function::FnOnce::call_once::h2eabbc6e675190e8
[INFO] [stdout]                                at /rustc/1b7dd2252b99671ce5d1cb9664c5f8636329436d/library/core/src/ops/function.rs:250:5
[INFO] [stdout]   23:     0x555b21d4ceff - core::ops::function::FnOnce::call_once::ha6a70e79f7481a7e
[INFO] [stdout]                                at /rustc/1b7dd2252b99671ce5d1cb9664c5f8636329436d/library/core/src/ops/function.rs:250:5
[INFO] [stdout]   24:     0x555b21d4ceff - test::__rust_begin_short_backtrace::hce33033019b61e69
[INFO] [stdout]                                at /rustc/1b7dd2252b99671ce5d1cb9664c5f8636329436d/library/test/src/lib.rs:655:18
[INFO] [stdout]   25:     0x555b21d1a6ec - test::run_test::{{closure}}::h858d3528838ae3e5
[INFO] [stdout]                                at /rustc/1b7dd2252b99671ce5d1cb9664c5f8636329436d/library/test/src/lib.rs:646:30
[INFO] [stdout]   26:     0x555b21d1a6ec - core::ops::function::FnOnce::call_once{{vtable.shim}}::he8ac2b00f01ae79e
[INFO] [stdout]                                at /rustc/1b7dd2252b99671ce5d1cb9664c5f8636329436d/library/core/src/ops/function.rs:250:5
[INFO] [stdout]   27:     0x555b21d4bfd6 - <alloc::boxed::Box<F,A> as core::ops::function::FnOnce<Args>>::call_once::h8093d25b522725ef
[INFO] [stdout]                                at /rustc/1b7dd2252b99671ce5d1cb9664c5f8636329436d/library/alloc/src/boxed.rs:1973:9
[INFO] [stdout]   28:     0x555b21d4bfd6 - <core::panic::unwind_safe::AssertUnwindSafe<F> as core::ops::function::FnOnce<()>>::call_once::h5c334c204e4a3913
[INFO] [stdout]                                at /rustc/1b7dd2252b99671ce5d1cb9664c5f8636329436d/library/core/src/panic/unwind_safe.rs:271:9
[INFO] [stdout]   29:     0x555b21d4bfd6 - std::panicking::try::do_call::ha8b740c7b9478074
[INFO] [stdout]                                at /rustc/1b7dd2252b99671ce5d1cb9664c5f8636329436d/library/std/src/panicking.rs:485:40
[INFO] [stdout]   30:     0x555b21d4bfd6 - std::panicking::try::h5d34f63d0e41b64e
[INFO] [stdout]                                at /rustc/1b7dd2252b99671ce5d1cb9664c5f8636329436d/library/std/src/panicking.rs:449:19
[INFO] [stdout]   31:     0x555b21d4bfd6 - std::panic::catch_unwind::hcfbb511e1aa7fc67
[INFO] [stdout]                                at /rustc/1b7dd2252b99671ce5d1cb9664c5f8636329436d/library/std/src/panic.rs:140:14
[INFO] [stdout]   32:     0x555b21d4bfd6 - test::run_test_in_process::h9abda90f802eaf21
[INFO] [stdout]                                at /rustc/1b7dd2252b99671ce5d1cb9664c5f8636329436d/library/test/src/lib.rs:678:27
[INFO] [stdout]   33:     0x555b21d4bfd6 - test::run_test::run_test_inner::{{closure}}::h0f058de91f6c6edf
[INFO] [stdout]                                at /rustc/1b7dd2252b99671ce5d1cb9664c5f8636329436d/library/test/src/lib.rs:572:39
[INFO] [stdout]   34:     0x555b21d14ef5 - test::run_test::run_test_inner::{{closure}}::h5ca48a4c59c6c1fb
[INFO] [stdout]                                at /rustc/1b7dd2252b99671ce5d1cb9664c5f8636329436d/library/test/src/lib.rs:599:37
[INFO] [stdout]   35:     0x555b21d14ef5 - std::sys_common::backtrace::__rust_begin_short_backtrace::h32bd51e1495d4a33
[INFO] [stdout]                                at /rustc/1b7dd2252b99671ce5d1cb9664c5f8636329436d/library/std/src/sys_common/backtrace.rs:134:18
[INFO] [stdout]   36:     0x555b21d1a431 - std::thread::Builder::spawn_unchecked_::{{closure}}::{{closure}}::hc086fae9b128b2db
[INFO] [stdout]                                at /rustc/1b7dd2252b99671ce5d1cb9664c5f8636329436d/library/std/src/thread/mod.rs:526:17
[INFO] [stdout]   37:     0x555b21d1a431 - <core::panic::unwind_safe::AssertUnwindSafe<F> as core::ops::function::FnOnce<()>>::call_once::hb66571888d270d43
[INFO] [stdout]                                at /rustc/1b7dd2252b99671ce5d1cb9664c5f8636329436d/library/core/src/panic/unwind_safe.rs:271:9
[INFO] [stdout]   38:     0x555b21d1a431 - std::panicking::try::do_call::h4fa2ef4f6e51fecf
[INFO] [stdout]                                at /rustc/1b7dd2252b99671ce5d1cb9664c5f8636329436d/library/std/src/panicking.rs:485:40
[INFO] [stdout]   39:     0x555b21d1a431 - std::panicking::try::h1e9e22b8584489b5
[INFO] [stdout]                                at /rustc/1b7dd2252b99671ce5d1cb9664c5f8636329436d/library/std/src/panicking.rs:449:19
[INFO] [stdout]   40:     0x555b21d1a431 - std::panic::catch_unwind::h44698a3de0e0769e
[INFO] [stdout]                                at /rustc/1b7dd2252b99671ce5d1cb9664c5f8636329436d/library/std/src/panic.rs:140:14
[INFO] [stdout]   41:     0x555b21d1a431 - std::thread::Builder::spawn_unchecked_::{{closure}}::h50153abde3fe239e
[INFO] [stdout]                                at /rustc/1b7dd2252b99671ce5d1cb9664c5f8636329436d/library/std/src/thread/mod.rs:525:30
[INFO] [stdout]   42:     0x555b21d1a431 - core::ops::function::FnOnce::call_once{{vtable.shim}}::hbe5bbf6f38394364
[INFO] [stdout]                                at /rustc/1b7dd2252b99671ce5d1cb9664c5f8636329436d/library/core/src/ops/function.rs:250:5
[INFO] [stdout]   43:     0x555b21ece185 - <alloc::boxed::Box<F,A> as core::ops::function::FnOnce<Args>>::call_once::h0d83cb2920a49046
[INFO] [stdout]                                at /rustc/1b7dd2252b99671ce5d1cb9664c5f8636329436d/library/alloc/src/boxed.rs:1973:9
[INFO] [stdout]   44:     0x555b21ece185 - <alloc::boxed::Box<F,A> as core::ops::function::FnOnce<Args>>::call_once::hbe0a008aa7d9ef59
[INFO] [stdout]                                at /rustc/1b7dd2252b99671ce5d1cb9664c5f8636329436d/library/alloc/src/boxed.rs:1973:9
[INFO] [stdout]   45:     0x555b21ece185 - std::sys::unix::thread::Thread::new::thread_start::h3a466996bdf6b1f9
[INFO] [stdout]                                at /rustc/1b7dd2252b99671ce5d1cb9664c5f8636329436d/library/std/src/sys/unix/thread.rs:108:17
[INFO] [stdout]   46:     0x7fc507532b43 - <unknown>
[INFO] [stdout]   47:     0x7fc5075c3bb4 - __clone
[INFO] [stdout]   48:                0x0 - <unknown>
[INFO] [stdout] 
[INFO] [stdout] 
[INFO] [stdout] failures:
[INFO] [stdout]     actions::sudo::tests::test_sudo
[INFO] [stdout]     losetup::tests::test_request_loopdevice
[INFO] [stdout] 
[INFO] [stdout] test result: FAILED. 11 passed; 2 failed; 0 ignored; 0 measured; 0 filtered out; finished in 0.02s
[INFO] [stdout] 
[INFO] [stderr] error: test failed, to rerun pass `--bin debosirus`
[INFO] running `Command { std: "docker" "inspect" "7f6526e7fbc202903498df18cb8cb64efa51a119632ea4ecca3b946708408362", kill_on_drop: false }`
[INFO] running `Command { std: "docker" "rm" "-f" "7f6526e7fbc202903498df18cb8cb64efa51a119632ea4ecca3b946708408362", kill_on_drop: false }`
[INFO] [stdout] 7f6526e7fbc202903498df18cb8cb64efa51a119632ea4ecca3b946708408362
