[INFO] fetching crate db-helpers-derive 0.5.0...
[INFO] testing db-helpers-derive-0.5.0 against beta-2023-04-20 for beta-1.70-1
[INFO] extracting crate db-helpers-derive 0.5.0 into /workspace/builds/worker-6-tc2/source
[INFO] validating manifest of crates.io crate db-helpers-derive 0.5.0 on toolchain beta-2023-04-20
[INFO] running `Command { std: CARGO_HOME="/workspace/cargo-home" RUSTUP_HOME="/workspace/rustup-home" "/workspace/cargo-home/bin/cargo" "+beta-2023-04-20" "metadata" "--manifest-path" "Cargo.toml" "--no-deps", kill_on_drop: false }`
[INFO] started tweaking crates.io crate db-helpers-derive 0.5.0
[INFO] finished tweaking crates.io crate db-helpers-derive 0.5.0
[INFO] tweaked toml for crates.io crate db-helpers-derive 0.5.0 written to /workspace/builds/worker-6-tc2/source/Cargo.toml
[INFO] running `Command { std: CARGO_HOME="/workspace/cargo-home" RUSTUP_HOME="/workspace/rustup-home" __CARGO_TEST_CHANNEL_OVERRIDE_DO_NOT_USE_THIS="nightly" "/workspace/cargo-home/bin/cargo" "+beta-2023-04-20" "generate-lockfile" "--manifest-path" "Cargo.toml" "-Zno-index-update", kill_on_drop: false }`
[INFO] running `Command { std: CARGO_HOME="/workspace/cargo-home" RUSTUP_HOME="/workspace/rustup-home" "/workspace/cargo-home/bin/cargo" "+beta-2023-04-20" "fetch" "--manifest-path" "Cargo.toml", kill_on_drop: false }`
[INFO] running `Command { std: "docker" "create" "-v" "/var/lib/crater-agent-workspace/builds/worker-6-tc2/target:/opt/rustwide/target:rw,Z" "-v" "/var/lib/crater-agent-workspace/builds/worker-6-tc2/source:/opt/rustwide/workdir:ro,Z" "-v" "/var/lib/crater-agent-workspace/cargo-home:/opt/rustwide/cargo-home:ro,Z" "-v" "/var/lib/crater-agent-workspace/rustup-home:/opt/rustwide/rustup-home:ro,Z" "-e" "SOURCE_DIR=/opt/rustwide/workdir" "-e" "CARGO_TARGET_DIR=/opt/rustwide/target" "-e" "CARGO_HOME=/opt/rustwide/cargo-home" "-e" "RUSTUP_HOME=/opt/rustwide/rustup-home" "-w" "/opt/rustwide/workdir" "-m" "1610612736" "--user" "0:0" "--network" "none" "ghcr.io/rust-lang/crates-build-env/linux@sha256:5ff2268d62e97bff2cde7d5815dd6ed5b47097566f13b8d0ca110b04b60e07ed" "/opt/rustwide/cargo-home/bin/cargo" "+beta-2023-04-20" "metadata" "--no-deps" "--format-version=1", kill_on_drop: false }`
[INFO] [stdout] 1c60aeec122a5f6a3bb1e30ee163421cbc77a0ece69bb9bb4a39fc7cfe50e2ae
[INFO] running `Command { std: "docker" "start" "-a" "1c60aeec122a5f6a3bb1e30ee163421cbc77a0ece69bb9bb4a39fc7cfe50e2ae", kill_on_drop: false }`
[INFO] running `Command { std: "docker" "inspect" "1c60aeec122a5f6a3bb1e30ee163421cbc77a0ece69bb9bb4a39fc7cfe50e2ae", kill_on_drop: false }`
[INFO] running `Command { std: "docker" "rm" "-f" "1c60aeec122a5f6a3bb1e30ee163421cbc77a0ece69bb9bb4a39fc7cfe50e2ae", kill_on_drop: false }`
[INFO] [stdout] 1c60aeec122a5f6a3bb1e30ee163421cbc77a0ece69bb9bb4a39fc7cfe50e2ae
[INFO] running `Command { std: "docker" "create" "-v" "/var/lib/crater-agent-workspace/builds/worker-6-tc2/target:/opt/rustwide/target:rw,Z" "-v" "/var/lib/crater-agent-workspace/builds/worker-6-tc2/source:/opt/rustwide/workdir:ro,Z" "-v" "/var/lib/crater-agent-workspace/cargo-home:/opt/rustwide/cargo-home:ro,Z" "-v" "/var/lib/crater-agent-workspace/rustup-home:/opt/rustwide/rustup-home:ro,Z" "-e" "SOURCE_DIR=/opt/rustwide/workdir" "-e" "CARGO_TARGET_DIR=/opt/rustwide/target" "-e" "CARGO_INCREMENTAL=0" "-e" "RUST_BACKTRACE=full" "-e" "RUSTFLAGS=--cap-lints=warn" "-e" "RUSTDOCFLAGS=--cap-lints=warn" "-e" "CARGO_HOME=/opt/rustwide/cargo-home" "-e" "RUSTUP_HOME=/opt/rustwide/rustup-home" "-w" "/opt/rustwide/workdir" "-m" "1610612736" "--user" "0:0" "--network" "none" "ghcr.io/rust-lang/crates-build-env/linux@sha256:5ff2268d62e97bff2cde7d5815dd6ed5b47097566f13b8d0ca110b04b60e07ed" "/opt/rustwide/cargo-home/bin/cargo" "+beta-2023-04-20" "build" "--frozen" "--message-format=json", kill_on_drop: false }`
[INFO] [stdout] 897eeece37c942823368dc1c9aa8782dc501b8641ec095362f6be200025d5d13
[INFO] running `Command { std: "docker" "start" "-a" "897eeece37c942823368dc1c9aa8782dc501b8641ec095362f6be200025d5d13", kill_on_drop: false }`
[INFO] [stderr]     Blocking waiting for file lock on package cache
[INFO] [stderr]    Compiling lock_api v0.4.9
[INFO] [stderr]    Compiling parking_lot_core v0.9.7
[INFO] [stderr]    Compiling scopeguard v1.1.0
[INFO] [stderr]    Compiling smallvec v1.10.0
[INFO] [stderr]    Compiling syn v1.0.109
[INFO] [stderr]    Compiling cfg-if v1.0.0
[INFO] [stderr]    Compiling lazy_static v1.4.0
[INFO] [stderr]    Compiling libc v0.2.142
[INFO] [stderr]    Compiling parking_lot v0.12.1
[INFO] [stderr]    Compiling db-helpers-derive v0.5.0 (/opt/rustwide/workdir)
[INFO] [stderr]     Finished dev [unoptimized + debuginfo] target(s) in 6.93s
[INFO] running `Command { std: "docker" "inspect" "897eeece37c942823368dc1c9aa8782dc501b8641ec095362f6be200025d5d13", kill_on_drop: false }`
[INFO] running `Command { std: "docker" "rm" "-f" "897eeece37c942823368dc1c9aa8782dc501b8641ec095362f6be200025d5d13", kill_on_drop: false }`
[INFO] [stdout] 897eeece37c942823368dc1c9aa8782dc501b8641ec095362f6be200025d5d13
[INFO] running `Command { std: "docker" "create" "-v" "/var/lib/crater-agent-workspace/builds/worker-6-tc2/target:/opt/rustwide/target:rw,Z" "-v" "/var/lib/crater-agent-workspace/builds/worker-6-tc2/source:/opt/rustwide/workdir:ro,Z" "-v" "/var/lib/crater-agent-workspace/cargo-home:/opt/rustwide/cargo-home:ro,Z" "-v" "/var/lib/crater-agent-workspace/rustup-home:/opt/rustwide/rustup-home:ro,Z" "-e" "SOURCE_DIR=/opt/rustwide/workdir" "-e" "CARGO_TARGET_DIR=/opt/rustwide/target" "-e" "CARGO_INCREMENTAL=0" "-e" "RUST_BACKTRACE=full" "-e" "RUSTFLAGS=--cap-lints=warn" "-e" "RUSTDOCFLAGS=--cap-lints=warn" "-e" "CARGO_HOME=/opt/rustwide/cargo-home" "-e" "RUSTUP_HOME=/opt/rustwide/rustup-home" "-w" "/opt/rustwide/workdir" "-m" "1610612736" "--user" "0:0" "--network" "none" "ghcr.io/rust-lang/crates-build-env/linux@sha256:5ff2268d62e97bff2cde7d5815dd6ed5b47097566f13b8d0ca110b04b60e07ed" "/opt/rustwide/cargo-home/bin/cargo" "+beta-2023-04-20" "test" "--frozen" "--no-run" "--message-format=json", kill_on_drop: false }`
[INFO] [stdout] 987d99501111f96ce52156e6518a6d8f7fa27ad9936507b34f2092060c27c14b
[INFO] running `Command { std: "docker" "start" "-a" "987d99501111f96ce52156e6518a6d8f7fa27ad9936507b34f2092060c27c14b", kill_on_drop: false }`
[INFO] [stderr]    Compiling ryu v1.0.13
[INFO] [stderr]    Compiling trybuild v1.0.76
[INFO] [stderr]    Compiling itoa v1.0.6
[INFO] [stderr]    Compiling glob v0.3.1
[INFO] [stderr]    Compiling serde v1.0.160
[INFO] [stderr]    Compiling serde_json v1.0.96
[INFO] [stderr]    Compiling termcolor v1.2.0
[INFO] [stderr]    Compiling once_cell v1.17.1
[INFO] [stderr]    Compiling db-helpers-derive v0.5.0 (/opt/rustwide/workdir)
[INFO] [stderr]    Compiling toml v0.5.11
[INFO] [stderr]     Finished test [unoptimized + debuginfo] target(s) in 10.70s
[INFO] running `Command { std: "docker" "inspect" "987d99501111f96ce52156e6518a6d8f7fa27ad9936507b34f2092060c27c14b", kill_on_drop: false }`
[INFO] running `Command { std: "docker" "rm" "-f" "987d99501111f96ce52156e6518a6d8f7fa27ad9936507b34f2092060c27c14b", kill_on_drop: false }`
[INFO] [stdout] 987d99501111f96ce52156e6518a6d8f7fa27ad9936507b34f2092060c27c14b
[INFO] running `Command { std: "docker" "create" "-v" "/var/lib/crater-agent-workspace/builds/worker-6-tc2/target:/opt/rustwide/target:rw,Z" "-v" "/var/lib/crater-agent-workspace/builds/worker-6-tc2/source:/opt/rustwide/workdir:ro,Z" "-v" "/var/lib/crater-agent-workspace/cargo-home:/opt/rustwide/cargo-home:ro,Z" "-v" "/var/lib/crater-agent-workspace/rustup-home:/opt/rustwide/rustup-home:ro,Z" "-e" "SOURCE_DIR=/opt/rustwide/workdir" "-e" "CARGO_TARGET_DIR=/opt/rustwide/target" "-e" "CARGO_INCREMENTAL=0" "-e" "RUST_BACKTRACE=full" "-e" "RUSTFLAGS=--cap-lints=warn" "-e" "RUSTDOCFLAGS=--cap-lints=warn" "-e" "CARGO_HOME=/opt/rustwide/cargo-home" "-e" "RUSTUP_HOME=/opt/rustwide/rustup-home" "-w" "/opt/rustwide/workdir" "-m" "1610612736" "--user" "0:0" "--network" "none" "ghcr.io/rust-lang/crates-build-env/linux@sha256:5ff2268d62e97bff2cde7d5815dd6ed5b47097566f13b8d0ca110b04b60e07ed" "/opt/rustwide/cargo-home/bin/cargo" "+beta-2023-04-20" "test" "--frozen", kill_on_drop: false }`
[INFO] [stdout] 505bc5d254c305a32925d1a0751974d76a9654ccea7036310d3028f474cd4dc3
[INFO] running `Command { std: "docker" "start" "-a" "505bc5d254c305a32925d1a0751974d76a9654ccea7036310d3028f474cd4dc3", kill_on_drop: false }`
[INFO] [stderr]     Finished test [unoptimized + debuginfo] target(s) in 0.03s
[INFO] [stderr]      Running unittests src/lib.rs (/opt/rustwide/target/debug/deps/db_helpers_derive-ad38d65165fafd7a)
[INFO] [stdout] 
[INFO] [stdout] running 1 test
[INFO] [stderr]    Compiling proc-macro2 v1.0.56
[INFO] [stderr]    Compiling libc v0.2.142
[INFO] [stderr]    Compiling autocfg v1.1.0
[INFO] [stderr]    Compiling quote v1.0.26
[INFO] [stderr]    Compiling parking_lot_core v0.9.7
[INFO] [stderr]    Compiling syn v1.0.109
[INFO] [stderr]    Compiling unicode-ident v1.0.8
[INFO] [stderr]    Compiling smallvec v1.10.0
[INFO] [stderr]    Compiling cfg-if v1.0.0
[INFO] [stderr]    Compiling scopeguard v1.1.0
[INFO] [stderr]    Compiling lazy_static v1.4.0
[INFO] [stderr]    Compiling lock_api v0.4.9
[INFO] [stderr]    Compiling parking_lot v0.12.1
[INFO] [stderr]    Compiling db-helpers-derive v0.5.0 (/opt/rustwide/workdir)
[INFO] [stderr]    Compiling db-helpers-derive-tests v0.0.0 (/opt/rustwide/target/tests/trybuild/db-helpers-derive)
[INFO] [stderr]     Finished dev [unoptimized + debuginfo] target(s) in 12.12s
[INFO] [stderr] 
[INFO] [stderr] 
[INFO] [stderr] test tests/fail/missing_brace.rs [should fail to compile] ... error
[INFO] [stderr] Read-only file system (os error 30)
[INFO] [stderr] 
[INFO] [stderr] test tests/fail/table_with_spaces.rs [should fail to compile] ... error
[INFO] [stderr] Read-only file system (os error 30)
[INFO] [stderr] 
[INFO] [stderr] test tests/success/valid_query.rs [should pass] ... error
[INFO] [stderr] ┈┈┈┈┈┈┈┈┈┈┈┈┈┈┈┈┈┈┈┈┈┈┈┈┈┈┈┈┈┈┈┈┈┈┈┈┈┈┈┈┈┈┈┈┈┈┈┈┈┈┈┈┈┈┈┈┈┈┈┈
[INFO] [stderr] error[E0432]: unresolved import `db_helpers`
[INFO] [stderr]  --> tests/success/valid_query.rs:1:5
[INFO] [stderr]   |
[INFO] [stderr] 1 | use db_helpers::{Table, Q};
[INFO] [stderr]   |     ^^^^^^^^^^ use of undeclared crate or module `db_helpers`
[INFO] [stderr] 
[INFO] [stderr] error: cannot determine resolution for the derive macro `Table`
[INFO] [stderr]  --> tests/success/valid_query.rs:2:17
[INFO] [stderr]   |
[INFO] [stderr] 2 | #[derive(Debug, Table)]
[INFO] [stderr]   |                 ^^^^^
[INFO] [stderr]   |
[INFO] [stderr]   = note: import resolution is stuck, try simplifying macro imports
[INFO] [stderr] 
[INFO] [stderr] error: cannot find attribute `table` in this scope
[INFO] [stderr]  --> tests/success/valid_query.rs:3:3
[INFO] [stderr]   |
[INFO] [stderr] 3 | #[table(name = "foos")]
[INFO] [stderr]   |   ^^^^^ help: a built-in attribute with a similar name exists: `stable`
[INFO] [stderr] 
[INFO] [stderr] error: cannot find attribute `table` in this scope
[INFO] [stderr]  --> tests/success/valid_query.rs:6:4
[INFO] [stderr]   |
[INFO] [stderr] 6 |     #[table(name = "bar", q = "int not null")]
[INFO] [stderr]   |       ^^^^^ help: a built-in attribute with a similar name exists: `stable`
[INFO] [stderr] 
[INFO] [stderr] error: cannot find attribute `table` in this scope
[INFO] [stderr]  --> tests/success/valid_query.rs:8:4
[INFO] [stderr]   |
[INFO] [stderr] 8 |     #[table(q = "int not null")]
[INFO] [stderr]   |       ^^^^^ help: a built-in attribute with a similar name exists: `stable`
[INFO] [stderr] 
[INFO] [stderr] error: cannot determine resolution for the derive macro `Table`
[INFO] [stderr]   --> tests/success/valid_query.rs:11:17
[INFO] [stderr]    |
[INFO] [stderr] 11 | #[derive(Debug, Table)]
[INFO] [stderr]    |                 ^^^^^
[INFO] [stderr]    |
[INFO] [stderr]    = note: import resolution is stuck, try simplifying macro imports
[INFO] [stderr] 
[INFO] [stderr] error: cannot find attribute `table` in this scope
[INFO] [stderr]   --> tests/success/valid_query.rs:12:3
[INFO] [stderr]    |
[INFO] [stderr] 12 | #[table(name = "bars")]
[INFO] [stderr]    |   ^^^^^ help: a built-in attribute with a similar name exists: `stable`
[INFO] [stderr] 
[INFO] [stderr] error: cannot find attribute `table` in this scope
[INFO] [stderr]   --> tests/success/valid_query.rs:15:4
[INFO] [stderr]    |
[INFO] [stderr] 15 |     #[table(name = "bar", q = "int not null")]
[INFO] [stderr]    |       ^^^^^ help: a built-in attribute with a similar name exists: `stable`
[INFO] [stderr] 
[INFO] [stderr] error: cannot find attribute `table` in this scope
[INFO] [stderr]   --> tests/success/valid_query.rs:17:4
[INFO] [stderr]    |
[INFO] [stderr] 17 |     #[table(q = "int not null")]
[INFO] [stderr]    |       ^^^^^ help: a built-in attribute with a similar name exists: `stable`
[INFO] [stderr] 
[INFO] [stderr] error: cannot determine resolution for the macro `Q`
[INFO] [stderr]   --> tests/success/valid_query.rs:24:3
[INFO] [stderr]    |
[INFO] [stderr] 24 |         Q!(r#"select Foo::{_bar} from Foo::__TABLE__"#),
[INFO] [stderr]    |         ^
[INFO] [stderr]    |
[INFO] [stderr]    = note: import resolution is stuck, try simplifying macro imports
[INFO] [stderr] 
[INFO] [stderr] error: cannot determine resolution for the macro `Q`
[INFO] [stderr]   --> tests/success/valid_query.rs:28:3
[INFO] [stderr]    |
[INFO] [stderr] 28 |         Q!(r"select Foo::{_bar} from Foo::__TABLE__"),
[INFO] [stderr]    |         ^
[INFO] [stderr]    |
[INFO] [stderr]    = note: import resolution is stuck, try simplifying macro imports
[INFO] [stderr] 
[INFO] [stderr] error: cannot determine resolution for the macro `Q`
[INFO] [stderr]   --> tests/success/valid_query.rs:32:3
[INFO] [stderr]    |
[INFO] [stderr] 32 |         Q!(r#"select
[INFO] [stderr]    |         ^
[INFO] [stderr]    |
[INFO] [stderr]    = note: import resolution is stuck, try simplifying macro imports
[INFO] [stderr] 
[INFO] [stderr] error: cannot determine resolution for the macro `Q`
[INFO] [stderr]   --> tests/success/valid_query.rs:38:3
[INFO] [stderr]    |
[INFO] [stderr] 38 |         Q!("select Foo::{_bar} from Foo::__TABLE__"),
[INFO] [stderr]    |         ^
[INFO] [stderr]    |
[INFO] [stderr]    = note: import resolution is stuck, try simplifying macro imports
[INFO] [stderr] 
[INFO] [stderr] error: cannot determine resolution for the macro `Q`
[INFO] [stderr]   --> tests/success/valid_query.rs:43:3
[INFO] [stderr]    |
[INFO] [stderr] 43 |         Q!("select Foo::{_bar,other} from Foo::__TABLE__"),
[INFO] [stderr]    |         ^
[INFO] [stderr]    |
[INFO] [stderr]    = note: import resolution is stuck, try simplifying macro imports
[INFO] [stderr] 
[INFO] [stderr] error: cannot determine resolution for the macro `Q`
[INFO] [stderr]   --> tests/success/valid_query.rs:47:3
[INFO] [stderr]    |
[INFO] [stderr] 47 |         Q!("select Foo::{_bar, other} from Foo::__TABLE__"),
[INFO] [stderr]    |         ^
[INFO] [stderr]    |
[INFO] [stderr]    = note: import resolution is stuck, try simplifying macro imports
[INFO] [stderr] 
[INFO] [stderr] error: cannot determine resolution for the macro `Q`
[INFO] [stderr]   --> tests/success/valid_query.rs:52:3
[INFO] [stderr]    |
[INFO] [stderr] 52 |         Q!("select Foo::{ _bar   , other} from Foo::__TABLE__"),
[INFO] [stderr]    |         ^
[INFO] [stderr]    |
[INFO] [stderr]    = note: import resolution is stuck, try simplifying macro imports
[INFO] [stderr] 
[INFO] [stderr] error: cannot determine resolution for the macro `Q`
[INFO] [stderr]   --> tests/success/valid_query.rs:57:3
[INFO] [stderr]    |
[INFO] [stderr] 57 |         Q!("select Foo::{ >_bar   , other} from Foo::__TABLE__"),
[INFO] [stderr]    |         ^
[INFO] [stderr]    |
[INFO] [stderr]    = note: import resolution is stuck, try simplifying macro imports
[INFO] [stderr] 
[INFO] [stderr] error: cannot determine resolution for the macro `Q`
[INFO] [stderr]   --> tests/success/valid_query.rs:63:3
[INFO] [stderr]    |
[INFO] [stderr] 63 |         Q!("insert into Foo::__TABLE__ ( Foo::{_bar,other} ) values ($1, $2::int)"),
[INFO] [stderr]    |         ^
[INFO] [stderr]    |
[INFO] [stderr]    = note: import resolution is stuck, try simplifying macro imports
[INFO] [stderr] ┈┈┈┈┈┈┈┈┈┈┈┈┈┈┈┈┈┈┈┈┈┈┈┈┈┈┈┈┈┈┈┈┈┈┈┈┈┈┈┈┈┈┈┈┈┈┈┈┈┈┈┈┈┈┈┈┈┈┈┈
[INFO] [stderr] 
[INFO] [stderr] 
[INFO] [stderr] 
[INFO] [stdout] test query::tests::it_works ... FAILED
[INFO] [stdout] 
[INFO] [stdout] failures:
[INFO] [stdout] 
[INFO] [stdout] ---- query::tests::it_works stdout ----
[INFO] [stdout] thread 'query::tests::it_works' panicked at '3 of 3 tests failed', /opt/rustwide/cargo-home/registry/src/index.crates.io-6f17d22bba15001f/trybuild-1.0.76/src/run.rs:101:13
[INFO] [stdout] stack backtrace:
[INFO] [stdout]    0:     0x7f8a4e4d1cca - std::backtrace_rs::backtrace::libunwind::trace::h2f05d0192276a8f6
[INFO] [stdout]                                at /rustc/1b7dd2252b99671ce5d1cb9664c5f8636329436d/library/std/src/../../backtrace/src/backtrace/libunwind.rs:93:5
[INFO] [stdout]    1:     0x7f8a4e4d1cca - std::backtrace_rs::backtrace::trace_unsynchronized::hedc23dff7a1af150
[INFO] [stdout]                                at /rustc/1b7dd2252b99671ce5d1cb9664c5f8636329436d/library/std/src/../../backtrace/src/backtrace/mod.rs:66:5
[INFO] [stdout]    2:     0x7f8a4e4d1cca - std::sys_common::backtrace::_print_fmt::h17541ef7592f3ce2
[INFO] [stdout]                                at /rustc/1b7dd2252b99671ce5d1cb9664c5f8636329436d/library/std/src/sys_common/backtrace.rs:65:5
[INFO] [stdout]    3:     0x7f8a4e4d1cca - <std::sys_common::backtrace::_print::DisplayBacktrace as core::fmt::Display>::fmt::h20f75df5ab0c0792
[INFO] [stdout]                                at /rustc/1b7dd2252b99671ce5d1cb9664c5f8636329436d/library/std/src/sys_common/backtrace.rs:44:22
[INFO] [stdout]    4:     0x7f8a4e5360cf - core::fmt::write::h78109e6f466b3af6
[INFO] [stdout]                                at /rustc/1b7dd2252b99671ce5d1cb9664c5f8636329436d/library/core/src/fmt/mod.rs:1254:17
[INFO] [stdout]    5:     0x7f8a4e4c4905 - std::io::Write::write_fmt::hd24bfb68a1b35a25
[INFO] [stdout]                                at /rustc/1b7dd2252b99671ce5d1cb9664c5f8636329436d/library/std/src/io/mod.rs:1698:15
[INFO] [stdout]    6:     0x7f8a4e4d1a95 - std::sys_common::backtrace::_print::h8dac57a9f8fbf9a5
[INFO] [stdout]                                at /rustc/1b7dd2252b99671ce5d1cb9664c5f8636329436d/library/std/src/sys_common/backtrace.rs:47:5
[INFO] [stdout]    7:     0x7f8a4e4d1a95 - std::sys_common::backtrace::print::hf9ecbf41d1aa712f
[INFO] [stdout]                                at /rustc/1b7dd2252b99671ce5d1cb9664c5f8636329436d/library/std/src/sys_common/backtrace.rs:34:9
[INFO] [stdout]    8:     0x7f8a4e4d473e - std::panicking::default_hook::{{closure}}::h04c07acfc84ca028
[INFO] [stdout]                                at /rustc/1b7dd2252b99671ce5d1cb9664c5f8636329436d/library/std/src/panicking.rs:269:22
[INFO] [stdout]    9:     0x7f8a4e4d4471 - std::panicking::default_hook::h01f6bb23e1eceb2c
[INFO] [stdout]                                at /rustc/1b7dd2252b99671ce5d1cb9664c5f8636329436d/library/std/src/panicking.rs:285:9
[INFO] [stdout]   10:     0x7f8a4e5cd14b - <alloc::boxed::Box<F,A> as core::ops::function::Fn<Args>>::call::h87fe9f7b2fd49e4c
[INFO] [stdout]                                at /rustc/1b7dd2252b99671ce5d1cb9664c5f8636329436d/library/alloc/src/boxed.rs:1987:9
[INFO] [stdout]   11:     0x7f8a4e5cd14b - test::test_main::{{closure}}::he94d679243a7531b
[INFO] [stdout]                                at /rustc/1b7dd2252b99671ce5d1cb9664c5f8636329436d/library/test/src/lib.rs:134:21
[INFO] [stdout]   12:     0x7f8a4e4d4f34 - <alloc::boxed::Box<F,A> as core::ops::function::Fn<Args>>::call::h3f2d6d8b14c4769f
[INFO] [stdout]                                at /rustc/1b7dd2252b99671ce5d1cb9664c5f8636329436d/library/alloc/src/boxed.rs:1987:9
[INFO] [stdout]   13:     0x7f8a4e4d4f34 - std::panicking::rust_panic_with_hook::h2bb3722bbaf2f6df
[INFO] [stdout]                                at /rustc/1b7dd2252b99671ce5d1cb9664c5f8636329436d/library/std/src/panicking.rs:695:13
[INFO] [stdout]   14:     0x7f8a4e4d4ca9 - std::panicking::begin_panic_handler::{{closure}}::h91bc7f36a4be011b
[INFO] [stdout]                                at /rustc/1b7dd2252b99671ce5d1cb9664c5f8636329436d/library/std/src/panicking.rs:582:13
[INFO] [stdout]   15:     0x7f8a4e4d2136 - std::sys_common::backtrace::__rust_end_short_backtrace::h8b3d3717114f9e59
[INFO] [stdout]                                at /rustc/1b7dd2252b99671ce5d1cb9664c5f8636329436d/library/std/src/sys_common/backtrace.rs:150:18
[INFO] [stdout]   16:     0x7f8a4e4d4a02 - rust_begin_unwind
[INFO] [stdout]                                at /rustc/1b7dd2252b99671ce5d1cb9664c5f8636329436d/library/std/src/panicking.rs:578:5
[INFO] [stdout]   17:     0x7f8a4e532443 - core::panicking::panic_fmt::hfd368e3fbdabea26
[INFO] [stdout]                                at /rustc/1b7dd2252b99671ce5d1cb9664c5f8636329436d/library/core/src/panicking.rs:67:14
[INFO] [stdout]   18:     0x557819a951a7 - trybuild::run::<impl trybuild::Runner>::run::h2204003fab271bae
[INFO] [stdout]   19:     0x557819a9a7e7 - <trybuild::TestCases as core::ops::drop::Drop>::drop::h0b1b2edda559513f
[INFO] [stdout]   20:     0x557819a50087 - core::ptr::drop_in_place<trybuild::TestCases>::h6ac4ea180dc0eafc
[INFO] [stdout]                                at /rustc/1b7dd2252b99671ce5d1cb9664c5f8636329436d/library/core/src/ptr/mod.rs:490:1
[INFO] [stdout]   21:     0x557819a4f9bb - db_helpers_derive::query::tests::it_works::h76885fe584877a9c
[INFO] [stdout]                                at /opt/rustwide/workdir/src/query.rs:172:2
[INFO] [stdout]   22:     0x557819a4f937 - db_helpers_derive::query::tests::it_works::{{closure}}::he81268bacfb2cc0e
[INFO] [stdout]                                at /opt/rustwide/workdir/src/query.rs:168:2
[INFO] [stdout]   23:     0x557819a50025 - core::ops::function::FnOnce::call_once::h3819e0b314522c52
[INFO] [stdout]                                at /rustc/1b7dd2252b99671ce5d1cb9664c5f8636329436d/library/core/src/ops/function.rs:250:5
[INFO] [stdout]   24:     0x7f8a4e5d28ff - core::ops::function::FnOnce::call_once::ha6a70e79f7481a7e
[INFO] [stdout]                                at /rustc/1b7dd2252b99671ce5d1cb9664c5f8636329436d/library/core/src/ops/function.rs:250:5
[INFO] [stdout]   25:     0x7f8a4e5d28ff - test::__rust_begin_short_backtrace::hce33033019b61e69
[INFO] [stdout]                                at /rustc/1b7dd2252b99671ce5d1cb9664c5f8636329436d/library/test/src/lib.rs:655:18
[INFO] [stdout]   26:     0x7f8a4e59c8fc - test::run_test::{{closure}}::h858d3528838ae3e5
[INFO] [stdout]                                at /rustc/1b7dd2252b99671ce5d1cb9664c5f8636329436d/library/test/src/lib.rs:646:30
[INFO] [stdout]   27:     0x7f8a4e59c8fc - core::ops::function::FnOnce::call_once{{vtable.shim}}::he8ac2b00f01ae79e
[INFO] [stdout]                                at /rustc/1b7dd2252b99671ce5d1cb9664c5f8636329436d/library/core/src/ops/function.rs:250:5
[INFO] [stdout]   28:     0x7f8a4e5d19d6 - <alloc::boxed::Box<F,A> as core::ops::function::FnOnce<Args>>::call_once::h8093d25b522725ef
[INFO] [stdout]                                at /rustc/1b7dd2252b99671ce5d1cb9664c5f8636329436d/library/alloc/src/boxed.rs:1973:9
[INFO] [stdout]   29:     0x7f8a4e5d19d6 - <core::panic::unwind_safe::AssertUnwindSafe<F> as core::ops::function::FnOnce<()>>::call_once::h5c334c204e4a3913
[INFO] [stdout]                                at /rustc/1b7dd2252b99671ce5d1cb9664c5f8636329436d/library/core/src/panic/unwind_safe.rs:271:9
[INFO] [stdout]   30:     0x7f8a4e5d19d6 - std::panicking::try::do_call::ha8b740c7b9478074
[INFO] [stdout]                                at /rustc/1b7dd2252b99671ce5d1cb9664c5f8636329436d/library/std/src/panicking.rs:485:40
[INFO] [stdout]   31:     0x7f8a4e5d19d6 - std::panicking::try::h5d34f63d0e41b64e
[INFO] [stdout]                                at /rustc/1b7dd2252b99671ce5d1cb9664c5f8636329436d/library/std/src/panicking.rs:449:19
[INFO] [stdout]   32:     0x7f8a4e5d19d6 - std::panic::catch_unwind::hcfbb511e1aa7fc67
[INFO] [stdout]                                at /rustc/1b7dd2252b99671ce5d1cb9664c5f8636329436d/library/std/src/panic.rs:140:14
[INFO] [stdout]   33:     0x7f8a4e5d19d6 - test::run_test_in_process::h9abda90f802eaf21
[INFO] [stdout]                                at /rustc/1b7dd2252b99671ce5d1cb9664c5f8636329436d/library/test/src/lib.rs:678:27
[INFO] [stdout]   34:     0x7f8a4e5d19d6 - test::run_test::run_test_inner::{{closure}}::h0f058de91f6c6edf
[INFO] [stdout]                                at /rustc/1b7dd2252b99671ce5d1cb9664c5f8636329436d/library/test/src/lib.rs:572:39
[INFO] [stdout]   35:     0x7f8a4e5966d5 - test::run_test::run_test_inner::{{closure}}::h5ca48a4c59c6c1fb
[INFO] [stdout]                                at /rustc/1b7dd2252b99671ce5d1cb9664c5f8636329436d/library/test/src/lib.rs:599:37
[INFO] [stdout]   36:     0x7f8a4e5966d5 - std::sys_common::backtrace::__rust_begin_short_backtrace::h32bd51e1495d4a33
[INFO] [stdout]                                at /rustc/1b7dd2252b99671ce5d1cb9664c5f8636329436d/library/std/src/sys_common/backtrace.rs:134:18
[INFO] [stdout]   37:     0x7f8a4e59c541 - std::thread::Builder::spawn_unchecked_::{{closure}}::{{closure}}::hc086fae9b128b2db
[INFO] [stdout]                                at /rustc/1b7dd2252b99671ce5d1cb9664c5f8636329436d/library/std/src/thread/mod.rs:526:17
[INFO] [stdout]   38:     0x7f8a4e59c541 - <core::panic::unwind_safe::AssertUnwindSafe<F> as core::ops::function::FnOnce<()>>::call_once::hb66571888d270d43
[INFO] [stdout]                                at /rustc/1b7dd2252b99671ce5d1cb9664c5f8636329436d/library/core/src/panic/unwind_safe.rs:271:9
[INFO] [stdout]   39:     0x7f8a4e59c541 - std::panicking::try::do_call::h4fa2ef4f6e51fecf
[INFO] [stdout]                                at /rustc/1b7dd2252b99671ce5d1cb9664c5f8636329436d/library/std/src/panicking.rs:485:40
[INFO] [stdout]   40:     0x7f8a4e59c541 - std::panicking::try::h1e9e22b8584489b5
[INFO] [stdout]                                at /rustc/1b7dd2252b99671ce5d1cb9664c5f8636329436d/library/std/src/panicking.rs:449:19
[INFO] [stdout]   41:     0x7f8a4e59c541 - std::panic::catch_unwind::h44698a3de0e0769e
[INFO] [stdout]                                at /rustc/1b7dd2252b99671ce5d1cb9664c5f8636329436d/library/std/src/panic.rs:140:14
[INFO] [stdout]   42:     0x7f8a4e59c541 - std::thread::Builder::spawn_unchecked_::{{closure}}::h50153abde3fe239e
[INFO] [stdout]                                at /rustc/1b7dd2252b99671ce5d1cb9664c5f8636329436d/library/std/src/thread/mod.rs:525:30
[INFO] [stdout]   43:     0x7f8a4e59c541 - core::ops::function::FnOnce::call_once{{vtable.shim}}::hbe5bbf6f38394364
[INFO] [stdout]                                at /rustc/1b7dd2252b99671ce5d1cb9664c5f8636329436d/library/core/src/ops/function.rs:250:5
[INFO] [stdout]   44:     0x7f8a4e4df3b5 - <alloc::boxed::Box<F,A> as core::ops::function::FnOnce<Args>>::call_once::h0d83cb2920a49046
[INFO] [stdout]                                at /rustc/1b7dd2252b99671ce5d1cb9664c5f8636329436d/library/alloc/src/boxed.rs:1973:9
[INFO] [stdout]   45:     0x7f8a4e4df3b5 - <alloc::boxed::Box<F,A> as core::ops::function::FnOnce<Args>>::call_once::hbe0a008aa7d9ef59
[INFO] [stdout]                                at /rustc/1b7dd2252b99671ce5d1cb9664c5f8636329436d/library/alloc/src/boxed.rs:1973:9
[INFO] [stdout]   46:     0x7f8a4e4df3b5 - std::sys::unix::thread::Thread::new::thread_start::h3a466996bdf6b1f9
[INFO] [stdout]                                at /rustc/1b7dd2252b99671ce5d1cb9664c5f8636329436d/library/std/src/sys/unix/thread.rs:108:17
[INFO] [stdout]   47:     0x7f8a4e11db43 - <unknown>
[INFO] [stdout]   48:     0x7f8a4e1aebb4 - __clone
[INFO] [stdout]   49:                0x0 - <unknown>
[INFO] [stdout] 
[INFO] [stdout] 
[INFO] [stdout] failures:
[INFO] [stdout]     query::tests::it_works
[INFO] [stdout] 
[INFO] [stdout] test result: FAILED. 0 passed; 1 failed; 0 ignored; 0 measured; 0 filtered out; finished in 13.02s
[INFO] [stdout] 
[INFO] [stderr] error: test failed, to rerun pass `--lib`
[INFO] running `Command { std: "docker" "inspect" "505bc5d254c305a32925d1a0751974d76a9654ccea7036310d3028f474cd4dc3", kill_on_drop: false }`
[INFO] running `Command { std: "docker" "rm" "-f" "505bc5d254c305a32925d1a0751974d76a9654ccea7036310d3028f474cd4dc3", kill_on_drop: false }`
[INFO] [stdout] 505bc5d254c305a32925d1a0751974d76a9654ccea7036310d3028f474cd4dc3
