[INFO] fetching crate dap 0.2.0-alpha1...
[INFO] testing dap-0.2.0-alpha1 against 1.69.0 for beta-1.70-1
[INFO] extracting crate dap 0.2.0-alpha1 into /workspace/builds/worker-6-tc1/source
[INFO] validating manifest of crates.io crate dap 0.2.0-alpha1 on toolchain 1.69.0
[INFO] running `Command { std: CARGO_HOME="/workspace/cargo-home" RUSTUP_HOME="/workspace/rustup-home" "/workspace/cargo-home/bin/cargo" "+1.69.0" "metadata" "--manifest-path" "Cargo.toml" "--no-deps", kill_on_drop: false }`
[INFO] started tweaking crates.io crate dap 0.2.0-alpha1
[INFO] finished tweaking crates.io crate dap 0.2.0-alpha1
[INFO] tweaked toml for crates.io crate dap 0.2.0-alpha1 written to /workspace/builds/worker-6-tc1/source/Cargo.toml
[INFO] crate crates.io crate dap 0.2.0-alpha1 already has a lockfile, it will not be regenerated
[INFO] running `Command { std: CARGO_HOME="/workspace/cargo-home" RUSTUP_HOME="/workspace/rustup-home" "/workspace/cargo-home/bin/cargo" "+1.69.0" "fetch" "--manifest-path" "Cargo.toml", kill_on_drop: false }`
[INFO] [stderr]  Downloading crates ...
[INFO] [stderr]   Downloaded serde v1.0.145
[INFO] [stderr]   Downloaded serde_derive v1.0.145
[INFO] [stderr]   Downloaded serde_json v1.0.86
[INFO] running `Command { std: "docker" "create" "-v" "/var/lib/crater-agent-workspace/builds/worker-6-tc1/target:/opt/rustwide/target:rw,Z" "-v" "/var/lib/crater-agent-workspace/builds/worker-6-tc1/source:/opt/rustwide/workdir:ro,Z" "-v" "/var/lib/crater-agent-workspace/cargo-home:/opt/rustwide/cargo-home:ro,Z" "-v" "/var/lib/crater-agent-workspace/rustup-home:/opt/rustwide/rustup-home:ro,Z" "-e" "SOURCE_DIR=/opt/rustwide/workdir" "-e" "CARGO_TARGET_DIR=/opt/rustwide/target" "-e" "CARGO_HOME=/opt/rustwide/cargo-home" "-e" "RUSTUP_HOME=/opt/rustwide/rustup-home" "-w" "/opt/rustwide/workdir" "-m" "1610612736" "--user" "0:0" "--network" "none" "ghcr.io/rust-lang/crates-build-env/linux@sha256:5ff2268d62e97bff2cde7d5815dd6ed5b47097566f13b8d0ca110b04b60e07ed" "/opt/rustwide/cargo-home/bin/cargo" "+1.69.0" "metadata" "--no-deps" "--format-version=1", kill_on_drop: false }`
[INFO] [stdout] 582e0fc8f7c6251eddbb8b4220d0bc39e57a3e87c2b9a95fc03ee1a71581140d
[INFO] running `Command { std: "docker" "start" "-a" "582e0fc8f7c6251eddbb8b4220d0bc39e57a3e87c2b9a95fc03ee1a71581140d", kill_on_drop: false }`
[INFO] running `Command { std: "docker" "inspect" "582e0fc8f7c6251eddbb8b4220d0bc39e57a3e87c2b9a95fc03ee1a71581140d", kill_on_drop: false }`
[INFO] running `Command { std: "docker" "rm" "-f" "582e0fc8f7c6251eddbb8b4220d0bc39e57a3e87c2b9a95fc03ee1a71581140d", kill_on_drop: false }`
[INFO] [stdout] 582e0fc8f7c6251eddbb8b4220d0bc39e57a3e87c2b9a95fc03ee1a71581140d
[INFO] running `Command { std: "docker" "create" "-v" "/var/lib/crater-agent-workspace/builds/worker-6-tc1/target:/opt/rustwide/target:rw,Z" "-v" "/var/lib/crater-agent-workspace/builds/worker-6-tc1/source:/opt/rustwide/workdir:ro,Z" "-v" "/var/lib/crater-agent-workspace/cargo-home:/opt/rustwide/cargo-home:ro,Z" "-v" "/var/lib/crater-agent-workspace/rustup-home:/opt/rustwide/rustup-home:ro,Z" "-e" "SOURCE_DIR=/opt/rustwide/workdir" "-e" "CARGO_TARGET_DIR=/opt/rustwide/target" "-e" "CARGO_INCREMENTAL=0" "-e" "RUST_BACKTRACE=full" "-e" "RUSTFLAGS=--cap-lints=warn" "-e" "RUSTDOCFLAGS=--cap-lints=warn" "-e" "CARGO_HOME=/opt/rustwide/cargo-home" "-e" "RUSTUP_HOME=/opt/rustwide/rustup-home" "-w" "/opt/rustwide/workdir" "-m" "1610612736" "--user" "0:0" "--network" "none" "ghcr.io/rust-lang/crates-build-env/linux@sha256:5ff2268d62e97bff2cde7d5815dd6ed5b47097566f13b8d0ca110b04b60e07ed" "/opt/rustwide/cargo-home/bin/cargo" "+1.69.0" "build" "--frozen" "--message-format=json", kill_on_drop: false }`
[INFO] [stdout] b8f92324b0c06f809887431e42b5a7d77599d3a417343809d31ae24b587d96c3
[INFO] running `Command { std: "docker" "start" "-a" "b8f92324b0c06f809887431e42b5a7d77599d3a417343809d31ae24b587d96c3", kill_on_drop: false }`
[INFO] [stderr]    Compiling proc-macro2 v1.0.46
[INFO] [stderr]    Compiling quote v1.0.21
[INFO] [stderr]    Compiling unicode-ident v1.0.5
[INFO] [stderr]    Compiling syn v1.0.102
[INFO] [stderr]    Compiling serde_derive v1.0.145
[INFO] [stderr]    Compiling serde v1.0.145
[INFO] [stderr]    Compiling serde_json v1.0.86
[INFO] [stderr]    Compiling thiserror v1.0.37
[INFO] [stderr]    Compiling itoa v1.0.4
[INFO] [stderr]    Compiling ryu v1.0.11
[INFO] [stderr]    Compiling thiserror-impl v1.0.37
[INFO] [stderr]    Compiling dap v0.2.0-alpha1 (/opt/rustwide/workdir)
[INFO] [stderr]     Finished dev [unoptimized + debuginfo] target(s) in 11.34s
[INFO] running `Command { std: "docker" "inspect" "b8f92324b0c06f809887431e42b5a7d77599d3a417343809d31ae24b587d96c3", kill_on_drop: false }`
[INFO] running `Command { std: "docker" "rm" "-f" "b8f92324b0c06f809887431e42b5a7d77599d3a417343809d31ae24b587d96c3", kill_on_drop: false }`
[INFO] [stdout] b8f92324b0c06f809887431e42b5a7d77599d3a417343809d31ae24b587d96c3
[INFO] running `Command { std: "docker" "create" "-v" "/var/lib/crater-agent-workspace/builds/worker-6-tc1/target:/opt/rustwide/target:rw,Z" "-v" "/var/lib/crater-agent-workspace/builds/worker-6-tc1/source:/opt/rustwide/workdir:ro,Z" "-v" "/var/lib/crater-agent-workspace/cargo-home:/opt/rustwide/cargo-home:ro,Z" "-v" "/var/lib/crater-agent-workspace/rustup-home:/opt/rustwide/rustup-home:ro,Z" "-e" "SOURCE_DIR=/opt/rustwide/workdir" "-e" "CARGO_TARGET_DIR=/opt/rustwide/target" "-e" "CARGO_INCREMENTAL=0" "-e" "RUST_BACKTRACE=full" "-e" "RUSTFLAGS=--cap-lints=warn" "-e" "RUSTDOCFLAGS=--cap-lints=warn" "-e" "CARGO_HOME=/opt/rustwide/cargo-home" "-e" "RUSTUP_HOME=/opt/rustwide/rustup-home" "-w" "/opt/rustwide/workdir" "-m" "1610612736" "--user" "0:0" "--network" "none" "ghcr.io/rust-lang/crates-build-env/linux@sha256:5ff2268d62e97bff2cde7d5815dd6ed5b47097566f13b8d0ca110b04b60e07ed" "/opt/rustwide/cargo-home/bin/cargo" "+1.69.0" "test" "--frozen" "--no-run" "--message-format=json", kill_on_drop: false }`
[INFO] [stdout] 8b1b3dde7b3055cab6fc11b1e9897d7c06496aa45aa7b36388eeafc2b84c7abb
[INFO] running `Command { std: "docker" "start" "-a" "8b1b3dde7b3055cab6fc11b1e9897d7c06496aa45aa7b36388eeafc2b84c7abb", kill_on_drop: false }`
[INFO] [stderr]    Compiling dap v0.2.0-alpha1 (/opt/rustwide/workdir)
[INFO] [stderr]     Finished test [unoptimized + debuginfo] target(s) in 3.03s
[INFO] running `Command { std: "docker" "inspect" "8b1b3dde7b3055cab6fc11b1e9897d7c06496aa45aa7b36388eeafc2b84c7abb", kill_on_drop: false }`
[INFO] running `Command { std: "docker" "rm" "-f" "8b1b3dde7b3055cab6fc11b1e9897d7c06496aa45aa7b36388eeafc2b84c7abb", kill_on_drop: false }`
[INFO] [stdout] 8b1b3dde7b3055cab6fc11b1e9897d7c06496aa45aa7b36388eeafc2b84c7abb
[INFO] running `Command { std: "docker" "create" "-v" "/var/lib/crater-agent-workspace/builds/worker-6-tc1/target:/opt/rustwide/target:rw,Z" "-v" "/var/lib/crater-agent-workspace/builds/worker-6-tc1/source:/opt/rustwide/workdir:ro,Z" "-v" "/var/lib/crater-agent-workspace/cargo-home:/opt/rustwide/cargo-home:ro,Z" "-v" "/var/lib/crater-agent-workspace/rustup-home:/opt/rustwide/rustup-home:ro,Z" "-e" "SOURCE_DIR=/opt/rustwide/workdir" "-e" "CARGO_TARGET_DIR=/opt/rustwide/target" "-e" "CARGO_INCREMENTAL=0" "-e" "RUST_BACKTRACE=full" "-e" "RUSTFLAGS=--cap-lints=warn" "-e" "RUSTDOCFLAGS=--cap-lints=warn" "-e" "CARGO_HOME=/opt/rustwide/cargo-home" "-e" "RUSTUP_HOME=/opt/rustwide/rustup-home" "-w" "/opt/rustwide/workdir" "-m" "1610612736" "--user" "0:0" "--network" "none" "ghcr.io/rust-lang/crates-build-env/linux@sha256:5ff2268d62e97bff2cde7d5815dd6ed5b47097566f13b8d0ca110b04b60e07ed" "/opt/rustwide/cargo-home/bin/cargo" "+1.69.0" "test" "--frozen", kill_on_drop: false }`
[INFO] [stdout] b1f4c76e2ec803d63d68ddb3790bcde53389dab657d4c3e78b871b2f0fd6e9d2
[INFO] running `Command { std: "docker" "start" "-a" "b1f4c76e2ec803d63d68ddb3790bcde53389dab657d4c3e78b871b2f0fd6e9d2", kill_on_drop: false }`
[INFO] [stderr]     Finished test [unoptimized + debuginfo] target(s) in 0.01s
[INFO] [stderr]      Running unittests src/lib.rs (/opt/rustwide/target/debug/deps/dap-3721cda3b2b91ae2)
[INFO] [stdout] 
[INFO] [stdout] running 0 tests
[INFO] [stdout] 
[INFO] [stdout] test result: ok. 0 passed; 0 failed; 0 ignored; 0 measured; 0 filtered out; finished in 0.00s
[INFO] [stdout] 
[INFO] [stderr]    Doc-tests dap
[INFO] [stdout] 
[INFO] [stdout] running 12 tests
[INFO] [stdout] test src/lib.rs - (line 199) ... FAILED
[INFO] [stdout] test src/lib.rs - (line 74) ... FAILED
[INFO] [stdout] test src/lib.rs - (line 175) ... FAILED
[INFO] [stdout] test src/lib.rs - (line 162) ... FAILED
[INFO] [stdout] test src/lib.rs - (line 111) ... FAILED
[INFO] [stdout] test src/lib.rs - (line 135) ... FAILED
[INFO] [stdout] test src/lib.rs - (line 119) ... FAILED
[INFO] [stdout] test src/lib.rs - (line 143) ... FAILED
[INFO] [stdout] test src/lib.rs - (line 150) ... FAILED
[INFO] [stdout] test src/lib.rs - (line 61) ... FAILED
[INFO] [stdout] test src/lib.rs - (line 54) ... ok
[INFO] [stdout] test src/lib.rs - (line 44) ... ok
[INFO] [stdout] 
[INFO] [stdout] failures:
[INFO] [stdout] 
[INFO] [stdout] ---- src/lib.rs - (line 199) stdout ----
[INFO] [stdout] error: unexpected closing delimiter: `}`
[INFO] [stdout]   --> src/lib.rs:220:36
[INFO] [stdout]    |
[INFO] [stdout] 3  | fn main() { #[allow(non_snake_case)] fn _doctest_main_src_lib_rs_199_0() {
[INFO] [stdout]    |           - this opening brace...
[INFO] [stdout] ...
[INFO] [stdout] 24 | } _doctest_main_src_lib_rs_199_0() }
[INFO] [stdout]    | - ...matches this closing brace    ^ unexpected closing delimiter
[INFO] [stdout] 
[INFO] [stdout] error: aborting due to previous error
[INFO] [stdout] 
[INFO] [stdout] Couldn't compile the test.
[INFO] [stdout] ---- src/lib.rs - (line 74) stdout ----
[INFO] [stdout] error: this file contains an unclosed delimiter
[INFO] [stdout]   --> src/lib.rs:83:36
[INFO] [stdout]    |
[INFO] [stdout] 3  | fn main() { #[allow(non_snake_case)] fn _doctest_main_src_lib_rs_74_0() {
[INFO] [stdout]    |           - unclosed delimiter
[INFO] [stdout] ...
[INFO] [stdout] 12 | } _doctest_main_src_lib_rs_74_0() }
[INFO] [stdout]    |                                    ^
[INFO] [stdout] 
[INFO] [stdout] error: aborting due to previous error
[INFO] [stdout] 
[INFO] [stdout] Couldn't compile the test.
[INFO] [stdout] ---- src/lib.rs - (line 175) stdout ----
[INFO] [stdout] error: unexpected closing delimiter: `}`
[INFO] [stdout]   --> src/lib.rs:182:36
[INFO] [stdout]    |
[INFO] [stdout] 3  | fn main() { #[allow(non_snake_case)] fn _doctest_main_src_lib_rs_175_0() {
[INFO] [stdout]    |           - this opening brace...
[INFO] [stdout] ...
[INFO] [stdout] 10 | } _doctest_main_src_lib_rs_175_0() }
[INFO] [stdout]    | - ...matches this closing brace    ^ unexpected closing delimiter
[INFO] [stdout] 
[INFO] [stdout] error: aborting due to previous error
[INFO] [stdout] 
[INFO] [stdout] Couldn't compile the test.
[INFO] [stdout] ---- src/lib.rs - (line 162) stdout ----
[INFO] [stdout] error: unexpected closing delimiter: `}`
[INFO] [stdout]   --> src/lib.rs:169:36
[INFO] [stdout]    |
[INFO] [stdout] 3  | fn main() { #[allow(non_snake_case)] fn _doctest_main_src_lib_rs_162_0() {
[INFO] [stdout]    |           - this opening brace...
[INFO] [stdout] ...
[INFO] [stdout] 10 | } _doctest_main_src_lib_rs_162_0() }
[INFO] [stdout]    | - ...matches this closing brace    ^ unexpected closing delimiter
[INFO] [stdout] 
[INFO] [stdout] error: aborting due to previous error
[INFO] [stdout] 
[INFO] [stdout] Couldn't compile the test.
[INFO] [stdout] ---- src/lib.rs - (line 111) stdout ----
[INFO] [stdout] error[E0422]: cannot find struct, variant or union type `MyAdapter` in this scope
[INFO] [stdout]  --> src/lib.rs:112:15
[INFO] [stdout]   |
[INFO] [stdout] 4 | let adapter = MyAdapter{};
[INFO] [stdout]   |               ^^^^^^^^^ not found in this scope
[INFO] [stdout] 
[INFO] [stdout] error: aborting due to previous error
[INFO] [stdout] 
[INFO] [stdout] For more information about this error, try `rustc --explain E0422`.
[INFO] [stdout] Couldn't compile the test.
[INFO] [stdout] ---- src/lib.rs - (line 135) stdout ----
[INFO] [stdout] error[E0433]: failed to resolve: use of undeclared type `Server`
[INFO] [stdout]  --> src/lib.rs:136:18
[INFO] [stdout]   |
[INFO] [stdout] 4 | let mut server = Server::new(adapter, client);
[INFO] [stdout]   |                  ^^^^^^ use of undeclared type `Server`
[INFO] [stdout]   |
[INFO] [stdout] help: consider importing this struct
[INFO] [stdout]   |
[INFO] [stdout] 2 | use dap::prelude::Server;
[INFO] [stdout]   |
[INFO] [stdout] 
[INFO] [stdout] error[E0425]: cannot find value `adapter` in this scope
[INFO] [stdout]  --> src/lib.rs:136:30
[INFO] [stdout]   |
[INFO] [stdout] 4 | let mut server = Server::new(adapter, client);
[INFO] [stdout]   |                              ^^^^^^^ not found in this scope
[INFO] [stdout] 
[INFO] [stdout] error[E0425]: cannot find value `client` in this scope
[INFO] [stdout]  --> src/lib.rs:136:39
[INFO] [stdout]   |
[INFO] [stdout] 4 | let mut server = Server::new(adapter, client);
[INFO] [stdout]   |                                       ^^^^^^ not found in this scope
[INFO] [stdout] 
[INFO] [stdout] error: aborting due to 3 previous errors
[INFO] [stdout] 
[INFO] [stdout] Some errors have detailed explanations: E0425, E0433.
[INFO] [stdout] For more information about an error, try `rustc --explain E0425`.
[INFO] [stdout] Couldn't compile the test.
[INFO] [stdout] ---- src/lib.rs - (line 119) stdout ----
[INFO] [stdout] error[E0433]: failed to resolve: use of undeclared type `BasicClient`
[INFO] [stdout]  --> src/lib.rs:120:14
[INFO] [stdout]   |
[INFO] [stdout] 3 | let client = BasicClient::new(BufWriter::new(std::io::stdout()));
[INFO] [stdout]   |              ^^^^^^^^^^^ use of undeclared type `BasicClient`
[INFO] [stdout]   |
[INFO] [stdout] help: consider importing this struct
[INFO] [stdout]   |
[INFO] [stdout] 2 | use dap::prelude::BasicClient;
[INFO] [stdout]   |
[INFO] [stdout] 
[INFO] [stdout] error[E0433]: failed to resolve: use of undeclared type `BufWriter`
[INFO] [stdout]  --> src/lib.rs:120:31
[INFO] [stdout]   |
[INFO] [stdout] 3 | let client = BasicClient::new(BufWriter::new(std::io::stdout()));
[INFO] [stdout]   |                               ^^^^^^^^^ use of undeclared type `BufWriter`
[INFO] [stdout]   |
[INFO] [stdout] help: consider importing this struct
[INFO] [stdout]   |
[INFO] [stdout] 2 | use std::io::BufWriter;
[INFO] [stdout]   |
[INFO] [stdout] 
[INFO] [stdout] error: aborting due to 2 previous errors
[INFO] [stdout] 
[INFO] [stdout] For more information about this error, try `rustc --explain E0433`.
[INFO] [stdout] Couldn't compile the test.
[INFO] [stdout] ---- src/lib.rs - (line 143) stdout ----
[INFO] [stdout] error[E0433]: failed to resolve: use of undeclared type `File`
[INFO] [stdout]  --> src/lib.rs:144:9
[INFO] [stdout]   |
[INFO] [stdout] 3 | let f = File::open("testinput.txt")?;
[INFO] [stdout]   |         ^^^^ use of undeclared type `File`
[INFO] [stdout]   |
[INFO] [stdout] help: consider importing this struct
[INFO] [stdout]   |
[INFO] [stdout] 2 | use std::fs::File;
[INFO] [stdout]   |
[INFO] [stdout] 
[INFO] [stdout] error[E0433]: failed to resolve: use of undeclared type `BufReader`
[INFO] [stdout]  --> src/lib.rs:145:18
[INFO] [stdout]   |
[INFO] [stdout] 4 | let mut reader = BufReader::new(f);
[INFO] [stdout]   |                  ^^^^^^^^^ use of undeclared type `BufReader`
[INFO] [stdout]   |
[INFO] [stdout] help: consider importing this struct
[INFO] [stdout]   |
[INFO] [stdout] 2 | use std::io::BufReader;
[INFO] [stdout]   |
[INFO] [stdout] 
[INFO] [stdout] error: aborting due to 2 previous errors
[INFO] [stdout] 
[INFO] [stdout] For more information about this error, try `rustc --explain E0433`.
[INFO] [stdout] Couldn't compile the test.
[INFO] [stdout] ---- src/lib.rs - (line 150) stdout ----
[INFO] [stdout] error[E0425]: cannot find value `server` in this scope
[INFO] [stdout]  --> src/lib.rs:151:1
[INFO] [stdout]   |
[INFO] [stdout] 3 | server.run(&mut reader)?;
[INFO] [stdout]   | ^^^^^^ not found in this scope
[INFO] [stdout] 
[INFO] [stdout] error[E0425]: cannot find value `reader` in this scope
[INFO] [stdout]  --> src/lib.rs:151:17
[INFO] [stdout]   |
[INFO] [stdout] 3 | server.run(&mut reader)?;
[INFO] [stdout]   |                 ^^^^^^ not found in this scope
[INFO] [stdout] 
[INFO] [stdout] error: aborting due to 2 previous errors
[INFO] [stdout] 
[INFO] [stdout] For more information about this error, try `rustc --explain E0425`.
[INFO] [stdout] Couldn't compile the test.
[INFO] [stdout] ---- src/lib.rs - (line 61) stdout ----
[INFO] [stdout] error: cannot find derive macro `Error` in this scope
[INFO] [stdout]  --> src/lib.rs:62:10
[INFO] [stdout]   |
[INFO] [stdout] 4 | #[derive(Error, Debug)]
[INFO] [stdout]   |          ^^^^^
[INFO] [stdout]   |
[INFO] [stdout]   = help: consider importing this derive macro:
[INFO] [stdout]           thiserror::Error
[INFO] [stdout] 
[INFO] [stdout] error: cannot find attribute `error` in this scope
[INFO] [stdout]  --> src/lib.rs:64:5
[INFO] [stdout]   |
[INFO] [stdout] 6 |   #[error("Unhandled command")]
[INFO] [stdout]   |     ^^^^^
[INFO] [stdout] 
[INFO] [stdout] error: aborting due to 2 previous errors
[INFO] [stdout] 
[INFO] [stdout] Couldn't compile the test.
[INFO] [stdout] 
[INFO] [stdout] failures:
[INFO] [stdout]     src/lib.rs - (line 111)
[INFO] [stdout]     src/lib.rs - (line 119)
[INFO] [stdout]     src/lib.rs - (line 135)
[INFO] [stdout]     src/lib.rs - (line 143)
[INFO] [stdout]     src/lib.rs - (line 150)
[INFO] [stdout]     src/lib.rs - (line 162)
[INFO] [stdout]     src/lib.rs - (line 175)
[INFO] [stdout]     src/lib.rs - (line 199)
[INFO] [stdout]     src/lib.rs - (line 61)
[INFO] [stdout]     src/lib.rs - (line 74)
[INFO] [stdout] 
[INFO] [stdout] test result: FAILED. 2 passed; 10 failed; 0 ignored; 0 measured; 0 filtered out; finished in 0.15s
[INFO] [stdout] 
[INFO] [stderr] error: doctest failed, to rerun pass `--doc`
[INFO] running `Command { std: "docker" "inspect" "b1f4c76e2ec803d63d68ddb3790bcde53389dab657d4c3e78b871b2f0fd6e9d2", kill_on_drop: false }`
[INFO] running `Command { std: "docker" "rm" "-f" "b1f4c76e2ec803d63d68ddb3790bcde53389dab657d4c3e78b871b2f0fd6e9d2", kill_on_drop: false }`
[INFO] [stdout] b1f4c76e2ec803d63d68ddb3790bcde53389dab657d4c3e78b871b2f0fd6e9d2
