[INFO] fetching crate danfoss-ally-rs 0.0.3...
[INFO] testing danfoss-ally-rs-0.0.3 against beta-2023-04-20 for beta-1.70-1
[INFO] extracting crate danfoss-ally-rs 0.0.3 into /workspace/builds/worker-6-tc2/source
[INFO] validating manifest of crates.io crate danfoss-ally-rs 0.0.3 on toolchain beta-2023-04-20
[INFO] running `Command { std: CARGO_HOME="/workspace/cargo-home" RUSTUP_HOME="/workspace/rustup-home" "/workspace/cargo-home/bin/cargo" "+beta-2023-04-20" "metadata" "--manifest-path" "Cargo.toml" "--no-deps", kill_on_drop: false }`
[INFO] started tweaking crates.io crate danfoss-ally-rs 0.0.3
[INFO] finished tweaking crates.io crate danfoss-ally-rs 0.0.3
[INFO] tweaked toml for crates.io crate danfoss-ally-rs 0.0.3 written to /workspace/builds/worker-6-tc2/source/Cargo.toml
[INFO] running `Command { std: CARGO_HOME="/workspace/cargo-home" RUSTUP_HOME="/workspace/rustup-home" __CARGO_TEST_CHANNEL_OVERRIDE_DO_NOT_USE_THIS="nightly" "/workspace/cargo-home/bin/cargo" "+beta-2023-04-20" "generate-lockfile" "--manifest-path" "Cargo.toml" "-Zno-index-update", kill_on_drop: false }`
[INFO] [stderr]     Blocking waiting for file lock on package cache
[INFO] running `Command { std: CARGO_HOME="/workspace/cargo-home" RUSTUP_HOME="/workspace/rustup-home" "/workspace/cargo-home/bin/cargo" "+beta-2023-04-20" "fetch" "--manifest-path" "Cargo.toml", kill_on_drop: false }`
[INFO] [stderr]  Downloading crates ...
[INFO] [stderr]   Downloaded tokio-util v0.7.8
[INFO] [stderr]   Downloaded reqwest v0.11.17
[INFO] [stderr]   Downloaded h2 v0.3.18
[INFO] [stderr]   Downloaded tokio-macros v2.1.0
[INFO] [stderr]   Downloaded hyper v0.14.26
[INFO] [stderr]   Downloaded tokio v1.28.0
[INFO] running `Command { std: "docker" "create" "-v" "/var/lib/crater-agent-workspace/builds/worker-6-tc2/target:/opt/rustwide/target:rw,Z" "-v" "/var/lib/crater-agent-workspace/builds/worker-6-tc2/source:/opt/rustwide/workdir:ro,Z" "-v" "/var/lib/crater-agent-workspace/cargo-home:/opt/rustwide/cargo-home:ro,Z" "-v" "/var/lib/crater-agent-workspace/rustup-home:/opt/rustwide/rustup-home:ro,Z" "-e" "SOURCE_DIR=/opt/rustwide/workdir" "-e" "CARGO_TARGET_DIR=/opt/rustwide/target" "-e" "CARGO_HOME=/opt/rustwide/cargo-home" "-e" "RUSTUP_HOME=/opt/rustwide/rustup-home" "-w" "/opt/rustwide/workdir" "-m" "1610612736" "--user" "0:0" "--network" "none" "ghcr.io/rust-lang/crates-build-env/linux@sha256:5ff2268d62e97bff2cde7d5815dd6ed5b47097566f13b8d0ca110b04b60e07ed" "/opt/rustwide/cargo-home/bin/cargo" "+beta-2023-04-20" "metadata" "--no-deps" "--format-version=1", kill_on_drop: false }`
[INFO] [stdout] 03752bf16ca3cb560da375a5d549da3bd954a94ce93b204636d532bcacb1d8d2
[INFO] running `Command { std: "docker" "start" "-a" "03752bf16ca3cb560da375a5d549da3bd954a94ce93b204636d532bcacb1d8d2", kill_on_drop: false }`
[INFO] running `Command { std: "docker" "inspect" "03752bf16ca3cb560da375a5d549da3bd954a94ce93b204636d532bcacb1d8d2", kill_on_drop: false }`
[INFO] running `Command { std: "docker" "rm" "-f" "03752bf16ca3cb560da375a5d549da3bd954a94ce93b204636d532bcacb1d8d2", kill_on_drop: false }`
[INFO] [stdout] 03752bf16ca3cb560da375a5d549da3bd954a94ce93b204636d532bcacb1d8d2
[INFO] running `Command { std: "docker" "create" "-v" "/var/lib/crater-agent-workspace/builds/worker-6-tc2/target:/opt/rustwide/target:rw,Z" "-v" "/var/lib/crater-agent-workspace/builds/worker-6-tc2/source:/opt/rustwide/workdir:ro,Z" "-v" "/var/lib/crater-agent-workspace/cargo-home:/opt/rustwide/cargo-home:ro,Z" "-v" "/var/lib/crater-agent-workspace/rustup-home:/opt/rustwide/rustup-home:ro,Z" "-e" "SOURCE_DIR=/opt/rustwide/workdir" "-e" "CARGO_TARGET_DIR=/opt/rustwide/target" "-e" "CARGO_INCREMENTAL=0" "-e" "RUST_BACKTRACE=full" "-e" "RUSTFLAGS=--cap-lints=warn" "-e" "RUSTDOCFLAGS=--cap-lints=warn" "-e" "CARGO_HOME=/opt/rustwide/cargo-home" "-e" "RUSTUP_HOME=/opt/rustwide/rustup-home" "-w" "/opt/rustwide/workdir" "-m" "1610612736" "--user" "0:0" "--network" "none" "ghcr.io/rust-lang/crates-build-env/linux@sha256:5ff2268d62e97bff2cde7d5815dd6ed5b47097566f13b8d0ca110b04b60e07ed" "/opt/rustwide/cargo-home/bin/cargo" "+beta-2023-04-20" "build" "--frozen" "--message-format=json", kill_on_drop: false }`
[INFO] [stdout] 1198adb13bf6b36345104848ec1e6bd8cb99cf772386cd3172c46a581f8a4e0d
[INFO] running `Command { std: "docker" "start" "-a" "1198adb13bf6b36345104848ec1e6bd8cb99cf772386cd3172c46a581f8a4e0d", kill_on_drop: false }`
[INFO] [stderr]    Compiling libc v0.2.142
[INFO] [stderr]    Compiling log v0.4.17
[INFO] [stderr]    Compiling parking_lot_core v0.9.7
[INFO] [stderr]    Compiling pin-project-lite v0.2.9
[INFO] [stderr]    Compiling bytes v1.4.0
[INFO] [stderr]    Compiling scopeguard v1.1.0
[INFO] [stderr]    Compiling smallvec v1.10.0
[INFO] [stderr]    Compiling futures-core v0.3.28
[INFO] [stderr]    Compiling lock_api v0.4.9
[INFO] [stderr]    Compiling tokio v1.28.0
[INFO] [stderr]    Compiling futures-task v0.3.28
[INFO] [stderr]    Compiling tracing-core v0.1.30
[INFO] [stderr]    Compiling slab v0.4.8
[INFO] [stderr]    Compiling fnv v1.0.7
[INFO] [stderr]    Compiling tokio-macros v2.1.0
[INFO] [stderr]    Compiling futures-util v0.3.28
[INFO] [stderr]    Compiling native-tls v0.2.11
[INFO] [stderr]    Compiling httparse v1.8.0
[INFO] [stderr]    Compiling futures-channel v0.3.28
[INFO] [stderr]    Compiling tinyvec_macros v0.1.1
[INFO] [stderr]    Compiling futures-sink v0.3.28
[INFO] [stderr]    Compiling pin-utils v0.1.0
[INFO] [stderr]    Compiling serde_derive v1.0.160
[INFO] [stderr]    Compiling http v0.2.9
[INFO] [stderr]    Compiling tinyvec v1.6.0
[INFO] [stderr]    Compiling rustix v0.37.18
[INFO] [stderr]    Compiling openssl-probe v0.1.5
[INFO] [stderr]    Compiling percent-encoding v2.2.0
[INFO] [stderr]    Compiling tracing v0.1.37
[INFO] [stderr]    Compiling try-lock v0.2.4
[INFO] [stderr]    Compiling want v0.3.0
[INFO] [stderr]    Compiling form_urlencoded v1.1.0
[INFO] [stderr]    Compiling unicode-bidi v0.3.13
[INFO] [stderr]    Compiling tower-service v0.3.2
[INFO] [stderr]    Compiling linux-raw-sys v0.3.6
[INFO] [stderr]    Compiling httpdate v1.0.2
[INFO] [stderr]    Compiling aho-corasick v1.0.1
[INFO] [stderr]    Compiling serde_json v1.0.96
[INFO] [stderr]    Compiling regex-syntax v0.7.1
[INFO] [stderr]    Compiling encoding_rs v0.8.32
[INFO] [stderr]    Compiling mime v0.3.17
[INFO] [stderr]    Compiling ipnet v2.7.2
[INFO] [stderr]    Compiling termcolor v1.2.0
[INFO] [stderr]    Compiling http-body v0.4.5
[INFO] [stderr]    Compiling humantime v2.1.0
[INFO] [stderr]    Compiling unicode-normalization v0.1.22
[INFO] [stderr]    Compiling base64 v0.21.0
[INFO] [stderr]    Compiling base64 v0.20.0
[INFO] [stderr]    Compiling idna v0.3.0
[INFO] [stderr]    Compiling mio v0.8.6
[INFO] [stderr]    Compiling num_cpus v1.15.0
[INFO] [stderr]    Compiling signal-hook-registry v1.4.1
[INFO] [stderr]    Compiling socket2 v0.4.9
[INFO] [stderr]    Compiling openssl-sys v0.9.87
[INFO] [stderr]    Compiling io-lifetimes v1.0.10
[INFO] [stderr]    Compiling url v2.3.1
[INFO] [stderr]    Compiling parking_lot v0.12.1
[INFO] [stderr]    Compiling regex v1.8.1
[INFO] [stderr]    Compiling openssl v0.10.52
[INFO] [stderr]    Compiling is-terminal v0.4.7
[INFO] [stderr]    Compiling env_logger v0.10.0
[INFO] [stderr]    Compiling serde v1.0.160
[INFO] [stderr]    Compiling serde_urlencoded v0.7.1
[INFO] [stderr]    Compiling tokio-util v0.7.8
[INFO] [stderr]    Compiling tokio-native-tls v0.3.1
[INFO] [stderr]    Compiling h2 v0.3.18
[INFO] [stderr]    Compiling hyper v0.14.26
[INFO] [stderr]    Compiling hyper-tls v0.5.0
[INFO] [stderr]    Compiling reqwest v0.11.17
[INFO] [stderr]    Compiling danfoss-ally-rs v0.0.3 (/opt/rustwide/workdir)
[INFO] [stderr]     Finished dev [unoptimized + debuginfo] target(s) in 21.19s
[INFO] running `Command { std: "docker" "inspect" "1198adb13bf6b36345104848ec1e6bd8cb99cf772386cd3172c46a581f8a4e0d", kill_on_drop: false }`
[INFO] running `Command { std: "docker" "rm" "-f" "1198adb13bf6b36345104848ec1e6bd8cb99cf772386cd3172c46a581f8a4e0d", kill_on_drop: false }`
[INFO] [stdout] 1198adb13bf6b36345104848ec1e6bd8cb99cf772386cd3172c46a581f8a4e0d
[INFO] running `Command { std: "docker" "create" "-v" "/var/lib/crater-agent-workspace/builds/worker-6-tc2/target:/opt/rustwide/target:rw,Z" "-v" "/var/lib/crater-agent-workspace/builds/worker-6-tc2/source:/opt/rustwide/workdir:ro,Z" "-v" "/var/lib/crater-agent-workspace/cargo-home:/opt/rustwide/cargo-home:ro,Z" "-v" "/var/lib/crater-agent-workspace/rustup-home:/opt/rustwide/rustup-home:ro,Z" "-e" "SOURCE_DIR=/opt/rustwide/workdir" "-e" "CARGO_TARGET_DIR=/opt/rustwide/target" "-e" "CARGO_INCREMENTAL=0" "-e" "RUST_BACKTRACE=full" "-e" "RUSTFLAGS=--cap-lints=warn" "-e" "RUSTDOCFLAGS=--cap-lints=warn" "-e" "CARGO_HOME=/opt/rustwide/cargo-home" "-e" "RUSTUP_HOME=/opt/rustwide/rustup-home" "-w" "/opt/rustwide/workdir" "-m" "1610612736" "--user" "0:0" "--network" "none" "ghcr.io/rust-lang/crates-build-env/linux@sha256:5ff2268d62e97bff2cde7d5815dd6ed5b47097566f13b8d0ca110b04b60e07ed" "/opt/rustwide/cargo-home/bin/cargo" "+beta-2023-04-20" "test" "--frozen" "--no-run" "--message-format=json", kill_on_drop: false }`
[INFO] [stdout] 9090b587aedca3690c37d8ecedd4f5f376a44feeb499947112b85981bda25157
[INFO] running `Command { std: "docker" "start" "-a" "9090b587aedca3690c37d8ecedd4f5f376a44feeb499947112b85981bda25157", kill_on_drop: false }`
[INFO] [stderr]    Compiling danfoss-ally-rs v0.0.3 (/opt/rustwide/workdir)
[INFO] [stderr]     Finished test [unoptimized + debuginfo] target(s) in 0.65s
[INFO] running `Command { std: "docker" "inspect" "9090b587aedca3690c37d8ecedd4f5f376a44feeb499947112b85981bda25157", kill_on_drop: false }`
[INFO] running `Command { std: "docker" "rm" "-f" "9090b587aedca3690c37d8ecedd4f5f376a44feeb499947112b85981bda25157", kill_on_drop: false }`
[INFO] [stdout] 9090b587aedca3690c37d8ecedd4f5f376a44feeb499947112b85981bda25157
[INFO] running `Command { std: "docker" "create" "-v" "/var/lib/crater-agent-workspace/builds/worker-6-tc2/target:/opt/rustwide/target:rw,Z" "-v" "/var/lib/crater-agent-workspace/builds/worker-6-tc2/source:/opt/rustwide/workdir:ro,Z" "-v" "/var/lib/crater-agent-workspace/cargo-home:/opt/rustwide/cargo-home:ro,Z" "-v" "/var/lib/crater-agent-workspace/rustup-home:/opt/rustwide/rustup-home:ro,Z" "-e" "SOURCE_DIR=/opt/rustwide/workdir" "-e" "CARGO_TARGET_DIR=/opt/rustwide/target" "-e" "CARGO_INCREMENTAL=0" "-e" "RUST_BACKTRACE=full" "-e" "RUSTFLAGS=--cap-lints=warn" "-e" "RUSTDOCFLAGS=--cap-lints=warn" "-e" "CARGO_HOME=/opt/rustwide/cargo-home" "-e" "RUSTUP_HOME=/opt/rustwide/rustup-home" "-w" "/opt/rustwide/workdir" "-m" "1610612736" "--user" "0:0" "--network" "none" "ghcr.io/rust-lang/crates-build-env/linux@sha256:5ff2268d62e97bff2cde7d5815dd6ed5b47097566f13b8d0ca110b04b60e07ed" "/opt/rustwide/cargo-home/bin/cargo" "+beta-2023-04-20" "test" "--frozen", kill_on_drop: false }`
[INFO] [stdout] d24618a2bcc889c6b2e3b9fe7aaa5c8a978fcad077f7372b3671a5ff71cbb4ed
[INFO] running `Command { std: "docker" "start" "-a" "d24618a2bcc889c6b2e3b9fe7aaa5c8a978fcad077f7372b3671a5ff71cbb4ed", kill_on_drop: false }`
[INFO] [stderr]     Finished test [unoptimized + debuginfo] target(s) in 0.07s
[INFO] [stderr]      Running unittests src/lib.rs (/opt/rustwide/target/debug/deps/danfoss_ally_rs-ba332fbd79a2b688)
[INFO] [stdout] 
[INFO] [stdout] running 0 tests
[INFO] [stdout] 
[INFO] [stdout] test result: ok. 0 passed; 0 failed; 0 ignored; 0 measured; 0 filtered out; finished in 0.00s
[INFO] [stdout] 
[INFO] [stderr]    Doc-tests danfoss-ally-rs
[INFO] [stdout] 
[INFO] [stdout] running 2 tests
[INFO] [stdout] test src/lib.rs - AllyApi (line 84) ... FAILED
[INFO] [stdout] test src/lib.rs - AllyApi (line 72) ... FAILED
[INFO] [stdout] 
[INFO] [stdout] failures:
[INFO] [stdout] 
[INFO] [stdout] ---- src/lib.rs - AllyApi (line 84) stdout ----
[INFO] [stdout] error[E0432]: unresolved import `chrono`
[INFO] [stdout]  --> src/lib.rs:86:5
[INFO] [stdout]   |
[INFO] [stdout] 4 | use chrono::Utc;
[INFO] [stdout]   |     ^^^^^^ use of undeclared crate or module `chrono`
[INFO] [stdout] 
[INFO] [stdout] error[E0424]: expected value, found module `self`
[INFO] [stdout]   --> src/lib.rs:100:12
[INFO] [stdout]    |
[INFO] [stdout] 12 | async fn main() -> Result<(), Box<dyn std::error::Error>> {
[INFO] [stdout]    |          ---- this function can't have a `self` parameter
[INFO] [stdout] ...
[INFO] [stdout] 18 |         if self.danfoss_api.time_since_token_renewal.elapsed().as_secs()
[INFO] [stdout]    |            ^^^^ `self` value is a keyword only available in methods with a `self` parameter
[INFO] [stdout] 
[INFO] [stdout] error[E0424]: expected value, found module `self`
[INFO] [stdout]   --> src/lib.rs:101:16
[INFO] [stdout]    |
[INFO] [stdout] 12 | async fn main() -> Result<(), Box<dyn std::error::Error>> {
[INFO] [stdout]    |          ---- this function can't have a `self` parameter
[INFO] [stdout] ...
[INFO] [stdout] 19 |             >= self.danfoss_api.token.expires_in.parse::<u64>()?
[INFO] [stdout]    |                ^^^^ `self` value is a keyword only available in methods with a `self` parameter
[INFO] [stdout] 
[INFO] [stdout] error[E0424]: expected value, found module `self`
[INFO] [stdout]   --> src/lib.rs:103:13
[INFO] [stdout]    |
[INFO] [stdout] 12 | async fn main() -> Result<(), Box<dyn std::error::Error>> {
[INFO] [stdout]    |          ---- this function can't have a `self` parameter
[INFO] [stdout] ...
[INFO] [stdout] 21 |             self.danfoss_api.get_token()
[INFO] [stdout]    |             ^^^^ `self` value is a keyword only available in methods with a `self` parameter
[INFO] [stdout] 
[INFO] [stdout] error[E0424]: expected value, found module `self`
[INFO] [stdout]   --> src/lib.rs:106:13
[INFO] [stdout]    |
[INFO] [stdout] 12 | async fn main() -> Result<(), Box<dyn std::error::Error>> {
[INFO] [stdout]    |          ---- this function can't have a `self` parameter
[INFO] [stdout] ...
[INFO] [stdout] 24 |             self.danfoss_api.time_since_token_renewal = Instant::now();
[INFO] [stdout]    |             ^^^^ `self` value is a keyword only available in methods with a `self` parameter
[INFO] [stdout] 
[INFO] [stdout] error[E0424]: expected value, found module `self`
[INFO] [stdout]   --> src/lib.rs:108:9
[INFO] [stdout]    |
[INFO] [stdout] 12 | async fn main() -> Result<(), Box<dyn std::error::Error>> {
[INFO] [stdout]    |          ---- this function can't have a `self` parameter
[INFO] [stdout] ...
[INFO] [stdout] 26 |         self.danfoss_api.get_devices()
[INFO] [stdout]    |         ^^^^ `self` value is a keyword only available in methods with a `self` parameter
[INFO] [stdout] 
[INFO] [stdout] error[E0424]: expected value, found module `self`
[INFO] [stdout]   --> src/lib.rs:111:9
[INFO] [stdout]    |
[INFO] [stdout] 12 | async fn main() -> Result<(), Box<dyn std::error::Error>> {
[INFO] [stdout]    |          ---- this function can't have a `self` parameter
[INFO] [stdout] ...
[INFO] [stdout] 29 |         self.danfoss_api.time_since_update = Instant::now();
[INFO] [stdout]    |         ^^^^ `self` value is a keyword only available in methods with a `self` parameter
[INFO] [stdout] 
[INFO] [stdout] error[E0424]: expected value, found module `self`
[INFO] [stdout]   --> src/lib.rs:112:24
[INFO] [stdout]    |
[INFO] [stdout] 12 | async fn main() -> Result<(), Box<dyn std::error::Error>> {
[INFO] [stdout]    |          ---- this function can't have a `self` parameter
[INFO] [stdout] ...
[INFO] [stdout] 30 |         for device in &self.devices {
[INFO] [stdout]    |                        ^^^^ `self` value is a keyword only available in methods with a `self` parameter
[INFO] [stdout] 
[INFO] [stdout] error: aborting due to 8 previous errors
[INFO] [stdout] 
[INFO] [stdout] Some errors have detailed explanations: E0424, E0432.
[INFO] [stdout] For more information about an error, try `rustc --explain E0424`.
[INFO] [stdout] Couldn't compile the test.
[INFO] [stdout] ---- src/lib.rs - AllyApi (line 72) stdout ----
[INFO] [stdout] Test executable failed (exit status: 101).
[INFO] [stdout] 
[INFO] [stdout] stderr:
[INFO] [stdout] thread 'main' panicked at 'No Danfoss API key provided. Please set DANFOSS_API_KEY environment variable.: NotPresent', src/lib.rs:153:51
[INFO] [stdout] stack backtrace:
[INFO] [stdout]    0:     0x55f95f82443a - std::backtrace_rs::backtrace::libunwind::trace::h2f05d0192276a8f6
[INFO] [stdout]                                at /rustc/1b7dd2252b99671ce5d1cb9664c5f8636329436d/library/std/src/../../backtrace/src/backtrace/libunwind.rs:93:5
[INFO] [stdout]    1:     0x55f95f82443a - std::backtrace_rs::backtrace::trace_unsynchronized::hedc23dff7a1af150
[INFO] [stdout]                                at /rustc/1b7dd2252b99671ce5d1cb9664c5f8636329436d/library/std/src/../../backtrace/src/backtrace/mod.rs:66:5
[INFO] [stdout]    2:     0x55f95f82443a - std::sys_common::backtrace::_print_fmt::h17541ef7592f3ce2
[INFO] [stdout]                                at /rustc/1b7dd2252b99671ce5d1cb9664c5f8636329436d/library/std/src/sys_common/backtrace.rs:65:5
[INFO] [stdout]    3:     0x55f95f82443a - <std::sys_common::backtrace::_print::DisplayBacktrace as core::fmt::Display>::fmt::h20f75df5ab0c0792
[INFO] [stdout]                                at /rustc/1b7dd2252b99671ce5d1cb9664c5f8636329436d/library/std/src/sys_common/backtrace.rs:44:22
[INFO] [stdout]    4:     0x55f95f84221f - core::fmt::write::h78109e6f466b3af6
[INFO] [stdout]                                at /rustc/1b7dd2252b99671ce5d1cb9664c5f8636329436d/library/core/src/fmt/mod.rs:1254:17
[INFO] [stdout]    5:     0x55f95f821af5 - std::io::Write::write_fmt::hc59e1b02dd273c8a
[INFO] [stdout]                                at /rustc/1b7dd2252b99671ce5d1cb9664c5f8636329436d/library/std/src/io/mod.rs:1698:15
[INFO] [stdout]    6:     0x55f95f824205 - std::sys_common::backtrace::_print::h8dac57a9f8fbf9a5
[INFO] [stdout]                                at /rustc/1b7dd2252b99671ce5d1cb9664c5f8636329436d/library/std/src/sys_common/backtrace.rs:47:5
[INFO] [stdout]    7:     0x55f95f824205 - std::sys_common::backtrace::print::hf9ecbf41d1aa712f
[INFO] [stdout]                                at /rustc/1b7dd2252b99671ce5d1cb9664c5f8636329436d/library/std/src/sys_common/backtrace.rs:34:9
[INFO] [stdout]    8:     0x55f95f8258ae - std::panicking::default_hook::{{closure}}::h04c07acfc84ca028
[INFO] [stdout]                                at /rustc/1b7dd2252b99671ce5d1cb9664c5f8636329436d/library/std/src/panicking.rs:269:22
[INFO] [stdout]    9:     0x55f95f825655 - std::panicking::default_hook::h01f6bb23e1eceb2c
[INFO] [stdout]                                at /rustc/1b7dd2252b99671ce5d1cb9664c5f8636329436d/library/std/src/panicking.rs:288:9
[INFO] [stdout]   10:     0x55f95f825e0e - std::panicking::rust_panic_with_hook::h2bb3722bbaf2f6df
[INFO] [stdout]                                at /rustc/1b7dd2252b99671ce5d1cb9664c5f8636329436d/library/std/src/panicking.rs:691:13
[INFO] [stdout]   11:     0x55f95f825d09 - std::panicking::begin_panic_handler::{{closure}}::h91bc7f36a4be011b
[INFO] [stdout]                                at /rustc/1b7dd2252b99671ce5d1cb9664c5f8636329436d/library/std/src/panicking.rs:582:13
[INFO] [stdout]   12:     0x55f95f8248a6 - std::sys_common::backtrace::__rust_end_short_backtrace::h8b3d3717114f9e59
[INFO] [stdout]                                at /rustc/1b7dd2252b99671ce5d1cb9664c5f8636329436d/library/std/src/sys_common/backtrace.rs:150:18
[INFO] [stdout]   13:     0x55f95f825a62 - rust_begin_unwind
[INFO] [stdout]                                at /rustc/1b7dd2252b99671ce5d1cb9664c5f8636329436d/library/std/src/panicking.rs:578:5
[INFO] [stdout]   14:     0x55f95f6f35a3 - core::panicking::panic_fmt::hfd368e3fbdabea26
[INFO] [stdout]                                at /rustc/1b7dd2252b99671ce5d1cb9664c5f8636329436d/library/core/src/panicking.rs:67:14
[INFO] [stdout]   15:     0x55f95f6f3ae3 - core::result::unwrap_failed::he54eb4b2f125b26f
[INFO] [stdout]                                at /rustc/1b7dd2252b99671ce5d1cb9664c5f8636329436d/library/core/src/result.rs:1687:5
[INFO] [stdout]   16:     0x55f95f6f5766 - core::result::Result<T,E>::expect::h5e45612028713bec
[INFO] [stdout]                                at /rustc/1b7dd2252b99671ce5d1cb9664c5f8636329436d/library/core/src/result.rs:1046:23
[INFO] [stdout]   17:     0x55f95f6f4a3e - danfoss_ally_rs::AllyApi::new::h1b3d89467af72d9c
[INFO] [stdout]                                at /opt/rustwide/workdir/src/lib.rs:153:23
[INFO] [stdout]   18:     0x55f95f6f48b9 - rust_out::main::_doctest_main_src_lib_rs_72_0::h5d5eaf7fbb436628
[INFO] [stdout]   19:     0x55f95f6f4896 - rust_out::main::h2731449a68dfa004
[INFO] [stdout]   20:     0x55f95f6f3e53 - core::ops::function::FnOnce::call_once::hd1715aa1b26fc35c
[INFO] [stdout]   21:     0x55f95f6f3d96 - std::sys_common::backtrace::__rust_begin_short_backtrace::h8d2b4d09ce515535
[INFO] [stdout]   22:     0x55f95f6f3de9 - std::rt::lang_start::{{closure}}::hc9a918c63b0dc835
[INFO] [stdout]   23:     0x55f95f81f5ae - core::ops::function::impls::<impl core::ops::function::FnOnce<A> for &F>::call_once::h2eb19b8ce4148df4
[INFO] [stdout]                                at /rustc/1b7dd2252b99671ce5d1cb9664c5f8636329436d/library/core/src/ops/function.rs:287:13
[INFO] [stdout]   24:     0x55f95f81f5ae - std::panicking::try::do_call::h2e900feff5d504c5
[INFO] [stdout]                                at /rustc/1b7dd2252b99671ce5d1cb9664c5f8636329436d/library/std/src/panicking.rs:485:40
[INFO] [stdout]   25:     0x55f95f81f5ae - std::panicking::try::h8854836cb85aa9f2
[INFO] [stdout]                                at /rustc/1b7dd2252b99671ce5d1cb9664c5f8636329436d/library/std/src/panicking.rs:449:19
[INFO] [stdout]   26:     0x55f95f81f5ae - std::panic::catch_unwind::h706025dd4c48f64b
[INFO] [stdout]                                at /rustc/1b7dd2252b99671ce5d1cb9664c5f8636329436d/library/std/src/panic.rs:140:14
[INFO] [stdout]   27:     0x55f95f81f5ae - std::rt::lang_start_internal::{{closure}}::h7be5b97f4a07a91a
[INFO] [stdout]                                at /rustc/1b7dd2252b99671ce5d1cb9664c5f8636329436d/library/std/src/rt.rs:148:48
[INFO] [stdout]   28:     0x55f95f81f5ae - std::panicking::try::do_call::h59847e9d0a176965
[INFO] [stdout]                                at /rustc/1b7dd2252b99671ce5d1cb9664c5f8636329436d/library/std/src/panicking.rs:485:40
[INFO] [stdout]   29:     0x55f95f81f5ae - std::panicking::try::h399a918ba8522823
[INFO] [stdout]                                at /rustc/1b7dd2252b99671ce5d1cb9664c5f8636329436d/library/std/src/panicking.rs:449:19
[INFO] [stdout]   30:     0x55f95f81f5ae - std::panic::catch_unwind::hca7ca6c55b2a2e26
[INFO] [stdout]                                at /rustc/1b7dd2252b99671ce5d1cb9664c5f8636329436d/library/std/src/panic.rs:140:14
[INFO] [stdout]   31:     0x55f95f81f5ae - std::rt::lang_start_internal::h2c807a81560459eb
[INFO] [stdout]                                at /rustc/1b7dd2252b99671ce5d1cb9664c5f8636329436d/library/std/src/rt.rs:148:20
[INFO] [stdout]   32:     0x55f95f6f3dc7 - std::rt::lang_start::hc4bd3329ce767e23
[INFO] [stdout]   33:     0x55f95f6f4975 - main
[INFO] [stdout]   34:     0x7f0e5c0d3d90 - <unknown>
[INFO] [stdout]   35:     0x7f0e5c0d3e40 - __libc_start_main
[INFO] [stdout]   36:     0x55f95f6f3cc5 - _start
[INFO] [stdout]   37:                0x0 - <unknown>
[INFO] [stdout] 
[INFO] [stdout] 
[INFO] [stdout] 
[INFO] [stdout] failures:
[INFO] [stdout]     src/lib.rs - AllyApi (line 72)
[INFO] [stdout]     src/lib.rs - AllyApi (line 84)
[INFO] [stdout] 
[INFO] [stdout] test result: FAILED. 0 passed; 2 failed; 0 ignored; 0 measured; 0 filtered out; finished in 2.81s
[INFO] [stdout] 
[INFO] [stderr] error: doctest failed, to rerun pass `--doc`
[INFO] running `Command { std: "docker" "inspect" "d24618a2bcc889c6b2e3b9fe7aaa5c8a978fcad077f7372b3671a5ff71cbb4ed", kill_on_drop: false }`
[INFO] running `Command { std: "docker" "rm" "-f" "d24618a2bcc889c6b2e3b9fe7aaa5c8a978fcad077f7372b3671a5ff71cbb4ed", kill_on_drop: false }`
[INFO] [stdout] d24618a2bcc889c6b2e3b9fe7aaa5c8a978fcad077f7372b3671a5ff71cbb4ed
