[INFO] fetching crate cw-sauron 1.0.4...
[INFO] testing cw-sauron-1.0.4 against beta-2023-04-20 for beta-1.70-1
[INFO] extracting crate cw-sauron 1.0.4 into /workspace/builds/worker-4-tc2/source
[INFO] validating manifest of crates.io crate cw-sauron 1.0.4 on toolchain beta-2023-04-20
[INFO] running `Command { std: CARGO_HOME="/workspace/cargo-home" RUSTUP_HOME="/workspace/rustup-home" "/workspace/cargo-home/bin/cargo" "+beta-2023-04-20" "metadata" "--manifest-path" "Cargo.toml" "--no-deps", kill_on_drop: false }`
[INFO] started tweaking crates.io crate cw-sauron 1.0.4
[INFO] finished tweaking crates.io crate cw-sauron 1.0.4
[INFO] tweaked toml for crates.io crate cw-sauron 1.0.4 written to /workspace/builds/worker-4-tc2/source/Cargo.toml
[INFO] crate crates.io crate cw-sauron 1.0.4 already has a lockfile, it will not be regenerated
[INFO] running `Command { std: CARGO_HOME="/workspace/cargo-home" RUSTUP_HOME="/workspace/rustup-home" "/workspace/cargo-home/bin/cargo" "+beta-2023-04-20" "fetch" "--manifest-path" "Cargo.toml", kill_on_drop: false }`
[INFO] [stderr]     Updating crates.io index
[INFO] [stderr]  Downloading crates ...
[INFO] [stderr]   Downloaded aws-smithy-http-tower v0.42.0
[INFO] [stderr]   Downloaded derive_builder v0.11.2
[INFO] [stderr]   Downloaded wasm-bindgen-backend v0.2.80
[INFO] [stderr]   Downloaded mockall_derive v0.11.1
[INFO] [stderr]   Downloaded proc-macro2 v1.0.38
[INFO] [stderr]   Downloaded aws-smithy-client v0.42.0
[INFO] [stderr]   Downloaded semver v1.0.9
[INFO] [stderr]   Downloaded tower v0.4.12
[INFO] [stderr]   Downloaded http v0.2.7
[INFO] [stderr]   Downloaded urlencoding v2.1.0
[INFO] [stderr]   Downloaded aws-smithy-query v0.42.0
[INFO] [stderr]   Downloaded async-trait v0.1.53
[INFO] [stderr]   Downloaded tracing-core v0.1.26
[INFO] [stderr]   Downloaded js-sys v0.3.57
[INFO] [stderr]   Downloaded aws-sdk-sso v0.12.0
[INFO] [stderr]   Downloaded aws-config v0.12.0
[INFO] [stderr]   Downloaded regex v1.5.5
[INFO] [stderr]   Downloaded hyper v0.14.18
[INFO] [stderr]   Downloaded tracing v0.1.34
[INFO] [stderr]   Downloaded wasm-bindgen v0.2.80
[INFO] [stderr]   Downloaded aws-endpoint v0.12.0
[INFO] [stderr]   Downloaded bytes-utils v0.1.2
[INFO] [stderr]   Downloaded aws-sdk-cloudwatchlogs v0.12.0
[INFO] [stderr]   Downloaded tokio-util v0.7.2
[INFO] [stderr]   Downloaded os_str_bytes v6.0.1
[INFO] [stderr]   Downloaded web-sys v0.3.57
[INFO] [stderr]   Downloaded tokio v1.18.2
[INFO] [stderr]   Downloaded derive_builder_core v0.11.2
[INFO] [stderr]   Downloaded mockall v0.11.1
[INFO] [stderr]   Downloaded syn v1.0.94
[INFO] [stderr]   Downloaded aws-sigv4 v0.12.0
[INFO] [stderr]   Downloaded wasm-bindgen-macro-support v0.2.80
[INFO] [stderr]   Downloaded aws-types v0.12.0
[INFO] [stderr]   Downloaded aws-smithy-http v0.42.0
[INFO] [stderr]   Downloaded mockall_double v0.3.0
[INFO] [stderr]   Downloaded xmlparser v0.13.3
[INFO] [stderr]   Downloaded aws-smithy-xml v0.42.0
[INFO] [stderr]   Downloaded aws-sdk-sts v0.12.0
[INFO] [stderr]   Downloaded aws-http v0.12.0
[INFO] [stderr]   Downloaded aws-sig-auth v0.12.0
[INFO] [stderr]   Downloaded aws-smithy-json v0.42.0
[INFO] [stderr]   Downloaded aws-smithy-async v0.42.0
[INFO] [stderr]   Downloaded wasm-bindgen-shared v0.2.80
[INFO] [stderr]   Downloaded wasm-bindgen-macro v0.2.80
[INFO] [stderr]   Downloaded derive_builder_macro v0.11.2
[INFO] [stderr]   Downloaded downcast v0.11.0
[INFO] [stderr]   Downloaded fragile v1.2.0
[INFO] [stderr]   Downloaded float-cmp v0.9.0
[INFO] [stderr]   Downloaded aws-smithy-types v0.42.0
[INFO] [stderr]   Downloaded parking_lot v0.12.0
[INFO] running `Command { std: "docker" "create" "-v" "/var/lib/crater-agent-workspace/builds/worker-4-tc2/target:/opt/rustwide/target:rw,Z" "-v" "/var/lib/crater-agent-workspace/builds/worker-4-tc2/source:/opt/rustwide/workdir:ro,Z" "-v" "/var/lib/crater-agent-workspace/cargo-home:/opt/rustwide/cargo-home:ro,Z" "-v" "/var/lib/crater-agent-workspace/rustup-home:/opt/rustwide/rustup-home:ro,Z" "-e" "SOURCE_DIR=/opt/rustwide/workdir" "-e" "CARGO_TARGET_DIR=/opt/rustwide/target" "-e" "CARGO_HOME=/opt/rustwide/cargo-home" "-e" "RUSTUP_HOME=/opt/rustwide/rustup-home" "-w" "/opt/rustwide/workdir" "-m" "1610612736" "--user" "0:0" "--network" "none" "ghcr.io/rust-lang/crates-build-env/linux@sha256:5ff2268d62e97bff2cde7d5815dd6ed5b47097566f13b8d0ca110b04b60e07ed" "/opt/rustwide/cargo-home/bin/cargo" "+beta-2023-04-20" "metadata" "--no-deps" "--format-version=1", kill_on_drop: false }`
[INFO] [stdout] 7cdd2bc7f57f209fce376ab9f8ef27de837d71efee606ac019de1cd7ceeab887
[INFO] running `Command { std: "docker" "start" "-a" "7cdd2bc7f57f209fce376ab9f8ef27de837d71efee606ac019de1cd7ceeab887", kill_on_drop: false }`
[INFO] running `Command { std: "docker" "inspect" "7cdd2bc7f57f209fce376ab9f8ef27de837d71efee606ac019de1cd7ceeab887", kill_on_drop: false }`
[INFO] running `Command { std: "docker" "rm" "-f" "7cdd2bc7f57f209fce376ab9f8ef27de837d71efee606ac019de1cd7ceeab887", kill_on_drop: false }`
[INFO] [stdout] 7cdd2bc7f57f209fce376ab9f8ef27de837d71efee606ac019de1cd7ceeab887
[INFO] running `Command { std: "docker" "create" "-v" "/var/lib/crater-agent-workspace/builds/worker-4-tc2/target:/opt/rustwide/target:rw,Z" "-v" "/var/lib/crater-agent-workspace/builds/worker-4-tc2/source:/opt/rustwide/workdir:ro,Z" "-v" "/var/lib/crater-agent-workspace/cargo-home:/opt/rustwide/cargo-home:ro,Z" "-v" "/var/lib/crater-agent-workspace/rustup-home:/opt/rustwide/rustup-home:ro,Z" "-e" "SOURCE_DIR=/opt/rustwide/workdir" "-e" "CARGO_TARGET_DIR=/opt/rustwide/target" "-e" "CARGO_INCREMENTAL=0" "-e" "RUST_BACKTRACE=full" "-e" "RUSTFLAGS=--cap-lints=warn" "-e" "RUSTDOCFLAGS=--cap-lints=warn" "-e" "CARGO_HOME=/opt/rustwide/cargo-home" "-e" "RUSTUP_HOME=/opt/rustwide/rustup-home" "-w" "/opt/rustwide/workdir" "-m" "1610612736" "--user" "0:0" "--network" "none" "ghcr.io/rust-lang/crates-build-env/linux@sha256:5ff2268d62e97bff2cde7d5815dd6ed5b47097566f13b8d0ca110b04b60e07ed" "/opt/rustwide/cargo-home/bin/cargo" "+beta-2023-04-20" "build" "--frozen" "--message-format=json", kill_on_drop: false }`
[INFO] [stdout] 8aae38f751c9bfb05ccb285e10a8533f3b8642d1195c8af2bff587bc4dc2e246
[INFO] running `Command { std: "docker" "start" "-a" "8aae38f751c9bfb05ccb285e10a8533f3b8642d1195c8af2bff587bc4dc2e246", kill_on_drop: false }`
[INFO] [stderr]     Blocking waiting for file lock on package cache
[INFO] [stderr]    Compiling proc-macro2 v1.0.38
[INFO] [stderr]    Compiling unicode-xid v0.2.3
[INFO] [stderr]    Compiling libc v0.2.125
[INFO] [stderr]    Compiling syn v1.0.94
[INFO] [stderr]    Compiling once_cell v1.10.0
[INFO] [stderr]    Compiling parking_lot_core v0.9.3
[INFO] [stderr]    Compiling futures-core v0.3.21
[INFO] [stderr]    Compiling smallvec v1.8.0
[INFO] [stderr]    Compiling lock_api v0.4.7
[INFO] [stderr]    Compiling num-traits v0.2.15
[INFO] [stderr]    Compiling futures-task v0.3.21
[INFO] [stderr]    Compiling itoa v1.0.2
[INFO] [stderr]    Compiling cc v1.0.73
[INFO] [stderr]    Compiling futures-util v0.3.21
[INFO] [stderr]    Compiling tracing-core v0.1.26
[INFO] [stderr]    Compiling num-integer v0.1.45
[INFO] [stderr]    Compiling indexmap v1.8.1
[INFO] [stderr]    Compiling slab v0.4.6
[INFO] [stderr]    Compiling http v0.2.7
[INFO] [stderr]    Compiling httparse v1.7.1
[INFO] [stderr]    Compiling futures-channel v0.3.21
[INFO] [stderr]    Compiling num_threads v0.1.6
[INFO] [stderr]    Compiling either v1.6.1
[INFO] [stderr]    Compiling futures-sink v0.3.21
[INFO] [stderr]    Compiling ryu v1.0.10
[INFO] [stderr]    Compiling want v0.3.0
[INFO] [stderr]    Compiling semver v1.0.9
[INFO] [stderr]    Compiling bytes-utils v0.1.2
[INFO] [stderr]    Compiling tower-layer v0.3.1
[INFO] [stderr]    Compiling aho-corasick v0.7.18
[INFO] [stderr]    Compiling fastrand v1.7.0
[INFO] [stderr]    Compiling zeroize v1.5.5
[INFO] [stderr]    Compiling hex v0.4.3
[INFO] [stderr]    Compiling urlencoding v2.1.0
[INFO] [stderr]    Compiling predicates-core v1.0.3
[INFO] [stderr]    Compiling quote v1.0.18
[INFO] [stderr]    Compiling xmlparser v0.13.3
[INFO] [stderr]    Compiling itertools v0.10.3
[INFO] [stderr]    Compiling mio v0.8.3
[INFO] [stderr]    Compiling signal-hook-registry v1.4.0
[INFO] [stderr]    Compiling socket2 v0.4.4
[INFO] [stderr]    Compiling num_cpus v1.13.1
[INFO] [stderr]    Compiling time v0.3.9
[INFO] [stderr]    Compiling ring v0.16.20
[INFO] [stderr]    Compiling parking_lot v0.12.0
[INFO] [stderr]    Compiling http-body v0.4.4
[INFO] [stderr]    Compiling regex v1.5.5
[INFO] [stderr]    Compiling proc-macro-error-attr v1.0.4
[INFO] [stderr]    Compiling aws-smithy-xml v0.42.0
[INFO] [stderr]    Compiling rustc_version v0.4.0
[INFO] [stderr]    Compiling float-cmp v0.9.0
[INFO] [stderr]    Compiling difflib v0.4.0
[INFO] [stderr]    Compiling async-trait v0.1.53
[INFO] [stderr]    Compiling termtree v0.2.4
[INFO] [stderr]    Compiling normalize-line-endings v0.3.0
[INFO] [stderr]    Compiling os_str_bytes v6.0.1
[INFO] [stderr]    Compiling atty v0.2.14
[INFO] [stderr]    Compiling time v0.1.44
[INFO] [stderr]    Compiling aws-smithy-types v0.42.0
[INFO] [stderr]    Compiling predicates-tree v1.0.5
[INFO] [stderr]    Compiling fragile v1.2.0
[INFO] [stderr]    Compiling clap_lex v0.2.0
[INFO] [stderr]    Compiling aws-types v0.12.0
[INFO] [stderr]    Compiling textwrap v0.15.0
[INFO] [stderr]    Compiling downcast v0.11.0
[INFO] [stderr]    Compiling chrono v0.4.19
[INFO] [stderr]    Compiling predicates v2.1.1
[INFO] [stderr]    Compiling aws-smithy-json v0.42.0
[INFO] [stderr]    Compiling aws-smithy-query v0.42.0
[INFO] [stderr]    Compiling sct v0.6.1
[INFO] [stderr]    Compiling webpki v0.21.4
[INFO] [stderr]    Compiling darling_core v0.14.1
[INFO] [stderr]    Compiling proc-macro-error v1.0.4
[INFO] [stderr]    Compiling ct-logs v0.8.0
[INFO] [stderr]    Compiling rustls v0.19.1
[INFO] [stderr]    Compiling tokio-macros v1.7.0
[INFO] [stderr]    Compiling tracing-attributes v0.1.21
[INFO] [stderr]    Compiling futures-macro v0.3.21
[INFO] [stderr]    Compiling pin-project-internal v1.0.10
[INFO] [stderr]    Compiling mockall_derive v0.11.1
[INFO] [stderr]    Compiling clap_derive v3.1.18
[INFO] [stderr]    Compiling mockall_double v0.3.0
[INFO] [stderr]    Compiling tokio v1.18.2
[INFO] [stderr]    Compiling darling_macro v0.14.1
[INFO] [stderr]    Compiling tracing v0.1.34
[INFO] [stderr]    Compiling rustls-native-certs v0.5.0
[INFO] [stderr]    Compiling pin-project v1.0.10
[INFO] [stderr]    Compiling darling v0.14.1
[INFO] [stderr]    Compiling derive_builder_core v0.11.2
[INFO] [stderr]    Compiling clap v3.1.18
[INFO] [stderr]    Compiling derive_builder_macro v0.11.2
[INFO] [stderr]    Compiling mockall v0.11.1
[INFO] [stderr]    Compiling derive_builder v0.11.2
[INFO] [stderr]    Compiling tokio-util v0.7.2
[INFO] [stderr]    Compiling tower v0.4.12
[INFO] [stderr]    Compiling tokio-stream v0.1.8
[INFO] [stderr]    Compiling tokio-rustls v0.22.0
[INFO] [stderr]    Compiling aws-smithy-async v0.42.0
[INFO] [stderr]    Compiling h2 v0.3.13
[INFO] [stderr]    Compiling hyper v0.14.18
[INFO] [stderr]    Compiling aws-smithy-http v0.42.0
[INFO] [stderr]    Compiling hyper-rustls v0.22.1
[INFO] [stderr]    Compiling aws-smithy-http-tower v0.42.0
[INFO] [stderr]    Compiling aws-sigv4 v0.12.0
[INFO] [stderr]    Compiling aws-smithy-client v0.42.0
[INFO] [stderr]    Compiling aws-http v0.12.0
[INFO] [stderr]    Compiling aws-sig-auth v0.12.0
[INFO] [stderr]    Compiling aws-endpoint v0.12.0
[INFO] [stderr]    Compiling aws-sdk-sts v0.12.0
[INFO] [stderr]    Compiling aws-sdk-sso v0.12.0
[INFO] [stderr]    Compiling aws-sdk-cloudwatchlogs v0.12.0
[INFO] [stderr]    Compiling aws-config v0.12.0
[INFO] [stderr]    Compiling cw-sauron v1.0.4 (/opt/rustwide/workdir)
[INFO] [stderr]     Finished dev [unoptimized + debuginfo] target(s) in 41.13s
[INFO] running `Command { std: "docker" "inspect" "8aae38f751c9bfb05ccb285e10a8533f3b8642d1195c8af2bff587bc4dc2e246", kill_on_drop: false }`
[INFO] running `Command { std: "docker" "rm" "-f" "8aae38f751c9bfb05ccb285e10a8533f3b8642d1195c8af2bff587bc4dc2e246", kill_on_drop: false }`
[INFO] [stdout] 8aae38f751c9bfb05ccb285e10a8533f3b8642d1195c8af2bff587bc4dc2e246
[INFO] running `Command { std: "docker" "create" "-v" "/var/lib/crater-agent-workspace/builds/worker-4-tc2/target:/opt/rustwide/target:rw,Z" "-v" "/var/lib/crater-agent-workspace/builds/worker-4-tc2/source:/opt/rustwide/workdir:ro,Z" "-v" "/var/lib/crater-agent-workspace/cargo-home:/opt/rustwide/cargo-home:ro,Z" "-v" "/var/lib/crater-agent-workspace/rustup-home:/opt/rustwide/rustup-home:ro,Z" "-e" "SOURCE_DIR=/opt/rustwide/workdir" "-e" "CARGO_TARGET_DIR=/opt/rustwide/target" "-e" "CARGO_INCREMENTAL=0" "-e" "RUST_BACKTRACE=full" "-e" "RUSTFLAGS=--cap-lints=warn" "-e" "RUSTDOCFLAGS=--cap-lints=warn" "-e" "CARGO_HOME=/opt/rustwide/cargo-home" "-e" "RUSTUP_HOME=/opt/rustwide/rustup-home" "-w" "/opt/rustwide/workdir" "-m" "1610612736" "--user" "0:0" "--network" "none" "ghcr.io/rust-lang/crates-build-env/linux@sha256:5ff2268d62e97bff2cde7d5815dd6ed5b47097566f13b8d0ca110b04b60e07ed" "/opt/rustwide/cargo-home/bin/cargo" "+beta-2023-04-20" "test" "--frozen" "--no-run" "--message-format=json", kill_on_drop: false }`
[INFO] [stdout] ebe5e3a2c85c7ae035395890d82811b5bd146cc8e74f5639d78cfeaf417d5336
[INFO] running `Command { std: "docker" "start" "-a" "ebe5e3a2c85c7ae035395890d82811b5bd146cc8e74f5639d78cfeaf417d5336", kill_on_drop: false }`
[INFO] [stderr]    Compiling cw-sauron v1.0.4 (/opt/rustwide/workdir)
[INFO] [stderr]     Finished test [unoptimized + debuginfo] target(s) in 4.71s
[INFO] running `Command { std: "docker" "inspect" "ebe5e3a2c85c7ae035395890d82811b5bd146cc8e74f5639d78cfeaf417d5336", kill_on_drop: false }`
[INFO] running `Command { std: "docker" "rm" "-f" "ebe5e3a2c85c7ae035395890d82811b5bd146cc8e74f5639d78cfeaf417d5336", kill_on_drop: false }`
[INFO] [stdout] ebe5e3a2c85c7ae035395890d82811b5bd146cc8e74f5639d78cfeaf417d5336
[INFO] running `Command { std: "docker" "create" "-v" "/var/lib/crater-agent-workspace/builds/worker-4-tc2/target:/opt/rustwide/target:rw,Z" "-v" "/var/lib/crater-agent-workspace/builds/worker-4-tc2/source:/opt/rustwide/workdir:ro,Z" "-v" "/var/lib/crater-agent-workspace/cargo-home:/opt/rustwide/cargo-home:ro,Z" "-v" "/var/lib/crater-agent-workspace/rustup-home:/opt/rustwide/rustup-home:ro,Z" "-e" "SOURCE_DIR=/opt/rustwide/workdir" "-e" "CARGO_TARGET_DIR=/opt/rustwide/target" "-e" "CARGO_INCREMENTAL=0" "-e" "RUST_BACKTRACE=full" "-e" "RUSTFLAGS=--cap-lints=warn" "-e" "RUSTDOCFLAGS=--cap-lints=warn" "-e" "CARGO_HOME=/opt/rustwide/cargo-home" "-e" "RUSTUP_HOME=/opt/rustwide/rustup-home" "-w" "/opt/rustwide/workdir" "-m" "1610612736" "--user" "0:0" "--network" "none" "ghcr.io/rust-lang/crates-build-env/linux@sha256:5ff2268d62e97bff2cde7d5815dd6ed5b47097566f13b8d0ca110b04b60e07ed" "/opt/rustwide/cargo-home/bin/cargo" "+beta-2023-04-20" "test" "--frozen", kill_on_drop: false }`
[INFO] [stdout] 6382a34906b13342a65cb7fa0d1b918ca2c3465ff9a193829ecd021ee9071fbe
[INFO] running `Command { std: "docker" "start" "-a" "6382a34906b13342a65cb7fa0d1b918ca2c3465ff9a193829ecd021ee9071fbe", kill_on_drop: false }`
[INFO] [stderr]     Finished test [unoptimized + debuginfo] target(s) in 0.10s
[INFO] [stderr]      Running unittests src/lib.rs (/opt/rustwide/target/debug/deps/cw_sauron-a87306d5984d9795)
[INFO] [stdout] 
[INFO] [stdout] running 23 tests
[INFO] [stdout] test aws::cloudwatch::tests::should_return_error_when_describe_query_fails ... ok
[INFO] [stdout] test aws::cloudwatch::tests::should_return_empty_query_list ... ok
[INFO] [stdout] test aws::cloudwatch::tests::should_return_error_when_query_id_not_found ... ok
[INFO] [stdout] test aws::cloudwatch::tests::should_return_error_when_query_results_fail ... ok
[INFO] [stdout] test aws::cloudwatch::tests::should_return_queries_with_token ... ok
[INFO] [stdout] test aws::cloudwatch::tests::should_return_queries ... ok
[INFO] [stdout] test aws::cloudwatch::tests::should_return_query_results_error_when_timeout ... ok
[INFO] [stdout] test aws::cloudwatch::tests::should_return_query_results_error_when_cancelled ... ok
[INFO] [stdout] test aws::cloudwatch::tests::should_return_query_results_error_when_failed ... ok
[INFO] [stdout] test aws::cloudwatch::tests::should_return_error_when_start_query_fail ... ok
[INFO] [stdout] test aws::cloudwatch::tests::should_return_query_results_when_complete ... ok
[INFO] [stdout] test aws::model::tests::log_field_should_display_message ... ok
[INFO] [stdout] test aws::cloudwatch::tests::should_return_query_results_when_available ... ok
[INFO] [stdout] test aws::model::tests::log_line_should_display_all_fields ... ok
[INFO] [stdout] test aws::model::tests::log_results_should_display_all_log_lines ... ok
[INFO] [stdout] test aws::model::tests::log_line_should_display_only_provided_fields ... ok
[INFO] [stdout] test aws::model::tests::log_results_should_display_all_log_lines_with_provided_fields ... ok
[INFO] [stdout] test aws::model::tests::should_format_log_query_info_list ... ok
[INFO] [stdout] test aws::model::tests::should_format_log_query_info_with_log_group ... ok
[INFO] [stdout] test aws::model::tests::should_format_log_query_info_with_not_log_group ... ok
[INFO] [stdout] test aws::model::tests::should_return_empty_when_query_info_not_when_found ... ok
[INFO] [stdout] test aws::model::tests::should_return_query_info_when_found ... ok
[INFO] [stdout] test aws::model::tests::terminal_error_should_display_message ... ok
[INFO] [stdout] 
[INFO] [stdout] test result: ok. 23 passed; 0 failed; 0 ignored; 0 measured; 0 filtered out; finished in 0.00s
[INFO] [stdout] 
[INFO] [stderr]      Running unittests src/main.rs (/opt/rustwide/target/debug/deps/cw_sauron-e8bbe6b5897de9c2)
[INFO] [stdout] 
[INFO] [stdout] running 3 tests
[INFO] [stdout] test args::tests::convert_end_time_to_utc ... ok
[INFO] [stdout] test args::tests::convert_start_time_to_utc ... ok
[INFO] [stdout] test args::tests::should_return_now_when_end_time_is_none ... ok
[INFO] [stdout] 
[INFO] [stdout] test result: ok. 3 passed; 0 failed; 0 ignored; 0 measured; 0 filtered out; finished in 0.00s
[INFO] [stdout] 
[INFO] [stderr]      Running tests/list_queries_test.rs (/opt/rustwide/target/debug/deps/list_queries_test-963e3635dd930d0b)
[INFO] [stdout] 
[INFO] [stdout] running 1 test
[INFO] [stdout] test should_return_queries ... FAILED
[INFO] [stdout] 
[INFO] [stdout] failures:
[INFO] [stdout] 
[INFO] [stdout] ---- should_return_queries stdout ----
[INFO] [stdout] thread 'should_return_queries' panicked at 'assertion failed: queries.is_ok()', tests/list_queries_test.rs:8:5
[INFO] [stdout] stack backtrace:
[INFO] [stdout]    0:     0x55c95524d2da - std::backtrace_rs::backtrace::libunwind::trace::h2f05d0192276a8f6
[INFO] [stdout]                                at /rustc/1b7dd2252b99671ce5d1cb9664c5f8636329436d/library/std/src/../../backtrace/src/backtrace/libunwind.rs:93:5
[INFO] [stdout]    1:     0x55c95524d2da - std::backtrace_rs::backtrace::trace_unsynchronized::hedc23dff7a1af150
[INFO] [stdout]                                at /rustc/1b7dd2252b99671ce5d1cb9664c5f8636329436d/library/std/src/../../backtrace/src/backtrace/mod.rs:66:5
[INFO] [stdout]    2:     0x55c95524d2da - std::sys_common::backtrace::_print_fmt::h17541ef7592f3ce2
[INFO] [stdout]                                at /rustc/1b7dd2252b99671ce5d1cb9664c5f8636329436d/library/std/src/sys_common/backtrace.rs:65:5
[INFO] [stdout]    3:     0x55c95524d2da - <std::sys_common::backtrace::_print::DisplayBacktrace as core::fmt::Display>::fmt::h20f75df5ab0c0792
[INFO] [stdout]                                at /rustc/1b7dd2252b99671ce5d1cb9664c5f8636329436d/library/std/src/sys_common/backtrace.rs:44:22
[INFO] [stdout]    4:     0x55c955276a6f - core::fmt::write::h78109e6f466b3af6
[INFO] [stdout]                                at /rustc/1b7dd2252b99671ce5d1cb9664c5f8636329436d/library/core/src/fmt/mod.rs:1254:17
[INFO] [stdout]    5:     0x55c955249525 - std::io::Write::write_fmt::hd24bfb68a1b35a25
[INFO] [stdout]                                at /rustc/1b7dd2252b99671ce5d1cb9664c5f8636329436d/library/std/src/io/mod.rs:1698:15
[INFO] [stdout]    6:     0x55c95524d0a5 - std::sys_common::backtrace::_print::h8dac57a9f8fbf9a5
[INFO] [stdout]                                at /rustc/1b7dd2252b99671ce5d1cb9664c5f8636329436d/library/std/src/sys_common/backtrace.rs:47:5
[INFO] [stdout]    7:     0x55c95524d0a5 - std::sys_common::backtrace::print::hf9ecbf41d1aa712f
[INFO] [stdout]                                at /rustc/1b7dd2252b99671ce5d1cb9664c5f8636329436d/library/std/src/sys_common/backtrace.rs:34:9
[INFO] [stdout]    8:     0x55c95524ed5e - std::panicking::default_hook::{{closure}}::h04c07acfc84ca028
[INFO] [stdout]                                at /rustc/1b7dd2252b99671ce5d1cb9664c5f8636329436d/library/std/src/panicking.rs:269:22
[INFO] [stdout]    9:     0x55c95524ea91 - std::panicking::default_hook::h01f6bb23e1eceb2c
[INFO] [stdout]                                at /rustc/1b7dd2252b99671ce5d1cb9664c5f8636329436d/library/std/src/panicking.rs:285:9
[INFO] [stdout]   10:     0x55c954770b7b - <alloc::boxed::Box<F,A> as core::ops::function::Fn<Args>>::call::h87fe9f7b2fd49e4c
[INFO] [stdout]                                at /rustc/1b7dd2252b99671ce5d1cb9664c5f8636329436d/library/alloc/src/boxed.rs:1987:9
[INFO] [stdout]   11:     0x55c954770b7b - test::test_main::{{closure}}::he94d679243a7531b
[INFO] [stdout]                                at /rustc/1b7dd2252b99671ce5d1cb9664c5f8636329436d/library/test/src/lib.rs:134:21
[INFO] [stdout]   12:     0x55c95524f444 - <alloc::boxed::Box<F,A> as core::ops::function::Fn<Args>>::call::h3f2d6d8b14c4769f
[INFO] [stdout]                                at /rustc/1b7dd2252b99671ce5d1cb9664c5f8636329436d/library/alloc/src/boxed.rs:1987:9
[INFO] [stdout]   13:     0x55c95524f444 - std::panicking::rust_panic_with_hook::h2bb3722bbaf2f6df
[INFO] [stdout]                                at /rustc/1b7dd2252b99671ce5d1cb9664c5f8636329436d/library/std/src/panicking.rs:695:13
[INFO] [stdout]   14:     0x55c95524f172 - std::panicking::begin_panic_handler::{{closure}}::h91bc7f36a4be011b
[INFO] [stdout]                                at /rustc/1b7dd2252b99671ce5d1cb9664c5f8636329436d/library/std/src/panicking.rs:580:13
[INFO] [stdout]   15:     0x55c95524d746 - std::sys_common::backtrace::__rust_end_short_backtrace::h8b3d3717114f9e59
[INFO] [stdout]                                at /rustc/1b7dd2252b99671ce5d1cb9664c5f8636329436d/library/std/src/sys_common/backtrace.rs:150:18
[INFO] [stdout]   16:     0x55c95524ef12 - rust_begin_unwind
[INFO] [stdout]                                at /rustc/1b7dd2252b99671ce5d1cb9664c5f8636329436d/library/std/src/panicking.rs:578:5
[INFO] [stdout]   17:     0x55c954710303 - core::panicking::panic_fmt::hfd368e3fbdabea26
[INFO] [stdout]                                at /rustc/1b7dd2252b99671ce5d1cb9664c5f8636329436d/library/core/src/panicking.rs:67:14
[INFO] [stdout]   18:     0x55c95471039d - core::panicking::panic::h3f9042d09bd0bf2e
[INFO] [stdout]                                at /rustc/1b7dd2252b99671ce5d1cb9664c5f8636329436d/library/core/src/panicking.rs:117:5
[INFO] [stdout]   19:     0x55c95473a839 - list_queries_test::should_return_queries::{{closure}}::hafabbc44c11839bd
[INFO] [stdout]                                at /opt/rustwide/workdir/tests/list_queries_test.rs:8:5
[INFO] [stdout]   20:     0x55c95471be1b - <core::pin::Pin<P> as core::future::future::Future>::poll::h86f1c4b8bf2f7773
[INFO] [stdout]                                at /rustc/1b7dd2252b99671ce5d1cb9664c5f8636329436d/library/core/src/future/future.rs:125:9
[INFO] [stdout]   21:     0x55c954734034 - tokio::runtime::basic_scheduler::CoreGuard::block_on::{{closure}}::{{closure}}::{{closure}}::h287d858256ed019e
[INFO] [stdout]                                at /opt/rustwide/cargo-home/registry/src/index.crates.io-6f17d22bba15001f/tokio-1.18.2/src/runtime/basic_scheduler.rs:507:48
[INFO] [stdout]   22:     0x55c95472e1b0 - tokio::coop::with_budget::{{closure}}::h4065b2eba1149f93
[INFO] [stdout]                                at /opt/rustwide/cargo-home/registry/src/index.crates.io-6f17d22bba15001f/tokio-1.18.2/src/coop.rs:102:9
[INFO] [stdout]   23:     0x55c954724bf9 - std::thread::local::LocalKey<T>::try_with::hf73f01ac1db03427
[INFO] [stdout]                                at /rustc/1b7dd2252b99671ce5d1cb9664c5f8636329436d/library/std/src/thread/local.rs:252:16
[INFO] [stdout]   24:     0x55c95472459a - std::thread::local::LocalKey<T>::with::h8e84a3647385e8d7
[INFO] [stdout]                                at /rustc/1b7dd2252b99671ce5d1cb9664c5f8636329436d/library/std/src/thread/local.rs:228:9
[INFO] [stdout]   25:     0x55c954733fc6 - tokio::coop::with_budget::hc0ca7d4ac977a76f
[INFO] [stdout]                                at /opt/rustwide/cargo-home/registry/src/index.crates.io-6f17d22bba15001f/tokio-1.18.2/src/coop.rs:95:5
[INFO] [stdout]   26:     0x55c954733fc6 - tokio::coop::budget::heb0e4c9cf67338a1
[INFO] [stdout]                                at /opt/rustwide/cargo-home/registry/src/index.crates.io-6f17d22bba15001f/tokio-1.18.2/src/coop.rs:72:5
[INFO] [stdout]   27:     0x55c954733fc6 - tokio::runtime::basic_scheduler::CoreGuard::block_on::{{closure}}::{{closure}}::h660d232cd8761ae5
[INFO] [stdout]                                at /opt/rustwide/cargo-home/registry/src/index.crates.io-6f17d22bba15001f/tokio-1.18.2/src/runtime/basic_scheduler.rs:507:25
[INFO] [stdout]   28:     0x55c954732df9 - tokio::runtime::basic_scheduler::Context::enter::hc280c21b64f5d567
[INFO] [stdout]                                at /opt/rustwide/cargo-home/registry/src/index.crates.io-6f17d22bba15001f/tokio-1.18.2/src/runtime/basic_scheduler.rs:361:19
[INFO] [stdout]   29:     0x55c954733817 - tokio::runtime::basic_scheduler::CoreGuard::block_on::{{closure}}::h0860062c5ec9c640
[INFO] [stdout]                                at /opt/rustwide/cargo-home/registry/src/index.crates.io-6f17d22bba15001f/tokio-1.18.2/src/runtime/basic_scheduler.rs:506:36
[INFO] [stdout]   30:     0x55c95473351b - tokio::runtime::basic_scheduler::CoreGuard::enter::{{closure}}::h9d3d02fb3c75d63c
[INFO] [stdout]                                at /opt/rustwide/cargo-home/registry/src/index.crates.io-6f17d22bba15001f/tokio-1.18.2/src/runtime/basic_scheduler.rs:564:57
[INFO] [stdout]   31:     0x55c954739a67 - tokio::macros::scoped_tls::ScopedKey<T>::set::h2aadf3262843c22e
[INFO] [stdout]                                at /opt/rustwide/cargo-home/registry/src/index.crates.io-6f17d22bba15001f/tokio-1.18.2/src/macros/scoped_tls.rs:61:9
[INFO] [stdout]   32:     0x55c9547332e3 - tokio::runtime::basic_scheduler::CoreGuard::enter::h4b948edce1311794
[INFO] [stdout]                                at /opt/rustwide/cargo-home/registry/src/index.crates.io-6f17d22bba15001f/tokio-1.18.2/src/runtime/basic_scheduler.rs:564:27
[INFO] [stdout]   33:     0x55c954733538 - tokio::runtime::basic_scheduler::CoreGuard::block_on::hfd32cb9f08d4fb7c
[INFO] [stdout]                                at /opt/rustwide/cargo-home/registry/src/index.crates.io-6f17d22bba15001f/tokio-1.18.2/src/runtime/basic_scheduler.rs:497:9
[INFO] [stdout]   34:     0x55c954732517 - tokio::runtime::basic_scheduler::BasicScheduler::block_on::h773eadaa8e9b5cc6
[INFO] [stdout]                                at /opt/rustwide/cargo-home/registry/src/index.crates.io-6f17d22bba15001f/tokio-1.18.2/src/runtime/basic_scheduler.rs:173:24
[INFO] [stdout]   35:     0x55c95471ba84 - tokio::runtime::Runtime::block_on::h169eb78f1f78896d
[INFO] [stdout]                                at /opt/rustwide/cargo-home/registry/src/index.crates.io-6f17d22bba15001f/tokio-1.18.2/src/runtime/mod.rs:475:46
[INFO] [stdout]   36:     0x55c95473a377 - list_queries_test::should_return_queries::he842995f75959d35
[INFO] [stdout]                                at /opt/rustwide/workdir/tests/list_queries_test.rs:8:5
[INFO] [stdout]   37:     0x55c95473a217 - list_queries_test::should_return_queries::{{closure}}::hfe5fff0e79f6137f
[INFO] [stdout]                                at /opt/rustwide/workdir/tests/list_queries_test.rs:4:34
[INFO] [stdout]   38:     0x55c954710bf5 - core::ops::function::FnOnce::call_once::ha47c496c822b59b8
[INFO] [stdout]                                at /rustc/1b7dd2252b99671ce5d1cb9664c5f8636329436d/library/core/src/ops/function.rs:250:5
[INFO] [stdout]   39:     0x55c954775a4f - core::ops::function::FnOnce::call_once::ha6a70e79f7481a7e
[INFO] [stdout]                                at /rustc/1b7dd2252b99671ce5d1cb9664c5f8636329436d/library/core/src/ops/function.rs:250:5
[INFO] [stdout]   40:     0x55c954775a4f - test::__rust_begin_short_backtrace::hce33033019b61e69
[INFO] [stdout]                                at /rustc/1b7dd2252b99671ce5d1cb9664c5f8636329436d/library/test/src/lib.rs:655:18
[INFO] [stdout]   41:     0x55c95474323c - test::run_test::{{closure}}::h858d3528838ae3e5
[INFO] [stdout]                                at /rustc/1b7dd2252b99671ce5d1cb9664c5f8636329436d/library/test/src/lib.rs:646:30
[INFO] [stdout]   42:     0x55c95474323c - core::ops::function::FnOnce::call_once{{vtable.shim}}::he8ac2b00f01ae79e
[INFO] [stdout]                                at /rustc/1b7dd2252b99671ce5d1cb9664c5f8636329436d/library/core/src/ops/function.rs:250:5
[INFO] [stdout]   43:     0x55c954774b26 - <alloc::boxed::Box<F,A> as core::ops::function::FnOnce<Args>>::call_once::h8093d25b522725ef
[INFO] [stdout]                                at /rustc/1b7dd2252b99671ce5d1cb9664c5f8636329436d/library/alloc/src/boxed.rs:1973:9
[INFO] [stdout]   44:     0x55c954774b26 - <core::panic::unwind_safe::AssertUnwindSafe<F> as core::ops::function::FnOnce<()>>::call_once::h5c334c204e4a3913
[INFO] [stdout]                                at /rustc/1b7dd2252b99671ce5d1cb9664c5f8636329436d/library/core/src/panic/unwind_safe.rs:271:9
[INFO] [stdout]   45:     0x55c954774b26 - std::panicking::try::do_call::ha8b740c7b9478074
[INFO] [stdout]                                at /rustc/1b7dd2252b99671ce5d1cb9664c5f8636329436d/library/std/src/panicking.rs:485:40
[INFO] [stdout]   46:     0x55c954774b26 - std::panicking::try::h5d34f63d0e41b64e
[INFO] [stdout]                                at /rustc/1b7dd2252b99671ce5d1cb9664c5f8636329436d/library/std/src/panicking.rs:449:19
[INFO] [stdout]   47:     0x55c954774b26 - std::panic::catch_unwind::hcfbb511e1aa7fc67
[INFO] [stdout]                                at /rustc/1b7dd2252b99671ce5d1cb9664c5f8636329436d/library/std/src/panic.rs:140:14
[INFO] [stdout]   48:     0x55c954774b26 - test::run_test_in_process::h9abda90f802eaf21
[INFO] [stdout]                                at /rustc/1b7dd2252b99671ce5d1cb9664c5f8636329436d/library/test/src/lib.rs:678:27
[INFO] [stdout]   49:     0x55c954774b26 - test::run_test::run_test_inner::{{closure}}::h0f058de91f6c6edf
[INFO] [stdout]                                at /rustc/1b7dd2252b99671ce5d1cb9664c5f8636329436d/library/test/src/lib.rs:572:39
[INFO] [stdout]   50:     0x55c95473da45 - test::run_test::run_test_inner::{{closure}}::h5ca48a4c59c6c1fb
[INFO] [stdout]                                at /rustc/1b7dd2252b99671ce5d1cb9664c5f8636329436d/library/test/src/lib.rs:599:37
[INFO] [stdout]   51:     0x55c95473da45 - std::sys_common::backtrace::__rust_begin_short_backtrace::h32bd51e1495d4a33
[INFO] [stdout]                                at /rustc/1b7dd2252b99671ce5d1cb9664c5f8636329436d/library/std/src/sys_common/backtrace.rs:134:18
[INFO] [stdout]   52:     0x55c954742f81 - std::thread::Builder::spawn_unchecked_::{{closure}}::{{closure}}::hc086fae9b128b2db
[INFO] [stdout]                                at /rustc/1b7dd2252b99671ce5d1cb9664c5f8636329436d/library/std/src/thread/mod.rs:526:17
[INFO] [stdout]   53:     0x55c954742f81 - <core::panic::unwind_safe::AssertUnwindSafe<F> as core::ops::function::FnOnce<()>>::call_once::hb66571888d270d43
[INFO] [stdout]                                at /rustc/1b7dd2252b99671ce5d1cb9664c5f8636329436d/library/core/src/panic/unwind_safe.rs:271:9
[INFO] [stdout]   54:     0x55c954742f81 - std::panicking::try::do_call::h4fa2ef4f6e51fecf
[INFO] [stdout]                                at /rustc/1b7dd2252b99671ce5d1cb9664c5f8636329436d/library/std/src/panicking.rs:485:40
[INFO] [stdout]   55:     0x55c954742f81 - std::panicking::try::h1e9e22b8584489b5
[INFO] [stdout]                                at /rustc/1b7dd2252b99671ce5d1cb9664c5f8636329436d/library/std/src/panicking.rs:449:19
[INFO] [stdout]   56:     0x55c954742f81 - std::panic::catch_unwind::h44698a3de0e0769e
[INFO] [stdout]                                at /rustc/1b7dd2252b99671ce5d1cb9664c5f8636329436d/library/std/src/panic.rs:140:14
[INFO] [stdout]   57:     0x55c954742f81 - std::thread::Builder::spawn_unchecked_::{{closure}}::h50153abde3fe239e
[INFO] [stdout]                                at /rustc/1b7dd2252b99671ce5d1cb9664c5f8636329436d/library/std/src/thread/mod.rs:525:30
[INFO] [stdout]   58:     0x55c954742f81 - core::ops::function::FnOnce::call_once{{vtable.shim}}::hbe5bbf6f38394364
[INFO] [stdout]                                at /rustc/1b7dd2252b99671ce5d1cb9664c5f8636329436d/library/core/src/ops/function.rs:250:5
[INFO] [stdout]   59:     0x55c955253a85 - <alloc::boxed::Box<F,A> as core::ops::function::FnOnce<Args>>::call_once::h0d83cb2920a49046
[INFO] [stdout]                                at /rustc/1b7dd2252b99671ce5d1cb9664c5f8636329436d/library/alloc/src/boxed.rs:1973:9
[INFO] [stdout]   60:     0x55c955253a85 - <alloc::boxed::Box<F,A> as core::ops::function::FnOnce<Args>>::call_once::hbe0a008aa7d9ef59
[INFO] [stdout]                                at /rustc/1b7dd2252b99671ce5d1cb9664c5f8636329436d/library/alloc/src/boxed.rs:1973:9
[INFO] [stdout]   61:     0x55c955253a85 - std::sys::unix::thread::Thread::new::thread_start::h3a466996bdf6b1f9
[INFO] [stdout]                                at /rustc/1b7dd2252b99671ce5d1cb9664c5f8636329436d/library/std/src/sys/unix/thread.rs:108:17
[INFO] [stdout]   62:     0x7f16388bfb43 - <unknown>
[INFO] [stdout]   63:     0x7f1638950bb4 - __clone
[INFO] [stdout]   64:                0x0 - <unknown>
[INFO] [stdout] 
[INFO] [stdout] 
[INFO] [stdout] failures:
[INFO] [stdout]     should_return_queries
[INFO] [stdout] 
[INFO] [stdout] test result: FAILED. 0 passed; 1 failed; 0 ignored; 0 measured; 0 filtered out; finished in 0.04s
[INFO] [stdout] 
[INFO] [stderr] error: test failed, to rerun pass `--test list_queries_test`
[INFO] running `Command { std: "docker" "inspect" "6382a34906b13342a65cb7fa0d1b918ca2c3465ff9a193829ecd021ee9071fbe", kill_on_drop: false }`
[INFO] running `Command { std: "docker" "rm" "-f" "6382a34906b13342a65cb7fa0d1b918ca2c3465ff9a193829ecd021ee9071fbe", kill_on_drop: false }`
[INFO] [stdout] 6382a34906b13342a65cb7fa0d1b918ca2c3465ff9a193829ecd021ee9071fbe
