[INFO] fetching crate cvars-macros 0.2.1...
[INFO] testing cvars-macros-0.2.1 against beta-2023-04-20 for beta-1.70-1
[INFO] extracting crate cvars-macros 0.2.1 into /workspace/builds/worker-4-tc2/source
[INFO] validating manifest of crates.io crate cvars-macros 0.2.1 on toolchain beta-2023-04-20
[INFO] running `Command { std: CARGO_HOME="/workspace/cargo-home" RUSTUP_HOME="/workspace/rustup-home" "/workspace/cargo-home/bin/cargo" "+beta-2023-04-20" "metadata" "--manifest-path" "Cargo.toml" "--no-deps", kill_on_drop: false }`
[INFO] started tweaking crates.io crate cvars-macros 0.2.1
[INFO] finished tweaking crates.io crate cvars-macros 0.2.1
[INFO] tweaked toml for crates.io crate cvars-macros 0.2.1 written to /workspace/builds/worker-4-tc2/source/Cargo.toml
[INFO] running `Command { std: CARGO_HOME="/workspace/cargo-home" RUSTUP_HOME="/workspace/rustup-home" __CARGO_TEST_CHANNEL_OVERRIDE_DO_NOT_USE_THIS="nightly" "/workspace/cargo-home/bin/cargo" "+beta-2023-04-20" "generate-lockfile" "--manifest-path" "Cargo.toml" "-Zno-index-update", kill_on_drop: false }`
[INFO] running `Command { std: CARGO_HOME="/workspace/cargo-home" RUSTUP_HOME="/workspace/rustup-home" "/workspace/cargo-home/bin/cargo" "+beta-2023-04-20" "fetch" "--manifest-path" "Cargo.toml", kill_on_drop: false }`
[INFO] running `Command { std: "docker" "create" "-v" "/var/lib/crater-agent-workspace/builds/worker-4-tc2/target:/opt/rustwide/target:rw,Z" "-v" "/var/lib/crater-agent-workspace/builds/worker-4-tc2/source:/opt/rustwide/workdir:ro,Z" "-v" "/var/lib/crater-agent-workspace/cargo-home:/opt/rustwide/cargo-home:ro,Z" "-v" "/var/lib/crater-agent-workspace/rustup-home:/opt/rustwide/rustup-home:ro,Z" "-e" "SOURCE_DIR=/opt/rustwide/workdir" "-e" "CARGO_TARGET_DIR=/opt/rustwide/target" "-e" "CARGO_HOME=/opt/rustwide/cargo-home" "-e" "RUSTUP_HOME=/opt/rustwide/rustup-home" "-w" "/opt/rustwide/workdir" "-m" "1610612736" "--user" "0:0" "--network" "none" "ghcr.io/rust-lang/crates-build-env/linux@sha256:5ff2268d62e97bff2cde7d5815dd6ed5b47097566f13b8d0ca110b04b60e07ed" "/opt/rustwide/cargo-home/bin/cargo" "+beta-2023-04-20" "metadata" "--no-deps" "--format-version=1", kill_on_drop: false }`
[INFO] [stdout] b707b2b37072a953fe21e256059916585150d817aca7f22106535c499cd7e3e6
[INFO] running `Command { std: "docker" "start" "-a" "b707b2b37072a953fe21e256059916585150d817aca7f22106535c499cd7e3e6", kill_on_drop: false }`
[INFO] running `Command { std: "docker" "inspect" "b707b2b37072a953fe21e256059916585150d817aca7f22106535c499cd7e3e6", kill_on_drop: false }`
[INFO] running `Command { std: "docker" "rm" "-f" "b707b2b37072a953fe21e256059916585150d817aca7f22106535c499cd7e3e6", kill_on_drop: false }`
[INFO] [stdout] b707b2b37072a953fe21e256059916585150d817aca7f22106535c499cd7e3e6
[INFO] running `Command { std: "docker" "create" "-v" "/var/lib/crater-agent-workspace/builds/worker-4-tc2/target:/opt/rustwide/target:rw,Z" "-v" "/var/lib/crater-agent-workspace/builds/worker-4-tc2/source:/opt/rustwide/workdir:ro,Z" "-v" "/var/lib/crater-agent-workspace/cargo-home:/opt/rustwide/cargo-home:ro,Z" "-v" "/var/lib/crater-agent-workspace/rustup-home:/opt/rustwide/rustup-home:ro,Z" "-e" "SOURCE_DIR=/opt/rustwide/workdir" "-e" "CARGO_TARGET_DIR=/opt/rustwide/target" "-e" "CARGO_INCREMENTAL=0" "-e" "RUST_BACKTRACE=full" "-e" "RUSTFLAGS=--cap-lints=warn" "-e" "RUSTDOCFLAGS=--cap-lints=warn" "-e" "CARGO_HOME=/opt/rustwide/cargo-home" "-e" "RUSTUP_HOME=/opt/rustwide/rustup-home" "-w" "/opt/rustwide/workdir" "-m" "1610612736" "--user" "0:0" "--network" "none" "ghcr.io/rust-lang/crates-build-env/linux@sha256:5ff2268d62e97bff2cde7d5815dd6ed5b47097566f13b8d0ca110b04b60e07ed" "/opt/rustwide/cargo-home/bin/cargo" "+beta-2023-04-20" "build" "--frozen" "--message-format=json", kill_on_drop: false }`
[INFO] [stdout] 5ab01e39a41718db10753d3e29d3a2f2b210eddfce59ddc28adddbedc42a9715
[INFO] running `Command { std: "docker" "start" "-a" "5ab01e39a41718db10753d3e29d3a2f2b210eddfce59ddc28adddbedc42a9715", kill_on_drop: false }`
[INFO] [stderr]    Compiling proc-macro2 v1.0.56
[INFO] [stderr]    Compiling unicode-ident v1.0.8
[INFO] [stderr]    Compiling quote v1.0.26
[INFO] [stderr]    Compiling syn v1.0.109
[INFO] [stderr]    Compiling cvars-macros v0.2.1 (/opt/rustwide/workdir)
[INFO] [stderr]     Finished dev [unoptimized + debuginfo] target(s) in 2.98s
[INFO] running `Command { std: "docker" "inspect" "5ab01e39a41718db10753d3e29d3a2f2b210eddfce59ddc28adddbedc42a9715", kill_on_drop: false }`
[INFO] running `Command { std: "docker" "rm" "-f" "5ab01e39a41718db10753d3e29d3a2f2b210eddfce59ddc28adddbedc42a9715", kill_on_drop: false }`
[INFO] [stdout] 5ab01e39a41718db10753d3e29d3a2f2b210eddfce59ddc28adddbedc42a9715
[INFO] running `Command { std: "docker" "create" "-v" "/var/lib/crater-agent-workspace/builds/worker-4-tc2/target:/opt/rustwide/target:rw,Z" "-v" "/var/lib/crater-agent-workspace/builds/worker-4-tc2/source:/opt/rustwide/workdir:ro,Z" "-v" "/var/lib/crater-agent-workspace/cargo-home:/opt/rustwide/cargo-home:ro,Z" "-v" "/var/lib/crater-agent-workspace/rustup-home:/opt/rustwide/rustup-home:ro,Z" "-e" "SOURCE_DIR=/opt/rustwide/workdir" "-e" "CARGO_TARGET_DIR=/opt/rustwide/target" "-e" "CARGO_INCREMENTAL=0" "-e" "RUST_BACKTRACE=full" "-e" "RUSTFLAGS=--cap-lints=warn" "-e" "RUSTDOCFLAGS=--cap-lints=warn" "-e" "CARGO_HOME=/opt/rustwide/cargo-home" "-e" "RUSTUP_HOME=/opt/rustwide/rustup-home" "-w" "/opt/rustwide/workdir" "-m" "1610612736" "--user" "0:0" "--network" "none" "ghcr.io/rust-lang/crates-build-env/linux@sha256:5ff2268d62e97bff2cde7d5815dd6ed5b47097566f13b8d0ca110b04b60e07ed" "/opt/rustwide/cargo-home/bin/cargo" "+beta-2023-04-20" "test" "--frozen" "--no-run" "--message-format=json", kill_on_drop: false }`
[INFO] [stdout] d526146818099b81f49dc40dd5b4fd7374d51833634eefd759f7962b77ddc95e
[INFO] running `Command { std: "docker" "start" "-a" "d526146818099b81f49dc40dd5b4fd7374d51833634eefd759f7962b77ddc95e", kill_on_drop: false }`
[INFO] [stderr]    Compiling cvars-macros v0.2.1 (/opt/rustwide/workdir)
[INFO] [stderr]     Finished test [unoptimized + debuginfo] target(s) in 0.51s
[INFO] running `Command { std: "docker" "inspect" "d526146818099b81f49dc40dd5b4fd7374d51833634eefd759f7962b77ddc95e", kill_on_drop: false }`
[INFO] running `Command { std: "docker" "rm" "-f" "d526146818099b81f49dc40dd5b4fd7374d51833634eefd759f7962b77ddc95e", kill_on_drop: false }`
[INFO] [stdout] d526146818099b81f49dc40dd5b4fd7374d51833634eefd759f7962b77ddc95e
[INFO] running `Command { std: "docker" "create" "-v" "/var/lib/crater-agent-workspace/builds/worker-4-tc2/target:/opt/rustwide/target:rw,Z" "-v" "/var/lib/crater-agent-workspace/builds/worker-4-tc2/source:/opt/rustwide/workdir:ro,Z" "-v" "/var/lib/crater-agent-workspace/cargo-home:/opt/rustwide/cargo-home:ro,Z" "-v" "/var/lib/crater-agent-workspace/rustup-home:/opt/rustwide/rustup-home:ro,Z" "-e" "SOURCE_DIR=/opt/rustwide/workdir" "-e" "CARGO_TARGET_DIR=/opt/rustwide/target" "-e" "CARGO_INCREMENTAL=0" "-e" "RUST_BACKTRACE=full" "-e" "RUSTFLAGS=--cap-lints=warn" "-e" "RUSTDOCFLAGS=--cap-lints=warn" "-e" "CARGO_HOME=/opt/rustwide/cargo-home" "-e" "RUSTUP_HOME=/opt/rustwide/rustup-home" "-w" "/opt/rustwide/workdir" "-m" "1610612736" "--user" "0:0" "--network" "none" "ghcr.io/rust-lang/crates-build-env/linux@sha256:5ff2268d62e97bff2cde7d5815dd6ed5b47097566f13b8d0ca110b04b60e07ed" "/opt/rustwide/cargo-home/bin/cargo" "+beta-2023-04-20" "test" "--frozen", kill_on_drop: false }`
[INFO] [stdout] 86e21733b4e1a96e37aa9b1f862e6f357da2ea389c6fb5ed29e37ae3a8e99044
[INFO] running `Command { std: "docker" "start" "-a" "86e21733b4e1a96e37aa9b1f862e6f357da2ea389c6fb5ed29e37ae3a8e99044", kill_on_drop: false }`
[INFO] [stderr]     Finished test [unoptimized + debuginfo] target(s) in 0.00s
[INFO] [stderr]      Running unittests src/lib.rs (/opt/rustwide/target/debug/deps/cvars_macros-8c2459e651ebff28)
[INFO] [stdout] 
[INFO] [stdout] running 0 tests
[INFO] [stdout] 
[INFO] [stdout] test result: ok. 0 passed; 0 failed; 0 ignored; 0 measured; 0 filtered out; finished in 0.00s
[INFO] [stdout] 
[INFO] [stderr]    Doc-tests cvars-macros
[INFO] [stdout] 
[INFO] [stdout] running 2 tests
[INFO] [stdout] test src/lib.rs - cvars (line 51) ... FAILED
[INFO] [stdout] test src/lib.rs - derive (line 109) ... FAILED
[INFO] [stdout] 
[INFO] [stdout] failures:
[INFO] [stdout] 
[INFO] [stdout] ---- src/lib.rs - cvars (line 51) stdout ----
[INFO] [stdout] error[E0432]: unresolved import `cvars`
[INFO] [stdout]  --> src/lib.rs:52:5
[INFO] [stdout]   |
[INFO] [stdout] 3 | use cvars::cvars;
[INFO] [stdout]   |     ^^^^^ use of undeclared crate or module `cvars`
[INFO] [stdout] 
[INFO] [stdout] error: cannot determine resolution for the macro `cvars`
[INFO] [stdout]  --> src/lib.rs:54:1
[INFO] [stdout]   |
[INFO] [stdout] 5 | cvars! {
[INFO] [stdout]   | ^^^^^
[INFO] [stdout]   |
[INFO] [stdout]   = note: import resolution is stuck, try simplifying macro imports
[INFO] [stdout] 
[INFO] [stdout] error: aborting due to 2 previous errors
[INFO] [stdout] 
[INFO] [stdout] For more information about this error, try `rustc --explain E0432`.
[INFO] [stdout] Couldn't compile the test.
[INFO] [stdout] ---- src/lib.rs - derive (line 109) stdout ----
[INFO] [stdout] error[E0432]: unresolved import `cvars`
[INFO] [stdout]  --> src/lib.rs:110:5
[INFO] [stdout]   |
[INFO] [stdout] 3 | use cvars::SetGet;
[INFO] [stdout]   |     ^^^^^ use of undeclared crate or module `cvars`
[INFO] [stdout] 
[INFO] [stdout] error: cannot determine resolution for the derive macro `SetGet`
[INFO] [stdout]  --> src/lib.rs:112:10
[INFO] [stdout]   |
[INFO] [stdout] 5 | #[derive(SetGet)]
[INFO] [stdout]   |          ^^^^^^
[INFO] [stdout]   |
[INFO] [stdout]   = note: import resolution is stuck, try simplifying macro imports
[INFO] [stdout] 
[INFO] [stdout] error: aborting due to 2 previous errors
[INFO] [stdout] 
[INFO] [stdout] For more information about this error, try `rustc --explain E0432`.
[INFO] [stdout] Couldn't compile the test.
[INFO] [stdout] 
[INFO] [stdout] failures:
[INFO] [stdout]     src/lib.rs - cvars (line 51)
[INFO] [stdout]     src/lib.rs - derive (line 109)
[INFO] [stdout] 
[INFO] [stdout] test result: FAILED. 0 passed; 2 failed; 0 ignored; 0 measured; 0 filtered out; finished in 0.02s
[INFO] [stdout] 
[INFO] [stderr] error: doctest failed, to rerun pass `--doc`
[INFO] running `Command { std: "docker" "inspect" "86e21733b4e1a96e37aa9b1f862e6f357da2ea389c6fb5ed29e37ae3a8e99044", kill_on_drop: false }`
[INFO] running `Command { std: "docker" "rm" "-f" "86e21733b4e1a96e37aa9b1f862e6f357da2ea389c6fb5ed29e37ae3a8e99044", kill_on_drop: false }`
[INFO] [stdout] 86e21733b4e1a96e37aa9b1f862e6f357da2ea389c6fb5ed29e37ae3a8e99044
