[INFO] fetching crate curlz 0.1.0-alpha.12...
[INFO] testing curlz-0.1.0-alpha.12 against beta-2023-04-20 for beta-1.70-1
[INFO] extracting crate curlz 0.1.0-alpha.12 into /workspace/builds/worker-4-tc2/source
[INFO] validating manifest of crates.io crate curlz 0.1.0-alpha.12 on toolchain beta-2023-04-20
[INFO] running `Command { std: CARGO_HOME="/workspace/cargo-home" RUSTUP_HOME="/workspace/rustup-home" "/workspace/cargo-home/bin/cargo" "+beta-2023-04-20" "metadata" "--manifest-path" "Cargo.toml" "--no-deps", kill_on_drop: false }`
[INFO] started tweaking crates.io crate curlz 0.1.0-alpha.12
[INFO] finished tweaking crates.io crate curlz 0.1.0-alpha.12
[INFO] tweaked toml for crates.io crate curlz 0.1.0-alpha.12 written to /workspace/builds/worker-4-tc2/source/Cargo.toml
[INFO] crate crates.io crate curlz 0.1.0-alpha.12 already has a lockfile, it will not be regenerated
[INFO] running `Command { std: CARGO_HOME="/workspace/cargo-home" RUSTUP_HOME="/workspace/rustup-home" "/workspace/cargo-home/bin/cargo" "+beta-2023-04-20" "fetch" "--manifest-path" "Cargo.toml", kill_on_drop: false }`
[INFO] [stderr]     Updating crates.io index
[INFO] [stderr]  Downloading crates ...
[INFO] [stderr]   Downloaded block-buffer v0.10.4
[INFO] [stderr]   Downloaded futures-core v0.3.27
[INFO] [stderr]   Downloaded minijinja-stack-ref v0.30.7
[INFO] [stderr]   Downloaded rstest v0.17.0
[INFO] [stderr]   Downloaded predicates v3.0.1
[INFO] [stderr]   Downloaded unsafe-libyaml v0.2.7
[INFO] [stderr]   Downloaded rstest_macros v0.17.0
[INFO] [stderr]   Downloaded pest_derive v2.5.6
[INFO] [stderr]   Downloaded futures-executor v0.3.27
[INFO] [stderr]   Downloaded infer v0.2.3
[INFO] [stderr]   Downloaded async-trait v0.1.67
[INFO] [stderr]   Downloaded cxxbridge-flags v1.0.93
[INFO] [stderr]   Downloaded similar v2.2.1
[INFO] [stderr]   Downloaded retain_mut v0.1.9
[INFO] [stderr]   Downloaded simple_asn1 v0.6.2
[INFO] [stderr]   Downloaded link-cplusplus v1.0.8
[INFO] [stderr]   Downloaded assert_cmd v2.0.10
[INFO] [stderr]   Downloaded cxxbridge-macro v1.0.93
[INFO] [stderr]   Downloaded clap_derive v4.1.12
[INFO] [stderr]   Downloaded cxx v1.0.93
[INFO] [stderr]   Downloaded h2 v0.3.16
[INFO] [stderr]   Downloaded cxx-build v1.0.93
[INFO] [stderr]   Downloaded minijinja v0.30.7
[INFO] [stderr]   Downloaded hyper v0.14.25
[INFO] [stderr]   Downloaded chrono v0.4.24
[INFO] [stderr]   Downloaded clap v4.1.13
[INFO] [stderr]   Downloaded regex v1.7.2
[INFO] [stderr]   Downloaded syn v2.0.8
[INFO] [stderr]   Downloaded pest v2.5.6
[INFO] [stderr]   Downloaded futures-util v0.3.27
[INFO] [stderr]   Downloaded serde_yaml v0.9.19
[INFO] [stderr]   Downloaded scratch v1.0.5
[INFO] [stderr]   Downloaded pest_meta v2.5.6
[INFO] [stderr]   Downloaded iana-time-zone v0.1.54
[INFO] [stderr]   Downloaded clap-verbosity-flag v2.0.0
[INFO] [stderr]   Downloaded insta v1.29.0
[INFO] [stderr]   Downloaded dotenvy v0.15.7
[INFO] [stderr]   Downloaded filenamify v0.1.0
[INFO] [stderr]   Downloaded http-types v2.12.0
[INFO] [stderr]   Downloaded tokio v1.26.0
[INFO] [stderr]   Downloaded indoc v2.0.1
[INFO] [stderr]   Downloaded pem v1.1.1
[INFO] [stderr]   Downloaded pest_generator v2.5.6
[INFO] [stderr]   Downloaded anstyle v0.3.5
[INFO] [stderr]   Downloaded float-cmp v0.9.0
[INFO] [stderr]   Downloaded assert-json-diff v2.0.2
[INFO] [stderr]   Downloaded deadpool-runtime v0.1.2
[INFO] [stderr]   Downloaded deadpool v0.9.5
[INFO] [stderr]   Downloaded futures-macro v0.3.27
[INFO] [stderr]   Downloaded futures v0.3.27
[INFO] [stderr]   Downloaded futures-channel v0.3.27
[INFO] [stderr]   Downloaded futures-task v0.3.27
[INFO] [stderr]   Downloaded futures-sink v0.3.27
[INFO] [stderr]   Downloaded futures-io v0.3.27
[INFO] [stderr]   Downloaded jsonwebtoken v8.3.0
[INFO] [stderr]   Downloaded normalize-line-endings v0.3.0
[INFO] [stderr]   Downloaded wiremock v0.5.17
[INFO] running `Command { std: "docker" "create" "-v" "/var/lib/crater-agent-workspace/builds/worker-4-tc2/target:/opt/rustwide/target:rw,Z" "-v" "/var/lib/crater-agent-workspace/builds/worker-4-tc2/source:/opt/rustwide/workdir:ro,Z" "-v" "/var/lib/crater-agent-workspace/cargo-home:/opt/rustwide/cargo-home:ro,Z" "-v" "/var/lib/crater-agent-workspace/rustup-home:/opt/rustwide/rustup-home:ro,Z" "-e" "SOURCE_DIR=/opt/rustwide/workdir" "-e" "CARGO_TARGET_DIR=/opt/rustwide/target" "-e" "CARGO_HOME=/opt/rustwide/cargo-home" "-e" "RUSTUP_HOME=/opt/rustwide/rustup-home" "-w" "/opt/rustwide/workdir" "-m" "1610612736" "--user" "0:0" "--network" "none" "ghcr.io/rust-lang/crates-build-env/linux@sha256:5ff2268d62e97bff2cde7d5815dd6ed5b47097566f13b8d0ca110b04b60e07ed" "/opt/rustwide/cargo-home/bin/cargo" "+beta-2023-04-20" "metadata" "--no-deps" "--format-version=1", kill_on_drop: false }`
[INFO] [stdout] e9c974c4debf4b336055d1d61614448f414143162618506c7a209814db334c51
[INFO] running `Command { std: "docker" "start" "-a" "e9c974c4debf4b336055d1d61614448f414143162618506c7a209814db334c51", kill_on_drop: false }`
[INFO] running `Command { std: "docker" "inspect" "e9c974c4debf4b336055d1d61614448f414143162618506c7a209814db334c51", kill_on_drop: false }`
[INFO] running `Command { std: "docker" "rm" "-f" "e9c974c4debf4b336055d1d61614448f414143162618506c7a209814db334c51", kill_on_drop: false }`
[INFO] [stdout] e9c974c4debf4b336055d1d61614448f414143162618506c7a209814db334c51
[INFO] running `Command { std: "docker" "create" "-v" "/var/lib/crater-agent-workspace/builds/worker-4-tc2/target:/opt/rustwide/target:rw,Z" "-v" "/var/lib/crater-agent-workspace/builds/worker-4-tc2/source:/opt/rustwide/workdir:ro,Z" "-v" "/var/lib/crater-agent-workspace/cargo-home:/opt/rustwide/cargo-home:ro,Z" "-v" "/var/lib/crater-agent-workspace/rustup-home:/opt/rustwide/rustup-home:ro,Z" "-e" "SOURCE_DIR=/opt/rustwide/workdir" "-e" "CARGO_TARGET_DIR=/opt/rustwide/target" "-e" "CARGO_INCREMENTAL=0" "-e" "RUST_BACKTRACE=full" "-e" "RUSTFLAGS=--cap-lints=warn" "-e" "RUSTDOCFLAGS=--cap-lints=warn" "-e" "CARGO_HOME=/opt/rustwide/cargo-home" "-e" "RUSTUP_HOME=/opt/rustwide/rustup-home" "-w" "/opt/rustwide/workdir" "-m" "1610612736" "--user" "0:0" "--network" "none" "ghcr.io/rust-lang/crates-build-env/linux@sha256:5ff2268d62e97bff2cde7d5815dd6ed5b47097566f13b8d0ca110b04b60e07ed" "/opt/rustwide/cargo-home/bin/cargo" "+beta-2023-04-20" "build" "--frozen" "--message-format=json", kill_on_drop: false }`
[INFO] [stdout] d7e6a581567c0ca8d62d021f28e7fd764e4cf09dd3aa4d9a072d292292f4ecb2
[INFO] running `Command { std: "docker" "start" "-a" "d7e6a581567c0ca8d62d021f28e7fd764e4cf09dd3aa4d9a072d292292f4ecb2", kill_on_drop: false }`
[INFO] [stderr]    Compiling proc-macro2 v1.0.53
[INFO] [stderr]    Compiling rustix v0.36.11
[INFO] [stderr]    Compiling num-traits v0.2.15
[INFO] [stderr]    Compiling num-integer v0.1.45
[INFO] [stderr]    Compiling num-bigint v0.4.3
[INFO] [stderr]    Compiling time-core v0.1.0
[INFO] [stderr]    Compiling log v0.4.17
[INFO] [stderr]    Compiling ring v0.16.20
[INFO] [stderr]    Compiling time-macros v0.2.8
[INFO] [stderr]    Compiling serde_json v1.0.94
[INFO] [stderr]    Compiling heck v0.4.1
[INFO] [stderr]    Compiling regex v1.7.2
[INFO] [stderr]    Compiling spin v0.5.2
[INFO] [stderr]    Compiling base64 v0.13.1
[INFO] [stderr]    Compiling quote v1.0.26
[INFO] [stderr]    Compiling syn v2.0.8
[INFO] [stderr]    Compiling fastrand v1.9.0
[INFO] [stderr]    Compiling untrusted v0.7.1
[INFO] [stderr]    Compiling pem v1.1.1
[INFO] [stderr]    Compiling humantime v2.1.0
[INFO] [stderr]    Compiling base64 v0.21.0
[INFO] [stderr]    Compiling zeroize v1.5.7
[INFO] [stderr]    Compiling time v0.3.20
[INFO] [stderr]    Compiling iana-time-zone v0.1.54
[INFO] [stderr]    Compiling is-terminal v0.4.5
[INFO] [stderr]    Compiling tempfile v3.4.0
[INFO] [stderr]    Compiling unsafe-libyaml v0.2.7
[INFO] [stderr]    Compiling env_logger v0.10.0
[INFO] [stderr]    Compiling dialoguer v0.10.3
[INFO] [stderr]    Compiling chrono v0.4.24
[INFO] [stderr]    Compiling filenamify v0.1.0
[INFO] [stderr]    Compiling dotenvy v0.15.7
[INFO] [stderr]    Compiling serde_derive v1.0.158
[INFO] [stderr]    Compiling thiserror-impl v1.0.40
[INFO] [stderr]    Compiling clap_derive v4.1.12
[INFO] [stderr]    Compiling thiserror v1.0.40
[INFO] [stderr]    Compiling simple_asn1 v0.6.2
[INFO] [stderr]    Compiling clap v4.1.13
[INFO] [stderr]    Compiling serde v1.0.158
[INFO] [stderr]    Compiling clap-verbosity-flag v2.0.0
[INFO] [stderr]    Compiling minijinja v0.30.7
[INFO] [stderr]    Compiling serde_yaml v0.9.19
[INFO] [stderr]    Compiling jsonwebtoken v8.3.0
[INFO] [stderr]    Compiling minijinja-stack-ref v0.30.7
[INFO] [stderr]    Compiling curlz v0.1.0-alpha.12 (/opt/rustwide/workdir)
[INFO] [stderr]     Finished dev [unoptimized + debuginfo] target(s) in 59.29s
[INFO] running `Command { std: "docker" "inspect" "d7e6a581567c0ca8d62d021f28e7fd764e4cf09dd3aa4d9a072d292292f4ecb2", kill_on_drop: false }`
[INFO] running `Command { std: "docker" "rm" "-f" "d7e6a581567c0ca8d62d021f28e7fd764e4cf09dd3aa4d9a072d292292f4ecb2", kill_on_drop: false }`
[INFO] [stdout] d7e6a581567c0ca8d62d021f28e7fd764e4cf09dd3aa4d9a072d292292f4ecb2
[INFO] running `Command { std: "docker" "create" "-v" "/var/lib/crater-agent-workspace/builds/worker-4-tc2/target:/opt/rustwide/target:rw,Z" "-v" "/var/lib/crater-agent-workspace/builds/worker-4-tc2/source:/opt/rustwide/workdir:ro,Z" "-v" "/var/lib/crater-agent-workspace/cargo-home:/opt/rustwide/cargo-home:ro,Z" "-v" "/var/lib/crater-agent-workspace/rustup-home:/opt/rustwide/rustup-home:ro,Z" "-e" "SOURCE_DIR=/opt/rustwide/workdir" "-e" "CARGO_TARGET_DIR=/opt/rustwide/target" "-e" "CARGO_INCREMENTAL=0" "-e" "RUST_BACKTRACE=full" "-e" "RUSTFLAGS=--cap-lints=warn" "-e" "RUSTDOCFLAGS=--cap-lints=warn" "-e" "CARGO_HOME=/opt/rustwide/cargo-home" "-e" "RUSTUP_HOME=/opt/rustwide/rustup-home" "-w" "/opt/rustwide/workdir" "-m" "1610612736" "--user" "0:0" "--network" "none" "ghcr.io/rust-lang/crates-build-env/linux@sha256:5ff2268d62e97bff2cde7d5815dd6ed5b47097566f13b8d0ca110b04b60e07ed" "/opt/rustwide/cargo-home/bin/cargo" "+beta-2023-04-20" "test" "--frozen" "--no-run" "--message-format=json", kill_on_drop: false }`
[INFO] [stdout] bf865662933ea43e5c83ce587f2cd1bb0d23a6da26bfa60d0fdbd1e27b5b976d
[INFO] running `Command { std: "docker" "start" "-a" "bf865662933ea43e5c83ce587f2cd1bb0d23a6da26bfa60d0fdbd1e27b5b976d", kill_on_drop: false }`
[INFO] [stderr]    Compiling syn v1.0.109
[INFO] [stderr]    Compiling futures-core v0.3.27
[INFO] [stderr]    Compiling pin-project-lite v0.2.9
[INFO] [stderr]    Compiling slab v0.4.8
[INFO] [stderr]    Compiling futures-io v0.3.27
[INFO] [stderr]    Compiling futures-channel v0.3.27
[INFO] [stderr]    Compiling bytes v1.4.0
[INFO] [stderr]    Compiling futures-sink v0.3.27
[INFO] [stderr]    Compiling futures-task v0.3.27
[INFO] [stderr]    Compiling futures-util v0.3.27
[INFO] [stderr]    Compiling tokio v1.26.0
[INFO] [stderr]    Compiling semver v1.0.17
[INFO] [stderr]    Compiling getrandom v0.1.16
[INFO] [stderr]    Compiling pin-utils v0.1.0
[INFO] [stderr]    Compiling mio v0.8.6
[INFO] [stderr]    Compiling socket2 v0.4.9
[INFO] [stderr]    Compiling crossbeam-utils v0.8.15
[INFO] [stderr]    Compiling percent-encoding v2.2.0
[INFO] [stderr]    Compiling fnv v1.0.7
[INFO] [stderr]    Compiling tinyvec_macros v0.1.1
[INFO] [stderr]    Compiling tinyvec v1.6.0
[INFO] [stderr]    Compiling http v0.2.9
[INFO] [stderr]    Compiling tracing-core v0.1.30
[INFO] [stderr]    Compiling rand_core v0.5.1
[INFO] [stderr]    Compiling rustc_version v0.4.0
[INFO] [stderr]    Compiling form_urlencoded v1.1.0
[INFO] [stderr]    Compiling async-trait v0.1.67
[INFO] [stderr]    Compiling ppv-lite86 v0.2.17
[INFO] [stderr]    Compiling tracing v0.1.37
[INFO] [stderr]    Compiling unicode-normalization v0.1.22
[INFO] [stderr]    Compiling unicode-bidi v0.3.13
[INFO] [stderr]    Compiling httparse v1.8.0
[INFO] [stderr]    Compiling rstest_macros v0.17.0
[INFO] [stderr]    Compiling rand_chacha v0.2.2
[INFO] [stderr]    Compiling concurrent-queue v2.1.0
[INFO] [stderr]    Compiling parking v2.0.0
[INFO] [stderr]    Compiling try-lock v0.2.4
[INFO] [stderr]    Compiling doc-comment v0.3.3
[INFO] [stderr]    Compiling event-listener v2.5.3
[INFO] [stderr]    Compiling idna v0.3.0
[INFO] [stderr]    Compiling http-types v2.12.0
[INFO] [stderr]    Compiling predicates-core v1.0.6
[INFO] [stderr]    Compiling waker-fn v1.1.0
[INFO] [stderr]    Compiling async-channel v1.8.0
[INFO] [stderr]    Compiling futures-lite v1.12.0
[INFO] [stderr]    Compiling url v2.3.1
[INFO] [stderr]    Compiling want v0.3.0
[INFO] [stderr]    Compiling rand v0.7.3
[INFO] [stderr]    Compiling http-body v0.4.5
[INFO] [stderr]    Compiling serde_urlencoded v0.7.1
[INFO] [stderr]    Compiling serde_qs v0.8.5
[INFO] [stderr]    Compiling float-cmp v0.9.0
[INFO] [stderr]    Compiling num_cpus v1.15.0
[INFO] [stderr]    Compiling retain_mut v0.1.9
[INFO] [stderr]    Compiling normalize-line-endings v0.3.0
[INFO] [stderr]    Compiling termtree v0.4.1
[INFO] [stderr]    Compiling httpdate v1.0.2
[INFO] [stderr]    Compiling deadpool-runtime v0.1.2
[INFO] [stderr]    Compiling regex-automata v0.1.10
[INFO] [stderr]    Compiling linked-hash-map v0.5.6
[INFO] [stderr]    Compiling tower-service v0.3.2
[INFO] [stderr]    Compiling infer v0.2.3
[INFO] [stderr]    Compiling difflib v0.4.0
[INFO] [stderr]    Compiling futures-timer v3.0.2
[INFO] [stderr]    Compiling anstyle v0.3.5
[INFO] [stderr]    Compiling yaml-rust v0.4.5
[INFO] [stderr]    Compiling bstr v1.4.0
[INFO] [stderr]    Compiling predicates v3.0.1
[INFO] [stderr]    Compiling predicates-tree v1.0.9
[INFO] [stderr]    Compiling assert-json-diff v2.0.2
[INFO] [stderr]    Compiling wait-timeout v0.2.0
[INFO] [stderr]    Compiling similar v2.2.1
[INFO] [stderr]    Compiling assert_cmd v2.0.10
[INFO] [stderr]    Compiling indoc v2.0.1
[INFO] [stderr]    Compiling insta v1.29.0
[INFO] [stderr]    Compiling futures-macro v0.3.27
[INFO] [stderr]    Compiling tokio-macros v1.8.2
[INFO] [stderr]    Compiling futures-executor v0.3.27
[INFO] [stderr]    Compiling futures v0.3.27
[INFO] [stderr]    Compiling rstest v0.17.0
[INFO] [stderr]    Compiling tokio-util v0.7.7
[INFO] [stderr]    Compiling deadpool v0.9.5
[INFO] [stderr]    Compiling h2 v0.3.16
[INFO] [stderr]    Compiling hyper v0.14.25
[INFO] [stderr]    Compiling wiremock v0.5.17
[INFO] [stderr]    Compiling curlz v0.1.0-alpha.12 (/opt/rustwide/workdir)
[INFO] [stderr]     Finished test [unoptimized + debuginfo] target(s) in 1m 20s
[INFO] running `Command { std: "docker" "inspect" "bf865662933ea43e5c83ce587f2cd1bb0d23a6da26bfa60d0fdbd1e27b5b976d", kill_on_drop: false }`
[INFO] running `Command { std: "docker" "rm" "-f" "bf865662933ea43e5c83ce587f2cd1bb0d23a6da26bfa60d0fdbd1e27b5b976d", kill_on_drop: false }`
[INFO] [stdout] bf865662933ea43e5c83ce587f2cd1bb0d23a6da26bfa60d0fdbd1e27b5b976d
[INFO] running `Command { std: "docker" "create" "-v" "/var/lib/crater-agent-workspace/builds/worker-4-tc2/target:/opt/rustwide/target:rw,Z" "-v" "/var/lib/crater-agent-workspace/builds/worker-4-tc2/source:/opt/rustwide/workdir:ro,Z" "-v" "/var/lib/crater-agent-workspace/cargo-home:/opt/rustwide/cargo-home:ro,Z" "-v" "/var/lib/crater-agent-workspace/rustup-home:/opt/rustwide/rustup-home:ro,Z" "-e" "SOURCE_DIR=/opt/rustwide/workdir" "-e" "CARGO_TARGET_DIR=/opt/rustwide/target" "-e" "CARGO_INCREMENTAL=0" "-e" "RUST_BACKTRACE=full" "-e" "RUSTFLAGS=--cap-lints=warn" "-e" "RUSTDOCFLAGS=--cap-lints=warn" "-e" "CARGO_HOME=/opt/rustwide/cargo-home" "-e" "RUSTUP_HOME=/opt/rustwide/rustup-home" "-w" "/opt/rustwide/workdir" "-m" "1610612736" "--user" "0:0" "--network" "none" "ghcr.io/rust-lang/crates-build-env/linux@sha256:5ff2268d62e97bff2cde7d5815dd6ed5b47097566f13b8d0ca110b04b60e07ed" "/opt/rustwide/cargo-home/bin/cargo" "+beta-2023-04-20" "test" "--frozen", kill_on_drop: false }`
[INFO] [stdout] f4b2a235544fbca04a6829d86fa03c2e5f303f29f9777580d138aa16d51fc545
[INFO] running `Command { std: "docker" "start" "-a" "f4b2a235544fbca04a6829d86fa03c2e5f303f29f9777580d138aa16d51fc545", kill_on_drop: false }`
[INFO] [stderr]     Finished test [unoptimized + debuginfo] target(s) in 0.33s
[INFO] [stderr]      Running unittests src/curlz/lib.rs (/opt/rustwide/target/debug/deps/curlz-f62b7c173df77e49)
[INFO] [stdout] 
[INFO] [stdout] running 47 tests
[INFO] [stdout] test cli::sub_commands::request::tests::should_split_defines_by_equal ... ok
[INFO] [stdout] test cli::sub_commands::request::tests::should_extract_headers ... ok
[INFO] [stdout] test cli::header_args::tests::should_parse_the_header_arg_flag_away ... ok
[INFO] [stdout] test domain::environment::dot_env::tests::should_try_from_dot_env_file ... ok
[INFO] [stdout] test cli::sub_commands::request::tests::should_parse_user_to_header_without_password ... ok
[INFO] [stdout] test cli::sub_commands::request::tests::should_extract_method ... ok
[INFO] [stdout] test domain::environment::env::tests::should_gracefully_ignore_not_existing_files ... ok
[INFO] [stdout] test cli::sub_commands::request::tests::should_parse_user_to_header ... ok
[INFO] [stdout] test cli::sub_commands::request::tests::should_extract_a_url_as_last_argument ... ok
[INFO] [stdout] test domain::environment::env::tests::should_load_a_dot_env_file ... ok
[INFO] [stdout] test domain::environment::env::tests::should_load_a_yaml_env_file ... ok
[INFO] [stdout] test domain::http::http_headers::tests::should_parse_the_header_arg_flag_away ... ok
[INFO] [stdout] test domain::http::http_method::tests::should_parse_str_to_http_method_gracefully ... ok
[INFO] [stdout] test domain::http::http_method::tests::should_convert_to_uppercase_string ... ok
[INFO] [stdout] test domain::environment::yaml_env::tests::should_try_from_yaml_env_file ... ok
[INFO] [stdout] test domain::http::http_version::tests::should_convert_to_uppercase_string ... ok
[INFO] [stdout] test domain::http::http_version::tests::should_parse_str_to_http_method_gracefully ... ok
[INFO] [stdout] test domain::request::issue_request::tests::how_to_issue_a_request ... ok
[INFO] [stdout] test template::functions::auth::basic::tests::should_encode_base64 ... ok
[INFO] [stdout] test template::functions::auth::jwt::tests::should_set_expiry_when_missing::case_1 ... ok
[INFO] [stdout] test template::functions::auth::jwt::tests::should_set_expiry_when_missing::case_2 ... ok
[INFO] [stdout] test template::functions::auth::jwt::tests::should_set_expiry_when_missing::case_4 ... ok
[INFO] [stdout] test template::functions::auth::jwt::tests::test_prepare_claim_exp::test_default_value ... ok
[INFO] [stdout] test template::functions::auth::jwt::tests::should_set_expiry_when_missing::case_3 ... ok
[INFO] [stdout] test template::functions::auth::jwt::tests::test_prepare_claim_exp::test_default_value_on_invalid ... ok
[INFO] [stdout] test template::functions::auth::jwt::tests::test_prepare_claim_exp::test_numerical_value ... ok
[INFO] [stdout] test template::functions::auth::jwt::tests::test_prepare_claim_exp::test_numerical_value_of_other_type ... ok
[INFO] [stdout] test template::functions::auth::jwt::tests::test_prepare_claim_exp::test_string_parsing ... ok
[INFO] [stdout] test cli::sub_commands::request::tests::should_bail_on_garbage_in - should panic ... ok
[INFO] [stdout] test domain::environment::env::tests::should_not_load_a_env_directory - should panic ... ok
[INFO] [stdout] test domain::http::http_version::tests::should_throw_unsupported_methods - should panic ... ok
[INFO] [stdout] test domain::http::http_method::tests::should_throw_unsupported_methods - should panic ... ok
[INFO] [stdout] test domain::environment::env::tests::should_not_load_a_json_env_file - should panic ... ok
[INFO] [stdout] test template::functions::auth::jwt::tests::unhappy_path::should_throw_when_signing_key_is_of_invalid_type - should panic ... ok
[INFO] [stdout] test template::functions::process_env::tests::should_provide_process_env_var_via_env_object ... FAILED
[INFO] [stdout] test template::functions::process_env::tests::should_resolve_lazy_via_env_virtuell_object ... FAILED
[INFO] [stdout] test template::functions::process_env::tests::should_throw_when_var_name_is_missing ... FAILED
[INFO] [stdout] test template::functions::auth::jwt::tests::unhappy_path::should_throw_when_invalid_expire_date_are_provided - should panic ... ok
[INFO] [stdout] test template::functions::auth::jwt::tests::unhappy_path::should_throw_when_signing_key_is_missing - should panic ... ok
[INFO] [stdout] test utils::tests::should_split_defines_by_equal_happy_path ... ok
[INFO] [stdout] test utils::tests::should_split_defines_by_equal_unhappy_path ... ok
[INFO] [stdout] test test_utils::tests::test_create_file ... ok
[INFO] [stdout] test test_utils::tests::test_create_file_with_dir ... ok
[INFO] [stderr] error: test failed, to rerun pass `--lib`
[INFO] [stdout] test domain::bookmark::collection_impl::bookmark_folder_collection::tests::should_handle_save_bookmark_command ... ok
[INFO] [stdout] test template::functions::auth::jwt::tests::unhappy_path::should_throw_when_invalid_claims_are_provided - should panic ... ok
[INFO] [stdout] test utils::tests::should_not_split_defines_if_no_equal_is_contained ... ok
[INFO] [stdout] test test_utils::tests::test_create_file_cleanup ... ok
[INFO] [stdout] 
[INFO] [stdout] failures:
[INFO] [stdout] 
[INFO] [stdout] ---- template::functions::process_env::tests::should_provide_process_env_var_via_env_object stdout ----
[INFO] [stdout] CARGO: /opt/rustwide/rustup-home/toolchains/beta-2023-04-20-x86_64-unknown-linux-gnu/bin/cargo
[INFO] [stdout] CARGO_HOME: /opt/rustwide/cargo-home
[INFO] [stdout] CARGO_INCREMENTAL: 0
[INFO] [stdout] CARGO_MANIFEST_DIR: /opt/rustwide/workdir
[INFO] [stdout] CARGO_PKG_AUTHORS: Sven Kanoldt <sven@d34dl0ck.me>
[INFO] [stdout] CARGO_PKG_DESCRIPTION: curl wrapper with placeholder, bookmark and environment powers just like postman
[INFO] [stdout] CARGO_PKG_HOMEPAGE: 
[INFO] [stdout] CARGO_PKG_LICENSE: GPL-3.0-only
[INFO] [stdout] CARGO_PKG_LICENSE_FILE: 
[INFO] [stdout] CARGO_PKG_NAME: curlz
[INFO] [stdout] CARGO_PKG_README: README.md
[INFO] [stdout] CARGO_PKG_REPOSITORY: 
[INFO] [stdout] CARGO_PKG_RUST_VERSION: 
[INFO] [stdout] CARGO_PKG_VERSION: 0.1.0-alpha.12
[INFO] [stdout] CARGO_PKG_VERSION_MAJOR: 0
[INFO] [stdout] CARGO_PKG_VERSION_MINOR: 1
[INFO] [stdout] CARGO_PKG_VERSION_PATCH: 0
[INFO] [stdout] CARGO_PKG_VERSION_PRE: alpha.12
[INFO] [stdout] CARGO_TARGET_DIR: /opt/rustwide/target
[INFO] [stdout] HOME: /root
[INFO] [stdout] HOSTNAME: f4b2a235544f
[INFO] [stdout] LD_LIBRARY_PATH: /opt/rustwide/target/debug/build/ring-a398fa8060a94380/out:/opt/rustwide/target/debug/deps:/opt/rustwide/target/debug:/opt/rustwide/rustup-home/toolchains/beta-2023-04-20-x86_64-unknown-linux-gnu/lib/rustlib/x86_64-unknown-linux-gnu/lib:/opt/rustwide/rustup-home/toolchains/beta-2023-04-20-x86_64-unknown-linux-gnu/lib
[INFO] [stdout] PATH: /opt/rustwide/cargo-home/bin:/usr/local/sbin:/usr/local/bin:/usr/sbin:/usr/bin:/sbin:/bin
[INFO] [stdout] RUSTDOCFLAGS: --cap-lints=warn
[INFO] [stdout] RUSTFLAGS: --cap-lints=warn
[INFO] [stdout] RUSTUP_HOME: /opt/rustwide/rustup-home
[INFO] [stdout] RUSTUP_TOOLCHAIN: beta-2023-04-20-x86_64-unknown-linux-gnu
[INFO] [stdout] RUST_BACKTRACE: full
[INFO] [stdout] RUST_RECURSION_COUNT: 1
[INFO] [stdout] SOURCE_DIR: /opt/rustwide/workdir
[INFO] [stdout] SSL_CERT_DIR: /usr/lib/ssl/certs
[INFO] [stdout] SSL_CERT_FILE: /usr/lib/ssl/certs/ca-certificates.crt
[INFO] [stdout] thread 'template::functions::process_env::tests::should_provide_process_env_var_via_env_object' panicked at 'assertion failed: hm.contains_key(\"USER\")', src/curlz/template/functions/process_env.rs:83:9
[INFO] [stdout] stack backtrace:
[INFO] [stdout]    0:     0x556bc423bbaa - std::backtrace_rs::backtrace::libunwind::trace::h2f05d0192276a8f6
[INFO] [stdout]                                at /rustc/1b7dd2252b99671ce5d1cb9664c5f8636329436d/library/std/src/../../backtrace/src/backtrace/libunwind.rs:93:5
[INFO] [stdout]    1:     0x556bc423bbaa - std::backtrace_rs::backtrace::trace_unsynchronized::hedc23dff7a1af150
[INFO] [stdout]                                at /rustc/1b7dd2252b99671ce5d1cb9664c5f8636329436d/library/std/src/../../backtrace/src/backtrace/mod.rs:66:5
[INFO] [stdout]    2:     0x556bc423bbaa - std::sys_common::backtrace::_print_fmt::h17541ef7592f3ce2
[INFO] [stdout]                                at /rustc/1b7dd2252b99671ce5d1cb9664c5f8636329436d/library/std/src/sys_common/backtrace.rs:65:5
[INFO] [stdout]    3:     0x556bc423bbaa - <std::sys_common::backtrace::_print::DisplayBacktrace as core::fmt::Display>::fmt::h20f75df5ab0c0792
[INFO] [stdout]                                at /rustc/1b7dd2252b99671ce5d1cb9664c5f8636329436d/library/std/src/sys_common/backtrace.rs:44:22
[INFO] [stdout]    4:     0x556bc426449f - core::fmt::write::h78109e6f466b3af6
[INFO] [stdout]                                at /rustc/1b7dd2252b99671ce5d1cb9664c5f8636329436d/library/core/src/fmt/mod.rs:1254:17
[INFO] [stdout]    5:     0x556bc4237be5 - std::io::Write::write_fmt::hd24bfb68a1b35a25
[INFO] [stdout]                                at /rustc/1b7dd2252b99671ce5d1cb9664c5f8636329436d/library/std/src/io/mod.rs:1698:15
[INFO] [stdout]    6:     0x556bc423b975 - std::sys_common::backtrace::_print::h8dac57a9f8fbf9a5
[INFO] [stdout]                                at /rustc/1b7dd2252b99671ce5d1cb9664c5f8636329436d/library/std/src/sys_common/backtrace.rs:47:5
[INFO] [stdout]    7:     0x556bc423b975 - std::sys_common::backtrace::print::hf9ecbf41d1aa712f
[INFO] [stdout]                                at /rustc/1b7dd2252b99671ce5d1cb9664c5f8636329436d/library/std/src/sys_common/backtrace.rs:34:9
[INFO] [stdout]    8:     0x556bc423d62e - std::panicking::default_hook::{{closure}}::h04c07acfc84ca028
[INFO] [stdout]                                at /rustc/1b7dd2252b99671ce5d1cb9664c5f8636329436d/library/std/src/panicking.rs:269:22
[INFO] [stdout]    9:     0x556bc423d361 - std::panicking::default_hook::h01f6bb23e1eceb2c
[INFO] [stdout]                                at /rustc/1b7dd2252b99671ce5d1cb9664c5f8636329436d/library/std/src/panicking.rs:285:9
[INFO] [stdout]   10:     0x556bc3dc3f6b - <alloc::boxed::Box<F,A> as core::ops::function::Fn<Args>>::call::h87fe9f7b2fd49e4c
[INFO] [stdout]                                at /rustc/1b7dd2252b99671ce5d1cb9664c5f8636329436d/library/alloc/src/boxed.rs:1987:9
[INFO] [stdout]   11:     0x556bc3dc3f6b - test::test_main::{{closure}}::he94d679243a7531b
[INFO] [stdout]                                at /rustc/1b7dd2252b99671ce5d1cb9664c5f8636329436d/library/test/src/lib.rs:134:21
[INFO] [stdout]   12:     0x556bc423dd14 - <alloc::boxed::Box<F,A> as core::ops::function::Fn<Args>>::call::h3f2d6d8b14c4769f
[INFO] [stdout]                                at /rustc/1b7dd2252b99671ce5d1cb9664c5f8636329436d/library/alloc/src/boxed.rs:1987:9
[INFO] [stdout]   13:     0x556bc423dd14 - std::panicking::rust_panic_with_hook::h2bb3722bbaf2f6df
[INFO] [stdout]                                at /rustc/1b7dd2252b99671ce5d1cb9664c5f8636329436d/library/std/src/panicking.rs:695:13
[INFO] [stdout]   14:     0x556bc423da42 - std::panicking::begin_panic_handler::{{closure}}::h91bc7f36a4be011b
[INFO] [stdout]                                at /rustc/1b7dd2252b99671ce5d1cb9664c5f8636329436d/library/std/src/panicking.rs:580:13
[INFO] [stdout]   15:     0x556bc423c016 - std::sys_common::backtrace::__rust_end_short_backtrace::h8b3d3717114f9e59
[INFO] [stdout]                                at /rustc/1b7dd2252b99671ce5d1cb9664c5f8636329436d/library/std/src/sys_common/backtrace.rs:150:18
[INFO] [stdout]   16:     0x556bc423d7e2 - rust_begin_unwind
[INFO] [stdout]                                at /rustc/1b7dd2252b99671ce5d1cb9664c5f8636329436d/library/std/src/panicking.rs:578:5
[INFO] [stdout]   17:     0x556bc3b5b6d3 - core::panicking::panic_fmt::hfd368e3fbdabea26
[INFO] [stdout]                                at /rustc/1b7dd2252b99671ce5d1cb9664c5f8636329436d/library/core/src/panicking.rs:67:14
[INFO] [stdout]   18:     0x556bc3b5b76d - core::panicking::panic::h3f9042d09bd0bf2e
[INFO] [stdout]                                at /rustc/1b7dd2252b99671ce5d1cb9664c5f8636329436d/library/core/src/panicking.rs:117:5
[INFO] [stdout]   19:     0x556bc3b8502d - curlz::template::functions::process_env::tests::should_provide_process_env_var_via_env_object::h66a268b101d1bdbc
[INFO] [stdout]                                at /opt/rustwide/workdir/src/curlz/template/functions/process_env.rs:83:9
[INFO] [stdout]   20:     0x556bc3b84c77 - curlz::template::functions::process_env::tests::should_provide_process_env_var_via_env_object::{{closure}}::h347463b41af9421c
[INFO] [stdout]                                at /opt/rustwide/workdir/src/curlz/template/functions/process_env.rs:75:56
[INFO] [stdout]   21:     0x556bc3bb58b5 - core::ops::function::FnOnce::call_once::h24bfdcfed70ddf61
[INFO] [stdout]                                at /rustc/1b7dd2252b99671ce5d1cb9664c5f8636329436d/library/core/src/ops/function.rs:250:5
[INFO] [stdout]   22:     0x556bc3dc8e3f - core::ops::function::FnOnce::call_once::ha6a70e79f7481a7e
[INFO] [stdout]                                at /rustc/1b7dd2252b99671ce5d1cb9664c5f8636329436d/library/core/src/ops/function.rs:250:5
[INFO] [stdout]   23:     0x556bc3dc8e3f - test::__rust_begin_short_backtrace::hce33033019b61e69
[INFO] [stdout]                                at /rustc/1b7dd2252b99671ce5d1cb9664c5f8636329436d/library/test/src/lib.rs:655:18
[INFO] [stdout]   24:     0x556bc3d9662c - test::run_test::{{closure}}::h858d3528838ae3e5
[INFO] [stdout]                                at /rustc/1b7dd2252b99671ce5d1cb9664c5f8636329436d/library/test/src/lib.rs:646:30
[INFO] [stdout]   25:     0x556bc3d9662c - core::ops::function::FnOnce::call_once{{vtable.shim}}::he8ac2b00f01ae79e
[INFO] [stdout]                                at /rustc/1b7dd2252b99671ce5d1cb9664c5f8636329436d/library/core/src/ops/function.rs:250:5
[INFO] [stdout]   26:     0x556bc3dc7f16 - <alloc::boxed::Box<F,A> as core::ops::function::FnOnce<Args>>::call_once::h8093d25b522725ef
[INFO] [stdout]                                at /rustc/1b7dd2252b99671ce5d1cb9664c5f8636329436d/library/alloc/src/boxed.rs:1973:9
[INFO] [stdout]   27:     0x556bc3dc7f16 - <core::panic::unwind_safe::AssertUnwindSafe<F> as core::ops::function::FnOnce<()>>::call_once::h5c334c204e4a3913
[INFO] [stdout]                                at /rustc/1b7dd2252b99671ce5d1cb9664c5f8636329436d/library/core/src/panic/unwind_safe.rs:271:9
[INFO] [stdout]   28:     0x556bc3dc7f16 - std::panicking::try::do_call::ha8b740c7b9478074
[INFO] [stdout]                                at /rustc/1b7dd2252b99671ce5d1cb9664c5f8636329436d/library/std/src/panicking.rs:485:40
[INFO] [stdout]   29:     0x556bc3dc7f16 - std::panicking::try::h5d34f63d0e41b64e
[INFO] [stdout]                                at /rustc/1b7dd2252b99671ce5d1cb9664c5f8636329436d/library/std/src/panicking.rs:449:19
[INFO] [stdout]   30:     0x556bc3dc7f16 - std::panic::catch_unwind::hcfbb511e1aa7fc67
[INFO] [stdout]                                at /rustc/1b7dd2252b99671ce5d1cb9664c5f8636329436d/library/std/src/panic.rs:140:14
[INFO] [stdout]   31:     0x556bc3dc7f16 - test::run_test_in_process::h9abda90f802eaf21
[INFO] [stdout]                                at /rustc/1b7dd2252b99671ce5d1cb9664c5f8636329436d/library/test/src/lib.rs:678:27
[INFO] [stdout]   32:     0x556bc3dc7f16 - test::run_test::run_test_inner::{{closure}}::h0f058de91f6c6edf
[INFO] [stdout]                                at /rustc/1b7dd2252b99671ce5d1cb9664c5f8636329436d/library/test/src/lib.rs:572:39
[INFO] [stdout]   33:     0x556bc3d90e35 - test::run_test::run_test_inner::{{closure}}::h5ca48a4c59c6c1fb
[INFO] [stdout]                                at /rustc/1b7dd2252b99671ce5d1cb9664c5f8636329436d/library/test/src/lib.rs:599:37
[INFO] [stdout]   34:     0x556bc3d90e35 - std::sys_common::backtrace::__rust_begin_short_backtrace::h32bd51e1495d4a33
[INFO] [stdout]                                at /rustc/1b7dd2252b99671ce5d1cb9664c5f8636329436d/library/std/src/sys_common/backtrace.rs:134:18
[INFO] [stdout]   35:     0x556bc3d96371 - std::thread::Builder::spawn_unchecked_::{{closure}}::{{closure}}::hc086fae9b128b2db
[INFO] [stdout]                                at /rustc/1b7dd2252b99671ce5d1cb9664c5f8636329436d/library/std/src/thread/mod.rs:526:17
[INFO] [stdout]   36:     0x556bc3d96371 - <core::panic::unwind_safe::AssertUnwindSafe<F> as core::ops::function::FnOnce<()>>::call_once::hb66571888d270d43
[INFO] [stdout]                                at /rustc/1b7dd2252b99671ce5d1cb9664c5f8636329436d/library/core/src/panic/unwind_safe.rs:271:9
[INFO] [stdout]   37:     0x556bc3d96371 - std::panicking::try::do_call::h4fa2ef4f6e51fecf
[INFO] [stdout]                                at /rustc/1b7dd2252b99671ce5d1cb9664c5f8636329436d/library/std/src/panicking.rs:485:40
[INFO] [stdout]   38:     0x556bc3d96371 - std::panicking::try::h1e9e22b8584489b5
[INFO] [stdout]                                at /rustc/1b7dd2252b99671ce5d1cb9664c5f8636329436d/library/std/src/panicking.rs:449:19
[INFO] [stdout]   39:     0x556bc3d96371 - std::panic::catch_unwind::h44698a3de0e0769e
[INFO] [stdout]                                at /rustc/1b7dd2252b99671ce5d1cb9664c5f8636329436d/library/std/src/panic.rs:140:14
[INFO] [stdout]   40:     0x556bc3d96371 - std::thread::Builder::spawn_unchecked_::{{closure}}::h50153abde3fe239e
[INFO] [stdout]                                at /rustc/1b7dd2252b99671ce5d1cb9664c5f8636329436d/library/std/src/thread/mod.rs:525:30
[INFO] [stdout]   41:     0x556bc3d96371 - core::ops::function::FnOnce::call_once{{vtable.shim}}::hbe5bbf6f38394364
[INFO] [stdout]                                at /rustc/1b7dd2252b99671ce5d1cb9664c5f8636329436d/library/core/src/ops/function.rs:250:5
[INFO] [stdout]   42:     0x556bc4242dd5 - <alloc::boxed::Box<F,A> as core::ops::function::FnOnce<Args>>::call_once::h0d83cb2920a49046
[INFO] [stdout]                                at /rustc/1b7dd2252b99671ce5d1cb9664c5f8636329436d/library/alloc/src/boxed.rs:1973:9
[INFO] [stdout]   43:     0x556bc4242dd5 - <alloc::boxed::Box<F,A> as core::ops::function::FnOnce<Args>>::call_once::hbe0a008aa7d9ef59
[INFO] [stdout]                                at /rustc/1b7dd2252b99671ce5d1cb9664c5f8636329436d/library/alloc/src/boxed.rs:1973:9
[INFO] [stdout]   44:     0x556bc4242dd5 - std::sys::unix::thread::Thread::new::thread_start::h3a466996bdf6b1f9
[INFO] [stdout]                                at /rustc/1b7dd2252b99671ce5d1cb9664c5f8636329436d/library/std/src/sys/unix/thread.rs:108:17
[INFO] [stdout]   45:     0x7f139c0e8b43 - <unknown>
[INFO] [stdout]   46:     0x7f139c179bb4 - __clone
[INFO] [stdout]   47:                0x0 - <unknown>
[INFO] [stdout] 
[INFO] [stdout] ---- template::functions::process_env::tests::should_resolve_lazy_via_env_virtuell_object stdout ----
[INFO] [stdout] thread 'template::functions::process_env::tests::should_resolve_lazy_via_env_virtuell_object' panicked at 'called `Result::unwrap()` on an `Err` value: NotPresent', src/curlz/template/functions/process_env.rs:65:35
[INFO] [stdout] stack backtrace:
[INFO] [stdout]    0:     0x556bc423bbaa - std::backtrace_rs::backtrace::libunwind::trace::h2f05d0192276a8f6
[INFO] [stdout]                                at /rustc/1b7dd2252b99671ce5d1cb9664c5f8636329436d/library/std/src/../../backtrace/src/backtrace/libunwind.rs:93:5
[INFO] [stdout]    1:     0x556bc423bbaa - std::backtrace_rs::backtrace::trace_unsynchronized::hedc23dff7a1af150
[INFO] [stdout]                                at /rustc/1b7dd2252b99671ce5d1cb9664c5f8636329436d/library/std/src/../../backtrace/src/backtrace/mod.rs:66:5
[INFO] [stdout]    2:     0x556bc423bbaa - std::sys_common::backtrace::_print_fmt::h17541ef7592f3ce2
[INFO] [stdout]                                at /rustc/1b7dd2252b99671ce5d1cb9664c5f8636329436d/library/std/src/sys_common/backtrace.rs:65:5
[INFO] [stdout]    3:     0x556bc423bbaa - <std::sys_common::backtrace::_print::DisplayBacktrace as core::fmt::Display>::fmt::h20f75df5ab0c0792
[INFO] [stdout]                                at /rustc/1b7dd2252b99671ce5d1cb9664c5f8636329436d/library/std/src/sys_common/backtrace.rs:44:22
[INFO] [stdout]    4:     0x556bc426449f - core::fmt::write::h78109e6f466b3af6
[INFO] [stdout]                                at /rustc/1b7dd2252b99671ce5d1cb9664c5f8636329436d/library/core/src/fmt/mod.rs:1254:17
[INFO] [stdout]    5:     0x556bc4237be5 - std::io::Write::write_fmt::hd24bfb68a1b35a25
[INFO] [stdout]                                at /rustc/1b7dd2252b99671ce5d1cb9664c5f8636329436d/library/std/src/io/mod.rs:1698:15
[INFO] [stdout]    6:     0x556bc423b975 - std::sys_common::backtrace::_print::h8dac57a9f8fbf9a5
[INFO] [stdout]                                at /rustc/1b7dd2252b99671ce5d1cb9664c5f8636329436d/library/std/src/sys_common/backtrace.rs:47:5
[INFO] [stdout]    7:     0x556bc423b975 - std::sys_common::backtrace::print::hf9ecbf41d1aa712f
[INFO] [stdout]                                at /rustc/1b7dd2252b99671ce5d1cb9664c5f8636329436d/library/std/src/sys_common/backtrace.rs:34:9
[INFO] [stdout]    8:     0x556bc423d62e - std::panicking::default_hook::{{closure}}::h04c07acfc84ca028
[INFO] [stdout]                                at /rustc/1b7dd2252b99671ce5d1cb9664c5f8636329436d/library/std/src/panicking.rs:269:22
[INFO] [stdout]    9:     0x556bc423d361 - std::panicking::default_hook::h01f6bb23e1eceb2c
[INFO] [stdout]                                at /rustc/1b7dd2252b99671ce5d1cb9664c5f8636329436d/library/std/src/panicking.rs:285:9
[INFO] [stdout]   10:     0x556bc3dc3f6b - <alloc::boxed::Box<F,A> as core::ops::function::Fn<Args>>::call::h87fe9f7b2fd49e4c
[INFO] [stdout]                                at /rustc/1b7dd2252b99671ce5d1cb9664c5f8636329436d/library/alloc/src/boxed.rs:1987:9
[INFO] [stdout]   11:     0x556bc3dc3f6b - test::test_main::{{closure}}::he94d679243a7531b
[INFO] [stdout]                                at /rustc/1b7dd2252b99671ce5d1cb9664c5f8636329436d/library/test/src/lib.rs:134:21
[INFO] [stdout]   12:     0x556bc423dd14 - <alloc::boxed::Box<F,A> as core::ops::function::Fn<Args>>::call::h3f2d6d8b14c4769f
[INFO] [stdout]                                at /rustc/1b7dd2252b99671ce5d1cb9664c5f8636329436d/library/alloc/src/boxed.rs:1987:9
[INFO] [stdout]   13:     0x556bc423dd14 - std::panicking::rust_panic_with_hook::h2bb3722bbaf2f6df
[INFO] [stdout]                                at /rustc/1b7dd2252b99671ce5d1cb9664c5f8636329436d/library/std/src/panicking.rs:695:13
[INFO] [stdout]   14:     0x556bc423da89 - std::panicking::begin_panic_handler::{{closure}}::h91bc7f36a4be011b
[INFO] [stdout]                                at /rustc/1b7dd2252b99671ce5d1cb9664c5f8636329436d/library/std/src/panicking.rs:582:13
[INFO] [stdout]   15:     0x556bc423c016 - std::sys_common::backtrace::__rust_end_short_backtrace::h8b3d3717114f9e59
[INFO] [stdout]                                at /rustc/1b7dd2252b99671ce5d1cb9664c5f8636329436d/library/std/src/sys_common/backtrace.rs:150:18
[INFO] [stdout]   16:     0x556bc423d7e2 - rust_begin_unwind
[INFO] [stdout]                                at /rustc/1b7dd2252b99671ce5d1cb9664c5f8636329436d/library/std/src/panicking.rs:578:5
[INFO] [stdout]   17:     0x556bc3b5b6d3 - core::panicking::panic_fmt::hfd368e3fbdabea26
[INFO] [stdout]                                at /rustc/1b7dd2252b99671ce5d1cb9664c5f8636329436d/library/core/src/panicking.rs:67:14
[INFO] [stdout]   18:     0x556bc3b5bc73 - core::result::unwrap_failed::he54eb4b2f125b26f
[INFO] [stdout]                                at /rustc/1b7dd2252b99671ce5d1cb9664c5f8636329436d/library/core/src/result.rs:1687:5
[INFO] [stdout]   19:     0x556bc3bad374 - core::result::Result<T,E>::unwrap::hcab602c01d07196a
[INFO] [stdout]                                at /rustc/1b7dd2252b99671ce5d1cb9664c5f8636329436d/library/core/src/result.rs:1089:23
[INFO] [stdout]   20:     0x556bc3b84b5c - curlz::template::functions::process_env::tests::should_resolve_lazy_via_env_virtuell_object::haf7f95390421bcef
[INFO] [stdout]                                at /opt/rustwide/workdir/src/curlz/template/functions/process_env.rs:65:13
[INFO] [stdout]   21:     0x556bc3b849f7 - curlz::template::functions::process_env::tests::should_resolve_lazy_via_env_virtuell_object::{{closure}}::he0c2182d88540a99
[INFO] [stdout]                                at /opt/rustwide/workdir/src/curlz/template/functions/process_env.rs:60:54
[INFO] [stdout]   22:     0x556bc3bb6865 - core::ops::function::FnOnce::call_once::hb2e0d69262a73fc7
[INFO] [stdout]                                at /rustc/1b7dd2252b99671ce5d1cb9664c5f8636329436d/library/core/src/ops/function.rs:250:5
[INFO] [stdout]   23:     0x556bc3dc8e3f - core::ops::function::FnOnce::call_once::ha6a70e79f7481a7e
[INFO] [stdout]                                at /rustc/1b7dd2252b99671ce5d1cb9664c5f8636329436d/library/core/src/ops/function.rs:250:5
[INFO] [stdout]   24:     0x556bc3dc8e3f - test::__rust_begin_short_backtrace::hce33033019b61e69
[INFO] [stdout]                                at /rustc/1b7dd2252b99671ce5d1cb9664c5f8636329436d/library/test/src/lib.rs:655:18
[INFO] [stdout]   25:     0x556bc3d9662c - test::run_test::{{closure}}::h858d3528838ae3e5
[INFO] [stdout]                                at /rustc/1b7dd2252b99671ce5d1cb9664c5f8636329436d/library/test/src/lib.rs:646:30
[INFO] [stdout]   26:     0x556bc3d9662c - core::ops::function::FnOnce::call_once{{vtable.shim}}::he8ac2b00f01ae79e
[INFO] [stdout]                                at /rustc/1b7dd2252b99671ce5d1cb9664c5f8636329436d/library/core/src/ops/function.rs:250:5
[INFO] [stdout]   27:     0x556bc3dc7f16 - <alloc::boxed::Box<F,A> as core::ops::function::FnOnce<Args>>::call_once::h8093d25b522725ef
[INFO] [stdout]                                at /rustc/1b7dd2252b99671ce5d1cb9664c5f8636329436d/library/alloc/src/boxed.rs:1973:9
[INFO] [stdout]   28:     0x556bc3dc7f16 - <core::panic::unwind_safe::AssertUnwindSafe<F> as core::ops::function::FnOnce<()>>::call_once::h5c334c204e4a3913
[INFO] [stdout]                                at /rustc/1b7dd2252b99671ce5d1cb9664c5f8636329436d/library/core/src/panic/unwind_safe.rs:271:9
[INFO] [stdout]   29:     0x556bc3dc7f16 - std::panicking::try::do_call::ha8b740c7b9478074
[INFO] [stdout]                                at /rustc/1b7dd2252b99671ce5d1cb9664c5f8636329436d/library/std/src/panicking.rs:485:40
[INFO] [stdout]   30:     0x556bc3dc7f16 - std::panicking::try::h5d34f63d0e41b64e
[INFO] [stdout]                                at /rustc/1b7dd2252b99671ce5d1cb9664c5f8636329436d/library/std/src/panicking.rs:449:19
[INFO] [stdout]   31:     0x556bc3dc7f16 - std::panic::catch_unwind::hcfbb511e1aa7fc67
[INFO] [stdout]                                at /rustc/1b7dd2252b99671ce5d1cb9664c5f8636329436d/library/std/src/panic.rs:140:14
[INFO] [stdout]   32:     0x556bc3dc7f16 - test::run_test_in_process::h9abda90f802eaf21
[INFO] [stdout]                                at /rustc/1b7dd2252b99671ce5d1cb9664c5f8636329436d/library/test/src/lib.rs:678:27
[INFO] [stdout]   33:     0x556bc3dc7f16 - test::run_test::run_test_inner::{{closure}}::h0f058de91f6c6edf
[INFO] [stdout]                                at /rustc/1b7dd2252b99671ce5d1cb9664c5f8636329436d/library/test/src/lib.rs:572:39
[INFO] [stdout]   34:     0x556bc3d90e35 - test::run_test::run_test_inner::{{closure}}::h5ca48a4c59c6c1fb
[INFO] [stdout]                                at /rustc/1b7dd2252b99671ce5d1cb9664c5f8636329436d/library/test/src/lib.rs:599:37
[INFO] [stdout]   35:     0x556bc3d90e35 - std::sys_common::backtrace::__rust_begin_short_backtrace::h32bd51e1495d4a33
[INFO] [stdout]                                at /rustc/1b7dd2252b99671ce5d1cb9664c5f8636329436d/library/std/src/sys_common/backtrace.rs:134:18
[INFO] [stdout]   36:     0x556bc3d96371 - std::thread::Builder::spawn_unchecked_::{{closure}}::{{closure}}::hc086fae9b128b2db
[INFO] [stdout]                                at /rustc/1b7dd2252b99671ce5d1cb9664c5f8636329436d/library/std/src/thread/mod.rs:526:17
[INFO] [stdout]   37:     0x556bc3d96371 - <core::panic::unwind_safe::AssertUnwindSafe<F> as core::ops::function::FnOnce<()>>::call_once::hb66571888d270d43
[INFO] [stdout]                                at /rustc/1b7dd2252b99671ce5d1cb9664c5f8636329436d/library/core/src/panic/unwind_safe.rs:271:9
[INFO] [stdout]   38:     0x556bc3d96371 - std::panicking::try::do_call::h4fa2ef4f6e51fecf
[INFO] [stdout]                                at /rustc/1b7dd2252b99671ce5d1cb9664c5f8636329436d/library/std/src/panicking.rs:485:40
[INFO] [stdout]   39:     0x556bc3d96371 - std::panicking::try::h1e9e22b8584489b5
[INFO] [stdout]                                at /rustc/1b7dd2252b99671ce5d1cb9664c5f8636329436d/library/std/src/panicking.rs:449:19
[INFO] [stdout]   40:     0x556bc3d96371 - std::panic::catch_unwind::h44698a3de0e0769e
[INFO] [stdout]                                at /rustc/1b7dd2252b99671ce5d1cb9664c5f8636329436d/library/std/src/panic.rs:140:14
[INFO] [stdout]   41:     0x556bc3d96371 - std::thread::Builder::spawn_unchecked_::{{closure}}::h50153abde3fe239e
[INFO] [stdout]                                at /rustc/1b7dd2252b99671ce5d1cb9664c5f8636329436d/library/std/src/thread/mod.rs:525:30
[INFO] [stdout]   42:     0x556bc3d96371 - core::ops::function::FnOnce::call_once{{vtable.shim}}::hbe5bbf6f38394364
[INFO] [stdout]                                at /rustc/1b7dd2252b99671ce5d1cb9664c5f8636329436d/library/core/src/ops/function.rs:250:5
[INFO] [stdout]   43:     0x556bc4242dd5 - <alloc::boxed::Box<F,A> as core::ops::function::FnOnce<Args>>::call_once::h0d83cb2920a49046
[INFO] [stdout]                                at /rustc/1b7dd2252b99671ce5d1cb9664c5f8636329436d/library/alloc/src/boxed.rs:1973:9
[INFO] [stdout]   44:     0x556bc4242dd5 - <alloc::boxed::Box<F,A> as core::ops::function::FnOnce<Args>>::call_once::hbe0a008aa7d9ef59
[INFO] [stdout]                                at /rustc/1b7dd2252b99671ce5d1cb9664c5f8636329436d/library/alloc/src/boxed.rs:1973:9
[INFO] [stdout]   45:     0x556bc4242dd5 - std::sys::unix::thread::Thread::new::thread_start::h3a466996bdf6b1f9
[INFO] [stdout]                                at /rustc/1b7dd2252b99671ce5d1cb9664c5f8636329436d/library/std/src/sys/unix/thread.rs:108:17
[INFO] [stdout]   46:     0x7f139c0e8b43 - <unknown>
[INFO] [stdout]   47:     0x7f139c179bb4 - __clone
[INFO] [stdout]   48:                0x0 - <unknown>
[INFO] [stdout] 
[INFO] [stdout] ---- template::functions::process_env::tests::should_throw_when_var_name_is_missing stdout ----
[INFO] [stdout] thread 'template::functions::process_env::tests::should_throw_when_var_name_is_missing' panicked at 'called `Result::unwrap()` on an `Err` value: NotPresent', src/curlz/template/functions/process_env.rs:44:35
[INFO] [stdout] stack backtrace:
[INFO] [stdout]    0:     0x556bc423bbaa - std::backtrace_rs::backtrace::libunwind::trace::h2f05d0192276a8f6
[INFO] [stdout]                                at /rustc/1b7dd2252b99671ce5d1cb9664c5f8636329436d/library/std/src/../../backtrace/src/backtrace/libunwind.rs:93:5
[INFO] [stdout]    1:     0x556bc423bbaa - std::backtrace_rs::backtrace::trace_unsynchronized::hedc23dff7a1af150
[INFO] [stdout]                                at /rustc/1b7dd2252b99671ce5d1cb9664c5f8636329436d/library/std/src/../../backtrace/src/backtrace/mod.rs:66:5
[INFO] [stdout]    2:     0x556bc423bbaa - std::sys_common::backtrace::_print_fmt::h17541ef7592f3ce2
[INFO] [stdout]                                at /rustc/1b7dd2252b99671ce5d1cb9664c5f8636329436d/library/std/src/sys_common/backtrace.rs:65:5
[INFO] [stdout]    3:     0x556bc423bbaa - <std::sys_common::backtrace::_print::DisplayBacktrace as core::fmt::Display>::fmt::h20f75df5ab0c0792
[INFO] [stdout]                                at /rustc/1b7dd2252b99671ce5d1cb9664c5f8636329436d/library/std/src/sys_common/backtrace.rs:44:22
[INFO] [stdout]    4:     0x556bc426449f - core::fmt::write::h78109e6f466b3af6
[INFO] [stdout]                                at /rustc/1b7dd2252b99671ce5d1cb9664c5f8636329436d/library/core/src/fmt/mod.rs:1254:17
[INFO] [stdout]    5:     0x556bc4237be5 - std::io::Write::write_fmt::hd24bfb68a1b35a25
[INFO] [stdout]                                at /rustc/1b7dd2252b99671ce5d1cb9664c5f8636329436d/library/std/src/io/mod.rs:1698:15
[INFO] [stdout]    6:     0x556bc423b975 - std::sys_common::backtrace::_print::h8dac57a9f8fbf9a5
[INFO] [stdout]                                at /rustc/1b7dd2252b99671ce5d1cb9664c5f8636329436d/library/std/src/sys_common/backtrace.rs:47:5
[INFO] [stdout]    7:     0x556bc423b975 - std::sys_common::backtrace::print::hf9ecbf41d1aa712f
[INFO] [stdout]                                at /rustc/1b7dd2252b99671ce5d1cb9664c5f8636329436d/library/std/src/sys_common/backtrace.rs:34:9
[INFO] [stdout]    8:     0x556bc423d62e - std::panicking::default_hook::{{closure}}::h04c07acfc84ca028
[INFO] [stdout]                                at /rustc/1b7dd2252b99671ce5d1cb9664c5f8636329436d/library/std/src/panicking.rs:269:22
[INFO] [stdout]    9:     0x556bc423d361 - std::panicking::default_hook::h01f6bb23e1eceb2c
[INFO] [stdout]                                at /rustc/1b7dd2252b99671ce5d1cb9664c5f8636329436d/library/std/src/panicking.rs:285:9
[INFO] [stdout]   10:     0x556bc3dc3f6b - <alloc::boxed::Box<F,A> as core::ops::function::Fn<Args>>::call::h87fe9f7b2fd49e4c
[INFO] [stdout]                                at /rustc/1b7dd2252b99671ce5d1cb9664c5f8636329436d/library/alloc/src/boxed.rs:1987:9
[INFO] [stdout]   11:     0x556bc3dc3f6b - test::test_main::{{closure}}::he94d679243a7531b
[INFO] [stdout]                                at /rustc/1b7dd2252b99671ce5d1cb9664c5f8636329436d/library/test/src/lib.rs:134:21
[INFO] [stdout]   12:     0x556bc423dd14 - <alloc::boxed::Box<F,A> as core::ops::function::Fn<Args>>::call::h3f2d6d8b14c4769f
[INFO] [stdout]                                at /rustc/1b7dd2252b99671ce5d1cb9664c5f8636329436d/library/alloc/src/boxed.rs:1987:9
[INFO] [stdout]   13:     0x556bc423dd14 - std::panicking::rust_panic_with_hook::h2bb3722bbaf2f6df
[INFO] [stdout]                                at /rustc/1b7dd2252b99671ce5d1cb9664c5f8636329436d/library/std/src/panicking.rs:695:13
[INFO] [stdout]   14:     0x556bc423da89 - std::panicking::begin_panic_handler::{{closure}}::h91bc7f36a4be011b
[INFO] [stdout]                                at /rustc/1b7dd2252b99671ce5d1cb9664c5f8636329436d/library/std/src/panicking.rs:582:13
[INFO] [stdout]   15:     0x556bc423c016 - std::sys_common::backtrace::__rust_end_short_backtrace::h8b3d3717114f9e59
[INFO] [stdout]                                at /rustc/1b7dd2252b99671ce5d1cb9664c5f8636329436d/library/std/src/sys_common/backtrace.rs:150:18
[INFO] [stdout]   16:     0x556bc423d7e2 - rust_begin_unwind
[INFO] [stdout]                                at /rustc/1b7dd2252b99671ce5d1cb9664c5f8636329436d/library/std/src/panicking.rs:578:5
[INFO] [stdout]   17:     0x556bc3b5b6d3 - core::panicking::panic_fmt::hfd368e3fbdabea26
[INFO] [stdout]                                at /rustc/1b7dd2252b99671ce5d1cb9664c5f8636329436d/library/core/src/panicking.rs:67:14
[INFO] [stdout]   18:     0x556bc3b5bc73 - core::result::unwrap_failed::he54eb4b2f125b26f
[INFO] [stdout]                                at /rustc/1b7dd2252b99671ce5d1cb9664c5f8636329436d/library/core/src/result.rs:1687:5
[INFO] [stdout]   19:     0x556bc3bad374 - core::result::Result<T,E>::unwrap::hcab602c01d07196a
[INFO] [stdout]                                at /rustc/1b7dd2252b99671ce5d1cb9664c5f8636329436d/library/core/src/result.rs:1089:23
[INFO] [stdout]   20:     0x556bc3b848d8 - curlz::template::functions::process_env::tests::should_throw_when_var_name_is_missing::h163aa5cda3934dc1
[INFO] [stdout]                                at /opt/rustwide/workdir/src/curlz/template/functions/process_env.rs:44:13
[INFO] [stdout]   21:     0x556bc3b84807 - curlz::template::functions::process_env::tests::should_throw_when_var_name_is_missing::{{closure}}::h98994f92b8cdfc62
[INFO] [stdout]                                at /opt/rustwide/workdir/src/curlz/template/functions/process_env.rs:39:48
[INFO] [stdout]   22:     0x556bc3bb5935 - core::ops::function::FnOnce::call_once::h259be401e5212067
[INFO] [stdout]                                at /rustc/1b7dd2252b99671ce5d1cb9664c5f8636329436d/library/core/src/ops/function.rs:250:5
[INFO] [stdout]   23:     0x556bc3dc8e3f - core::ops::function::FnOnce::call_once::ha6a70e79f7481a7e
[INFO] [stdout]                                at /rustc/1b7dd2252b99671ce5d1cb9664c5f8636329436d/library/core/src/ops/function.rs:250:5
[INFO] [stdout]   24:     0x556bc3dc8e3f - test::__rust_begin_short_backtrace::hce33033019b61e69
[INFO] [stdout]                                at /rustc/1b7dd2252b99671ce5d1cb9664c5f8636329436d/library/test/src/lib.rs:655:18
[INFO] [stdout]   25:     0x556bc3d9662c - test::run_test::{{closure}}::h858d3528838ae3e5
[INFO] [stdout]                                at /rustc/1b7dd2252b99671ce5d1cb9664c5f8636329436d/library/test/src/lib.rs:646:30
[INFO] [stdout]   26:     0x556bc3d9662c - core::ops::function::FnOnce::call_once{{vtable.shim}}::he8ac2b00f01ae79e
[INFO] [stdout]                                at /rustc/1b7dd2252b99671ce5d1cb9664c5f8636329436d/library/core/src/ops/function.rs:250:5
[INFO] [stdout]   27:     0x556bc3dc7f16 - <alloc::boxed::Box<F,A> as core::ops::function::FnOnce<Args>>::call_once::h8093d25b522725ef
[INFO] [stdout]                                at /rustc/1b7dd2252b99671ce5d1cb9664c5f8636329436d/library/alloc/src/boxed.rs:1973:9
[INFO] [stdout]   28:     0x556bc3dc7f16 - <core::panic::unwind_safe::AssertUnwindSafe<F> as core::ops::function::FnOnce<()>>::call_once::h5c334c204e4a3913
[INFO] [stdout]                                at /rustc/1b7dd2252b99671ce5d1cb9664c5f8636329436d/library/core/src/panic/unwind_safe.rs:271:9
[INFO] [stdout]   29:     0x556bc3dc7f16 - std::panicking::try::do_call::ha8b740c7b9478074
[INFO] [stdout]                                at /rustc/1b7dd2252b99671ce5d1cb9664c5f8636329436d/library/std/src/panicking.rs:485:40
[INFO] [stdout]   30:     0x556bc3dc7f16 - std::panicking::try::h5d34f63d0e41b64e
[INFO] [stdout]                                at /rustc/1b7dd2252b99671ce5d1cb9664c5f8636329436d/library/std/src/panicking.rs:449:19
[INFO] [stdout]   31:     0x556bc3dc7f16 - std::panic::catch_unwind::hcfbb511e1aa7fc67
[INFO] [stdout]                                at /rustc/1b7dd2252b99671ce5d1cb9664c5f8636329436d/library/std/src/panic.rs:140:14
[INFO] [stdout]   32:     0x556bc3dc7f16 - test::run_test_in_process::h9abda90f802eaf21
[INFO] [stdout]                                at /rustc/1b7dd2252b99671ce5d1cb9664c5f8636329436d/library/test/src/lib.rs:678:27
[INFO] [stdout]   33:     0x556bc3dc7f16 - test::run_test::run_test_inner::{{closure}}::h0f058de91f6c6edf
[INFO] [stdout]                                at /rustc/1b7dd2252b99671ce5d1cb9664c5f8636329436d/library/test/src/lib.rs:572:39
[INFO] [stdout]   34:     0x556bc3d90e35 - test::run_test::run_test_inner::{{closure}}::h5ca48a4c59c6c1fb
[INFO] [stdout]                                at /rustc/1b7dd2252b99671ce5d1cb9664c5f8636329436d/library/test/src/lib.rs:599:37
[INFO] [stdout]   35:     0x556bc3d90e35 - std::sys_common::backtrace::__rust_begin_short_backtrace::h32bd51e1495d4a33
[INFO] [stdout]                                at /rustc/1b7dd2252b99671ce5d1cb9664c5f8636329436d/library/std/src/sys_common/backtrace.rs:134:18
[INFO] [stdout]   36:     0x556bc3d96371 - std::thread::Builder::spawn_unchecked_::{{closure}}::{{closure}}::hc086fae9b128b2db
[INFO] [stdout]                                at /rustc/1b7dd2252b99671ce5d1cb9664c5f8636329436d/library/std/src/thread/mod.rs:526:17
[INFO] [stdout]   37:     0x556bc3d96371 - <core::panic::unwind_safe::AssertUnwindSafe<F> as core::ops::function::FnOnce<()>>::call_once::hb66571888d270d43
[INFO] [stdout]                                at /rustc/1b7dd2252b99671ce5d1cb9664c5f8636329436d/library/core/src/panic/unwind_safe.rs:271:9
[INFO] [stdout]   38:     0x556bc3d96371 - std::panicking::try::do_call::h4fa2ef4f6e51fecf
[INFO] [stdout]                                at /rustc/1b7dd2252b99671ce5d1cb9664c5f8636329436d/library/std/src/panicking.rs:485:40
[INFO] [stdout]   39:     0x556bc3d96371 - std::panicking::try::h1e9e22b8584489b5
[INFO] [stdout]                                at /rustc/1b7dd2252b99671ce5d1cb9664c5f8636329436d/library/std/src/panicking.rs:449:19
[INFO] [stdout]   40:     0x556bc3d96371 - std::panic::catch_unwind::h44698a3de0e0769e
[INFO] [stdout]                                at /rustc/1b7dd2252b99671ce5d1cb9664c5f8636329436d/library/std/src/panic.rs:140:14
[INFO] [stdout]   41:     0x556bc3d96371 - std::thread::Builder::spawn_unchecked_::{{closure}}::h50153abde3fe239e
[INFO] [stdout]                                at /rustc/1b7dd2252b99671ce5d1cb9664c5f8636329436d/library/std/src/thread/mod.rs:525:30
[INFO] [stdout]   42:     0x556bc3d96371 - core::ops::function::FnOnce::call_once{{vtable.shim}}::hbe5bbf6f38394364
[INFO] [stdout]                                at /rustc/1b7dd2252b99671ce5d1cb9664c5f8636329436d/library/core/src/ops/function.rs:250:5
[INFO] [stdout]   43:     0x556bc4242dd5 - <alloc::boxed::Box<F,A> as core::ops::function::FnOnce<Args>>::call_once::h0d83cb2920a49046
[INFO] [stdout]                                at /rustc/1b7dd2252b99671ce5d1cb9664c5f8636329436d/library/alloc/src/boxed.rs:1973:9
[INFO] [stdout]   44:     0x556bc4242dd5 - <alloc::boxed::Box<F,A> as core::ops::function::FnOnce<Args>>::call_once::hbe0a008aa7d9ef59
[INFO] [stdout]                                at /rustc/1b7dd2252b99671ce5d1cb9664c5f8636329436d/library/alloc/src/boxed.rs:1973:9
[INFO] [stdout]   45:     0x556bc4242dd5 - std::sys::unix::thread::Thread::new::thread_start::h3a466996bdf6b1f9
[INFO] [stdout]                                at /rustc/1b7dd2252b99671ce5d1cb9664c5f8636329436d/library/std/src/sys/unix/thread.rs:108:17
[INFO] [stdout]   46:     0x7f139c0e8b43 - <unknown>
[INFO] [stdout]   47:     0x7f139c179bb4 - __clone
[INFO] [stdout]   48:                0x0 - <unknown>
[INFO] [stdout] 
[INFO] [stdout] 
[INFO] [stdout] failures:
[INFO] [stdout]     template::functions::process_env::tests::should_provide_process_env_var_via_env_object
[INFO] [stdout]     template::functions::process_env::tests::should_resolve_lazy_via_env_virtuell_object
[INFO] [stdout]     template::functions::process_env::tests::should_throw_when_var_name_is_missing
[INFO] [stdout] 
[INFO] [stdout] test result: FAILED. 44 passed; 3 failed; 0 ignored; 0 measured; 0 filtered out; finished in 0.09s
[INFO] [stdout] 
[INFO] running `Command { std: "docker" "inspect" "f4b2a235544fbca04a6829d86fa03c2e5f303f29f9777580d138aa16d51fc545", kill_on_drop: false }`
[INFO] running `Command { std: "docker" "rm" "-f" "f4b2a235544fbca04a6829d86fa03c2e5f303f29f9777580d138aa16d51fc545", kill_on_drop: false }`
[INFO] [stdout] f4b2a235544fbca04a6829d86fa03c2e5f303f29f9777580d138aa16d51fc545
