[INFO] fetching crate csv_ledger_lib 0.1.1...
[INFO] testing csv_ledger_lib-0.1.1 against beta-2023-04-20 for beta-1.70-1
[INFO] extracting crate csv_ledger_lib 0.1.1 into /workspace/builds/worker-2-tc2/source
[INFO] validating manifest of crates.io crate csv_ledger_lib 0.1.1 on toolchain beta-2023-04-20
[INFO] running `Command { std: CARGO_HOME="/workspace/cargo-home" RUSTUP_HOME="/workspace/rustup-home" "/workspace/cargo-home/bin/cargo" "+beta-2023-04-20" "metadata" "--manifest-path" "Cargo.toml" "--no-deps", kill_on_drop: false }`
[INFO] started tweaking crates.io crate csv_ledger_lib 0.1.1
[INFO] finished tweaking crates.io crate csv_ledger_lib 0.1.1
[INFO] tweaked toml for crates.io crate csv_ledger_lib 0.1.1 written to /workspace/builds/worker-2-tc2/source/Cargo.toml
[INFO] running `Command { std: CARGO_HOME="/workspace/cargo-home" RUSTUP_HOME="/workspace/rustup-home" __CARGO_TEST_CHANNEL_OVERRIDE_DO_NOT_USE_THIS="nightly" "/workspace/cargo-home/bin/cargo" "+beta-2023-04-20" "generate-lockfile" "--manifest-path" "Cargo.toml" "-Zno-index-update", kill_on_drop: false }`
[INFO] running `Command { std: CARGO_HOME="/workspace/cargo-home" RUSTUP_HOME="/workspace/rustup-home" "/workspace/cargo-home/bin/cargo" "+beta-2023-04-20" "fetch" "--manifest-path" "Cargo.toml", kill_on_drop: false }`
[INFO] running `Command { std: "docker" "create" "-v" "/var/lib/crater-agent-workspace/builds/worker-2-tc2/target:/opt/rustwide/target:rw,Z" "-v" "/var/lib/crater-agent-workspace/builds/worker-2-tc2/source:/opt/rustwide/workdir:ro,Z" "-v" "/var/lib/crater-agent-workspace/cargo-home:/opt/rustwide/cargo-home:ro,Z" "-v" "/var/lib/crater-agent-workspace/rustup-home:/opt/rustwide/rustup-home:ro,Z" "-e" "SOURCE_DIR=/opt/rustwide/workdir" "-e" "CARGO_TARGET_DIR=/opt/rustwide/target" "-e" "CARGO_HOME=/opt/rustwide/cargo-home" "-e" "RUSTUP_HOME=/opt/rustwide/rustup-home" "-w" "/opt/rustwide/workdir" "-m" "1610612736" "--user" "0:0" "--network" "none" "ghcr.io/rust-lang/crates-build-env/linux@sha256:5ff2268d62e97bff2cde7d5815dd6ed5b47097566f13b8d0ca110b04b60e07ed" "/opt/rustwide/cargo-home/bin/cargo" "+beta-2023-04-20" "metadata" "--no-deps" "--format-version=1", kill_on_drop: false }`
[INFO] [stdout] 80dd3249c8b18da5e8e845acaf1584b7d9064d2aac2f1045a6e68729cbe50e3a
[INFO] running `Command { std: "docker" "start" "-a" "80dd3249c8b18da5e8e845acaf1584b7d9064d2aac2f1045a6e68729cbe50e3a", kill_on_drop: false }`
[INFO] running `Command { std: "docker" "inspect" "80dd3249c8b18da5e8e845acaf1584b7d9064d2aac2f1045a6e68729cbe50e3a", kill_on_drop: false }`
[INFO] running `Command { std: "docker" "rm" "-f" "80dd3249c8b18da5e8e845acaf1584b7d9064d2aac2f1045a6e68729cbe50e3a", kill_on_drop: false }`
[INFO] [stdout] 80dd3249c8b18da5e8e845acaf1584b7d9064d2aac2f1045a6e68729cbe50e3a
[INFO] running `Command { std: "docker" "create" "-v" "/var/lib/crater-agent-workspace/builds/worker-2-tc2/target:/opt/rustwide/target:rw,Z" "-v" "/var/lib/crater-agent-workspace/builds/worker-2-tc2/source:/opt/rustwide/workdir:ro,Z" "-v" "/var/lib/crater-agent-workspace/cargo-home:/opt/rustwide/cargo-home:ro,Z" "-v" "/var/lib/crater-agent-workspace/rustup-home:/opt/rustwide/rustup-home:ro,Z" "-e" "SOURCE_DIR=/opt/rustwide/workdir" "-e" "CARGO_TARGET_DIR=/opt/rustwide/target" "-e" "CARGO_INCREMENTAL=0" "-e" "RUST_BACKTRACE=full" "-e" "RUSTFLAGS=--cap-lints=warn" "-e" "RUSTDOCFLAGS=--cap-lints=warn" "-e" "CARGO_HOME=/opt/rustwide/cargo-home" "-e" "RUSTUP_HOME=/opt/rustwide/rustup-home" "-w" "/opt/rustwide/workdir" "-m" "1610612736" "--user" "0:0" "--network" "none" "ghcr.io/rust-lang/crates-build-env/linux@sha256:5ff2268d62e97bff2cde7d5815dd6ed5b47097566f13b8d0ca110b04b60e07ed" "/opt/rustwide/cargo-home/bin/cargo" "+beta-2023-04-20" "build" "--frozen" "--message-format=json", kill_on_drop: false }`
[INFO] [stdout] f2ba0c56c60d4175df850f778f169fd4bd8aa201f2d260733a1e5158f5e7d3da
[INFO] running `Command { std: "docker" "start" "-a" "f2ba0c56c60d4175df850f778f169fd4bd8aa201f2d260733a1e5158f5e7d3da", kill_on_drop: false }`
[INFO] [stderr]    Compiling memchr v2.5.0
[INFO] [stderr]    Compiling nom v7.1.3
[INFO] [stderr]    Compiling csv_ledger_lib v0.1.1 (/opt/rustwide/workdir)
[INFO] [stderr]     Finished dev [unoptimized + debuginfo] target(s) in 4.30s
[INFO] running `Command { std: "docker" "inspect" "f2ba0c56c60d4175df850f778f169fd4bd8aa201f2d260733a1e5158f5e7d3da", kill_on_drop: false }`
[INFO] running `Command { std: "docker" "rm" "-f" "f2ba0c56c60d4175df850f778f169fd4bd8aa201f2d260733a1e5158f5e7d3da", kill_on_drop: false }`
[INFO] [stdout] f2ba0c56c60d4175df850f778f169fd4bd8aa201f2d260733a1e5158f5e7d3da
[INFO] running `Command { std: "docker" "create" "-v" "/var/lib/crater-agent-workspace/builds/worker-2-tc2/target:/opt/rustwide/target:rw,Z" "-v" "/var/lib/crater-agent-workspace/builds/worker-2-tc2/source:/opt/rustwide/workdir:ro,Z" "-v" "/var/lib/crater-agent-workspace/cargo-home:/opt/rustwide/cargo-home:ro,Z" "-v" "/var/lib/crater-agent-workspace/rustup-home:/opt/rustwide/rustup-home:ro,Z" "-e" "SOURCE_DIR=/opt/rustwide/workdir" "-e" "CARGO_TARGET_DIR=/opt/rustwide/target" "-e" "CARGO_INCREMENTAL=0" "-e" "RUST_BACKTRACE=full" "-e" "RUSTFLAGS=--cap-lints=warn" "-e" "RUSTDOCFLAGS=--cap-lints=warn" "-e" "CARGO_HOME=/opt/rustwide/cargo-home" "-e" "RUSTUP_HOME=/opt/rustwide/rustup-home" "-w" "/opt/rustwide/workdir" "-m" "1610612736" "--user" "0:0" "--network" "none" "ghcr.io/rust-lang/crates-build-env/linux@sha256:5ff2268d62e97bff2cde7d5815dd6ed5b47097566f13b8d0ca110b04b60e07ed" "/opt/rustwide/cargo-home/bin/cargo" "+beta-2023-04-20" "test" "--frozen" "--no-run" "--message-format=json", kill_on_drop: false }`
[INFO] [stdout] 9fd40bf26b6b146953cc8974fab17476a956fe44683c1b3c3c8cba13faa05988
[INFO] running `Command { std: "docker" "start" "-a" "9fd40bf26b6b146953cc8974fab17476a956fe44683c1b3c3c8cba13faa05988", kill_on_drop: false }`
[INFO] [stderr]    Compiling csv_ledger_lib v0.1.1 (/opt/rustwide/workdir)
[INFO] [stderr]     Finished test [unoptimized + debuginfo] target(s) in 1.34s
[INFO] running `Command { std: "docker" "inspect" "9fd40bf26b6b146953cc8974fab17476a956fe44683c1b3c3c8cba13faa05988", kill_on_drop: false }`
[INFO] running `Command { std: "docker" "rm" "-f" "9fd40bf26b6b146953cc8974fab17476a956fe44683c1b3c3c8cba13faa05988", kill_on_drop: false }`
[INFO] [stdout] 9fd40bf26b6b146953cc8974fab17476a956fe44683c1b3c3c8cba13faa05988
[INFO] running `Command { std: "docker" "create" "-v" "/var/lib/crater-agent-workspace/builds/worker-2-tc2/target:/opt/rustwide/target:rw,Z" "-v" "/var/lib/crater-agent-workspace/builds/worker-2-tc2/source:/opt/rustwide/workdir:ro,Z" "-v" "/var/lib/crater-agent-workspace/cargo-home:/opt/rustwide/cargo-home:ro,Z" "-v" "/var/lib/crater-agent-workspace/rustup-home:/opt/rustwide/rustup-home:ro,Z" "-e" "SOURCE_DIR=/opt/rustwide/workdir" "-e" "CARGO_TARGET_DIR=/opt/rustwide/target" "-e" "CARGO_INCREMENTAL=0" "-e" "RUST_BACKTRACE=full" "-e" "RUSTFLAGS=--cap-lints=warn" "-e" "RUSTDOCFLAGS=--cap-lints=warn" "-e" "CARGO_HOME=/opt/rustwide/cargo-home" "-e" "RUSTUP_HOME=/opt/rustwide/rustup-home" "-w" "/opt/rustwide/workdir" "-m" "1610612736" "--user" "0:0" "--network" "none" "ghcr.io/rust-lang/crates-build-env/linux@sha256:5ff2268d62e97bff2cde7d5815dd6ed5b47097566f13b8d0ca110b04b60e07ed" "/opt/rustwide/cargo-home/bin/cargo" "+beta-2023-04-20" "test" "--frozen", kill_on_drop: false }`
[INFO] [stdout] 234afdfeb95fd0c92544d19a62b92b1edcaa5fab4551a3ee2950aad4544dd158
[INFO] running `Command { std: "docker" "start" "-a" "234afdfeb95fd0c92544d19a62b92b1edcaa5fab4551a3ee2950aad4544dd158", kill_on_drop: false }`
[INFO] [stderr]     Finished test [unoptimized + debuginfo] target(s) in 0.01s
[INFO] [stderr]      Running unittests src/lib.rs (/opt/rustwide/target/debug/deps/csv_ledger_lib-966a2a49159a5e14)
[INFO] [stdout] 
[INFO] [stdout] running 46 tests
[INFO] [stdout] test ledger::dp_string::test_dp_string ... ok
[INFO] [stdout] test ledger_err::display ... ok
[INFO] [stdout] test parse::four_dp::err_runthrough ... ok
[INFO] [stdout] test ledger::ledger::display ... ok
[INFO] [stdout] test parse::parse_header::err_extra_value ... ok
[INFO] [stdout] test ledger::ledger::resolve ... ok
[INFO] [stdout] test ledger::ledger::debug ... ok
[INFO] [stdout] test ledger::validate_header::err_runthrough ... ok
[INFO] [stdout] test ledger_err::debug ... ok
[INFO] [stdout] test ledger_err::from_parse ... ok
[INFO] [stdout] test ledger::ledger::err_consume_runthrough ... ok
[INFO] [stdout] test parse::four_dp::ok_four_sig_fig ... ok
[INFO] [stdout] test ledger::client_data::debug ... ok
[INFO] [stdout] test parse::four_dp::ok_one_sig_fig ... ok
[INFO] [stdout] test ledger::ledger::chargeback ... ok
[INFO] [stdout] test ledger::ledger::dispute ... ok
[INFO] [stdout] test ledger::ledger::insert_transaction ... ok
[INFO] [stdout] test parse::four_dp::ok ... ok
[INFO] [stdout] test ledger::validate_header::ok ... ok
[INFO] [stdout] test parse::parse_header::err_parser_runthrough ... ok
[INFO] [stdout] test ledger::ledger::ok_consume ... ok
[INFO] [stdout] test parse::parse_header::err_invalid_input ... ok
[INFO] [stdout] test parse::parse_transaction::deposit ... ok
[INFO] [stdout] test parse::parse_transaction::err_deposit_missing_value ... ok
[INFO] [stdout] test parse::parse_header::ok_no_white_space ... ok
[INFO] [stdout] test parse::parse_transaction::dispute ... ok
[INFO] [stdout] test parse::parse_header::err_missing_value ... ok
[INFO] [stdout] test parse::parse_transaction::err_dispute_extra_value ... ok
[INFO] [stdout] test parse::parse_transaction::err_dispute_missing_value ... ok
[INFO] [stdout] test parse::parse_header::ok_with_white_space ... ok
[INFO] [stdout] test parse::parse_transaction::err_invalid_deposit ... ok
[INFO] [stdout] test parse::parse_transaction::err_withdrawal_missing_value ... ok
[INFO] [stdout] test parse::parse_transaction::ok_no_decimal ... ok
[INFO] [stdout] test parse::parse_transaction::ok_no_white_space ... ok
[INFO] [stdout] test parse::parse_transaction::ok_no_amount ... ok
[INFO] [stdout] test parse::parse_transaction::err_parser_runthrough ... ok
[INFO] [stdout] test parse::parse_transaction::resolve ... ok
[INFO] [stdout] test parse::parse_transaction::err_extra_value ... ok
[INFO] [stdout] test parse::parse_transaction::err_invalid_u16 ... ok
[INFO] [stdout] test parse::parse_transaction::ok_with_white_space ... ok
[INFO] [stdout] test parse::ws::ok_ws ... ok
[INFO] [stdout] test parse::ws::invalid_inner ... ok
[INFO] [stdout] test parse::parse_transaction::chargeback ... ok
[INFO] [stdout] test parse::parse_transaction::withdrawal ... ok
[INFO] [stdout] test parse::transaction::debug ... ok
[INFO] [stdout] test parse::transaction::partial_eq ... ok
[INFO] [stdout] 
[INFO] [stdout] test result: ok. 46 passed; 0 failed; 0 ignored; 0 measured; 0 filtered out; finished in 0.06s
[INFO] [stdout] 
[INFO] [stderr]    Doc-tests csv_ledger_lib
[INFO] [stdout] 
[INFO] [stdout] running 5 tests
[INFO] [stdout] test src/parse.rs - parse::parse_header (line 184) ... ok
[INFO] [stdout] test src/parse.rs - parse (line 5) ... ok
[INFO] [stdout] test src/ledger.rs - ledger::Ledger::insert_transaction (line 90) ... ok
[INFO] [stdout] test src/parse.rs - parse::parse_transaction (line 116) ... ok
[INFO] [stdout] test src/ledger.rs - ledger (line 8) ... FAILED
[INFO] [stdout] 
[INFO] [stdout] failures:
[INFO] [stdout] 
[INFO] [stdout] ---- src/ledger.rs - ledger (line 8) stdout ----
[INFO] [stdout] Test executable failed (exit status: 101).
[INFO] [stdout] 
[INFO] [stdout] stderr:
[INFO] [stdout] thread 'main' panicked at 'called `Result::unwrap()` on an `Err` value: Os { code: 30, kind: ReadOnlyFilesystem, message: "Read-only file system" }', src/ledger.rs:8:66
[INFO] [stdout] stack backtrace:
[INFO] [stdout]    0:     0x558dfd6c482a - std::backtrace_rs::backtrace::libunwind::trace::h2f05d0192276a8f6
[INFO] [stdout]                                at /rustc/1b7dd2252b99671ce5d1cb9664c5f8636329436d/library/std/src/../../backtrace/src/backtrace/libunwind.rs:93:5
[INFO] [stdout]    1:     0x558dfd6c482a - std::backtrace_rs::backtrace::trace_unsynchronized::hedc23dff7a1af150
[INFO] [stdout]                                at /rustc/1b7dd2252b99671ce5d1cb9664c5f8636329436d/library/std/src/../../backtrace/src/backtrace/mod.rs:66:5
[INFO] [stdout]    2:     0x558dfd6c482a - std::sys_common::backtrace::_print_fmt::h17541ef7592f3ce2
[INFO] [stdout]                                at /rustc/1b7dd2252b99671ce5d1cb9664c5f8636329436d/library/std/src/sys_common/backtrace.rs:65:5
[INFO] [stdout]    3:     0x558dfd6c482a - <std::sys_common::backtrace::_print::DisplayBacktrace as core::fmt::Display>::fmt::h20f75df5ab0c0792
[INFO] [stdout]                                at /rustc/1b7dd2252b99671ce5d1cb9664c5f8636329436d/library/std/src/sys_common/backtrace.rs:44:22
[INFO] [stdout]    4:     0x558dfd6df61f - core::fmt::write::h78109e6f466b3af6
[INFO] [stdout]                                at /rustc/1b7dd2252b99671ce5d1cb9664c5f8636329436d/library/core/src/fmt/mod.rs:1254:17
[INFO] [stdout]    5:     0x558dfd6c25c5 - std::io::Write::write_fmt::hc59e1b02dd273c8a
[INFO] [stdout]                                at /rustc/1b7dd2252b99671ce5d1cb9664c5f8636329436d/library/std/src/io/mod.rs:1698:15
[INFO] [stdout]    6:     0x558dfd6c45f5 - std::sys_common::backtrace::_print::h8dac57a9f8fbf9a5
[INFO] [stdout]                                at /rustc/1b7dd2252b99671ce5d1cb9664c5f8636329436d/library/std/src/sys_common/backtrace.rs:47:5
[INFO] [stdout]    7:     0x558dfd6c45f5 - std::sys_common::backtrace::print::hf9ecbf41d1aa712f
[INFO] [stdout]                                at /rustc/1b7dd2252b99671ce5d1cb9664c5f8636329436d/library/std/src/sys_common/backtrace.rs:34:9
[INFO] [stdout]    8:     0x558dfd6c5b7e - std::panicking::default_hook::{{closure}}::h04c07acfc84ca028
[INFO] [stdout]                                at /rustc/1b7dd2252b99671ce5d1cb9664c5f8636329436d/library/std/src/panicking.rs:269:22
[INFO] [stdout]    9:     0x558dfd6c5925 - std::panicking::default_hook::h01f6bb23e1eceb2c
[INFO] [stdout]                                at /rustc/1b7dd2252b99671ce5d1cb9664c5f8636329436d/library/std/src/panicking.rs:288:9
[INFO] [stdout]   10:     0x558dfd6c60de - std::panicking::rust_panic_with_hook::h2bb3722bbaf2f6df
[INFO] [stdout]                                at /rustc/1b7dd2252b99671ce5d1cb9664c5f8636329436d/library/std/src/panicking.rs:691:13
[INFO] [stdout]   11:     0x558dfd6c5fd9 - std::panicking::begin_panic_handler::{{closure}}::h91bc7f36a4be011b
[INFO] [stdout]                                at /rustc/1b7dd2252b99671ce5d1cb9664c5f8636329436d/library/std/src/panicking.rs:582:13
[INFO] [stdout]   12:     0x558dfd6c4c96 - std::sys_common::backtrace::__rust_end_short_backtrace::h8b3d3717114f9e59
[INFO] [stdout]                                at /rustc/1b7dd2252b99671ce5d1cb9664c5f8636329436d/library/std/src/sys_common/backtrace.rs:150:18
[INFO] [stdout]   13:     0x558dfd6c5d32 - rust_begin_unwind
[INFO] [stdout]                                at /rustc/1b7dd2252b99671ce5d1cb9664c5f8636329436d/library/std/src/panicking.rs:578:5
[INFO] [stdout]   14:     0x558dfd6803f3 - core::panicking::panic_fmt::hfd368e3fbdabea26
[INFO] [stdout]                                at /rustc/1b7dd2252b99671ce5d1cb9664c5f8636329436d/library/core/src/panicking.rs:67:14
[INFO] [stdout]   15:     0x558dfd6807e3 - core::result::unwrap_failed::he54eb4b2f125b26f
[INFO] [stdout]                                at /rustc/1b7dd2252b99671ce5d1cb9664c5f8636329436d/library/core/src/result.rs:1687:5
[INFO] [stdout]   16:     0x558dfd68adfb - core::result::Result<T,E>::unwrap::h1d7b4d074c46c0a0
[INFO] [stdout]   17:     0x558dfd68e535 - rust_out::main::h2731449a68dfa004
[INFO] [stdout]   18:     0x558dfd688803 - core::ops::function::FnOnce::call_once::hd1715aa1b26fc35c
[INFO] [stdout]   19:     0x558dfd6860f6 - std::sys_common::backtrace::__rust_begin_short_backtrace::h8d2b4d09ce515535
[INFO] [stdout]   20:     0x558dfd687719 - std::rt::lang_start::{{closure}}::hc9a918c63b0dc835
[INFO] [stdout]   21:     0x558dfd6bfcde - core::ops::function::impls::<impl core::ops::function::FnOnce<A> for &F>::call_once::h2eb19b8ce4148df4
[INFO] [stdout]                                at /rustc/1b7dd2252b99671ce5d1cb9664c5f8636329436d/library/core/src/ops/function.rs:287:13
[INFO] [stdout]   22:     0x558dfd6bfcde - std::panicking::try::do_call::h2e900feff5d504c5
[INFO] [stdout]                                at /rustc/1b7dd2252b99671ce5d1cb9664c5f8636329436d/library/std/src/panicking.rs:485:40
[INFO] [stdout]   23:     0x558dfd6bfcde - std::panicking::try::h8854836cb85aa9f2
[INFO] [stdout]                                at /rustc/1b7dd2252b99671ce5d1cb9664c5f8636329436d/library/std/src/panicking.rs:449:19
[INFO] [stdout]   24:     0x558dfd6bfcde - std::panic::catch_unwind::h706025dd4c48f64b
[INFO] [stdout]                                at /rustc/1b7dd2252b99671ce5d1cb9664c5f8636329436d/library/std/src/panic.rs:140:14
[INFO] [stdout]   25:     0x558dfd6bfcde - std::rt::lang_start_internal::{{closure}}::h7be5b97f4a07a91a
[INFO] [stdout]                                at /rustc/1b7dd2252b99671ce5d1cb9664c5f8636329436d/library/std/src/rt.rs:148:48
[INFO] [stdout]   26:     0x558dfd6bfcde - std::panicking::try::do_call::h59847e9d0a176965
[INFO] [stdout]                                at /rustc/1b7dd2252b99671ce5d1cb9664c5f8636329436d/library/std/src/panicking.rs:485:40
[INFO] [stdout]   27:     0x558dfd6bfcde - std::panicking::try::h399a918ba8522823
[INFO] [stdout]                                at /rustc/1b7dd2252b99671ce5d1cb9664c5f8636329436d/library/std/src/panicking.rs:449:19
[INFO] [stdout]   28:     0x558dfd6bfcde - std::panic::catch_unwind::hca7ca6c55b2a2e26
[INFO] [stdout]                                at /rustc/1b7dd2252b99671ce5d1cb9664c5f8636329436d/library/std/src/panic.rs:140:14
[INFO] [stdout]   29:     0x558dfd6bfcde - std::rt::lang_start_internal::h2c807a81560459eb
[INFO] [stdout]                                at /rustc/1b7dd2252b99671ce5d1cb9664c5f8636329436d/library/std/src/rt.rs:148:20
[INFO] [stdout]   30:     0x558dfd6876f7 - std::rt::lang_start::hc4bd3329ce767e23
[INFO] [stdout]   31:     0x558dfd68e755 - main
[INFO] [stdout]   32:     0x7f9716850d90 - <unknown>
[INFO] [stdout]   33:     0x7f9716850e40 - __libc_start_main
[INFO] [stdout]   34:     0x558dfd680975 - _start
[INFO] [stdout]   35:                0x0 - <unknown>
[INFO] [stdout] 
[INFO] [stdout] 
[INFO] [stdout] 
[INFO] [stdout] failures:
[INFO] [stdout]     src/ledger.rs - ledger (line 8)
[INFO] [stdout] 
[INFO] [stdout] test result: FAILED. 4 passed; 1 failed; 0 ignored; 0 measured; 0 filtered out; finished in 0.71s
[INFO] [stdout] 
[INFO] [stderr] error: doctest failed, to rerun pass `--doc`
[INFO] running `Command { std: "docker" "inspect" "234afdfeb95fd0c92544d19a62b92b1edcaa5fab4551a3ee2950aad4544dd158", kill_on_drop: false }`
[INFO] running `Command { std: "docker" "rm" "-f" "234afdfeb95fd0c92544d19a62b92b1edcaa5fab4551a3ee2950aad4544dd158", kill_on_drop: false }`
[INFO] [stdout] 234afdfeb95fd0c92544d19a62b92b1edcaa5fab4551a3ee2950aad4544dd158
