[INFO] fetching crate crates_io_testasdasd 0.1.0...
[INFO] testing crates_io_testasdasd-0.1.0 against beta-2023-04-20 for beta-1.70-1
[INFO] extracting crate crates_io_testasdasd 0.1.0 into /workspace/builds/worker-3-tc2/source
[INFO] validating manifest of crates.io crate crates_io_testasdasd 0.1.0 on toolchain beta-2023-04-20
[INFO] running `Command { std: CARGO_HOME="/workspace/cargo-home" RUSTUP_HOME="/workspace/rustup-home" "/workspace/cargo-home/bin/cargo" "+beta-2023-04-20" "metadata" "--manifest-path" "Cargo.toml" "--no-deps", kill_on_drop: false }`
[INFO] started tweaking crates.io crate crates_io_testasdasd 0.1.0
[INFO] finished tweaking crates.io crate crates_io_testasdasd 0.1.0
[INFO] tweaked toml for crates.io crate crates_io_testasdasd 0.1.0 written to /workspace/builds/worker-3-tc2/source/Cargo.toml
[INFO] running `Command { std: CARGO_HOME="/workspace/cargo-home" RUSTUP_HOME="/workspace/rustup-home" __CARGO_TEST_CHANNEL_OVERRIDE_DO_NOT_USE_THIS="nightly" "/workspace/cargo-home/bin/cargo" "+beta-2023-04-20" "generate-lockfile" "--manifest-path" "Cargo.toml" "-Zno-index-update", kill_on_drop: false }`
[INFO] running `Command { std: CARGO_HOME="/workspace/cargo-home" RUSTUP_HOME="/workspace/rustup-home" "/workspace/cargo-home/bin/cargo" "+beta-2023-04-20" "fetch" "--manifest-path" "Cargo.toml", kill_on_drop: false }`
[INFO] running `Command { std: "docker" "create" "-v" "/var/lib/crater-agent-workspace/builds/worker-3-tc2/target:/opt/rustwide/target:rw,Z" "-v" "/var/lib/crater-agent-workspace/builds/worker-3-tc2/source:/opt/rustwide/workdir:ro,Z" "-v" "/var/lib/crater-agent-workspace/cargo-home:/opt/rustwide/cargo-home:ro,Z" "-v" "/var/lib/crater-agent-workspace/rustup-home:/opt/rustwide/rustup-home:ro,Z" "-e" "SOURCE_DIR=/opt/rustwide/workdir" "-e" "CARGO_TARGET_DIR=/opt/rustwide/target" "-e" "CARGO_HOME=/opt/rustwide/cargo-home" "-e" "RUSTUP_HOME=/opt/rustwide/rustup-home" "-w" "/opt/rustwide/workdir" "-m" "1610612736" "--user" "0:0" "--network" "none" "ghcr.io/rust-lang/crates-build-env/linux@sha256:5ff2268d62e97bff2cde7d5815dd6ed5b47097566f13b8d0ca110b04b60e07ed" "/opt/rustwide/cargo-home/bin/cargo" "+beta-2023-04-20" "metadata" "--no-deps" "--format-version=1", kill_on_drop: false }`
[INFO] [stdout] acda3db440523209e6eb95aca3424a74b9e8d4506d6e6fb9393d604de70efc88
[INFO] running `Command { std: "docker" "start" "-a" "acda3db440523209e6eb95aca3424a74b9e8d4506d6e6fb9393d604de70efc88", kill_on_drop: false }`
[INFO] running `Command { std: "docker" "inspect" "acda3db440523209e6eb95aca3424a74b9e8d4506d6e6fb9393d604de70efc88", kill_on_drop: false }`
[INFO] running `Command { std: "docker" "rm" "-f" "acda3db440523209e6eb95aca3424a74b9e8d4506d6e6fb9393d604de70efc88", kill_on_drop: false }`
[INFO] [stdout] acda3db440523209e6eb95aca3424a74b9e8d4506d6e6fb9393d604de70efc88
[INFO] running `Command { std: "docker" "create" "-v" "/var/lib/crater-agent-workspace/builds/worker-3-tc2/target:/opt/rustwide/target:rw,Z" "-v" "/var/lib/crater-agent-workspace/builds/worker-3-tc2/source:/opt/rustwide/workdir:ro,Z" "-v" "/var/lib/crater-agent-workspace/cargo-home:/opt/rustwide/cargo-home:ro,Z" "-v" "/var/lib/crater-agent-workspace/rustup-home:/opt/rustwide/rustup-home:ro,Z" "-e" "SOURCE_DIR=/opt/rustwide/workdir" "-e" "CARGO_TARGET_DIR=/opt/rustwide/target" "-e" "CARGO_INCREMENTAL=0" "-e" "RUST_BACKTRACE=full" "-e" "RUSTFLAGS=--cap-lints=warn" "-e" "RUSTDOCFLAGS=--cap-lints=warn" "-e" "CARGO_HOME=/opt/rustwide/cargo-home" "-e" "RUSTUP_HOME=/opt/rustwide/rustup-home" "-w" "/opt/rustwide/workdir" "-m" "1610612736" "--user" "0:0" "--network" "none" "ghcr.io/rust-lang/crates-build-env/linux@sha256:5ff2268d62e97bff2cde7d5815dd6ed5b47097566f13b8d0ca110b04b60e07ed" "/opt/rustwide/cargo-home/bin/cargo" "+beta-2023-04-20" "build" "--frozen" "--message-format=json", kill_on_drop: false }`
[INFO] [stdout] 1e1a9b1700b4b34525a0b9d338162ec7627334c73b7973499feee412682d994a
[INFO] running `Command { std: "docker" "start" "-a" "1e1a9b1700b4b34525a0b9d338162ec7627334c73b7973499feee412682d994a", kill_on_drop: false }`
[INFO] [stderr]    Compiling crates_io_testasdasd v0.1.0 (/opt/rustwide/workdir)
[INFO] [stderr]     Finished dev [unoptimized + debuginfo] target(s) in 0.08s
[INFO] running `Command { std: "docker" "inspect" "1e1a9b1700b4b34525a0b9d338162ec7627334c73b7973499feee412682d994a", kill_on_drop: false }`
[INFO] running `Command { std: "docker" "rm" "-f" "1e1a9b1700b4b34525a0b9d338162ec7627334c73b7973499feee412682d994a", kill_on_drop: false }`
[INFO] [stdout] 1e1a9b1700b4b34525a0b9d338162ec7627334c73b7973499feee412682d994a
[INFO] running `Command { std: "docker" "create" "-v" "/var/lib/crater-agent-workspace/builds/worker-3-tc2/target:/opt/rustwide/target:rw,Z" "-v" "/var/lib/crater-agent-workspace/builds/worker-3-tc2/source:/opt/rustwide/workdir:ro,Z" "-v" "/var/lib/crater-agent-workspace/cargo-home:/opt/rustwide/cargo-home:ro,Z" "-v" "/var/lib/crater-agent-workspace/rustup-home:/opt/rustwide/rustup-home:ro,Z" "-e" "SOURCE_DIR=/opt/rustwide/workdir" "-e" "CARGO_TARGET_DIR=/opt/rustwide/target" "-e" "CARGO_INCREMENTAL=0" "-e" "RUST_BACKTRACE=full" "-e" "RUSTFLAGS=--cap-lints=warn" "-e" "RUSTDOCFLAGS=--cap-lints=warn" "-e" "CARGO_HOME=/opt/rustwide/cargo-home" "-e" "RUSTUP_HOME=/opt/rustwide/rustup-home" "-w" "/opt/rustwide/workdir" "-m" "1610612736" "--user" "0:0" "--network" "none" "ghcr.io/rust-lang/crates-build-env/linux@sha256:5ff2268d62e97bff2cde7d5815dd6ed5b47097566f13b8d0ca110b04b60e07ed" "/opt/rustwide/cargo-home/bin/cargo" "+beta-2023-04-20" "test" "--frozen" "--no-run" "--message-format=json", kill_on_drop: false }`
[INFO] [stdout] c2e80089547f961137df5111e03b4cdf54e6139a6f6ff7ded983d7404ab7127f
[INFO] running `Command { std: "docker" "start" "-a" "c2e80089547f961137df5111e03b4cdf54e6139a6f6ff7ded983d7404ab7127f", kill_on_drop: false }`
[INFO] [stderr]    Compiling crates_io_testasdasd v0.1.0 (/opt/rustwide/workdir)
[INFO] [stderr]     Finished test [unoptimized + debuginfo] target(s) in 0.20s
[INFO] running `Command { std: "docker" "inspect" "c2e80089547f961137df5111e03b4cdf54e6139a6f6ff7ded983d7404ab7127f", kill_on_drop: false }`
[INFO] running `Command { std: "docker" "rm" "-f" "c2e80089547f961137df5111e03b4cdf54e6139a6f6ff7ded983d7404ab7127f", kill_on_drop: false }`
[INFO] [stdout] c2e80089547f961137df5111e03b4cdf54e6139a6f6ff7ded983d7404ab7127f
[INFO] running `Command { std: "docker" "create" "-v" "/var/lib/crater-agent-workspace/builds/worker-3-tc2/target:/opt/rustwide/target:rw,Z" "-v" "/var/lib/crater-agent-workspace/builds/worker-3-tc2/source:/opt/rustwide/workdir:ro,Z" "-v" "/var/lib/crater-agent-workspace/cargo-home:/opt/rustwide/cargo-home:ro,Z" "-v" "/var/lib/crater-agent-workspace/rustup-home:/opt/rustwide/rustup-home:ro,Z" "-e" "SOURCE_DIR=/opt/rustwide/workdir" "-e" "CARGO_TARGET_DIR=/opt/rustwide/target" "-e" "CARGO_INCREMENTAL=0" "-e" "RUST_BACKTRACE=full" "-e" "RUSTFLAGS=--cap-lints=warn" "-e" "RUSTDOCFLAGS=--cap-lints=warn" "-e" "CARGO_HOME=/opt/rustwide/cargo-home" "-e" "RUSTUP_HOME=/opt/rustwide/rustup-home" "-w" "/opt/rustwide/workdir" "-m" "1610612736" "--user" "0:0" "--network" "none" "ghcr.io/rust-lang/crates-build-env/linux@sha256:5ff2268d62e97bff2cde7d5815dd6ed5b47097566f13b8d0ca110b04b60e07ed" "/opt/rustwide/cargo-home/bin/cargo" "+beta-2023-04-20" "test" "--frozen", kill_on_drop: false }`
[INFO] [stdout] efb00e20943112096025f2fec550b010d6fcc72122414b40da099293c7eef8b9
[INFO] running `Command { std: "docker" "start" "-a" "efb00e20943112096025f2fec550b010d6fcc72122414b40da099293c7eef8b9", kill_on_drop: false }`
[INFO] [stderr]     Finished test [unoptimized + debuginfo] target(s) in 0.00s
[INFO] [stderr]      Running unittests src/lib.rs (/opt/rustwide/target/debug/deps/crates_io_testasdasd-24667d194344d41d)
[INFO] [stdout] 
[INFO] [stdout] running 1 test
[INFO] [stdout] test tests::it_works ... ok
[INFO] [stdout] 
[INFO] [stdout] test result: ok. 1 passed; 0 failed; 0 ignored; 0 measured; 0 filtered out; finished in 0.00s
[INFO] [stdout] 
[INFO] [stderr]    Doc-tests crates_io_testasdasd
[INFO] [stdout] 
[INFO] [stdout] running 1 test
[INFO] [stdout] test src/lib.rs - add_one (line 17) ... FAILED
[INFO] [stdout] 
[INFO] [stdout] failures:
[INFO] [stdout] 
[INFO] [stdout] ---- src/lib.rs - add_one (line 17) stdout ----
[INFO] [stdout] error[E0433]: failed to resolve: use of undeclared crate or module `crates_io`
[INFO] [stdout]  --> src/lib.rs:19:14
[INFO] [stdout]   |
[INFO] [stdout] 4 | let answer = crates_io::add_one(arg);
[INFO] [stdout]   |              ^^^^^^^^^ use of undeclared crate or module `crates_io`
[INFO] [stdout] 
[INFO] [stdout] error: aborting due to previous error
[INFO] [stdout] 
[INFO] [stdout] For more information about this error, try `rustc --explain E0433`.
[INFO] [stdout] Couldn't compile the test.
[INFO] [stdout] 
[INFO] [stdout] failures:
[INFO] [stdout]     src/lib.rs - add_one (line 17)
[INFO] [stdout] 
[INFO] [stdout] test result: FAILED. 0 passed; 1 failed; 0 ignored; 0 measured; 0 filtered out; finished in 0.04s
[INFO] [stdout] 
[INFO] [stderr] error: doctest failed, to rerun pass `--doc`
[INFO] running `Command { std: "docker" "inspect" "efb00e20943112096025f2fec550b010d6fcc72122414b40da099293c7eef8b9", kill_on_drop: false }`
[INFO] running `Command { std: "docker" "rm" "-f" "efb00e20943112096025f2fec550b010d6fcc72122414b40da099293c7eef8b9", kill_on_drop: false }`
[INFO] [stdout] efb00e20943112096025f2fec550b010d6fcc72122414b40da099293c7eef8b9
