[INFO] fetching crate crab-dlna 0.1.0...
[INFO] testing crab-dlna-0.1.0 against 1.69.0 for beta-1.70-1
[INFO] extracting crate crab-dlna 0.1.0 into /workspace/builds/worker-5-tc1/source
[INFO] validating manifest of crates.io crate crab-dlna 0.1.0 on toolchain 1.69.0
[INFO] running `Command { std: CARGO_HOME="/workspace/cargo-home" RUSTUP_HOME="/workspace/rustup-home" "/workspace/cargo-home/bin/cargo" "+1.69.0" "metadata" "--manifest-path" "Cargo.toml" "--no-deps", kill_on_drop: false }`
[INFO] started tweaking crates.io crate crab-dlna 0.1.0
[INFO] finished tweaking crates.io crate crab-dlna 0.1.0
[INFO] tweaked toml for crates.io crate crab-dlna 0.1.0 written to /workspace/builds/worker-5-tc1/source/Cargo.toml
[INFO] crate crates.io crate crab-dlna 0.1.0 already has a lockfile, it will not be regenerated
[INFO] running `Command { std: CARGO_HOME="/workspace/cargo-home" RUSTUP_HOME="/workspace/rustup-home" "/workspace/cargo-home/bin/cargo" "+1.69.0" "fetch" "--manifest-path" "Cargo.toml", kill_on_drop: false }`
[INFO] [stderr]     Blocking waiting for file lock on package cache
[INFO] [stderr]  Downloading crates ...
[INFO] [stderr]   Downloaded tokio-util v0.7.1
[INFO] [stderr]   Downloaded genawaiter-macro v0.99.1
[INFO] [stderr]   Downloaded c_linked_list v1.1.1
[INFO] [stderr]   Downloaded slugify v0.1.0
[INFO] [stderr]   Downloaded genawaiter v0.99.1
[INFO] [stderr]   Downloaded clap_lex v0.2.0
[INFO] [stderr]   Downloaded rupnp v1.1.0
[INFO] [stderr]   Downloaded get_if_addrs v0.5.3
[INFO] [stderr]   Downloaded pretty_env_logger v0.3.1
[INFO] [stderr]   Downloaded unicode-xid v0.2.3
[INFO] [stderr]   Downloaded clap_derive v3.1.7
[INFO] [stderr]   Downloaded ssdp-client v1.0.0
[INFO] [stderr]   Downloaded roxmltree v0.13.1
[INFO] [stderr]   Downloaded unidecode v0.3.0
[INFO] [stderr]   Downloaded hyper v0.14.18
[INFO] [stderr]   Downloaded syn v1.0.92
[INFO] [stderr]   Downloaded clap v3.1.15
[INFO] [stderr]   Downloaded libc v0.2.125
[INFO] [stderr]   Downloaded tokio v1.18.1
[INFO] [stderr]   Downloaded get_if_addrs-sys v0.1.1
[INFO] running `Command { std: "docker" "create" "-v" "/var/lib/crater-agent-workspace/builds/worker-5-tc1/target:/opt/rustwide/target:rw,Z" "-v" "/var/lib/crater-agent-workspace/builds/worker-5-tc1/source:/opt/rustwide/workdir:ro,Z" "-v" "/var/lib/crater-agent-workspace/cargo-home:/opt/rustwide/cargo-home:ro,Z" "-v" "/var/lib/crater-agent-workspace/rustup-home:/opt/rustwide/rustup-home:ro,Z" "-e" "SOURCE_DIR=/opt/rustwide/workdir" "-e" "CARGO_TARGET_DIR=/opt/rustwide/target" "-e" "CARGO_HOME=/opt/rustwide/cargo-home" "-e" "RUSTUP_HOME=/opt/rustwide/rustup-home" "-w" "/opt/rustwide/workdir" "-m" "1610612736" "--user" "0:0" "--network" "none" "ghcr.io/rust-lang/crates-build-env/linux@sha256:5ff2268d62e97bff2cde7d5815dd6ed5b47097566f13b8d0ca110b04b60e07ed" "/opt/rustwide/cargo-home/bin/cargo" "+1.69.0" "metadata" "--no-deps" "--format-version=1", kill_on_drop: false }`
[INFO] [stdout] 208a8d6344fa8c97756c7f6ab5b78b56d73716f0f630750d6271dd97d61208ae
[INFO] running `Command { std: "docker" "start" "-a" "208a8d6344fa8c97756c7f6ab5b78b56d73716f0f630750d6271dd97d61208ae", kill_on_drop: false }`
[INFO] running `Command { std: "docker" "inspect" "208a8d6344fa8c97756c7f6ab5b78b56d73716f0f630750d6271dd97d61208ae", kill_on_drop: false }`
[INFO] running `Command { std: "docker" "rm" "-f" "208a8d6344fa8c97756c7f6ab5b78b56d73716f0f630750d6271dd97d61208ae", kill_on_drop: false }`
[INFO] [stdout] 208a8d6344fa8c97756c7f6ab5b78b56d73716f0f630750d6271dd97d61208ae
[INFO] running `Command { std: "docker" "create" "-v" "/var/lib/crater-agent-workspace/builds/worker-5-tc1/target:/opt/rustwide/target:rw,Z" "-v" "/var/lib/crater-agent-workspace/builds/worker-5-tc1/source:/opt/rustwide/workdir:ro,Z" "-v" "/var/lib/crater-agent-workspace/cargo-home:/opt/rustwide/cargo-home:ro,Z" "-v" "/var/lib/crater-agent-workspace/rustup-home:/opt/rustwide/rustup-home:ro,Z" "-e" "SOURCE_DIR=/opt/rustwide/workdir" "-e" "CARGO_TARGET_DIR=/opt/rustwide/target" "-e" "CARGO_INCREMENTAL=0" "-e" "RUST_BACKTRACE=full" "-e" "RUSTFLAGS=--cap-lints=warn" "-e" "RUSTDOCFLAGS=--cap-lints=warn" "-e" "CARGO_HOME=/opt/rustwide/cargo-home" "-e" "RUSTUP_HOME=/opt/rustwide/rustup-home" "-w" "/opt/rustwide/workdir" "-m" "1610612736" "--user" "0:0" "--network" "none" "ghcr.io/rust-lang/crates-build-env/linux@sha256:5ff2268d62e97bff2cde7d5815dd6ed5b47097566f13b8d0ca110b04b60e07ed" "/opt/rustwide/cargo-home/bin/cargo" "+1.69.0" "build" "--frozen" "--message-format=json", kill_on_drop: false }`
[INFO] [stdout] fdc47dcc598a807089245035ad39b0ae3d3ac1c375ab52b2de266fddf329493b
[INFO] running `Command { std: "docker" "start" "-a" "fdc47dcc598a807089245035ad39b0ae3d3ac1c375ab52b2de266fddf329493b", kill_on_drop: false }`
[INFO] [stderr]    Compiling libc v0.2.125
[INFO] [stderr]    Compiling proc-macro2 v1.0.37
[INFO] [stderr]    Compiling unicode-xid v0.2.3
[INFO] [stderr]    Compiling syn v1.0.92
[INFO] [stderr]    Compiling memchr v2.5.0
[INFO] [stderr]    Compiling futures-core v0.3.21
[INFO] [stderr]    Compiling bytes v1.1.0
[INFO] [stderr]    Compiling parking_lot_core v0.9.3
[INFO] [stderr]    Compiling itoa v1.0.1
[INFO] [stderr]    Compiling generic-array v0.14.5
[INFO] [stderr]    Compiling lock_api v0.4.7
[INFO] [stderr]    Compiling smallvec v1.8.0
[INFO] [stderr]    Compiling futures-sink v0.3.21
[INFO] [stderr]    Compiling futures-channel v0.3.21
[INFO] [stderr]    Compiling futures-task v0.3.21
[INFO] [stderr]    Compiling once_cell v1.10.0
[INFO] [stderr]    Compiling futures-util v0.3.21
[INFO] [stderr]    Compiling futures-io v0.3.21
[INFO] [stderr]    Compiling httparse v1.7.1
[INFO] [stderr]    Compiling slab v0.4.6
[INFO] [stderr]    Compiling unicase v2.6.0
[INFO] [stderr]    Compiling indexmap v1.8.1
[INFO] [stderr]    Compiling tinyvec_macros v0.1.0
[INFO] [stderr]    Compiling matches v0.1.9
[INFO] [stderr]    Compiling http v0.2.7
[INFO] [stderr]    Compiling tracing-core v0.1.26
[INFO] [stderr]    Compiling tinyvec v1.6.0
[INFO] [stderr]    Compiling percent-encoding v2.1.0
[INFO] [stderr]    Compiling cpufeatures v0.2.2
[INFO] [stderr]    Compiling hashbrown v0.11.2
[INFO] [stderr]    Compiling ppv-lite86 v0.2.16
[INFO] [stderr]    Compiling form_urlencoded v1.0.1
[INFO] [stderr]    Compiling serde v1.0.137
[INFO] [stderr]    Compiling unicode-bidi v0.3.8
[INFO] [stderr]    Compiling opaque-debug v0.3.0
[INFO] [stderr]    Compiling quote v1.0.18
[INFO] [stderr]    Compiling try-lock v0.2.3
[INFO] [stderr]    Compiling base64 v0.13.0
[INFO] [stderr]    Compiling aho-corasick v0.7.18
[INFO] [stderr]    Compiling want v0.3.0
[INFO] [stderr]    Compiling genawaiter-macro v0.99.1
[INFO] [stderr]    Compiling mio v0.8.2
[INFO] [stderr]    Compiling signal-hook-registry v1.4.0
[INFO] [stderr]    Compiling num_cpus v1.13.1
[INFO] [stderr]    Compiling socket2 v0.4.4
[INFO] [stderr]    Compiling getrandom v0.2.6
[INFO] [stderr]    Compiling digest v0.9.0
[INFO] [stderr]    Compiling block-buffer v0.10.2
[INFO] [stderr]    Compiling crypto-common v0.1.3
[INFO] [stderr]    Compiling block-buffer v0.9.0
[INFO] [stderr]    Compiling rand_core v0.6.3
[INFO] [stderr]    Compiling unicode-normalization v0.1.19
[INFO] [stderr]    Compiling parking_lot v0.12.0
[INFO] [stderr]    Compiling mime_guess v2.0.4
[INFO] [stderr]    Compiling sha-1 v0.9.8
[INFO] [stderr]    Compiling digest v0.10.3
[INFO] [stderr]    Compiling rand_chacha v0.3.1
[INFO] [stderr]    Compiling http-body v0.4.4
[INFO] [stderr]    Compiling proc-macro-error-attr v1.0.4
[INFO] [stderr]    Compiling atty v0.2.14
[INFO] [stderr]    Compiling serde_json v1.0.81
[INFO] [stderr]    Compiling regex-syntax v0.6.25
[INFO] [stderr]    Compiling fastrand v1.7.0
[INFO] [stderr]    Compiling ryu v1.0.9
[INFO] [stderr]    Compiling safemem v0.3.3
[INFO] [stderr]    Compiling tower-service v0.3.1
[INFO] [stderr]    Compiling remove_dir_all v0.5.3
[INFO] [stderr]    Compiling buf_redux v0.8.4
[INFO] [stderr]    Compiling rand v0.8.5
[INFO] [stderr]    Compiling sha-1 v0.10.0
[INFO] [stderr]    Compiling headers-core v0.2.0
[INFO] [stderr]    Compiling tempfile v3.3.0
[INFO] [stderr]    Compiling time v0.1.43
[INFO] [stderr]    Compiling idna v0.2.3
[INFO] [stderr]    Compiling genawaiter v0.99.1
[INFO] [stderr]    Compiling twoway v0.1.8
[INFO] [stderr]    Compiling xmlparser v0.13.3
[INFO] [stderr]    Compiling c_linked_list v1.1.1
[INFO] [stderr]    Compiling os_str_bytes v6.0.0
[INFO] [stderr]    Compiling chrono v0.4.19
[INFO] [stderr]    Compiling headers v0.3.7
[INFO] [stderr]    Compiling unidecode v0.3.0
[INFO] [stderr]    Compiling get_if_addrs v0.5.3
[INFO] [stderr]    Compiling clap_lex v0.2.0
[INFO] [stderr]    Compiling url v2.2.2
[INFO] [stderr]    Compiling scoped-tls v1.0.0
[INFO] [stderr]    Compiling xml-rs v0.8.4
[INFO] [stderr]    Compiling roxmltree v0.13.1
[INFO] [stderr]    Compiling multipart v0.18.0
[INFO] [stderr]    Compiling slugify v0.1.0
[INFO] [stderr]    Compiling regex v1.5.5
[INFO] [stderr]    Compiling serde_urlencoded v0.7.1
[INFO] [stderr]    Compiling proc-macro-error v1.0.4
[INFO] [stderr]    Compiling env_logger v0.6.2
[INFO] [stderr]    Compiling pretty_env_logger v0.3.1
[INFO] [stderr]    Compiling tokio-macros v1.7.0
[INFO] [stderr]    Compiling futures-macro v0.3.21
[INFO] [stderr]    Compiling tracing-attributes v0.1.21
[INFO] [stderr]    Compiling thiserror-impl v1.0.31
[INFO] [stderr]    Compiling pin-project-internal v1.0.10
[INFO] [stderr]    Compiling clap_derive v3.1.7
[INFO] [stderr]    Compiling tokio v1.18.1
[INFO] [stderr]    Compiling pin-project v1.0.10
[INFO] [stderr]    Compiling tracing v0.1.34
[INFO] [stderr]    Compiling thiserror v1.0.31
[INFO] [stderr]    Compiling tungstenite v0.14.0
[INFO] [stderr]    Compiling clap v3.1.15
[INFO] [stderr]    Compiling futures-executor v0.3.21
[INFO] [stderr]    Compiling futures v0.3.21
[INFO] [stderr]    Compiling tokio-util v0.7.1
[INFO] [stderr]    Compiling tokio-stream v0.1.8
[INFO] [stderr]    Compiling tokio-util v0.6.9
[INFO] [stderr]    Compiling tokio-tungstenite v0.15.0
[INFO] [stderr]    Compiling ssdp-client v1.0.0
[INFO] [stderr]    Compiling h2 v0.3.13
[INFO] [stderr]    Compiling hyper v0.14.18
[INFO] [stderr]    Compiling rupnp v1.1.0
[INFO] [stderr]    Compiling warp v0.3.2
[INFO] [stderr]    Compiling crab-dlna v0.1.0 (/opt/rustwide/workdir)
[INFO] [stdout] warning: opaque type `impl warp::Filter + warp::filter::FilterBase<Extract = impl Reply, Error = Rejection> + Clone` does not satisfy its associated type bounds
[INFO] [stdout]    --> src/streaming.rs:133:22
[INFO] [stdout]     |
[INFO] [stdout] 133 |     ) -> impl Filter<Extract = impl warp::Reply, Error = warp::Rejection> + Clone {
[INFO] [stdout]     |                      ^^^^^^^^^^^^^^^^^^^^^^^^^^
[INFO] [stdout]     |
[INFO] [stdout]    ::: /opt/rustwide/cargo-home/registry/src/github.com-1ecc6299db9ec823/warp-0.3.2/src/filter/mod.rs:40:19
[INFO] [stdout]     |
[INFO] [stdout] 40  |     type Extract: Tuple; // + Send;
[INFO] [stdout]     |                   ----- this associated type bound is unsatisfied for `impl Reply`
[INFO] [stdout]     |
[INFO] [stdout]     = note: `#[warn(opaque_hidden_inferred_bound)]` on by default
[INFO] [stdout] help: add this bound
[INFO] [stdout]     |
[INFO] [stdout] 133 |     ) -> impl Filter<Extract = impl warp::Reply + warp::generic::Tuple, Error = warp::Rejection> + Clone {
[INFO] [stdout]     |                                                 ++++++++++++++++++++++
[INFO] [stdout] 
[INFO] [stdout] 
[INFO] [stdout] warning: 1 warning emitted
[INFO] [stdout] 
[INFO] [stdout] 
[INFO] [stderr]     Finished dev [unoptimized + debuginfo] target(s) in 37.64s
[INFO] [stderr] warning: the following packages contain code that will be rejected by a future version of Rust: buf_redux v0.8.4, multipart v0.18.0
[INFO] [stderr]     Blocking waiting for file lock on package cache
[INFO] [stderr] note: to see what the problems were, use the option `--future-incompat-report`, or run `cargo report future-incompatibilities --id 1`
[INFO] running `Command { std: "docker" "inspect" "fdc47dcc598a807089245035ad39b0ae3d3ac1c375ab52b2de266fddf329493b", kill_on_drop: false }`
[INFO] running `Command { std: "docker" "rm" "-f" "fdc47dcc598a807089245035ad39b0ae3d3ac1c375ab52b2de266fddf329493b", kill_on_drop: false }`
[INFO] [stdout] fdc47dcc598a807089245035ad39b0ae3d3ac1c375ab52b2de266fddf329493b
[INFO] running `Command { std: "docker" "create" "-v" "/var/lib/crater-agent-workspace/builds/worker-5-tc1/target:/opt/rustwide/target:rw,Z" "-v" "/var/lib/crater-agent-workspace/builds/worker-5-tc1/source:/opt/rustwide/workdir:ro,Z" "-v" "/var/lib/crater-agent-workspace/cargo-home:/opt/rustwide/cargo-home:ro,Z" "-v" "/var/lib/crater-agent-workspace/rustup-home:/opt/rustwide/rustup-home:ro,Z" "-e" "SOURCE_DIR=/opt/rustwide/workdir" "-e" "CARGO_TARGET_DIR=/opt/rustwide/target" "-e" "CARGO_INCREMENTAL=0" "-e" "RUST_BACKTRACE=full" "-e" "RUSTFLAGS=--cap-lints=warn" "-e" "RUSTDOCFLAGS=--cap-lints=warn" "-e" "CARGO_HOME=/opt/rustwide/cargo-home" "-e" "RUSTUP_HOME=/opt/rustwide/rustup-home" "-w" "/opt/rustwide/workdir" "-m" "1610612736" "--user" "0:0" "--network" "none" "ghcr.io/rust-lang/crates-build-env/linux@sha256:5ff2268d62e97bff2cde7d5815dd6ed5b47097566f13b8d0ca110b04b60e07ed" "/opt/rustwide/cargo-home/bin/cargo" "+1.69.0" "test" "--frozen" "--no-run" "--message-format=json", kill_on_drop: false }`
[INFO] [stdout] d0f377028520a38377902c6dee4ffdb95e9cf07b89936c475b18a8ed44426dd8
[INFO] running `Command { std: "docker" "start" "-a" "d0f377028520a38377902c6dee4ffdb95e9cf07b89936c475b18a8ed44426dd8", kill_on_drop: false }`
[INFO] [stderr]    Compiling crab-dlna v0.1.0 (/opt/rustwide/workdir)
[INFO] [stdout] warning: opaque type `impl warp::Filter + warp::filter::FilterBase<Extract = impl Reply, Error = Rejection> + Clone` does not satisfy its associated type bounds
[INFO] [stdout]    --> src/streaming.rs:133:22
[INFO] [stdout]     |
[INFO] [stdout] 133 |     ) -> impl Filter<Extract = impl warp::Reply, Error = warp::Rejection> + Clone {
[INFO] [stdout]     |                      ^^^^^^^^^^^^^^^^^^^^^^^^^^
[INFO] [stdout]     |
[INFO] [stdout]    ::: /opt/rustwide/cargo-home/registry/src/github.com-1ecc6299db9ec823/warp-0.3.2/src/filter/mod.rs:40:19
[INFO] [stdout]     |
[INFO] [stdout] 40  |     type Extract: Tuple; // + Send;
[INFO] [stdout]     |                   ----- this associated type bound is unsatisfied for `impl Reply`
[INFO] [stdout]     |
[INFO] [stdout]     = note: `#[warn(opaque_hidden_inferred_bound)]` on by default
[INFO] [stdout] help: add this bound
[INFO] [stdout]     |
[INFO] [stdout] 133 |     ) -> impl Filter<Extract = impl warp::Reply + warp::generic::Tuple, Error = warp::Rejection> + Clone {
[INFO] [stdout]     |                                                 ++++++++++++++++++++++
[INFO] [stdout] 
[INFO] [stdout] 
[INFO] [stdout] warning: 1 warning emitted
[INFO] [stdout] 
[INFO] [stdout] 
[INFO] [stdout] warning: opaque type `impl warp::Filter + warp::filter::FilterBase<Extract = impl Reply, Error = Rejection> + Clone` does not satisfy its associated type bounds
[INFO] [stdout]    --> src/streaming.rs:133:22
[INFO] [stdout]     |
[INFO] [stdout] 133 |     ) -> impl Filter<Extract = impl warp::Reply, Error = warp::Rejection> + Clone {
[INFO] [stdout]     |                      ^^^^^^^^^^^^^^^^^^^^^^^^^^
[INFO] [stdout]     |
[INFO] [stdout]    ::: /opt/rustwide/cargo-home/registry/src/github.com-1ecc6299db9ec823/warp-0.3.2/src/filter/mod.rs:40:19
[INFO] [stdout]     |
[INFO] [stdout] 40  |     type Extract: Tuple; // + Send;
[INFO] [stdout]     |                   ----- this associated type bound is unsatisfied for `impl Reply`
[INFO] [stdout]     |
[INFO] [stdout]     = note: `#[warn(opaque_hidden_inferred_bound)]` on by default
[INFO] [stdout] help: add this bound
[INFO] [stdout]     |
[INFO] [stdout] 133 |     ) -> impl Filter<Extract = impl warp::Reply + warp::generic::Tuple, Error = warp::Rejection> + Clone {
[INFO] [stdout]     |                                                 ++++++++++++++++++++++
[INFO] [stdout] 
[INFO] [stdout] 
[INFO] [stdout] warning: 1 warning emitted
[INFO] [stdout] 
[INFO] [stdout] 
[INFO] [stderr]     Finished test [unoptimized + debuginfo] target(s) in 8.90s
[INFO] [stderr] warning: the following packages contain code that will be rejected by a future version of Rust: buf_redux v0.8.4, multipart v0.18.0
[INFO] [stderr] note: to see what the problems were, use the option `--future-incompat-report`, or run `cargo report future-incompatibilities --id 1`
[INFO] running `Command { std: "docker" "inspect" "d0f377028520a38377902c6dee4ffdb95e9cf07b89936c475b18a8ed44426dd8", kill_on_drop: false }`
[INFO] running `Command { std: "docker" "rm" "-f" "d0f377028520a38377902c6dee4ffdb95e9cf07b89936c475b18a8ed44426dd8", kill_on_drop: false }`
[INFO] [stdout] d0f377028520a38377902c6dee4ffdb95e9cf07b89936c475b18a8ed44426dd8
[INFO] running `Command { std: "docker" "create" "-v" "/var/lib/crater-agent-workspace/builds/worker-5-tc1/target:/opt/rustwide/target:rw,Z" "-v" "/var/lib/crater-agent-workspace/builds/worker-5-tc1/source:/opt/rustwide/workdir:ro,Z" "-v" "/var/lib/crater-agent-workspace/cargo-home:/opt/rustwide/cargo-home:ro,Z" "-v" "/var/lib/crater-agent-workspace/rustup-home:/opt/rustwide/rustup-home:ro,Z" "-e" "SOURCE_DIR=/opt/rustwide/workdir" "-e" "CARGO_TARGET_DIR=/opt/rustwide/target" "-e" "CARGO_INCREMENTAL=0" "-e" "RUST_BACKTRACE=full" "-e" "RUSTFLAGS=--cap-lints=warn" "-e" "RUSTDOCFLAGS=--cap-lints=warn" "-e" "CARGO_HOME=/opt/rustwide/cargo-home" "-e" "RUSTUP_HOME=/opt/rustwide/rustup-home" "-w" "/opt/rustwide/workdir" "-m" "1610612736" "--user" "0:0" "--network" "none" "ghcr.io/rust-lang/crates-build-env/linux@sha256:5ff2268d62e97bff2cde7d5815dd6ed5b47097566f13b8d0ca110b04b60e07ed" "/opt/rustwide/cargo-home/bin/cargo" "+1.69.0" "test" "--frozen", kill_on_drop: false }`
[INFO] [stdout] 1308a34870f3713a08a03ed56a4c68bbb17f5ebaa526ff3038ce3138c1234ce8
[INFO] running `Command { std: "docker" "start" "-a" "1308a34870f3713a08a03ed56a4c68bbb17f5ebaa526ff3038ce3138c1234ce8", kill_on_drop: false }`
[INFO] [stderr] warning: opaque type `impl warp::Filter + warp::filter::FilterBase<Extract = impl Reply, Error = Rejection> + Clone` does not satisfy its associated type bounds
[INFO] [stderr]    --> src/streaming.rs:133:22
[INFO] [stderr]     |
[INFO] [stderr] 133 |     ) -> impl Filter<Extract = impl warp::Reply, Error = warp::Rejection> + Clone {
[INFO] [stderr]     |                      ^^^^^^^^^^^^^^^^^^^^^^^^^^
[INFO] [stderr]     |
[INFO] [stderr]    ::: /opt/rustwide/cargo-home/registry/src/github.com-1ecc6299db9ec823/warp-0.3.2/src/filter/mod.rs:40:19
[INFO] [stderr]     |
[INFO] [stderr] 40  |     type Extract: Tuple; // + Send;
[INFO] [stderr]     |                   ----- this associated type bound is unsatisfied for `impl Reply`
[INFO] [stderr]     |
[INFO] [stderr]     = note: `#[warn(opaque_hidden_inferred_bound)]` on by default
[INFO] [stderr] help: add this bound
[INFO] [stderr]     |
[INFO] [stderr] 133 |     ) -> impl Filter<Extract = impl warp::Reply + warp::generic::Tuple, Error = warp::Rejection> + Clone {
[INFO] [stderr]     |                                                 ++++++++++++++++++++++
[INFO] [stderr] 
[INFO] [stderr] warning: `crab-dlna` (lib) generated 1 warning (run `cargo fix --lib -p crab-dlna` to apply 1 suggestion)
[INFO] [stderr] warning: `crab-dlna` (lib test) generated 1 warning (1 duplicate)
[INFO] [stderr]     Finished test [unoptimized + debuginfo] target(s) in 0.13s
[INFO] [stderr] warning: the following packages contain code that will be rejected by a future version of Rust: buf_redux v0.8.4, multipart v0.18.0
[INFO] [stderr] note: to see what the problems were, use the option `--future-incompat-report`, or run `cargo report future-incompatibilities --id 1`
[INFO] [stderr]      Running unittests src/lib.rs (/opt/rustwide/target/debug/deps/crab_dlna-b096d815daf78fc3)
[INFO] [stdout] 
[INFO] [stdout] running 0 tests
[INFO] [stdout] 
[INFO] [stdout] test result: ok. 0 passed; 0 failed; 0 ignored; 0 measured; 0 filtered out; finished in 0.00s
[INFO] [stdout] 
[INFO] [stderr]      Running unittests src/main.rs (/opt/rustwide/target/debug/deps/crab_dlna-463d929eb1eb76a5)
[INFO] [stdout] 
[INFO] [stderr]    Doc-tests crab-dlna
[INFO] [stdout] running 0 tests
[INFO] [stdout] 
[INFO] [stdout] test result: ok. 0 passed; 0 failed; 0 ignored; 0 measured; 0 filtered out; finished in 0.00s
[INFO] [stdout] 
[INFO] [stdout] 
[INFO] [stdout] running 2 tests
[INFO] [stdout] test src/lib.rs - (line 37) - compile ... ok
[INFO] [stdout] test src/lib.rs - (line 18) ... FAILED
[INFO] [stdout] 
[INFO] [stdout] failures:
[INFO] [stdout] 
[INFO] [stdout] ---- src/lib.rs - (line 18) stdout ----
[INFO] [stdout] Test executable failed (exit status: 101).
[INFO] [stdout] 
[INFO] [stdout] stderr:
[INFO] [stdout] thread 'main' panicked at 'called `Result::unwrap()` on an `Err` value: DevicesDiscoverFail(SSDPError(IO(Os { code: 101, kind: NetworkUnreachable, message: "Network is unreachable" })))', src/lib.rs:8:76
[INFO] [stdout] stack backtrace:
[INFO] [stdout]    0:     0x563232dcbbaa - std::backtrace_rs::backtrace::libunwind::trace::ha9053a9a07ca49cb
[INFO] [stdout]                                at /rustc/84c898d65adf2f39a5a98507f1fe0ce10a2b8dbc/library/std/src/../../backtrace/src/backtrace/libunwind.rs:93:5
[INFO] [stdout]    1:     0x563232dcbbaa - std::backtrace_rs::backtrace::trace_unsynchronized::h9c2852a457ad564e
[INFO] [stdout]                                at /rustc/84c898d65adf2f39a5a98507f1fe0ce10a2b8dbc/library/std/src/../../backtrace/src/backtrace/mod.rs:66:5
[INFO] [stdout]    2:     0x563232dcbbaa - std::sys_common::backtrace::_print_fmt::h457936fbfaa0070f
[INFO] [stdout]                                at /rustc/84c898d65adf2f39a5a98507f1fe0ce10a2b8dbc/library/std/src/sys_common/backtrace.rs:65:5
[INFO] [stdout]    3:     0x563232dcbbaa - <std::sys_common::backtrace::_print::DisplayBacktrace as core::fmt::Display>::fmt::h5779d7bf7f70cb0c
[INFO] [stdout]                                at /rustc/84c898d65adf2f39a5a98507f1fe0ce10a2b8dbc/library/std/src/sys_common/backtrace.rs:44:22
[INFO] [stdout]    4:     0x563232dedbde - core::fmt::write::h5a4baaff1bcd3eb5
[INFO] [stdout]                                at /rustc/84c898d65adf2f39a5a98507f1fe0ce10a2b8dbc/library/core/src/fmt/mod.rs:1232:17
[INFO] [stdout]    5:     0x563232dc8ee5 - std::io::Write::write_fmt::h4bc1f301cb9e9cce
[INFO] [stdout]                                at /rustc/84c898d65adf2f39a5a98507f1fe0ce10a2b8dbc/library/std/src/io/mod.rs:1684:15
[INFO] [stdout]    6:     0x563232dcb975 - std::sys_common::backtrace::_print::h5fcdc36060f177e8
[INFO] [stdout]                                at /rustc/84c898d65adf2f39a5a98507f1fe0ce10a2b8dbc/library/std/src/sys_common/backtrace.rs:47:5
[INFO] [stdout]    7:     0x563232dcb975 - std::sys_common::backtrace::print::h54ca9458b876c8bf
[INFO] [stdout]                                at /rustc/84c898d65adf2f39a5a98507f1fe0ce10a2b8dbc/library/std/src/sys_common/backtrace.rs:34:9
[INFO] [stdout]    8:     0x563232dcd12f - std::panicking::default_hook::{{closure}}::hbe471161c7664ed6
[INFO] [stdout]                                at /rustc/84c898d65adf2f39a5a98507f1fe0ce10a2b8dbc/library/std/src/panicking.rs:271:22
[INFO] [stdout]    9:     0x563232dcce6b - std::panicking::default_hook::ha3500da57aa4ac4f
[INFO] [stdout]                                at /rustc/84c898d65adf2f39a5a98507f1fe0ce10a2b8dbc/library/std/src/panicking.rs:290:9
[INFO] [stdout]   10:     0x563232dcd6d8 - std::panicking::rust_panic_with_hook::h50c09d000dc561d2
[INFO] [stdout]                                at /rustc/84c898d65adf2f39a5a98507f1fe0ce10a2b8dbc/library/std/src/panicking.rs:692:13
[INFO] [stdout]   11:     0x563232dcd5d9 - std::panicking::begin_panic_handler::{{closure}}::h9e2b2176e00e0d9c
[INFO] [stdout]                                at /rustc/84c898d65adf2f39a5a98507f1fe0ce10a2b8dbc/library/std/src/panicking.rs:583:13
[INFO] [stdout]   12:     0x563232dcc016 - std::sys_common::backtrace::__rust_end_short_backtrace::h5739b8e512c09d02
[INFO] [stdout]                                at /rustc/84c898d65adf2f39a5a98507f1fe0ce10a2b8dbc/library/std/src/sys_common/backtrace.rs:150:18
[INFO] [stdout]   13:     0x563232dcd2e2 - rust_begin_unwind
[INFO] [stdout]                                at /rustc/84c898d65adf2f39a5a98507f1fe0ce10a2b8dbc/library/std/src/panicking.rs:579:5
[INFO] [stdout]   14:     0x56323299e9c3 - core::panicking::panic_fmt::hf33a1475b4dc5c3e
[INFO] [stdout]                                at /rustc/84c898d65adf2f39a5a98507f1fe0ce10a2b8dbc/library/core/src/panicking.rs:64:14
[INFO] [stdout]   15:     0x56323299ee73 - core::result::unwrap_failed::hdff5465d74574b44
[INFO] [stdout]                                at /rustc/84c898d65adf2f39a5a98507f1fe0ce10a2b8dbc/library/core/src/result.rs:1750:5
[INFO] [stdout]   16:     0x563232a2528b - core::result::Result<T,E>::unwrap::h9be15e9794e88309
[INFO] [stdout]   17:     0x563232af1398 - rust_out::main::{{closure}}::heb8593311470db2b
[INFO] [stdout]   18:     0x563232a9589a - tokio::park::thread::CachedParkThread::block_on::{{closure}}::h8783760b3eff131b
[INFO] [stdout]   19:     0x563232a92718 - tokio::coop::with_budget::{{closure}}::h09c9ad136a8633ed
[INFO] [stdout]   20:     0x563232a07c4e - std::thread::local::LocalKey<T>::try_with::hcc3e6a67010fbab5
[INFO] [stdout]   21:     0x563232a07416 - std::thread::local::LocalKey<T>::with::h928180d142b71d3b
[INFO] [stdout]   22:     0x563232a95366 - tokio::park::thread::CachedParkThread::block_on::h1b6abb19fd0f500d
[INFO] [stdout]   23:     0x563232acdc4d - tokio::runtime::enter::Enter::block_on::h9602a33868c2d500
[INFO] [stdout]   24:     0x563232a9bdc9 - tokio::runtime::thread_pool::ThreadPool::block_on::hceb1029404ab1667
[INFO] [stdout]   25:     0x563232acdd89 - tokio::runtime::Runtime::block_on::h077b2798b36f4f3c
[INFO] [stdout]   26:     0x563232af10cc - rust_out::main::h045d0fd74ed7290e
[INFO] [stdout]   27:     0x563232a11b53 - core::ops::function::FnOnce::call_once::h5b89dea722ea21ad
[INFO] [stdout]   28:     0x563232a05b99 - std::sys_common::backtrace::__rust_begin_short_backtrace::hc178e4cfacf1803d
[INFO] [stdout]   29:     0x563232a06589 - std::rt::lang_start::{{closure}}::he8c5d60628d06093
[INFO] [stdout]   30:     0x563232dc58ec - core::ops::function::impls::<impl core::ops::function::FnOnce<A> for &F>::call_once::hd6efcd3bec896f2c
[INFO] [stdout]                                at /rustc/84c898d65adf2f39a5a98507f1fe0ce10a2b8dbc/library/core/src/ops/function.rs:287:13
[INFO] [stdout]   31:     0x563232dc58ec - std::panicking::try::do_call::hce04e543bb1f4cbb
[INFO] [stdout]                                at /rustc/84c898d65adf2f39a5a98507f1fe0ce10a2b8dbc/library/std/src/panicking.rs:487:40
[INFO] [stdout]   32:     0x563232dc58ec - std::panicking::try::h3342dd4e1f680968
[INFO] [stdout]                                at /rustc/84c898d65adf2f39a5a98507f1fe0ce10a2b8dbc/library/std/src/panicking.rs:451:19
[INFO] [stdout]   33:     0x563232dc58ec - std::panic::catch_unwind::h148ce1e59ac0cee7
[INFO] [stdout]                                at /rustc/84c898d65adf2f39a5a98507f1fe0ce10a2b8dbc/library/std/src/panic.rs:140:14
[INFO] [stdout]   34:     0x563232dc58ec - std::rt::lang_start_internal::{{closure}}::h25f9dda2057a67fe
[INFO] [stdout]                                at /rustc/84c898d65adf2f39a5a98507f1fe0ce10a2b8dbc/library/std/src/rt.rs:148:48
[INFO] [stdout]   35:     0x563232dc58ec - std::panicking::try::do_call::h7caaaeaf9401650b
[INFO] [stdout]                                at /rustc/84c898d65adf2f39a5a98507f1fe0ce10a2b8dbc/library/std/src/panicking.rs:487:40
[INFO] [stdout]   36:     0x563232dc58ec - std::panicking::try::he7d15285746cbbc2
[INFO] [stdout]                                at /rustc/84c898d65adf2f39a5a98507f1fe0ce10a2b8dbc/library/std/src/panicking.rs:451:19
[INFO] [stdout]   37:     0x563232dc58ec - std::panic::catch_unwind::h89fb4f50c0301fe0
[INFO] [stdout]                                at /rustc/84c898d65adf2f39a5a98507f1fe0ce10a2b8dbc/library/std/src/panic.rs:140:14
[INFO] [stdout]   38:     0x563232dc58ec - std::rt::lang_start_internal::h078acd489417d3c1
[INFO] [stdout]                                at /rustc/84c898d65adf2f39a5a98507f1fe0ce10a2b8dbc/library/std/src/rt.rs:148:20
[INFO] [stdout]   39:     0x563232a06567 - std::rt::lang_start::h335d6166ecad8ac7
[INFO] [stdout]   40:     0x563232af15b5 - main
[INFO] [stdout]   41:     0x7fce26eb7d90 - <unknown>
[INFO] [stdout]   42:     0x7fce26eb7e40 - __libc_start_main
[INFO] [stdout]   43:     0x56323299f055 - _start
[INFO] [stdout]   44:                0x0 - <unknown>
[INFO] [stdout] 
[INFO] [stdout] 
[INFO] [stdout] 
[INFO] [stdout] failures:
[INFO] [stdout]     src/lib.rs - (line 18)
[INFO] [stdout] 
[INFO] [stdout] test result: FAILED. 1 passed; 1 failed; 0 ignored; 0 measured; 0 filtered out; finished in 5.55s
[INFO] [stdout] 
[INFO] [stderr] error: doctest failed, to rerun pass `--doc`
[INFO] running `Command { std: "docker" "inspect" "1308a34870f3713a08a03ed56a4c68bbb17f5ebaa526ff3038ce3138c1234ce8", kill_on_drop: false }`
[INFO] running `Command { std: "docker" "rm" "-f" "1308a34870f3713a08a03ed56a4c68bbb17f5ebaa526ff3038ce3138c1234ce8", kill_on_drop: false }`
[INFO] [stdout] 1308a34870f3713a08a03ed56a4c68bbb17f5ebaa526ff3038ce3138c1234ce8
