[INFO] fetching crate countmap 0.2.0...
[INFO] testing countmap-0.2.0 against beta-2023-04-20 for beta-1.70-1
[INFO] extracting crate countmap 0.2.0 into /workspace/builds/worker-5-tc2/source
[INFO] validating manifest of crates.io crate countmap 0.2.0 on toolchain beta-2023-04-20
[INFO] running `Command { std: CARGO_HOME="/workspace/cargo-home" RUSTUP_HOME="/workspace/rustup-home" "/workspace/cargo-home/bin/cargo" "+beta-2023-04-20" "metadata" "--manifest-path" "Cargo.toml" "--no-deps", kill_on_drop: false }`
[INFO] started tweaking crates.io crate countmap 0.2.0
[INFO] finished tweaking crates.io crate countmap 0.2.0
[INFO] tweaked toml for crates.io crate countmap 0.2.0 written to /workspace/builds/worker-5-tc2/source/Cargo.toml
[INFO] running `Command { std: CARGO_HOME="/workspace/cargo-home" RUSTUP_HOME="/workspace/rustup-home" __CARGO_TEST_CHANNEL_OVERRIDE_DO_NOT_USE_THIS="nightly" "/workspace/cargo-home/bin/cargo" "+beta-2023-04-20" "generate-lockfile" "--manifest-path" "Cargo.toml" "-Zno-index-update", kill_on_drop: false }`
[INFO] running `Command { std: CARGO_HOME="/workspace/cargo-home" RUSTUP_HOME="/workspace/rustup-home" "/workspace/cargo-home/bin/cargo" "+beta-2023-04-20" "fetch" "--manifest-path" "Cargo.toml", kill_on_drop: false }`
[INFO] [stderr]     Blocking waiting for file lock on package cache
[INFO] running `Command { std: "docker" "create" "-v" "/var/lib/crater-agent-workspace/builds/worker-5-tc2/target:/opt/rustwide/target:rw,Z" "-v" "/var/lib/crater-agent-workspace/builds/worker-5-tc2/source:/opt/rustwide/workdir:ro,Z" "-v" "/var/lib/crater-agent-workspace/cargo-home:/opt/rustwide/cargo-home:ro,Z" "-v" "/var/lib/crater-agent-workspace/rustup-home:/opt/rustwide/rustup-home:ro,Z" "-e" "SOURCE_DIR=/opt/rustwide/workdir" "-e" "CARGO_TARGET_DIR=/opt/rustwide/target" "-e" "CARGO_HOME=/opt/rustwide/cargo-home" "-e" "RUSTUP_HOME=/opt/rustwide/rustup-home" "-w" "/opt/rustwide/workdir" "-m" "1610612736" "--user" "0:0" "--network" "none" "ghcr.io/rust-lang/crates-build-env/linux@sha256:5ff2268d62e97bff2cde7d5815dd6ed5b47097566f13b8d0ca110b04b60e07ed" "/opt/rustwide/cargo-home/bin/cargo" "+beta-2023-04-20" "metadata" "--no-deps" "--format-version=1", kill_on_drop: false }`
[INFO] [stdout] 984dedf5065edf7983ff848a69b120f19fdf705a5336142d85587343acd8bbfe
[INFO] running `Command { std: "docker" "start" "-a" "984dedf5065edf7983ff848a69b120f19fdf705a5336142d85587343acd8bbfe", kill_on_drop: false }`
[INFO] running `Command { std: "docker" "inspect" "984dedf5065edf7983ff848a69b120f19fdf705a5336142d85587343acd8bbfe", kill_on_drop: false }`
[INFO] running `Command { std: "docker" "rm" "-f" "984dedf5065edf7983ff848a69b120f19fdf705a5336142d85587343acd8bbfe", kill_on_drop: false }`
[INFO] [stdout] 984dedf5065edf7983ff848a69b120f19fdf705a5336142d85587343acd8bbfe
[INFO] running `Command { std: "docker" "create" "-v" "/var/lib/crater-agent-workspace/builds/worker-5-tc2/target:/opt/rustwide/target:rw,Z" "-v" "/var/lib/crater-agent-workspace/builds/worker-5-tc2/source:/opt/rustwide/workdir:ro,Z" "-v" "/var/lib/crater-agent-workspace/cargo-home:/opt/rustwide/cargo-home:ro,Z" "-v" "/var/lib/crater-agent-workspace/rustup-home:/opt/rustwide/rustup-home:ro,Z" "-e" "SOURCE_DIR=/opt/rustwide/workdir" "-e" "CARGO_TARGET_DIR=/opt/rustwide/target" "-e" "CARGO_INCREMENTAL=0" "-e" "RUST_BACKTRACE=full" "-e" "RUSTFLAGS=--cap-lints=warn" "-e" "RUSTDOCFLAGS=--cap-lints=warn" "-e" "CARGO_HOME=/opt/rustwide/cargo-home" "-e" "RUSTUP_HOME=/opt/rustwide/rustup-home" "-w" "/opt/rustwide/workdir" "-m" "1610612736" "--user" "0:0" "--network" "none" "ghcr.io/rust-lang/crates-build-env/linux@sha256:5ff2268d62e97bff2cde7d5815dd6ed5b47097566f13b8d0ca110b04b60e07ed" "/opt/rustwide/cargo-home/bin/cargo" "+beta-2023-04-20" "build" "--frozen" "--message-format=json", kill_on_drop: false }`
[INFO] [stdout] 99bd82ade1b133d8e8bda7aa42697fa81621ceca70042f9bfeeda346879ce073
[INFO] running `Command { std: "docker" "start" "-a" "99bd82ade1b133d8e8bda7aa42697fa81621ceca70042f9bfeeda346879ce073", kill_on_drop: false }`
[INFO] [stderr]    Compiling countmap v0.2.0 (/opt/rustwide/workdir)
[INFO] [stderr]     Finished dev [unoptimized + debuginfo] target(s) in 0.19s
[INFO] running `Command { std: "docker" "inspect" "99bd82ade1b133d8e8bda7aa42697fa81621ceca70042f9bfeeda346879ce073", kill_on_drop: false }`
[INFO] running `Command { std: "docker" "rm" "-f" "99bd82ade1b133d8e8bda7aa42697fa81621ceca70042f9bfeeda346879ce073", kill_on_drop: false }`
[INFO] [stdout] 99bd82ade1b133d8e8bda7aa42697fa81621ceca70042f9bfeeda346879ce073
[INFO] running `Command { std: "docker" "create" "-v" "/var/lib/crater-agent-workspace/builds/worker-5-tc2/target:/opt/rustwide/target:rw,Z" "-v" "/var/lib/crater-agent-workspace/builds/worker-5-tc2/source:/opt/rustwide/workdir:ro,Z" "-v" "/var/lib/crater-agent-workspace/cargo-home:/opt/rustwide/cargo-home:ro,Z" "-v" "/var/lib/crater-agent-workspace/rustup-home:/opt/rustwide/rustup-home:ro,Z" "-e" "SOURCE_DIR=/opt/rustwide/workdir" "-e" "CARGO_TARGET_DIR=/opt/rustwide/target" "-e" "CARGO_INCREMENTAL=0" "-e" "RUST_BACKTRACE=full" "-e" "RUSTFLAGS=--cap-lints=warn" "-e" "RUSTDOCFLAGS=--cap-lints=warn" "-e" "CARGO_HOME=/opt/rustwide/cargo-home" "-e" "RUSTUP_HOME=/opt/rustwide/rustup-home" "-w" "/opt/rustwide/workdir" "-m" "1610612736" "--user" "0:0" "--network" "none" "ghcr.io/rust-lang/crates-build-env/linux@sha256:5ff2268d62e97bff2cde7d5815dd6ed5b47097566f13b8d0ca110b04b60e07ed" "/opt/rustwide/cargo-home/bin/cargo" "+beta-2023-04-20" "test" "--frozen" "--no-run" "--message-format=json", kill_on_drop: false }`
[INFO] [stdout] 0e222a2404865ca5f6662c34ef7ae2cf00466c74a1d18415ac2ee255281cd7cb
[INFO] running `Command { std: "docker" "start" "-a" "0e222a2404865ca5f6662c34ef7ae2cf00466c74a1d18415ac2ee255281cd7cb", kill_on_drop: false }`
[INFO] [stderr]    Compiling countmap v0.2.0 (/opt/rustwide/workdir)
[INFO] [stderr]     Finished test [unoptimized + debuginfo] target(s) in 0.29s
[INFO] running `Command { std: "docker" "inspect" "0e222a2404865ca5f6662c34ef7ae2cf00466c74a1d18415ac2ee255281cd7cb", kill_on_drop: false }`
[INFO] running `Command { std: "docker" "rm" "-f" "0e222a2404865ca5f6662c34ef7ae2cf00466c74a1d18415ac2ee255281cd7cb", kill_on_drop: false }`
[INFO] [stdout] 0e222a2404865ca5f6662c34ef7ae2cf00466c74a1d18415ac2ee255281cd7cb
[INFO] running `Command { std: "docker" "create" "-v" "/var/lib/crater-agent-workspace/builds/worker-5-tc2/target:/opt/rustwide/target:rw,Z" "-v" "/var/lib/crater-agent-workspace/builds/worker-5-tc2/source:/opt/rustwide/workdir:ro,Z" "-v" "/var/lib/crater-agent-workspace/cargo-home:/opt/rustwide/cargo-home:ro,Z" "-v" "/var/lib/crater-agent-workspace/rustup-home:/opt/rustwide/rustup-home:ro,Z" "-e" "SOURCE_DIR=/opt/rustwide/workdir" "-e" "CARGO_TARGET_DIR=/opt/rustwide/target" "-e" "CARGO_INCREMENTAL=0" "-e" "RUST_BACKTRACE=full" "-e" "RUSTFLAGS=--cap-lints=warn" "-e" "RUSTDOCFLAGS=--cap-lints=warn" "-e" "CARGO_HOME=/opt/rustwide/cargo-home" "-e" "RUSTUP_HOME=/opt/rustwide/rustup-home" "-w" "/opt/rustwide/workdir" "-m" "1610612736" "--user" "0:0" "--network" "none" "ghcr.io/rust-lang/crates-build-env/linux@sha256:5ff2268d62e97bff2cde7d5815dd6ed5b47097566f13b8d0ca110b04b60e07ed" "/opt/rustwide/cargo-home/bin/cargo" "+beta-2023-04-20" "test" "--frozen", kill_on_drop: false }`
[INFO] [stdout] 5b7f27a771c6b655d9f6e05de0a4955f0a6f48b715eba146dc423a40a78b62d3
[INFO] running `Command { std: "docker" "start" "-a" "5b7f27a771c6b655d9f6e05de0a4955f0a6f48b715eba146dc423a40a78b62d3", kill_on_drop: false }`
[INFO] [stderr]     Finished test [unoptimized + debuginfo] target(s) in 0.01s
[INFO] [stderr]      Running unittests src/lib.rs (/opt/rustwide/target/debug/deps/countmap-6f2237c849aea160)
[INFO] [stdout] 
[INFO] [stdout] running 0 tests
[INFO] [stdout] 
[INFO] [stdout] test result: ok. 0 passed; 0 failed; 0 ignored; 0 measured; 0 filtered out; finished in 0.00s
[INFO] [stdout] 
[INFO] [stderr]    Doc-tests countmap
[INFO] [stdout] 
[INFO] [stdout] running 28 tests
[INFO] [stdout] test src/lib.rs - CountMap<K,C,S>::increment (line 251) ... ok
[INFO] [stdout] test src/lib.rs - CountMap<K,C,RandomState>::new (line 38) ... ok
[INFO] [stdout] test src/lib.rs - CountMap<K,C,S>::contains_key (line 426) ... ok
[INFO] [stdout] test src/lib.rs - CountMap<K,C,S>::keys (line 174) ... ok
[INFO] [stdout] test src/lib.rs - CountMap<K,C,RandomState>::with_capacity (line 53) ... ok
[INFO] [stdout] test src/lib.rs - CountMap<K,C,S>::insert_or_increment_by (line 230) ... ok
[INFO] [stdout] test src/lib.rs - CountMap<K,C,S>::clear (line 411) ... ok
[INFO] [stdout] test src/lib.rs - CountMap<K,C,S>::len (line 359) ... ok
[INFO] [stdout] test src/lib.rs - CountMap<K,C,S>::insert_or_increment (line 213) ... ok
[INFO] [stdout] test src/lib.rs - CountMap<K,C,S>::capacity (line 124) ... ok
[INFO] [stdout] test src/lib.rs - CountMap<K,C,S>::get_count (line 297) ... ok
[INFO] [stdout] test src/lib.rs - CountMap<K,C,S>::iter (line 315) ... ok
[INFO] [stdout] test src/lib.rs - CountMap<K,C,S>::drain (line 390) ... ok
[INFO] [stdout] test src/lib.rs - CountMap<K,C,S>::increment_by (line 270) ... ok
[INFO] [stdout] test src/lib.rs - CountMap<K,C,S>::is_empty (line 374) ... ok
[INFO] [stdout] test src/lib.rs - CountMap<K,C,S>::iter_mut (line 336) ... ok
[INFO] [stdout] test src/lib.rs - CountMap<K,C,S>::with_hasher (line 78) ... ok
[INFO] [stdout] test src/lib.rs - CountMap<K,C>::extend (line 632) ... ok
[INFO] [stdout] test src/lib.rs - CountMap<K,C,S>::shrink_to_fit (line 157) ... ok
[INFO] [stdout] test src/lib.rs - CountMap<K,C,S>::values (line 193) ... ok
[INFO] [stdout] test src/lib.rs - CountMap<K,C>::index (line 552) ... ok
[INFO] [stdout] test src/lib.rs - CountMap<K,C,S>::reserve (line 141) ... FAILED
[INFO] [stdout] test src/lib.rs - CountMap<K>::extend (line 679) ... ok
[INFO] [stdout] test src/lib.rs - CountMap<K,C,S>::retain (line 459) ... ok
[INFO] [stdout] test src/lib.rs - CountMap<K,C>::from_iter (line 573) ... ok
[INFO] [stdout] test src/lib.rs - CountMap<K>::from_iter (line 602) ... ok
[INFO] [stdout] test src/lib.rs - CountMap<K,C,S>::with_capacity_and_hasher (line 101) ... ok
[INFO] [stdout] test src/lib.rs - CountMap<K,C,S>::remove (line 442) ... ok
[INFO] [stdout] 
[INFO] [stdout] failures:
[INFO] [stdout] 
[INFO] [stdout] ---- src/lib.rs - CountMap<K,C,S>::reserve (line 141) stdout ----
[INFO] [stdout] Test executable failed (exit status: 101).
[INFO] [stdout] 
[INFO] [stdout] stderr:
[INFO] [stdout] thread 'main' panicked at 'assertion failed: map.capacity() >= 15', src/lib.rs:8:1
[INFO] [stdout] stack backtrace:
[INFO] [stdout]    0:     0x55ef9ae62b2a - std::backtrace_rs::backtrace::libunwind::trace::h2f05d0192276a8f6
[INFO] [stdout]                                at /rustc/1b7dd2252b99671ce5d1cb9664c5f8636329436d/library/std/src/../../backtrace/src/backtrace/libunwind.rs:93:5
[INFO] [stdout]    1:     0x55ef9ae62b2a - std::backtrace_rs::backtrace::trace_unsynchronized::hedc23dff7a1af150
[INFO] [stdout]                                at /rustc/1b7dd2252b99671ce5d1cb9664c5f8636329436d/library/std/src/../../backtrace/src/backtrace/mod.rs:66:5
[INFO] [stdout]    2:     0x55ef9ae62b2a - std::sys_common::backtrace::_print_fmt::h17541ef7592f3ce2
[INFO] [stdout]                                at /rustc/1b7dd2252b99671ce5d1cb9664c5f8636329436d/library/std/src/sys_common/backtrace.rs:65:5
[INFO] [stdout]    3:     0x55ef9ae62b2a - <std::sys_common::backtrace::_print::DisplayBacktrace as core::fmt::Display>::fmt::h20f75df5ab0c0792
[INFO] [stdout]                                at /rustc/1b7dd2252b99671ce5d1cb9664c5f8636329436d/library/std/src/sys_common/backtrace.rs:44:22
[INFO] [stdout]    4:     0x55ef9ae7d12f - core::fmt::write::h78109e6f466b3af6
[INFO] [stdout]                                at /rustc/1b7dd2252b99671ce5d1cb9664c5f8636329436d/library/core/src/fmt/mod.rs:1254:17
[INFO] [stdout]    5:     0x55ef9ae60975 - std::io::Write::write_fmt::hc59e1b02dd273c8a
[INFO] [stdout]                                at /rustc/1b7dd2252b99671ce5d1cb9664c5f8636329436d/library/std/src/io/mod.rs:1698:15
[INFO] [stdout]    6:     0x55ef9ae628f5 - std::sys_common::backtrace::_print::h8dac57a9f8fbf9a5
[INFO] [stdout]                                at /rustc/1b7dd2252b99671ce5d1cb9664c5f8636329436d/library/std/src/sys_common/backtrace.rs:47:5
[INFO] [stdout]    7:     0x55ef9ae628f5 - std::sys_common::backtrace::print::hf9ecbf41d1aa712f
[INFO] [stdout]                                at /rustc/1b7dd2252b99671ce5d1cb9664c5f8636329436d/library/std/src/sys_common/backtrace.rs:34:9
[INFO] [stdout]    8:     0x55ef9ae63e7e - std::panicking::default_hook::{{closure}}::h04c07acfc84ca028
[INFO] [stdout]                                at /rustc/1b7dd2252b99671ce5d1cb9664c5f8636329436d/library/std/src/panicking.rs:269:22
[INFO] [stdout]    9:     0x55ef9ae63c25 - std::panicking::default_hook::h01f6bb23e1eceb2c
[INFO] [stdout]                                at /rustc/1b7dd2252b99671ce5d1cb9664c5f8636329436d/library/std/src/panicking.rs:288:9
[INFO] [stdout]   10:     0x55ef9ae643de - std::panicking::rust_panic_with_hook::h2bb3722bbaf2f6df
[INFO] [stdout]                                at /rustc/1b7dd2252b99671ce5d1cb9664c5f8636329436d/library/std/src/panicking.rs:691:13
[INFO] [stdout]   11:     0x55ef9ae64292 - std::panicking::begin_panic_handler::{{closure}}::h91bc7f36a4be011b
[INFO] [stdout]                                at /rustc/1b7dd2252b99671ce5d1cb9664c5f8636329436d/library/std/src/panicking.rs:580:13
[INFO] [stdout]   12:     0x55ef9ae62f96 - std::sys_common::backtrace::__rust_end_short_backtrace::h8b3d3717114f9e59
[INFO] [stdout]                                at /rustc/1b7dd2252b99671ce5d1cb9664c5f8636329436d/library/std/src/sys_common/backtrace.rs:150:18
[INFO] [stdout]   13:     0x55ef9ae64032 - rust_begin_unwind
[INFO] [stdout]                                at /rustc/1b7dd2252b99671ce5d1cb9664c5f8636329436d/library/std/src/panicking.rs:578:5
[INFO] [stdout]   14:     0x55ef9ae44f73 - core::panicking::panic_fmt::hfd368e3fbdabea26
[INFO] [stdout]                                at /rustc/1b7dd2252b99671ce5d1cb9664c5f8636329436d/library/core/src/panicking.rs:67:14
[INFO] [stdout]   15:     0x55ef9ae4500d - core::panicking::panic::h3f9042d09bd0bf2e
[INFO] [stdout]                                at /rustc/1b7dd2252b99671ce5d1cb9664c5f8636329436d/library/core/src/panicking.rs:117:5
[INFO] [stdout]   16:     0x55ef9ae4bd93 - rust_out::main::_doctest_main_src_lib_rs_141_0::h21ee84f3864e897d
[INFO] [stdout]   17:     0x55ef9ae4bcf6 - rust_out::main::h2731449a68dfa004
[INFO] [stdout]   18:     0x55ef9ae47223 - core::ops::function::FnOnce::call_once::hd1715aa1b26fc35c
[INFO] [stdout]   19:     0x55ef9ae45706 - std::sys_common::backtrace::__rust_begin_short_backtrace::h8d2b4d09ce515535
[INFO] [stdout]   20:     0x55ef9ae46369 - std::rt::lang_start::{{closure}}::hc9a918c63b0dc835
[INFO] [stdout]   21:     0x55ef9ae5ec7e - core::ops::function::impls::<impl core::ops::function::FnOnce<A> for &F>::call_once::h2eb19b8ce4148df4
[INFO] [stdout]                                at /rustc/1b7dd2252b99671ce5d1cb9664c5f8636329436d/library/core/src/ops/function.rs:287:13
[INFO] [stdout]   22:     0x55ef9ae5ec7e - std::panicking::try::do_call::h2e900feff5d504c5
[INFO] [stdout]                                at /rustc/1b7dd2252b99671ce5d1cb9664c5f8636329436d/library/std/src/panicking.rs:485:40
[INFO] [stdout]   23:     0x55ef9ae5ec7e - std::panicking::try::h8854836cb85aa9f2
[INFO] [stdout]                                at /rustc/1b7dd2252b99671ce5d1cb9664c5f8636329436d/library/std/src/panicking.rs:449:19
[INFO] [stdout]   24:     0x55ef9ae5ec7e - std::panic::catch_unwind::h706025dd4c48f64b
[INFO] [stdout]                                at /rustc/1b7dd2252b99671ce5d1cb9664c5f8636329436d/library/std/src/panic.rs:140:14
[INFO] [stdout]   25:     0x55ef9ae5ec7e - std::rt::lang_start_internal::{{closure}}::h7be5b97f4a07a91a
[INFO] [stdout]                                at /rustc/1b7dd2252b99671ce5d1cb9664c5f8636329436d/library/std/src/rt.rs:148:48
[INFO] [stdout]   26:     0x55ef9ae5ec7e - std::panicking::try::do_call::h59847e9d0a176965
[INFO] [stdout]                                at /rustc/1b7dd2252b99671ce5d1cb9664c5f8636329436d/library/std/src/panicking.rs:485:40
[INFO] [stdout]   27:     0x55ef9ae5ec7e - std::panicking::try::h399a918ba8522823
[INFO] [stdout]                                at /rustc/1b7dd2252b99671ce5d1cb9664c5f8636329436d/library/std/src/panicking.rs:449:19
[INFO] [stdout]   28:     0x55ef9ae5ec7e - std::panic::catch_unwind::hca7ca6c55b2a2e26
[INFO] [stdout]                                at /rustc/1b7dd2252b99671ce5d1cb9664c5f8636329436d/library/std/src/panic.rs:140:14
[INFO] [stdout]   29:     0x55ef9ae5ec7e - std::rt::lang_start_internal::h2c807a81560459eb
[INFO] [stdout]                                at /rustc/1b7dd2252b99671ce5d1cb9664c5f8636329436d/library/std/src/rt.rs:148:20
[INFO] [stdout]   30:     0x55ef9ae46347 - std::rt::lang_start::hc4bd3329ce767e23
[INFO] [stdout]   31:     0x55ef9ae4be05 - main
[INFO] [stdout]   32:     0x7fca405ddd90 - <unknown>
[INFO] [stdout]   33:     0x7fca405dde40 - __libc_start_main
[INFO] [stdout]   34:     0x55ef9ae454a5 - _start
[INFO] [stdout]   35:                0x0 - <unknown>
[INFO] [stdout] 
[INFO] [stdout] 
[INFO] [stdout] 
[INFO] [stdout] failures:
[INFO] [stdout]     src/lib.rs - CountMap<K,C,S>::reserve (line 141)
[INFO] [stdout] 
[INFO] [stdout] test result: FAILED. 27 passed; 1 failed; 0 ignored; 0 measured; 0 filtered out; finished in 1.56s
[INFO] [stdout] 
[INFO] [stderr] error: doctest failed, to rerun pass `--doc`
[INFO] running `Command { std: "docker" "inspect" "5b7f27a771c6b655d9f6e05de0a4955f0a6f48b715eba146dc423a40a78b62d3", kill_on_drop: false }`
[INFO] running `Command { std: "docker" "rm" "-f" "5b7f27a771c6b655d9f6e05de0a4955f0a6f48b715eba146dc423a40a78b62d3", kill_on_drop: false }`
[INFO] [stdout] 5b7f27a771c6b655d9f6e05de0a4955f0a6f48b715eba146dc423a40a78b62d3
