[INFO] fetching crate corries 0.6.2...
[INFO] testing corries-0.6.2 against beta-2023-04-20 for beta-1.70-1
[INFO] extracting crate corries 0.6.2 into /workspace/builds/worker-5-tc2/source
[INFO] validating manifest of crates.io crate corries 0.6.2 on toolchain beta-2023-04-20
[INFO] running `Command { std: CARGO_HOME="/workspace/cargo-home" RUSTUP_HOME="/workspace/rustup-home" "/workspace/cargo-home/bin/cargo" "+beta-2023-04-20" "metadata" "--manifest-path" "Cargo.toml" "--no-deps", kill_on_drop: false }`
[INFO] started tweaking crates.io crate corries 0.6.2
[INFO] finished tweaking crates.io crate corries 0.6.2
[INFO] tweaked toml for crates.io crate corries 0.6.2 written to /workspace/builds/worker-5-tc2/source/Cargo.toml
[INFO] crate crates.io crate corries 0.6.2 already has a lockfile, it will not be regenerated
[INFO] running `Command { std: CARGO_HOME="/workspace/cargo-home" RUSTUP_HOME="/workspace/rustup-home" "/workspace/cargo-home/bin/cargo" "+beta-2023-04-20" "fetch" "--manifest-path" "Cargo.toml", kill_on_drop: false }`
[INFO] [stderr]     Updating crates.io index
[INFO] [stderr]  Downloading crates ...
[INFO] [stderr]   Downloaded openblas-build v0.10.8
[INFO] [stderr]   Downloaded cblas-sys v0.1.4
[INFO] [stderr]   Downloaded blas-src v0.8.0
[INFO] [stderr]   Downloaded dirs v3.0.2
[INFO] [stderr]   Downloaded ureq v2.6.2
[INFO] [stderr]   Downloaded openblas-src v0.10.8
[INFO] running `Command { std: "docker" "create" "-v" "/var/lib/crater-agent-workspace/builds/worker-5-tc2/target:/opt/rustwide/target:rw,Z" "-v" "/var/lib/crater-agent-workspace/builds/worker-5-tc2/source:/opt/rustwide/workdir:ro,Z" "-v" "/var/lib/crater-agent-workspace/cargo-home:/opt/rustwide/cargo-home:ro,Z" "-v" "/var/lib/crater-agent-workspace/rustup-home:/opt/rustwide/rustup-home:ro,Z" "-e" "SOURCE_DIR=/opt/rustwide/workdir" "-e" "CARGO_TARGET_DIR=/opt/rustwide/target" "-e" "CARGO_HOME=/opt/rustwide/cargo-home" "-e" "RUSTUP_HOME=/opt/rustwide/rustup-home" "-w" "/opt/rustwide/workdir" "-m" "1610612736" "--user" "0:0" "--network" "none" "ghcr.io/rust-lang/crates-build-env/linux@sha256:5ff2268d62e97bff2cde7d5815dd6ed5b47097566f13b8d0ca110b04b60e07ed" "/opt/rustwide/cargo-home/bin/cargo" "+beta-2023-04-20" "metadata" "--no-deps" "--format-version=1", kill_on_drop: false }`
[INFO] [stdout] 5561293a5b1c3956d1e9a007ef706eef8a90bf1f71ac891d091d229e77d5cbab
[INFO] running `Command { std: "docker" "start" "-a" "5561293a5b1c3956d1e9a007ef706eef8a90bf1f71ac891d091d229e77d5cbab", kill_on_drop: false }`
[INFO] running `Command { std: "docker" "inspect" "5561293a5b1c3956d1e9a007ef706eef8a90bf1f71ac891d091d229e77d5cbab", kill_on_drop: false }`
[INFO] running `Command { std: "docker" "rm" "-f" "5561293a5b1c3956d1e9a007ef706eef8a90bf1f71ac891d091d229e77d5cbab", kill_on_drop: false }`
[INFO] [stdout] 5561293a5b1c3956d1e9a007ef706eef8a90bf1f71ac891d091d229e77d5cbab
[INFO] running `Command { std: "docker" "create" "-v" "/var/lib/crater-agent-workspace/builds/worker-5-tc2/target:/opt/rustwide/target:rw,Z" "-v" "/var/lib/crater-agent-workspace/builds/worker-5-tc2/source:/opt/rustwide/workdir:ro,Z" "-v" "/var/lib/crater-agent-workspace/cargo-home:/opt/rustwide/cargo-home:ro,Z" "-v" "/var/lib/crater-agent-workspace/rustup-home:/opt/rustwide/rustup-home:ro,Z" "-e" "SOURCE_DIR=/opt/rustwide/workdir" "-e" "CARGO_TARGET_DIR=/opt/rustwide/target" "-e" "CARGO_INCREMENTAL=0" "-e" "RUST_BACKTRACE=full" "-e" "RUSTFLAGS=--cap-lints=warn" "-e" "RUSTDOCFLAGS=--cap-lints=warn" "-e" "CARGO_HOME=/opt/rustwide/cargo-home" "-e" "RUSTUP_HOME=/opt/rustwide/rustup-home" "-w" "/opt/rustwide/workdir" "-m" "1610612736" "--user" "0:0" "--network" "none" "ghcr.io/rust-lang/crates-build-env/linux@sha256:5ff2268d62e97bff2cde7d5815dd6ed5b47097566f13b8d0ca110b04b60e07ed" "/opt/rustwide/cargo-home/bin/cargo" "+beta-2023-04-20" "build" "--frozen" "--message-format=json", kill_on_drop: false }`
[INFO] [stdout] b67ca167ab06951e6557c19786bbc1af7921c6f3af67de055375b4a94cbae1db
[INFO] running `Command { std: "docker" "start" "-a" "b67ca167ab06951e6557c19786bbc1af7921c6f3af67de055375b4a94cbae1db", kill_on_drop: false }`
[INFO] [stderr]    Compiling libc v0.2.139
[INFO] [stderr]    Compiling proc-macro2 v1.0.51
[INFO] [stderr]    Compiling unicode-ident v1.0.6
[INFO] [stderr]    Compiling quote v1.0.23
[INFO] [stderr]    Compiling cc v1.0.79
[INFO] [stderr]    Compiling syn v1.0.107
[INFO] [stderr]    Compiling adler v1.0.2
[INFO] [stderr]    Compiling tinyvec_macros v0.1.1
[INFO] [stderr]    Compiling once_cell v1.17.1
[INFO] [stderr]    Compiling openssl v0.10.45
[INFO] [stderr]    Compiling foreign-types-shared v0.1.1
[INFO] [stderr]    Compiling crc32fast v1.3.2
[INFO] [stderr]    Compiling crossbeam-utils v0.8.14
[INFO] [stderr]    Compiling log v0.4.17
[INFO] [stderr]    Compiling unicode-bidi v0.3.10
[INFO] [stderr]    Compiling percent-encoding v2.2.0
[INFO] [stderr]    Compiling bitflags v1.3.2
[INFO] [stderr]    Compiling tinyvec v1.6.0
[INFO] [stderr]    Compiling foreign-types v0.3.2
[INFO] [stderr]    Compiling openssl-probe v0.1.5
[INFO] [stderr]    Compiling base64 v0.21.0
[INFO] [stderr]    Compiling form_urlencoded v1.1.0
[INFO] [stderr]    Compiling miniz_oxide v0.6.2
[INFO] [stderr]    Compiling memoffset v0.7.1
[INFO] [stderr]    Compiling thiserror v1.0.38
[INFO] [stderr]    Compiling anyhow v1.0.69
[INFO] [stderr]    Compiling crossbeam-epoch v0.9.13
[INFO] [stderr]    Compiling num-traits v0.2.15
[INFO] [stderr]    Compiling base64 v0.13.1
[INFO] [stderr]    Compiling rustls-pemfile v1.0.2
[INFO] [stderr]    Compiling same-file v1.0.6
[INFO] [stderr]    Compiling scopeguard v1.1.0
[INFO] [stderr]    Compiling rustls-native-certs v0.6.2
[INFO] [stderr]    Compiling flate2 v1.0.25
[INFO] [stderr]    Compiling walkdir v2.3.2
[INFO] [stderr]    Compiling memchr v2.5.0
[INFO] [stderr]    Compiling serde_derive v1.0.152
[INFO] [stderr]    Compiling rayon-core v1.10.2
[INFO] [stderr]    Compiling crossbeam-channel v0.5.6
[INFO] [stderr]    Compiling unicode-normalization v0.1.22
[INFO] [stderr]    Compiling serde v1.0.152
[INFO] [stderr]    Compiling gimli v0.27.2
[INFO] [stderr]    Compiling xattr v0.2.3
[INFO] [stderr]    Compiling filetime v0.2.20
[INFO] [stderr]    Compiling dirs-sys v0.3.7
[INFO] [stderr]    Compiling crossbeam-deque v0.8.2
[INFO] [stderr]    Compiling num_cpus v1.15.0
[INFO] [stderr]    Compiling openssl-sys v0.9.80
[INFO] [stderr]    Compiling tar v0.4.38
[INFO] [stderr]    Compiling backtrace v0.3.67
[INFO] [stderr]    Compiling dirs v3.0.2
[INFO] [stderr]    Compiling eyre v0.6.8
[INFO] [stderr]    Compiling rawpointer v0.2.1
[INFO] [stderr]    Compiling serde_json v1.0.93
[INFO] [stderr]    Compiling either v1.8.1
[INFO] [stderr]    Compiling idna v0.3.0
[INFO] [stderr]    Compiling object v0.30.3
[INFO] [stderr]    Compiling indenter v0.3.3
[INFO] [stderr]    Compiling rustc-demangle v0.1.21
[INFO] [stderr]    Compiling matrixmultiply v0.3.2
[INFO] [stderr]    Compiling cblas-sys v0.1.4
[INFO] [stderr]    Compiling ryu v1.0.12
[INFO] [stderr]    Compiling itoa v1.0.5
[INFO] [stderr]    Compiling owo-colors v3.5.0
[INFO] [stderr]    Compiling native-tls v0.2.11
[INFO] [stderr]    Compiling rayon v1.6.1
[INFO] [stderr]    Compiling url v2.3.1
[INFO] [stderr]    Compiling num-integer v0.1.45
[INFO] [stderr]    Compiling approx v0.5.1
[INFO] [stderr]    Compiling num-complex v0.4.3
[INFO] [stderr]    Compiling addr2line v0.19.0
[INFO] [stderr]    Compiling ndarray v0.15.6
[INFO] [stderr]    Compiling openssl-macros v0.1.0
[INFO] [stderr]    Compiling thiserror-impl v1.0.38
[INFO] [stderr]    Compiling color-eyre v0.6.2
[INFO] [stderr]    Compiling ureq v2.6.2
[INFO] [stderr]    Compiling openblas-build v0.10.8
[INFO] [stderr]    Compiling openblas-src v0.10.8
[INFO] [stderr]    Compiling blas-src v0.8.0
[INFO] [stderr]    Compiling corries v0.6.2 (/opt/rustwide/workdir)
[INFO] [stdout] warning: ambiguous glob re-exports
[INFO] [stdout]  --> src/state/systems.rs:7:9
[INFO] [stdout]   |
[INFO] [stdout] 7 | pub use euler1dadiabatic::*;
[INFO] [stdout]   |         ^^^^^^^^^^^^^^^^^^^ the name `calc_flux` in the value namespace is first re-exported here
[INFO] [stdout] 8 | pub use euler1disot::*;
[INFO] [stdout]   |         -------------- but the name `calc_flux` in the value namespace is also re-exported here
[INFO] [stdout]   |
[INFO] [stdout]   = note: `#[warn(ambiguous_glob_reexports)]` on by default
[INFO] [stdout] 
[INFO] [stdout] 
[INFO] [stdout] warning: ambiguous glob re-exports
[INFO] [stdout]  --> src/state/systems.rs:7:9
[INFO] [stdout]   |
[INFO] [stdout] 7 | pub use euler1dadiabatic::*;
[INFO] [stdout]   |         ^^^^^^^^^^^^^^^^^^^ the name `cons_to_prim` in the value namespace is first re-exported here
[INFO] [stdout] 8 | pub use euler1disot::*;
[INFO] [stdout]   |         -------------- but the name `cons_to_prim` in the value namespace is also re-exported here
[INFO] [stdout] 
[INFO] [stdout] 
[INFO] [stdout] warning: ambiguous glob re-exports
[INFO] [stdout]  --> src/state/systems.rs:7:9
[INFO] [stdout]   |
[INFO] [stdout] 7 | pub use euler1dadiabatic::*;
[INFO] [stdout]   |         ^^^^^^^^^^^^^^^^^^^ the name `prim_to_cons` in the value namespace is first re-exported here
[INFO] [stdout] 8 | pub use euler1disot::*;
[INFO] [stdout]   |         -------------- but the name `prim_to_cons` in the value namespace is also re-exported here
[INFO] [stdout] 
[INFO] [stdout] 
[INFO] [stdout] warning: ambiguous glob re-exports
[INFO] [stdout]  --> src/state/systems.rs:7:9
[INFO] [stdout]   |
[INFO] [stdout] 7 | pub use euler1dadiabatic::*;
[INFO] [stdout]   |         ^^^^^^^^^^^^^^^^^^^ the name `validate` in the value namespace is first re-exported here
[INFO] [stdout] 8 | pub use euler1disot::*;
[INFO] [stdout]   |         -------------- but the name `validate` in the value namespace is also re-exported here
[INFO] [stdout] 
[INFO] [stdout] 
[INFO] [stdout] warning: 4 warnings emitted
[INFO] [stdout] 
[INFO] [stdout] 
[INFO] [stderr]     Finished dev [unoptimized + debuginfo] target(s) in 11.91s
[INFO] running `Command { std: "docker" "inspect" "b67ca167ab06951e6557c19786bbc1af7921c6f3af67de055375b4a94cbae1db", kill_on_drop: false }`
[INFO] running `Command { std: "docker" "rm" "-f" "b67ca167ab06951e6557c19786bbc1af7921c6f3af67de055375b4a94cbae1db", kill_on_drop: false }`
[INFO] [stdout] b67ca167ab06951e6557c19786bbc1af7921c6f3af67de055375b4a94cbae1db
[INFO] running `Command { std: "docker" "create" "-v" "/var/lib/crater-agent-workspace/builds/worker-5-tc2/target:/opt/rustwide/target:rw,Z" "-v" "/var/lib/crater-agent-workspace/builds/worker-5-tc2/source:/opt/rustwide/workdir:ro,Z" "-v" "/var/lib/crater-agent-workspace/cargo-home:/opt/rustwide/cargo-home:ro,Z" "-v" "/var/lib/crater-agent-workspace/rustup-home:/opt/rustwide/rustup-home:ro,Z" "-e" "SOURCE_DIR=/opt/rustwide/workdir" "-e" "CARGO_TARGET_DIR=/opt/rustwide/target" "-e" "CARGO_INCREMENTAL=0" "-e" "RUST_BACKTRACE=full" "-e" "RUSTFLAGS=--cap-lints=warn" "-e" "RUSTDOCFLAGS=--cap-lints=warn" "-e" "CARGO_HOME=/opt/rustwide/cargo-home" "-e" "RUSTUP_HOME=/opt/rustwide/rustup-home" "-w" "/opt/rustwide/workdir" "-m" "1610612736" "--user" "0:0" "--network" "none" "ghcr.io/rust-lang/crates-build-env/linux@sha256:5ff2268d62e97bff2cde7d5815dd6ed5b47097566f13b8d0ca110b04b60e07ed" "/opt/rustwide/cargo-home/bin/cargo" "+beta-2023-04-20" "test" "--frozen" "--no-run" "--message-format=json", kill_on_drop: false }`
[INFO] [stdout] b2652aead9bb698356bcedc803a8ca21d13686cc7a90669d6e79d8c14e8ab33a
[INFO] running `Command { std: "docker" "start" "-a" "b2652aead9bb698356bcedc803a8ca21d13686cc7a90669d6e79d8c14e8ab33a", kill_on_drop: false }`
[INFO] [stderr]    Compiling num-traits v0.2.15
[INFO] [stderr]    Compiling serde v1.0.152
[INFO] [stderr]    Compiling either v1.8.1
[INFO] [stderr]    Compiling getrandom v0.2.8
[INFO] [stderr]    Compiling openssl v0.10.45
[INFO] [stderr]    Compiling ciborium-io v0.2.0
[INFO] [stderr]    Compiling os_str_bytes v6.4.1
[INFO] [stderr]    Compiling half v1.8.2
[INFO] [stderr]    Compiling regex-syntax v0.6.28
[INFO] [stderr]    Compiling plotters-backend v0.3.4
[INFO] [stderr]    Compiling indexmap v1.9.2
[INFO] [stderr]    Compiling tempfile v3.3.0
[INFO] [stderr]    Compiling wait-timeout v0.2.0
[INFO] [stderr]    Compiling cast v0.3.0
[INFO] [stderr]    Compiling textwrap v0.16.0
[INFO] [stderr]    Compiling atty v0.2.14
[INFO] [stderr]    Compiling oorandom v11.1.3
[INFO] [stderr]    Compiling anes v0.1.6
[INFO] [stderr]    Compiling rand_core v0.6.4
[INFO] [stderr]    Compiling rayon v1.6.1
[INFO] [stderr]    Compiling ciborium-ll v0.2.0
[INFO] [stderr]    Compiling plotters-svg v0.3.3
[INFO] [stderr]    Compiling clap_lex v0.2.4
[INFO] [stderr]    Compiling rand_chacha v0.3.1
[INFO] [stderr]    Compiling itertools v0.10.5
[INFO] [stderr]    Compiling rand_xorshift v0.3.0
[INFO] [stderr]    Compiling rusty-fork v0.3.0
[INFO] [stderr]    Compiling clap v3.2.23
[INFO] [stderr]    Compiling rand v0.8.5
[INFO] [stderr]    Compiling approx v0.5.1
[INFO] [stderr]    Compiling num-complex v0.4.3
[INFO] [stderr]    Compiling num-integer v0.1.45
[INFO] [stderr]    Compiling plotters v0.3.4
[INFO] [stderr]    Compiling regex v1.7.1
[INFO] [stderr]    Compiling proptest v1.1.0
[INFO] [stderr]    Compiling criterion-plot v0.5.0
[INFO] [stderr]    Compiling ndarray v0.15.6
[INFO] [stderr]    Compiling native-tls v0.2.11
[INFO] [stderr]    Compiling ureq v2.6.2
[INFO] [stderr]    Compiling openblas-build v0.10.8
[INFO] [stderr]    Compiling serde_json v1.0.93
[INFO] [stderr]    Compiling ciborium v0.2.0
[INFO] [stderr]    Compiling openblas-src v0.10.8
[INFO] [stderr]    Compiling tinytemplate v1.2.1
[INFO] [stderr]    Compiling blas-src v0.8.0
[INFO] [stderr]    Compiling criterion v0.4.0
[INFO] [stderr]    Compiling corries v0.6.2 (/opt/rustwide/workdir)
[INFO] [stdout] warning: ambiguous glob re-exports
[INFO] [stdout]  --> src/state/systems.rs:7:9
[INFO] [stdout]   |
[INFO] [stdout] 7 | pub use euler1dadiabatic::*;
[INFO] [stdout]   |         ^^^^^^^^^^^^^^^^^^^ the name `calc_flux` in the value namespace is first re-exported here
[INFO] [stdout] 8 | pub use euler1disot::*;
[INFO] [stdout]   |         -------------- but the name `calc_flux` in the value namespace is also re-exported here
[INFO] [stdout]   |
[INFO] [stdout]   = note: `#[warn(ambiguous_glob_reexports)]` on by default
[INFO] [stdout] 
[INFO] [stdout] 
[INFO] [stdout] warning: ambiguous glob re-exports
[INFO] [stdout]  --> src/state/systems.rs:7:9
[INFO] [stdout]   |
[INFO] [stdout] 7 | pub use euler1dadiabatic::*;
[INFO] [stdout]   |         ^^^^^^^^^^^^^^^^^^^ the name `cons_to_prim` in the value namespace is first re-exported here
[INFO] [stdout] 8 | pub use euler1disot::*;
[INFO] [stdout]   |         -------------- but the name `cons_to_prim` in the value namespace is also re-exported here
[INFO] [stdout] 
[INFO] [stdout] 
[INFO] [stdout] warning: ambiguous glob re-exports
[INFO] [stdout]  --> src/state/systems.rs:7:9
[INFO] [stdout]   |
[INFO] [stdout] 7 | pub use euler1dadiabatic::*;
[INFO] [stdout]   |         ^^^^^^^^^^^^^^^^^^^ the name `prim_to_cons` in the value namespace is first re-exported here
[INFO] [stdout] 8 | pub use euler1disot::*;
[INFO] [stdout]   |         -------------- but the name `prim_to_cons` in the value namespace is also re-exported here
[INFO] [stdout] 
[INFO] [stdout] 
[INFO] [stdout] warning: ambiguous glob re-exports
[INFO] [stdout]  --> src/state/systems.rs:7:9
[INFO] [stdout]   |
[INFO] [stdout] 7 | pub use euler1dadiabatic::*;
[INFO] [stdout]   |         ^^^^^^^^^^^^^^^^^^^ the name `validate` in the value namespace is first re-exported here
[INFO] [stdout] 8 | pub use euler1disot::*;
[INFO] [stdout]   |         -------------- but the name `validate` in the value namespace is also re-exported here
[INFO] [stdout] 
[INFO] [stdout] 
[INFO] [stdout] warning: 4 warnings emitted
[INFO] [stdout] 
[INFO] [stdout] 
[INFO] [stdout] warning: ambiguous glob re-exports
[INFO] [stdout]  --> src/state/systems.rs:7:9
[INFO] [stdout]   |
[INFO] [stdout] 7 | pub use euler1dadiabatic::*;
[INFO] [stdout]   |         ^^^^^^^^^^^^^^^^^^^ the name `calc_flux` in the value namespace is first re-exported here
[INFO] [stdout] 8 | pub use euler1disot::*;
[INFO] [stdout]   |         -------------- but the name `calc_flux` in the value namespace is also re-exported here
[INFO] [stdout]   |
[INFO] [stdout]   = note: `#[warn(ambiguous_glob_reexports)]` on by default
[INFO] [stdout] 
[INFO] [stdout] 
[INFO] [stdout] warning: ambiguous glob re-exports
[INFO] [stdout]  --> src/state/systems.rs:7:9
[INFO] [stdout]   |
[INFO] [stdout] 7 | pub use euler1dadiabatic::*;
[INFO] [stdout]   |         ^^^^^^^^^^^^^^^^^^^ the name `cons_to_prim` in the value namespace is first re-exported here
[INFO] [stdout] 8 | pub use euler1disot::*;
[INFO] [stdout]   |         -------------- but the name `cons_to_prim` in the value namespace is also re-exported here
[INFO] [stdout] 
[INFO] [stdout] 
[INFO] [stdout] warning: ambiguous glob re-exports
[INFO] [stdout]  --> src/state/systems.rs:7:9
[INFO] [stdout]   |
[INFO] [stdout] 7 | pub use euler1dadiabatic::*;
[INFO] [stdout]   |         ^^^^^^^^^^^^^^^^^^^ the name `prim_to_cons` in the value namespace is first re-exported here
[INFO] [stdout] 8 | pub use euler1disot::*;
[INFO] [stdout]   |         -------------- but the name `prim_to_cons` in the value namespace is also re-exported here
[INFO] [stdout] 
[INFO] [stdout] 
[INFO] [stdout] warning: ambiguous glob re-exports
[INFO] [stdout]  --> src/state/systems.rs:7:9
[INFO] [stdout]   |
[INFO] [stdout] 7 | pub use euler1dadiabatic::*;
[INFO] [stdout]   |         ^^^^^^^^^^^^^^^^^^^ the name `validate` in the value namespace is first re-exported here
[INFO] [stdout] 8 | pub use euler1disot::*;
[INFO] [stdout]   |         -------------- but the name `validate` in the value namespace is also re-exported here
[INFO] [stdout] 
[INFO] [stdout] 
[INFO] [stdout] warning: 4 warnings emitted
[INFO] [stdout] 
[INFO] [stdout] 
[INFO] [stderr]     Finished test [unoptimized + debuginfo] target(s) in 14.47s
[INFO] running `Command { std: "docker" "inspect" "b2652aead9bb698356bcedc803a8ca21d13686cc7a90669d6e79d8c14e8ab33a", kill_on_drop: false }`
[INFO] running `Command { std: "docker" "rm" "-f" "b2652aead9bb698356bcedc803a8ca21d13686cc7a90669d6e79d8c14e8ab33a", kill_on_drop: false }`
[INFO] [stdout] b2652aead9bb698356bcedc803a8ca21d13686cc7a90669d6e79d8c14e8ab33a
[INFO] running `Command { std: "docker" "create" "-v" "/var/lib/crater-agent-workspace/builds/worker-5-tc2/target:/opt/rustwide/target:rw,Z" "-v" "/var/lib/crater-agent-workspace/builds/worker-5-tc2/source:/opt/rustwide/workdir:ro,Z" "-v" "/var/lib/crater-agent-workspace/cargo-home:/opt/rustwide/cargo-home:ro,Z" "-v" "/var/lib/crater-agent-workspace/rustup-home:/opt/rustwide/rustup-home:ro,Z" "-e" "SOURCE_DIR=/opt/rustwide/workdir" "-e" "CARGO_TARGET_DIR=/opt/rustwide/target" "-e" "CARGO_INCREMENTAL=0" "-e" "RUST_BACKTRACE=full" "-e" "RUSTFLAGS=--cap-lints=warn" "-e" "RUSTDOCFLAGS=--cap-lints=warn" "-e" "CARGO_HOME=/opt/rustwide/cargo-home" "-e" "RUSTUP_HOME=/opt/rustwide/rustup-home" "-w" "/opt/rustwide/workdir" "-m" "1610612736" "--user" "0:0" "--network" "none" "ghcr.io/rust-lang/crates-build-env/linux@sha256:5ff2268d62e97bff2cde7d5815dd6ed5b47097566f13b8d0ca110b04b60e07ed" "/opt/rustwide/cargo-home/bin/cargo" "+beta-2023-04-20" "test" "--frozen", kill_on_drop: false }`
[INFO] [stdout] 66abe73ae3a2cff7abb7b99fbacc4a6ebae44eb238e5bd35907608908cd005e5
[INFO] running `Command { std: "docker" "start" "-a" "66abe73ae3a2cff7abb7b99fbacc4a6ebae44eb238e5bd35907608908cd005e5", kill_on_drop: false }`
[INFO] [stderr] warning: ambiguous glob re-exports
[INFO] [stderr]  --> src/state/systems.rs:7:9
[INFO] [stderr]   |
[INFO] [stderr] 7 | pub use euler1dadiabatic::*;
[INFO] [stderr]   |         ^^^^^^^^^^^^^^^^^^^ the name `calc_flux` in the value namespace is first re-exported here
[INFO] [stderr] 8 | pub use euler1disot::*;
[INFO] [stderr]   |         -------------- but the name `calc_flux` in the value namespace is also re-exported here
[INFO] [stderr]   |
[INFO] [stderr]   = note: `#[warn(ambiguous_glob_reexports)]` on by default
[INFO] [stderr] 
[INFO] [stderr] warning: ambiguous glob re-exports
[INFO] [stderr]  --> src/state/systems.rs:7:9
[INFO] [stderr]   |
[INFO] [stderr] 7 | pub use euler1dadiabatic::*;
[INFO] [stderr]   |         ^^^^^^^^^^^^^^^^^^^ the name `cons_to_prim` in the value namespace is first re-exported here
[INFO] [stderr] 8 | pub use euler1disot::*;
[INFO] [stderr]   |         -------------- but the name `cons_to_prim` in the value namespace is also re-exported here
[INFO] [stderr] 
[INFO] [stderr] warning: ambiguous glob re-exports
[INFO] [stderr]  --> src/state/systems.rs:7:9
[INFO] [stderr]   |
[INFO] [stderr] 7 | pub use euler1dadiabatic::*;
[INFO] [stderr]   |         ^^^^^^^^^^^^^^^^^^^ the name `prim_to_cons` in the value namespace is first re-exported here
[INFO] [stderr] 8 | pub use euler1disot::*;
[INFO] [stderr]   |         -------------- but the name `prim_to_cons` in the value namespace is also re-exported here
[INFO] [stderr] 
[INFO] [stderr] warning: ambiguous glob re-exports
[INFO] [stderr]  --> src/state/systems.rs:7:9
[INFO] [stderr]   |
[INFO] [stderr] 7 | pub use euler1dadiabatic::*;
[INFO] [stderr]   |         ^^^^^^^^^^^^^^^^^^^ the name `validate` in the value namespace is first re-exported here
[INFO] [stderr] 8 | pub use euler1disot::*;
[INFO] [stderr]   |         -------------- but the name `validate` in the value namespace is also re-exported here
[INFO] [stderr] 
[INFO] [stderr] warning: `corries` (lib) generated 4 warnings
[INFO] [stderr] warning: `corries` (lib test) generated 4 warnings (4 duplicates)
[INFO] [stderr]     Finished test [unoptimized + debuginfo] target(s) in 0.16s
[INFO] [stderr]      Running unittests src/lib.rs (/opt/rustwide/target/debug/deps/corries-e1dd78eb1bfcf5c7)
[INFO] [stdout] 
[INFO] [stdout] running 11 tests
[INFO] [stdout] test boundaryconditions::custom::tests::no_gradients_test ... ok
[INFO] [stdout] test boundaryconditions::custom::tests::near_zero_test ... ok
[INFO] [stdout] test boundaryconditions::custom::tests::outflow_no_gradients_test ... ok
[INFO] [stdout] test boundaryconditions::custom::tests::reflecting_test ... ok
[INFO] [stdout] test boundaryconditions::custom::tests::extrapolation_test ... ok
[INFO] [stdout] test boundaryconditions::custom::tests::outflow_extrapolate_test ... ok
[INFO] [stdout] test rhs::numflux::kt::tests::kt_test ... ok
[INFO] [stdout] test rhs::numflux::hll::tests::hll_test ... ok
[INFO] [stdout] test state::tests::euler1disot::conversion ... ok
[INFO] [stdout] test state::tests::euler1dadiabatic::conversion ... ok
[INFO] [stdout] test mesh::tests::cartesian_meshes::cartesian_meshes_constructed_correctly ... ok
[INFO] [stdout] 
[INFO] [stdout] test result: ok. 11 passed; 0 failed; 0 ignored; 0 measured; 0 filtered out; finished in 1.42s
[INFO] [stdout] 
[INFO] [stderr]      Running tests/noh.rs (/opt/rustwide/target/debug/deps/noh-46f1d8b4240ce4de)
[INFO] [stdout] 
[INFO] [stdout] running 2 tests
[INFO] [stdout] test noh_euler1d_isot ... FAILED
[INFO] [stdout] test noh_euler1d_adiabatic ... FAILED
[INFO] [stdout] 
[INFO] [stdout] failures:
[INFO] [stdout] 
[INFO] [stdout] ---- noh_euler1d_isot stdout ----
[INFO] [stdout] Error: While calling CorriesConfig::init_corries
[INFO] [stdout] 
[INFO] [stdout] Caused by:
[INFO] [stdout]    0: Constructing Writer
[INFO] [stdout]    1: Failed to create directory results/integrationtests/noh_euler1d_isothermal
[INFO] [stdout]    2: Read-only file system (os error 30)
[INFO] [stdout] 
[INFO] [stdout] Location:
[INFO] [stdout]     /opt/rustwide/workdir/src/writer/output.rs:85:22
[INFO] [stdout] 
[INFO] [stdout] ---- noh_euler1d_adiabatic stdout ----
[INFO] [stdout] Error: While calling CorriesConfig::init_corries
[INFO] [stdout] 
[INFO] [stdout] Caused by:
[INFO] [stdout]    0: Constructing Writer
[INFO] [stdout]    1: Failed to create directory results/integrationtests/noh_euler1d_adiabatic
[INFO] [stdout]    2: Read-only file system (os error 30)
[INFO] [stdout] 
[INFO] [stdout] Location:
[INFO] [stdout]     /opt/rustwide/workdir/src/writer/output.rs:85:22
[INFO] [stdout] 
[INFO] [stdout] 
[INFO] [stdout] failures:
[INFO] [stdout]     noh_euler1d_adiabatic
[INFO] [stdout]     noh_euler1d_isot
[INFO] [stdout] 
[INFO] [stdout] test result: FAILED. 0 passed; 2 failed; 0 ignored; 0 measured; 0 filtered out; finished in 0.00s
[INFO] [stdout] 
[INFO] [stderr] error: test failed, to rerun pass `--test noh`
[INFO] running `Command { std: "docker" "inspect" "66abe73ae3a2cff7abb7b99fbacc4a6ebae44eb238e5bd35907608908cd005e5", kill_on_drop: false }`
[INFO] running `Command { std: "docker" "rm" "-f" "66abe73ae3a2cff7abb7b99fbacc4a6ebae44eb238e5bd35907608908cd005e5", kill_on_drop: false }`
[INFO] [stdout] 66abe73ae3a2cff7abb7b99fbacc4a6ebae44eb238e5bd35907608908cd005e5
