[INFO] fetching crate corona 0.4.3...
[INFO] testing corona-0.4.3 against 1.69.0 for beta-1.70-1
[INFO] extracting crate corona 0.4.3 into /workspace/builds/worker-1-tc1/source
[INFO] validating manifest of crates.io crate corona 0.4.3 on toolchain 1.69.0
[INFO] running `Command { std: CARGO_HOME="/workspace/cargo-home" RUSTUP_HOME="/workspace/rustup-home" "/workspace/cargo-home/bin/cargo" "+1.69.0" "metadata" "--manifest-path" "Cargo.toml" "--no-deps", kill_on_drop: false }`
[INFO] started tweaking crates.io crate corona 0.4.3
[INFO] removed 0 missing tests
[INFO] finished tweaking crates.io crate corona 0.4.3
[INFO] tweaked toml for crates.io crate corona 0.4.3 written to /workspace/builds/worker-1-tc1/source/Cargo.toml
[INFO] crate crates.io crate corona 0.4.3 already has a lockfile, it will not be regenerated
[INFO] running `Command { std: CARGO_HOME="/workspace/cargo-home" RUSTUP_HOME="/workspace/rustup-home" "/workspace/cargo-home/bin/cargo" "+1.69.0" "fetch" "--manifest-path" "Cargo.toml", kill_on_drop: false }`
[INFO] [stderr]  Downloading crates ...
[INFO] [stderr]   Downloaded bytes v0.4.11
[INFO] [stderr]   Downloaded iovec v0.1.2
[INFO] [stderr]   Downloaded cfg-if v0.1.6
[INFO] [stderr]   Downloaded lazy_static v1.2.0
[INFO] [stderr]   Downloaded rand_pcg v0.1.1
[INFO] [stderr]   Downloaded bitflags v1.0.4
[INFO] [stderr]   Downloaded slab v0.4.1
[INFO] [stderr]   Downloaded owning_ref v0.4.0
[INFO] [stderr]   Downloaded log v0.4.6
[INFO] [stderr]   Downloaded either v1.5.0
[INFO] [stderr]   Downloaded bitflags v0.9.1
[INFO] [stderr]   Downloaded tokio-codec v0.1.1
[INFO] [stderr]   Downloaded stable_deref_trait v1.1.1
[INFO] [stderr]   Downloaded byteorder v1.2.7
[INFO] [stderr]   Downloaded pulldown-cmark v0.1.2
[INFO] [stderr]   Downloaded mio v0.6.16
[INFO] [stderr]   Downloaded rand v0.5.5
[INFO] [stderr]   Downloaded rand v0.6.1
[INFO] [stderr]   Downloaded mio-uds v0.6.7
[INFO] [stderr]   Downloaded winapi v0.3.6
[INFO] [stderr]   Downloaded unicode-normalization v0.1.7
[INFO] [stderr]   Downloaded tokio-current-thread v0.1.4
[INFO] [stderr]   Downloaded serde v1.0.82
[INFO] [stderr]   Downloaded libc v0.2.45
[INFO] [stderr]   Downloaded cc v1.0.26
[INFO] [stderr]   Downloaded tokio-io v0.1.10
[INFO] [stderr]   Downloaded tokio-reactor v0.1.7
[INFO] [stderr]   Downloaded crossbeam-utils v0.6.3
[INFO] [stderr]   Downloaded tokio-tcp v0.1.2
[INFO] [stderr]   Downloaded tokio-threadpool v0.1.9
[INFO] [stderr]   Downloaded tokio-fs v0.1.4
[INFO] [stderr]   Downloaded tokio-uds v0.2.4
[INFO] [stderr]   Downloaded arrayvec v0.4.8
[INFO] [stderr]   Downloaded tokio-udp v0.1.3
[INFO] [stderr]   Downloaded version-sync v0.5.0
[INFO] [stderr]   Downloaded smallvec v0.6.7
[INFO] [stderr]   Downloaded num_cpus v1.9.0
[INFO] [stderr]   Downloaded rand_xorshift v0.1.0
[INFO] [stderr]   Downloaded rand_chacha v0.1.0
[INFO] [stderr]   Downloaded tokio-timer v0.2.8
[INFO] [stderr]   Downloaded tokio-executor v0.1.5
[INFO] [stderr]   Downloaded rand_core v0.3.0
[INFO] [stderr]   Downloaded tokio v0.1.13
[INFO] [stderr]   Downloaded context v2.1.0
[INFO] [stderr]   Downloaded crossbeam-deque v0.6.2
[INFO] [stderr]   Downloaded futures v0.1.25
[INFO] running `Command { std: "docker" "create" "-v" "/var/lib/crater-agent-workspace/builds/worker-1-tc1/target:/opt/rustwide/target:rw,Z" "-v" "/var/lib/crater-agent-workspace/builds/worker-1-tc1/source:/opt/rustwide/workdir:ro,Z" "-v" "/var/lib/crater-agent-workspace/cargo-home:/opt/rustwide/cargo-home:ro,Z" "-v" "/var/lib/crater-agent-workspace/rustup-home:/opt/rustwide/rustup-home:ro,Z" "-e" "SOURCE_DIR=/opt/rustwide/workdir" "-e" "CARGO_TARGET_DIR=/opt/rustwide/target" "-e" "CARGO_HOME=/opt/rustwide/cargo-home" "-e" "RUSTUP_HOME=/opt/rustwide/rustup-home" "-w" "/opt/rustwide/workdir" "-m" "1610612736" "--user" "0:0" "--network" "none" "ghcr.io/rust-lang/crates-build-env/linux@sha256:5ff2268d62e97bff2cde7d5815dd6ed5b47097566f13b8d0ca110b04b60e07ed" "/opt/rustwide/cargo-home/bin/cargo" "+1.69.0" "metadata" "--no-deps" "--format-version=1", kill_on_drop: false }`
[INFO] [stdout] c0853c3f34d5cbdafb31982528edd4783a102508b9f704d808331fa89e9a4bb3
[INFO] running `Command { std: "docker" "start" "-a" "c0853c3f34d5cbdafb31982528edd4783a102508b9f704d808331fa89e9a4bb3", kill_on_drop: false }`
[INFO] running `Command { std: "docker" "inspect" "c0853c3f34d5cbdafb31982528edd4783a102508b9f704d808331fa89e9a4bb3", kill_on_drop: false }`
[INFO] running `Command { std: "docker" "rm" "-f" "c0853c3f34d5cbdafb31982528edd4783a102508b9f704d808331fa89e9a4bb3", kill_on_drop: false }`
[INFO] [stdout] c0853c3f34d5cbdafb31982528edd4783a102508b9f704d808331fa89e9a4bb3
[INFO] running `Command { std: "docker" "create" "-v" "/var/lib/crater-agent-workspace/builds/worker-1-tc1/target:/opt/rustwide/target:rw,Z" "-v" "/var/lib/crater-agent-workspace/builds/worker-1-tc1/source:/opt/rustwide/workdir:ro,Z" "-v" "/var/lib/crater-agent-workspace/cargo-home:/opt/rustwide/cargo-home:ro,Z" "-v" "/var/lib/crater-agent-workspace/rustup-home:/opt/rustwide/rustup-home:ro,Z" "-e" "SOURCE_DIR=/opt/rustwide/workdir" "-e" "CARGO_TARGET_DIR=/opt/rustwide/target" "-e" "CARGO_INCREMENTAL=0" "-e" "RUST_BACKTRACE=full" "-e" "RUSTFLAGS=--cap-lints=warn" "-e" "RUSTDOCFLAGS=--cap-lints=warn" "-e" "CARGO_HOME=/opt/rustwide/cargo-home" "-e" "RUSTUP_HOME=/opt/rustwide/rustup-home" "-w" "/opt/rustwide/workdir" "-m" "1610612736" "--user" "0:0" "--network" "none" "ghcr.io/rust-lang/crates-build-env/linux@sha256:5ff2268d62e97bff2cde7d5815dd6ed5b47097566f13b8d0ca110b04b60e07ed" "/opt/rustwide/cargo-home/bin/cargo" "+1.69.0" "build" "--frozen" "--message-format=json", kill_on_drop: false }`
[INFO] [stdout] e8cc653cd699b7a077f6ab4e7e626f820b845e970f926124124461f56bb69e41
[INFO] running `Command { std: "docker" "start" "-a" "e8cc653cd699b7a077f6ab4e7e626f820b845e970f926124124461f56bb69e41", kill_on_drop: false }`
[INFO] [stderr]    Compiling libc v0.2.45
[INFO] [stderr]    Compiling semver-parser v0.7.0
[INFO] [stderr]    Compiling cfg-if v0.1.6
[INFO] [stderr]    Compiling rand_core v0.3.0
[INFO] [stderr]    Compiling futures v0.1.25
[INFO] [stderr]    Compiling scopeguard v0.3.3
[INFO] [stderr]    Compiling lazy_static v1.2.0
[INFO] [stderr]    Compiling void v1.0.2
[INFO] [stderr]    Compiling log v0.4.6
[INFO] [stderr]    Compiling crossbeam-utils v0.6.3
[INFO] [stderr]    Compiling byteorder v1.2.7
[INFO] [stderr]    Compiling unreachable v1.0.0
[INFO] [stderr]    Compiling semver v0.9.0
[INFO] [stderr]    Compiling rand_core v0.2.2
[INFO] [stderr]    Compiling stable_deref_trait v1.1.1
[INFO] [stderr]    Compiling slab v0.4.1
[INFO] [stderr]    Compiling smallvec v0.6.7
[INFO] [stderr]    Compiling lazycell v1.2.1
[INFO] [stderr]    Compiling owning_ref v0.4.0
[INFO] [stderr]    Compiling nodrop v0.1.13
[INFO] [stderr]    Compiling memoffset v0.2.1
[INFO] [stderr]    Compiling rustc_version v0.2.3
[INFO] [stderr]    Compiling arrayvec v0.4.8
[INFO] [stderr]    Compiling rand_hc v0.1.0
[INFO] [stderr]    Compiling lock_api v0.1.5
[INFO] [stderr]    Compiling rand_xorshift v0.1.0
[INFO] [stderr]    Compiling rand_isaac v0.1.1
[INFO] [stderr]    Compiling crossbeam-epoch v0.6.1
[INFO] [stderr]    Compiling cc v1.0.26
[INFO] [stderr]    Compiling parking_lot_core v0.3.1
[INFO] [stderr]    Compiling rand_chacha v0.1.0
[INFO] [stderr]    Compiling iovec v0.1.2
[INFO] [stderr]    Compiling net2 v0.2.33
[INFO] [stderr]    Compiling num_cpus v1.9.0
[INFO] [stderr]    Compiling bytes v0.4.11
[INFO] [stderr]    Compiling rand v0.5.5
[INFO] [stderr]    Compiling mio v0.6.16
[INFO] [stderr]    Compiling tokio-executor v0.1.5
[INFO] [stderr]    Compiling rand_pcg v0.1.1
[INFO] [stderr]    Compiling rand v0.6.1
[INFO] [stderr]    Compiling tokio-io v0.1.10
[INFO] [stderr]    Compiling crossbeam-deque v0.6.2
[INFO] [stderr]    Compiling mio-uds v0.6.7
[INFO] [stderr]    Compiling tokio-timer v0.2.8
[INFO] [stderr]    Compiling context v2.1.0
[INFO] [stderr]    Compiling tokio-current-thread v0.1.4
[INFO] [stderr]    Compiling tokio-codec v0.1.1
[INFO] [stderr]    Compiling parking_lot v0.6.4
[INFO] [stderr]    Compiling tokio-reactor v0.1.7
[INFO] [stderr]    Compiling tokio-threadpool v0.1.9
[INFO] [stderr]    Compiling tokio-uds v0.2.4
[INFO] [stderr]    Compiling tokio-udp v0.1.3
[INFO] [stderr]    Compiling tokio-tcp v0.1.2
[INFO] [stderr]    Compiling tokio-fs v0.1.4
[INFO] [stderr]    Compiling tokio v0.1.13
[INFO] [stderr]    Compiling corona v0.4.3 (/opt/rustwide/workdir)
[INFO] [stdout] warning: anonymous parameters are deprecated and will be removed in the next edition
[INFO] [stdout]   --> src/switch.rs:19:27
[INFO] [stdout]    |
[INFO] [stdout] 19 |     fn perform(&mut self, Context, ProtectedFixedSizeStack) ->
[INFO] [stdout]    |                           ^^^^^^^ help: try naming the parameter or explicitly ignoring it: `_: Context`
[INFO] [stdout]    |
[INFO] [stdout]    = warning: this is accepted in the current edition (Rust 2015) but is a hard error in Rust 2018!
[INFO] [stdout]    = note: for more information, see issue #41686 <https://github.com/rust-lang/rust/issues/41686>
[INFO] [stdout]    = note: `#[warn(anonymous_parameters)]` on by default
[INFO] [stdout] 
[INFO] [stdout] 
[INFO] [stdout] warning: anonymous parameters are deprecated and will be removed in the next edition
[INFO] [stdout]   --> src/switch.rs:19:36
[INFO] [stdout]    |
[INFO] [stdout] 19 |     fn perform(&mut self, Context, ProtectedFixedSizeStack) ->
[INFO] [stdout]    |                                    ^^^^^^^^^^^^^^^^^^^^^^^ help: try naming the parameter or explicitly ignoring it: `_: ProtectedFixedSizeStack`
[INFO] [stdout]    |
[INFO] [stdout]    = warning: this is accepted in the current edition (Rust 2015) but is a hard error in Rust 2018!
[INFO] [stdout]    = note: for more information, see issue #41686 <https://github.com/rust-lang/rust/issues/41686>
[INFO] [stdout] 
[INFO] [stdout] 
[INFO] [stdout] warning: trait objects without an explicit `dyn` are deprecated
[INFO] [stdout]   --> src/coroutine.rs:16:18
[INFO] [stdout]    |
[INFO] [stdout] 16 |     Panicked(Box<Any + Send + 'static>),
[INFO] [stdout]    |                  ^^^^^^^^^^^^^^^^^^^^
[INFO] [stdout]    |
[INFO] [stdout]    = warning: this is accepted in the current edition (Rust 2015) but is a hard error in Rust 2021!
[INFO] [stdout]    = note: for more information, see <https://doc.rust-lang.org/nightly/edition-guide/rust-2021/warnings-promoted-to-error.html>
[INFO] [stdout]    = note: `#[warn(bare_trait_objects)]` on by default
[INFO] [stdout] help: use `dyn`
[INFO] [stdout]    |
[INFO] [stdout] 16 |     Panicked(Box<dyn Any + Send + 'static>),
[INFO] [stdout]    |                  +++
[INFO] [stdout] 
[INFO] [stdout] 
[INFO] [stdout] warning: trait objects without an explicit `dyn` are deprecated
[INFO] [stdout]   --> src/errors.rs:38:18
[INFO] [stdout]    |
[INFO] [stdout] 38 |     Panicked(Box<Any + Send + 'static>),
[INFO] [stdout]    |                  ^^^^^^^^^^^^^^^^^^^^
[INFO] [stdout]    |
[INFO] [stdout]    = warning: this is accepted in the current edition (Rust 2015) but is a hard error in Rust 2021!
[INFO] [stdout]    = note: for more information, see <https://doc.rust-lang.org/nightly/edition-guide/rust-2021/warnings-promoted-to-error.html>
[INFO] [stdout] help: use `dyn`
[INFO] [stdout]    |
[INFO] [stdout] 38 |     Panicked(Box<dyn Any + Send + 'static>),
[INFO] [stdout]    |                  +++
[INFO] [stdout] 
[INFO] [stdout] 
[INFO] [stdout] warning: trait objects without an explicit `dyn` are deprecated
[INFO] [stdout]   --> src/switch.rs:39:27
[INFO] [stdout]    |
[INFO] [stdout] 39 |     pub(crate) poll: *mut FnMut() -> Poll<(), ()>,
[INFO] [stdout]    |                           ^^^^^^^^^^^^^^^^^^^^^^^
[INFO] [stdout]    |
[INFO] [stdout]    = warning: this is accepted in the current edition (Rust 2015) but is a hard error in Rust 2021!
[INFO] [stdout]    = note: for more information, see <https://doc.rust-lang.org/nightly/edition-guide/rust-2021/warnings-promoted-to-error.html>
[INFO] [stdout] help: use `dyn`
[INFO] [stdout]    |
[INFO] [stdout] 39 |     pub(crate) poll: *mut dyn FnMut() -> Poll<(), ()>,
[INFO] [stdout]    |                           +++
[INFO] [stdout] 
[INFO] [stdout] 
[INFO] [stdout] warning: trait objects without an explicit `dyn` are deprecated
[INFO] [stdout]   --> src/switch.rs:36:22
[INFO] [stdout]    |
[INFO] [stdout] 36 | type BoxedTask = Box<BoxableTask>;
[INFO] [stdout]    |                      ^^^^^^^^^^^
[INFO] [stdout]    |
[INFO] [stdout]    = warning: this is accepted in the current edition (Rust 2015) but is a hard error in Rust 2021!
[INFO] [stdout]    = note: for more information, see <https://doc.rust-lang.org/nightly/edition-guide/rust-2021/warnings-promoted-to-error.html>
[INFO] [stdout] help: use `dyn`
[INFO] [stdout]    |
[INFO] [stdout] 36 | type BoxedTask = Box<dyn BoxableTask>;
[INFO] [stdout]    |                      +++
[INFO] [stdout] 
[INFO] [stdout] 
[INFO] [stdout] warning: trait objects without an explicit `dyn` are deprecated
[INFO] [stdout]    --> src/switch.rs:158:20
[INFO] [stdout]     |
[INFO] [stdout] 158 |         panic: Box<Any + Send>,
[INFO] [stdout]     |                    ^^^^^^^^^^
[INFO] [stdout]     |
[INFO] [stdout]     = warning: this is accepted in the current edition (Rust 2015) but is a hard error in Rust 2021!
[INFO] [stdout]     = note: for more information, see <https://doc.rust-lang.org/nightly/edition-guide/rust-2021/warnings-promoted-to-error.html>
[INFO] [stdout] help: use `dyn`
[INFO] [stdout]     |
[INFO] [stdout] 158 |         panic: Box<dyn Any + Send>,
[INFO] [stdout]     |                    +++
[INFO] [stdout] 
[INFO] [stdout] 
[INFO] [stdout] warning: trait objects without an explicit `dyn` are deprecated
[INFO] [stdout]    --> src/switch.rs:172:27
[INFO] [stdout]     |
[INFO] [stdout] 172 |         panic: Option<Box<Any + Send>>,
[INFO] [stdout]     |                           ^^^^^^^^^^
[INFO] [stdout]     |
[INFO] [stdout]     = warning: this is accepted in the current edition (Rust 2015) but is a hard error in Rust 2021!
[INFO] [stdout]     = note: for more information, see <https://doc.rust-lang.org/nightly/edition-guide/rust-2021/warnings-promoted-to-error.html>
[INFO] [stdout] help: use `dyn`
[INFO] [stdout]     |
[INFO] [stdout] 172 |         panic: Option<Box<dyn Any + Send>>,
[INFO] [stdout]     |                           +++
[INFO] [stdout] 
[INFO] [stdout] 
[INFO] [stdout] warning: trait objects without an explicit `dyn` are deprecated
[INFO] [stdout]   --> src/switch.rs:26:55
[INFO] [stdout]    |
[INFO] [stdout] 26 |         (Context, ProtectedFixedSizeStack, Option<Box<Any + Send>>),
[INFO] [stdout]    |                                                       ^^^^^^^^^^
[INFO] [stdout]    |
[INFO] [stdout]    = warning: this is accepted in the current edition (Rust 2015) but is a hard error in Rust 2021!
[INFO] [stdout]    = note: for more information, see <https://doc.rust-lang.org/nightly/edition-guide/rust-2021/warnings-promoted-to-error.html>
[INFO] [stdout] help: use `dyn`
[INFO] [stdout]    |
[INFO] [stdout] 26 |         (Context, ProtectedFixedSizeStack, Option<Box<dyn Any + Send>>),
[INFO] [stdout]    |                                                       +++
[INFO] [stdout] 
[INFO] [stdout] 
[INFO] [stdout] warning: trait objects without an explicit `dyn` are deprecated
[INFO] [stdout]   --> src/switch.rs:20:55
[INFO] [stdout]    |
[INFO] [stdout] 20 |         (Context, ProtectedFixedSizeStack, Option<Box<Any + Send>>);
[INFO] [stdout]    |                                                       ^^^^^^^^^^
[INFO] [stdout]    |
[INFO] [stdout]    = warning: this is accepted in the current edition (Rust 2015) but is a hard error in Rust 2021!
[INFO] [stdout]    = note: for more information, see <https://doc.rust-lang.org/nightly/edition-guide/rust-2021/warnings-promoted-to-error.html>
[INFO] [stdout] help: use `dyn`
[INFO] [stdout]    |
[INFO] [stdout] 20 |         (Context, ProtectedFixedSizeStack, Option<Box<dyn Any + Send>>);
[INFO] [stdout]    |                                                       +++
[INFO] [stdout] 
[INFO] [stdout] 
[INFO] [stdout] warning: trait objects without an explicit `dyn` are deprecated
[INFO] [stdout]   --> src/switch.rs:29:55
[INFO] [stdout]    |
[INFO] [stdout] 29 |         (Context, ProtectedFixedSizeStack, Option<Box<Any + Send>>)
[INFO] [stdout]    |                                                       ^^^^^^^^^^
[INFO] [stdout]    |
[INFO] [stdout]    = warning: this is accepted in the current edition (Rust 2015) but is a hard error in Rust 2021!
[INFO] [stdout]    = note: for more information, see <https://doc.rust-lang.org/nightly/edition-guide/rust-2021/warnings-promoted-to-error.html>
[INFO] [stdout] help: use `dyn`
[INFO] [stdout]    |
[INFO] [stdout] 29 |         (Context, ProtectedFixedSizeStack, Option<Box<dyn Any + Send>>)
[INFO] [stdout]    |                                                       +++
[INFO] [stdout] 
[INFO] [stdout] 
[INFO] [stdout] warning: use of deprecated method `std::error::Error::description`: use the Display impl or to_string()
[INFO] [stdout]   --> src/errors.rs:25:30
[INFO] [stdout]    |
[INFO] [stdout] 25 |         write!(f, "{}", self.description())
[INFO] [stdout]    |                              ^^^^^^^^^^^
[INFO] [stdout]    |
[INFO] [stdout]    = note: `#[warn(deprecated)]` on by default
[INFO] [stdout] 
[INFO] [stdout] 
[INFO] [stdout] warning: use of deprecated method `std::error::Error::description`: use the Display impl or to_string()
[INFO] [stdout]   --> src/errors.rs:64:30
[INFO] [stdout]    |
[INFO] [stdout] 64 |         write!(f, "{}", self.description())
[INFO] [stdout]    |                              ^^^^^^^^^^^
[INFO] [stdout] 
[INFO] [stdout] 
[INFO] [stdout] warning: 13 warnings emitted
[INFO] [stdout] 
[INFO] [stdout] 
[INFO] [stderr]     Finished dev [unoptimized + debuginfo] target(s) in 10.13s
[INFO] running `Command { std: "docker" "inspect" "e8cc653cd699b7a077f6ab4e7e626f820b845e970f926124124461f56bb69e41", kill_on_drop: false }`
[INFO] running `Command { std: "docker" "rm" "-f" "e8cc653cd699b7a077f6ab4e7e626f820b845e970f926124124461f56bb69e41", kill_on_drop: false }`
[INFO] [stdout] e8cc653cd699b7a077f6ab4e7e626f820b845e970f926124124461f56bb69e41
[INFO] running `Command { std: "docker" "create" "-v" "/var/lib/crater-agent-workspace/builds/worker-1-tc1/target:/opt/rustwide/target:rw,Z" "-v" "/var/lib/crater-agent-workspace/builds/worker-1-tc1/source:/opt/rustwide/workdir:ro,Z" "-v" "/var/lib/crater-agent-workspace/cargo-home:/opt/rustwide/cargo-home:ro,Z" "-v" "/var/lib/crater-agent-workspace/rustup-home:/opt/rustwide/rustup-home:ro,Z" "-e" "SOURCE_DIR=/opt/rustwide/workdir" "-e" "CARGO_TARGET_DIR=/opt/rustwide/target" "-e" "CARGO_INCREMENTAL=0" "-e" "RUST_BACKTRACE=full" "-e" "RUSTFLAGS=--cap-lints=warn" "-e" "RUSTDOCFLAGS=--cap-lints=warn" "-e" "CARGO_HOME=/opt/rustwide/cargo-home" "-e" "RUSTUP_HOME=/opt/rustwide/rustup-home" "-w" "/opt/rustwide/workdir" "-m" "1610612736" "--user" "0:0" "--network" "none" "ghcr.io/rust-lang/crates-build-env/linux@sha256:5ff2268d62e97bff2cde7d5815dd6ed5b47097566f13b8d0ca110b04b60e07ed" "/opt/rustwide/cargo-home/bin/cargo" "+1.69.0" "test" "--frozen" "--no-run" "--message-format=json", kill_on_drop: false }`
[INFO] [stdout] d3a5826df3e6f87a62747b13bb08f47e31f8850dfb5275513d8db7fad3ab5078
[INFO] running `Command { std: "docker" "start" "-a" "d3a5826df3e6f87a62747b13bb08f47e31f8850dfb5275513d8db7fad3ab5078", kill_on_drop: false }`
[INFO] [stderr]    Compiling parking_lot_core v0.3.1
[INFO] [stderr]    Compiling rand_pcg v0.1.1
[INFO] [stderr]    Compiling rand_chacha v0.1.0
[INFO] [stderr]    Compiling rand v0.6.1
[INFO] [stderr]    Compiling serde v1.0.82
[INFO] [stderr]    Compiling unicode-bidi v0.3.4
[INFO] [stderr]    Compiling pulldown-cmark v0.1.2
[INFO] [stderr]    Compiling unicode-normalization v0.1.7
[INFO] [stderr]    Compiling unicode-xid v0.0.4
[INFO] [stderr]    Compiling synom v0.11.3
[INFO] [stderr]    Compiling bitflags v0.9.1
[INFO] [stderr]    Compiling parking_lot v0.6.4
[INFO] [stderr]    Compiling percent-encoding v1.0.1
[INFO] [stderr]    Compiling either v1.5.0
[INFO] [stderr]    Compiling tokio-reactor v0.1.7
[INFO] [stderr]    Compiling quote v0.3.15
[INFO] [stderr]    Compiling itertools v0.7.11
[INFO] [stderr]    Compiling syn v0.11.11
[INFO] [stderr]    Compiling tokio-uds v0.2.4
[INFO] [stderr]    Compiling idna v0.1.5
[INFO] [stderr]    Compiling tokio-tcp v0.1.2
[INFO] [stderr]    Compiling tokio-udp v0.1.3
[INFO] [stderr]    Compiling tokio-threadpool v0.1.9
[INFO] [stderr]    Compiling url v1.7.2
[INFO] [stderr]    Compiling tokio-fs v0.1.4
[INFO] [stderr]    Compiling tokio v0.1.13
[INFO] [stderr]    Compiling corona v0.4.3 (/opt/rustwide/workdir)
[INFO] [stdout] warning: anonymous parameters are deprecated and will be removed in the next edition
[INFO] [stdout]   --> src/switch.rs:19:27
[INFO] [stdout]    |
[INFO] [stdout] 19 |     fn perform(&mut self, Context, ProtectedFixedSizeStack) ->
[INFO] [stdout]    |                           ^^^^^^^ help: try naming the parameter or explicitly ignoring it: `_: Context`
[INFO] [stdout]    |
[INFO] [stdout]    = warning: this is accepted in the current edition (Rust 2015) but is a hard error in Rust 2018!
[INFO] [stdout]    = note: for more information, see issue #41686 <https://github.com/rust-lang/rust/issues/41686>
[INFO] [stdout]    = note: `#[warn(anonymous_parameters)]` on by default
[INFO] [stdout] 
[INFO] [stdout] 
[INFO] [stdout] warning: anonymous parameters are deprecated and will be removed in the next edition
[INFO] [stdout]   --> src/switch.rs:19:36
[INFO] [stdout]    |
[INFO] [stdout] 19 |     fn perform(&mut self, Context, ProtectedFixedSizeStack) ->
[INFO] [stdout]    |                                    ^^^^^^^^^^^^^^^^^^^^^^^ help: try naming the parameter or explicitly ignoring it: `_: ProtectedFixedSizeStack`
[INFO] [stdout]    |
[INFO] [stdout]    = warning: this is accepted in the current edition (Rust 2015) but is a hard error in Rust 2018!
[INFO] [stdout]    = note: for more information, see issue #41686 <https://github.com/rust-lang/rust/issues/41686>
[INFO] [stdout] 
[INFO] [stdout] 
[INFO] [stdout] warning: trait objects without an explicit `dyn` are deprecated
[INFO] [stdout]   --> src/coroutine.rs:16:18
[INFO] [stdout]    |
[INFO] [stdout] 16 |     Panicked(Box<Any + Send + 'static>),
[INFO] [stdout]    |                  ^^^^^^^^^^^^^^^^^^^^
[INFO] [stdout]    |
[INFO] [stdout]    = warning: this is accepted in the current edition (Rust 2015) but is a hard error in Rust 2021!
[INFO] [stdout]    = note: for more information, see <https://doc.rust-lang.org/nightly/edition-guide/rust-2021/warnings-promoted-to-error.html>
[INFO] [stdout]    = note: `#[warn(bare_trait_objects)]` on by default
[INFO] [stdout] help: use `dyn`
[INFO] [stdout]    |
[INFO] [stdout] 16 |     Panicked(Box<dyn Any + Send + 'static>),
[INFO] [stdout]    |                  +++
[INFO] [stdout] 
[INFO] [stdout] 
[INFO] [stdout] warning: trait objects without an explicit `dyn` are deprecated
[INFO] [stdout]   --> src/errors.rs:38:18
[INFO] [stdout]    |
[INFO] [stdout] 38 |     Panicked(Box<Any + Send + 'static>),
[INFO] [stdout]    |                  ^^^^^^^^^^^^^^^^^^^^
[INFO] [stdout]    |
[INFO] [stdout]    = warning: this is accepted in the current edition (Rust 2015) but is a hard error in Rust 2021!
[INFO] [stdout]    = note: for more information, see <https://doc.rust-lang.org/nightly/edition-guide/rust-2021/warnings-promoted-to-error.html>
[INFO] [stdout] help: use `dyn`
[INFO] [stdout]    |
[INFO] [stdout] 38 |     Panicked(Box<dyn Any + Send + 'static>),
[INFO] [stdout]    |                  +++
[INFO] [stdout] 
[INFO] [stdout] 
[INFO] [stdout] warning: trait objects without an explicit `dyn` are deprecated
[INFO] [stdout]   --> src/switch.rs:39:27
[INFO] [stdout]    |
[INFO] [stdout] 39 |     pub(crate) poll: *mut FnMut() -> Poll<(), ()>,
[INFO] [stdout]    |                           ^^^^^^^^^^^^^^^^^^^^^^^
[INFO] [stdout]    |
[INFO] [stdout]    = warning: this is accepted in the current edition (Rust 2015) but is a hard error in Rust 2021!
[INFO] [stdout]    = note: for more information, see <https://doc.rust-lang.org/nightly/edition-guide/rust-2021/warnings-promoted-to-error.html>
[INFO] [stdout] help: use `dyn`
[INFO] [stdout]    |
[INFO] [stdout] 39 |     pub(crate) poll: *mut dyn FnMut() -> Poll<(), ()>,
[INFO] [stdout]    |                           +++
[INFO] [stdout] 
[INFO] [stdout] 
[INFO] [stdout] warning: trait objects without an explicit `dyn` are deprecated
[INFO] [stdout]   --> src/switch.rs:36:22
[INFO] [stdout]    |
[INFO] [stdout] 36 | type BoxedTask = Box<BoxableTask>;
[INFO] [stdout]    |                      ^^^^^^^^^^^
[INFO] [stdout]    |
[INFO] [stdout]    = warning: this is accepted in the current edition (Rust 2015) but is a hard error in Rust 2021!
[INFO] [stdout]    = note: for more information, see <https://doc.rust-lang.org/nightly/edition-guide/rust-2021/warnings-promoted-to-error.html>
[INFO] [stdout] help: use `dyn`
[INFO] [stdout]    |
[INFO] [stdout] 36 | type BoxedTask = Box<dyn BoxableTask>;
[INFO] [stdout]    |                      +++
[INFO] [stdout] 
[INFO] [stdout] 
[INFO] [stdout] warning: trait objects without an explicit `dyn` are deprecated
[INFO] [stdout]    --> src/switch.rs:158:20
[INFO] [stdout]     |
[INFO] [stdout] 158 |         panic: Box<Any + Send>,
[INFO] [stdout]     |                    ^^^^^^^^^^
[INFO] [stdout]     |
[INFO] [stdout]     = warning: this is accepted in the current edition (Rust 2015) but is a hard error in Rust 2021!
[INFO] [stdout]     = note: for more information, see <https://doc.rust-lang.org/nightly/edition-guide/rust-2021/warnings-promoted-to-error.html>
[INFO] [stdout] help: use `dyn`
[INFO] [stdout]     |
[INFO] [stdout] 158 |         panic: Box<dyn Any + Send>,
[INFO] [stdout]     |                    +++
[INFO] [stdout] 
[INFO] [stdout] 
[INFO] [stdout] warning: trait objects without an explicit `dyn` are deprecated
[INFO] [stdout]    --> src/switch.rs:172:27
[INFO] [stdout]     |
[INFO] [stdout] 172 |         panic: Option<Box<Any + Send>>,
[INFO] [stdout]     |                           ^^^^^^^^^^
[INFO] [stdout]     |
[INFO] [stdout]     = warning: this is accepted in the current edition (Rust 2015) but is a hard error in Rust 2021!
[INFO] [stdout]     = note: for more information, see <https://doc.rust-lang.org/nightly/edition-guide/rust-2021/warnings-promoted-to-error.html>
[INFO] [stdout] help: use `dyn`
[INFO] [stdout]     |
[INFO] [stdout] 172 |         panic: Option<Box<dyn Any + Send>>,
[INFO] [stdout]     |                           +++
[INFO] [stdout] 
[INFO] [stdout] 
[INFO] [stdout] warning: trait objects without an explicit `dyn` are deprecated
[INFO] [stdout]   --> src/switch.rs:26:55
[INFO] [stdout]    |
[INFO] [stdout] 26 |         (Context, ProtectedFixedSizeStack, Option<Box<Any + Send>>),
[INFO] [stdout]    |                                                       ^^^^^^^^^^
[INFO] [stdout]    |
[INFO] [stdout]    = warning: this is accepted in the current edition (Rust 2015) but is a hard error in Rust 2021!
[INFO] [stdout]    = note: for more information, see <https://doc.rust-lang.org/nightly/edition-guide/rust-2021/warnings-promoted-to-error.html>
[INFO] [stdout] help: use `dyn`
[INFO] [stdout]    |
[INFO] [stdout] 26 |         (Context, ProtectedFixedSizeStack, Option<Box<dyn Any + Send>>),
[INFO] [stdout]    |                                                       +++
[INFO] [stdout] 
[INFO] [stdout] 
[INFO] [stdout] warning: trait objects without an explicit `dyn` are deprecated
[INFO] [stdout]   --> src/switch.rs:20:55
[INFO] [stdout]    |
[INFO] [stdout] 20 |         (Context, ProtectedFixedSizeStack, Option<Box<Any + Send>>);
[INFO] [stdout]    |                                                       ^^^^^^^^^^
[INFO] [stdout]    |
[INFO] [stdout]    = warning: this is accepted in the current edition (Rust 2015) but is a hard error in Rust 2021!
[INFO] [stdout]    = note: for more information, see <https://doc.rust-lang.org/nightly/edition-guide/rust-2021/warnings-promoted-to-error.html>
[INFO] [stdout] help: use `dyn`
[INFO] [stdout]    |
[INFO] [stdout] 20 |         (Context, ProtectedFixedSizeStack, Option<Box<dyn Any + Send>>);
[INFO] [stdout]    |                                                       +++
[INFO] [stdout] 
[INFO] [stdout] 
[INFO] [stdout] warning: trait objects without an explicit `dyn` are deprecated
[INFO] [stdout]   --> src/switch.rs:29:55
[INFO] [stdout]    |
[INFO] [stdout] 29 |         (Context, ProtectedFixedSizeStack, Option<Box<Any + Send>>)
[INFO] [stdout]    |                                                       ^^^^^^^^^^
[INFO] [stdout]    |
[INFO] [stdout]    = warning: this is accepted in the current edition (Rust 2015) but is a hard error in Rust 2021!
[INFO] [stdout]    = note: for more information, see <https://doc.rust-lang.org/nightly/edition-guide/rust-2021/warnings-promoted-to-error.html>
[INFO] [stdout] help: use `dyn`
[INFO] [stdout]    |
[INFO] [stdout] 29 |         (Context, ProtectedFixedSizeStack, Option<Box<dyn Any + Send>>)
[INFO] [stdout]    |                                                       +++
[INFO] [stdout] 
[INFO] [stdout] 
[INFO] [stdout] warning: use of deprecated method `std::error::Error::description`: use the Display impl or to_string()
[INFO] [stdout]   --> src/errors.rs:25:30
[INFO] [stdout]    |
[INFO] [stdout] 25 |         write!(f, "{}", self.description())
[INFO] [stdout]    |                              ^^^^^^^^^^^
[INFO] [stdout]    |
[INFO] [stdout]    = note: `#[warn(deprecated)]` on by default
[INFO] [stdout] 
[INFO] [stdout] 
[INFO] [stdout] warning: use of deprecated method `std::error::Error::description`: use the Display impl or to_string()
[INFO] [stdout]   --> src/errors.rs:64:30
[INFO] [stdout]    |
[INFO] [stdout] 64 |         write!(f, "{}", self.description())
[INFO] [stdout]    |                              ^^^^^^^^^^^
[INFO] [stdout] 
[INFO] [stdout] 
[INFO] [stdout] warning: 13 warnings emitted
[INFO] [stdout] 
[INFO] [stdout] 
[INFO] [stderr]    Compiling toml v0.4.10
[INFO] [stderr]    Compiling version-sync v0.5.0
[INFO] [stdout] warning: trait objects without an explicit `dyn` are deprecated
[INFO] [stdout]    --> test/early_cleanup.rs:116:23
[INFO] [stdout]     |
[INFO] [stdout] 116 | fn no_stream() -> Box<Stream<Item = (), Error = ()>> {
[INFO] [stdout]     |                       ^^^^^^^^^^^^^^^^^^^^^^^^^^^^^
[INFO] [stdout]     |
[INFO] [stdout]     = warning: this is accepted in the current edition (Rust 2015) but is a hard error in Rust 2021!
[INFO] [stdout]     = note: for more information, see <https://doc.rust-lang.org/nightly/edition-guide/rust-2021/warnings-promoted-to-error.html>
[INFO] [stdout]     = note: `#[warn(bare_trait_objects)]` on by default
[INFO] [stdout] help: use `dyn`
[INFO] [stdout]     |
[INFO] [stdout] 116 | fn no_stream() -> Box<dyn Stream<Item = (), Error = ()>> {
[INFO] [stdout]     |                       +++
[INFO] [stdout] 
[INFO] [stdout] 
[INFO] [stdout] warning: anonymous parameters are deprecated and will be removed in the next edition
[INFO] [stdout]   --> src/switch.rs:19:27
[INFO] [stdout]    |
[INFO] [stdout] 19 |     fn perform(&mut self, Context, ProtectedFixedSizeStack) ->
[INFO] [stdout]    |                           ^^^^^^^ help: try naming the parameter or explicitly ignoring it: `_: Context`
[INFO] [stdout]    |
[INFO] [stdout]    = warning: this is accepted in the current edition (Rust 2015) but is a hard error in Rust 2018!
[INFO] [stdout]    = note: for more information, see issue #41686 <https://github.com/rust-lang/rust/issues/41686>
[INFO] [stdout]    = note: `#[warn(anonymous_parameters)]` on by default
[INFO] [stdout] 
[INFO] [stdout] 
[INFO] [stdout] warning: anonymous parameters are deprecated and will be removed in the next edition
[INFO] [stdout]   --> src/switch.rs:19:36
[INFO] [stdout]    |
[INFO] [stdout] 19 |     fn perform(&mut self, Context, ProtectedFixedSizeStack) ->
[INFO] [stdout]    |                                    ^^^^^^^^^^^^^^^^^^^^^^^ help: try naming the parameter or explicitly ignoring it: `_: ProtectedFixedSizeStack`
[INFO] [stdout]    |
[INFO] [stdout]    = warning: this is accepted in the current edition (Rust 2015) but is a hard error in Rust 2018!
[INFO] [stdout]    = note: for more information, see issue #41686 <https://github.com/rust-lang/rust/issues/41686>
[INFO] [stdout] 
[INFO] [stdout] 
[INFO] [stdout] warning: trait objects without an explicit `dyn` are deprecated
[INFO] [stdout]   --> src/coroutine.rs:16:18
[INFO] [stdout]    |
[INFO] [stdout] 16 |     Panicked(Box<Any + Send + 'static>),
[INFO] [stdout]    |                  ^^^^^^^^^^^^^^^^^^^^
[INFO] [stdout]    |
[INFO] [stdout]    = warning: this is accepted in the current edition (Rust 2015) but is a hard error in Rust 2021!
[INFO] [stdout]    = note: for more information, see <https://doc.rust-lang.org/nightly/edition-guide/rust-2021/warnings-promoted-to-error.html>
[INFO] [stdout]    = note: `#[warn(bare_trait_objects)]` on by default
[INFO] [stdout] help: use `dyn`
[INFO] [stdout]    |
[INFO] [stdout] 16 |     Panicked(Box<dyn Any + Send + 'static>),
[INFO] [stdout]    |                  +++
[INFO] [stdout] 
[INFO] [stdout] 
[INFO] [stdout] warning: trait objects without an explicit `dyn` are deprecated
[INFO] [stdout]   --> src/errors.rs:38:18
[INFO] [stdout]    |
[INFO] [stdout] 38 |     Panicked(Box<Any + Send + 'static>),
[INFO] [stdout]    |                  ^^^^^^^^^^^^^^^^^^^^
[INFO] [stdout]    |
[INFO] [stdout]    = warning: this is accepted in the current edition (Rust 2015) but is a hard error in Rust 2021!
[INFO] [stdout]    = note: for more information, see <https://doc.rust-lang.org/nightly/edition-guide/rust-2021/warnings-promoted-to-error.html>
[INFO] [stdout] help: use `dyn`
[INFO] [stdout]    |
[INFO] [stdout] 38 |     Panicked(Box<dyn Any + Send + 'static>),
[INFO] [stdout]    |                  +++
[INFO] [stdout] 
[INFO] [stdout] 
[INFO] [stdout] warning: trait objects without an explicit `dyn` are deprecated
[INFO] [stdout]   --> src/switch.rs:39:27
[INFO] [stdout]    |
[INFO] [stdout] 39 |     pub(crate) poll: *mut FnMut() -> Poll<(), ()>,
[INFO] [stdout]    |                           ^^^^^^^^^^^^^^^^^^^^^^^
[INFO] [stdout]    |
[INFO] [stdout]    = warning: this is accepted in the current edition (Rust 2015) but is a hard error in Rust 2021!
[INFO] [stdout]    = note: for more information, see <https://doc.rust-lang.org/nightly/edition-guide/rust-2021/warnings-promoted-to-error.html>
[INFO] [stdout] help: use `dyn`
[INFO] [stdout]    |
[INFO] [stdout] 39 |     pub(crate) poll: *mut dyn FnMut() -> Poll<(), ()>,
[INFO] [stdout]    |                           +++
[INFO] [stdout] 
[INFO] [stdout] 
[INFO] [stdout] warning: trait objects without an explicit `dyn` are deprecated
[INFO] [stdout]   --> src/switch.rs:36:22
[INFO] [stdout]    |
[INFO] [stdout] 36 | type BoxedTask = Box<BoxableTask>;
[INFO] [stdout]    |                      ^^^^^^^^^^^
[INFO] [stdout]    |
[INFO] [stdout]    = warning: this is accepted in the current edition (Rust 2015) but is a hard error in Rust 2021!
[INFO] [stdout]    = note: for more information, see <https://doc.rust-lang.org/nightly/edition-guide/rust-2021/warnings-promoted-to-error.html>
[INFO] [stdout] help: use `dyn`
[INFO] [stdout]    |
[INFO] [stdout] 36 | type BoxedTask = Box<dyn BoxableTask>;
[INFO] [stdout]    |                      +++
[INFO] [stdout] 
[INFO] [stdout] 
[INFO] [stdout] warning: trait objects without an explicit `dyn` are deprecated
[INFO] [stdout]    --> src/switch.rs:158:20
[INFO] [stdout]     |
[INFO] [stdout] 158 |         panic: Box<Any + Send>,
[INFO] [stdout]     |                    ^^^^^^^^^^
[INFO] [stdout]     |
[INFO] [stdout]     = warning: this is accepted in the current edition (Rust 2015) but is a hard error in Rust 2021!
[INFO] [stdout]     = note: for more information, see <https://doc.rust-lang.org/nightly/edition-guide/rust-2021/warnings-promoted-to-error.html>
[INFO] [stdout] help: use `dyn`
[INFO] [stdout]     |
[INFO] [stdout] 158 |         panic: Box<dyn Any + Send>,
[INFO] [stdout]     |                    +++
[INFO] [stdout] 
[INFO] [stdout] 
[INFO] [stdout] warning: trait objects without an explicit `dyn` are deprecated
[INFO] [stdout]    --> src/switch.rs:172:27
[INFO] [stdout]     |
[INFO] [stdout] 172 |         panic: Option<Box<Any + Send>>,
[INFO] [stdout]     |                           ^^^^^^^^^^
[INFO] [stdout]     |
[INFO] [stdout]     = warning: this is accepted in the current edition (Rust 2015) but is a hard error in Rust 2021!
[INFO] [stdout]     = note: for more information, see <https://doc.rust-lang.org/nightly/edition-guide/rust-2021/warnings-promoted-to-error.html>
[INFO] [stdout] help: use `dyn`
[INFO] [stdout]     |
[INFO] [stdout] 172 |         panic: Option<Box<dyn Any + Send>>,
[INFO] [stdout]     |                           +++
[INFO] [stdout] 
[INFO] [stdout] 
[INFO] [stdout] warning: trait objects without an explicit `dyn` are deprecated
[INFO] [stdout]   --> src/switch.rs:26:55
[INFO] [stdout]    |
[INFO] [stdout] 26 |         (Context, ProtectedFixedSizeStack, Option<Box<Any + Send>>),
[INFO] [stdout]    |                                                       ^^^^^^^^^^
[INFO] [stdout]    |
[INFO] [stdout]    = warning: this is accepted in the current edition (Rust 2015) but is a hard error in Rust 2021!
[INFO] [stdout]    = note: for more information, see <https://doc.rust-lang.org/nightly/edition-guide/rust-2021/warnings-promoted-to-error.html>
[INFO] [stdout] help: use `dyn`
[INFO] [stdout]    |
[INFO] [stdout] 26 |         (Context, ProtectedFixedSizeStack, Option<Box<dyn Any + Send>>),
[INFO] [stdout]    |                                                       +++
[INFO] [stdout] 
[INFO] [stdout] 
[INFO] [stdout] warning: trait objects without an explicit `dyn` are deprecated
[INFO] [stdout]   --> src/switch.rs:20:55
[INFO] [stdout]    |
[INFO] [stdout] 20 |         (Context, ProtectedFixedSizeStack, Option<Box<Any + Send>>);
[INFO] [stdout]    |                                                       ^^^^^^^^^^
[INFO] [stdout]    |
[INFO] [stdout]    = warning: this is accepted in the current edition (Rust 2015) but is a hard error in Rust 2021!
[INFO] [stdout]    = note: for more information, see <https://doc.rust-lang.org/nightly/edition-guide/rust-2021/warnings-promoted-to-error.html>
[INFO] [stdout] help: use `dyn`
[INFO] [stdout]    |
[INFO] [stdout] 20 |         (Context, ProtectedFixedSizeStack, Option<Box<dyn Any + Send>>);
[INFO] [stdout]    |                                                       +++
[INFO] [stdout] 
[INFO] [stdout] 
[INFO] [stdout] warning: trait objects without an explicit `dyn` are deprecated
[INFO] [stdout]   --> src/switch.rs:29:55
[INFO] [stdout]    |
[INFO] [stdout] 29 |         (Context, ProtectedFixedSizeStack, Option<Box<Any + Send>>)
[INFO] [stdout]    |                                                       ^^^^^^^^^^
[INFO] [stdout]    |
[INFO] [stdout]    = warning: this is accepted in the current edition (Rust 2015) but is a hard error in Rust 2021!
[INFO] [stdout]    = note: for more information, see <https://doc.rust-lang.org/nightly/edition-guide/rust-2021/warnings-promoted-to-error.html>
[INFO] [stdout] help: use `dyn`
[INFO] [stdout]    |
[INFO] [stdout] 29 |         (Context, ProtectedFixedSizeStack, Option<Box<dyn Any + Send>>)
[INFO] [stdout]    |                                                       +++
[INFO] [stdout] 
[INFO] [stdout] 
[INFO] [stdout] warning: use of deprecated method `std::error::Error::description`: use the Display impl or to_string()
[INFO] [stdout]   --> src/errors.rs:25:30
[INFO] [stdout]    |
[INFO] [stdout] 25 |         write!(f, "{}", self.description())
[INFO] [stdout]    |                              ^^^^^^^^^^^
[INFO] [stdout]    |
[INFO] [stdout]    = note: `#[warn(deprecated)]` on by default
[INFO] [stdout] 
[INFO] [stdout] 
[INFO] [stdout] warning: use of deprecated method `std::error::Error::description`: use the Display impl or to_string()
[INFO] [stdout]   --> src/errors.rs:64:30
[INFO] [stdout]    |
[INFO] [stdout] 64 |         write!(f, "{}", self.description())
[INFO] [stdout]    |                              ^^^^^^^^^^^
[INFO] [stdout] 
[INFO] [stdout] 
[INFO] [stdout] warning: 13 warnings emitted
[INFO] [stdout] 
[INFO] [stdout] 
[INFO] [stdout] warning: 1 warning emitted
[INFO] [stdout] 
[INFO] [stdout] 
[INFO] [stderr]     Finished test [unoptimized + debuginfo] target(s) in 21.67s
[INFO] running `Command { std: "docker" "inspect" "d3a5826df3e6f87a62747b13bb08f47e31f8850dfb5275513d8db7fad3ab5078", kill_on_drop: false }`
[INFO] running `Command { std: "docker" "rm" "-f" "d3a5826df3e6f87a62747b13bb08f47e31f8850dfb5275513d8db7fad3ab5078", kill_on_drop: false }`
[INFO] [stdout] d3a5826df3e6f87a62747b13bb08f47e31f8850dfb5275513d8db7fad3ab5078
[INFO] running `Command { std: "docker" "create" "-v" "/var/lib/crater-agent-workspace/builds/worker-1-tc1/target:/opt/rustwide/target:rw,Z" "-v" "/var/lib/crater-agent-workspace/builds/worker-1-tc1/source:/opt/rustwide/workdir:ro,Z" "-v" "/var/lib/crater-agent-workspace/cargo-home:/opt/rustwide/cargo-home:ro,Z" "-v" "/var/lib/crater-agent-workspace/rustup-home:/opt/rustwide/rustup-home:ro,Z" "-e" "SOURCE_DIR=/opt/rustwide/workdir" "-e" "CARGO_TARGET_DIR=/opt/rustwide/target" "-e" "CARGO_INCREMENTAL=0" "-e" "RUST_BACKTRACE=full" "-e" "RUSTFLAGS=--cap-lints=warn" "-e" "RUSTDOCFLAGS=--cap-lints=warn" "-e" "CARGO_HOME=/opt/rustwide/cargo-home" "-e" "RUSTUP_HOME=/opt/rustwide/rustup-home" "-w" "/opt/rustwide/workdir" "-m" "1610612736" "--user" "0:0" "--network" "none" "ghcr.io/rust-lang/crates-build-env/linux@sha256:5ff2268d62e97bff2cde7d5815dd6ed5b47097566f13b8d0ca110b04b60e07ed" "/opt/rustwide/cargo-home/bin/cargo" "+1.69.0" "test" "--frozen", kill_on_drop: false }`
[INFO] [stdout] 20daee6d1cabb684884cbea715eff6877846f6f0af943406a59da988bb0164e5
[INFO] running `Command { std: "docker" "start" "-a" "20daee6d1cabb684884cbea715eff6877846f6f0af943406a59da988bb0164e5", kill_on_drop: false }`
[INFO] [stderr] warning: anonymous parameters are deprecated and will be removed in the next edition
[INFO] [stderr]   --> src/switch.rs:19:27
[INFO] [stderr]    |
[INFO] [stderr] 19 |     fn perform(&mut self, Context, ProtectedFixedSizeStack) ->
[INFO] [stderr]    |                           ^^^^^^^ help: try naming the parameter or explicitly ignoring it: `_: Context`
[INFO] [stderr]    |
[INFO] [stderr]    = warning: this is accepted in the current edition (Rust 2015) but is a hard error in Rust 2018!
[INFO] [stderr]    = note: for more information, see issue #41686 <https://github.com/rust-lang/rust/issues/41686>
[INFO] [stderr]    = note: `#[warn(anonymous_parameters)]` on by default
[INFO] [stderr] 
[INFO] [stderr] warning: anonymous parameters are deprecated and will be removed in the next edition
[INFO] [stderr]   --> src/switch.rs:19:36
[INFO] [stderr]    |
[INFO] [stderr] 19 |     fn perform(&mut self, Context, ProtectedFixedSizeStack) ->
[INFO] [stderr]    |                                    ^^^^^^^^^^^^^^^^^^^^^^^ help: try naming the parameter or explicitly ignoring it: `_: ProtectedFixedSizeStack`
[INFO] [stderr]    |
[INFO] [stderr]    = warning: this is accepted in the current edition (Rust 2015) but is a hard error in Rust 2018!
[INFO] [stderr]    = note: for more information, see issue #41686 <https://github.com/rust-lang/rust/issues/41686>
[INFO] [stderr] 
[INFO] [stderr] warning: trait objects without an explicit `dyn` are deprecated
[INFO] [stderr]   --> src/coroutine.rs:16:18
[INFO] [stderr]    |
[INFO] [stderr] 16 |     Panicked(Box<Any + Send + 'static>),
[INFO] [stderr]    |                  ^^^^^^^^^^^^^^^^^^^^
[INFO] [stderr]    |
[INFO] [stderr]    = warning: this is accepted in the current edition (Rust 2015) but is a hard error in Rust 2021!
[INFO] [stderr]    = note: for more information, see <https://doc.rust-lang.org/nightly/edition-guide/rust-2021/warnings-promoted-to-error.html>
[INFO] [stderr]    = note: `#[warn(bare_trait_objects)]` on by default
[INFO] [stderr] help: use `dyn`
[INFO] [stderr]    |
[INFO] [stderr] 16 |     Panicked(Box<dyn Any + Send + 'static>),
[INFO] [stderr]    |                  +++
[INFO] [stderr] 
[INFO] [stderr] warning: trait objects without an explicit `dyn` are deprecated
[INFO] [stderr]   --> src/errors.rs:38:18
[INFO] [stderr]    |
[INFO] [stderr] 38 |     Panicked(Box<Any + Send + 'static>),
[INFO] [stderr]    |                  ^^^^^^^^^^^^^^^^^^^^
[INFO] [stderr]    |
[INFO] [stderr]    = warning: this is accepted in the current edition (Rust 2015) but is a hard error in Rust 2021!
[INFO] [stderr]    = note: for more information, see <https://doc.rust-lang.org/nightly/edition-guide/rust-2021/warnings-promoted-to-error.html>
[INFO] [stderr] help: use `dyn`
[INFO] [stderr]    |
[INFO] [stderr] 38 |     Panicked(Box<dyn Any + Send + 'static>),
[INFO] [stderr]    |                  +++
[INFO] [stderr] 
[INFO] [stderr] warning: trait objects without an explicit `dyn` are deprecated
[INFO] [stderr]   --> src/switch.rs:39:27
[INFO] [stderr]    |
[INFO] [stderr] 39 |     pub(crate) poll: *mut FnMut() -> Poll<(), ()>,
[INFO] [stderr]    |                           ^^^^^^^^^^^^^^^^^^^^^^^
[INFO] [stderr]    |
[INFO] [stderr]    = warning: this is accepted in the current edition (Rust 2015) but is a hard error in Rust 2021!
[INFO] [stderr]    = note: for more information, see <https://doc.rust-lang.org/nightly/edition-guide/rust-2021/warnings-promoted-to-error.html>
[INFO] [stderr] help: use `dyn`
[INFO] [stderr]    |
[INFO] [stderr] 39 |     pub(crate) poll: *mut dyn FnMut() -> Poll<(), ()>,
[INFO] [stderr]    |                           +++
[INFO] [stderr] 
[INFO] [stderr] warning: trait objects without an explicit `dyn` are deprecated
[INFO] [stderr]   --> src/switch.rs:36:22
[INFO] [stderr]    |
[INFO] [stderr] 36 | type BoxedTask = Box<BoxableTask>;
[INFO] [stderr]    |                      ^^^^^^^^^^^
[INFO] [stderr]    |
[INFO] [stderr]    = warning: this is accepted in the current edition (Rust 2015) but is a hard error in Rust 2021!
[INFO] [stderr]    = note: for more information, see <https://doc.rust-lang.org/nightly/edition-guide/rust-2021/warnings-promoted-to-error.html>
[INFO] [stderr] help: use `dyn`
[INFO] [stderr]    |
[INFO] [stderr] 36 | type BoxedTask = Box<dyn BoxableTask>;
[INFO] [stderr]    |                      +++
[INFO] [stderr] 
[INFO] [stderr] warning: trait objects without an explicit `dyn` are deprecated
[INFO] [stderr]    --> src/switch.rs:158:20
[INFO] [stderr]     |
[INFO] [stderr] 158 |         panic: Box<Any + Send>,
[INFO] [stderr]     |                    ^^^^^^^^^^
[INFO] [stderr]     |
[INFO] [stderr]     = warning: this is accepted in the current edition (Rust 2015) but is a hard error in Rust 2021!
[INFO] [stderr]     = note: for more information, see <https://doc.rust-lang.org/nightly/edition-guide/rust-2021/warnings-promoted-to-error.html>
[INFO] [stderr] help: use `dyn`
[INFO] [stderr]     |
[INFO] [stderr] 158 |         panic: Box<dyn Any + Send>,
[INFO] [stderr]     |                    +++
[INFO] [stderr] 
[INFO] [stderr] warning: trait objects without an explicit `dyn` are deprecated
[INFO] [stderr]    --> src/switch.rs:172:27
[INFO] [stderr]     |
[INFO] [stderr] 172 |         panic: Option<Box<Any + Send>>,
[INFO] [stderr]     |                           ^^^^^^^^^^
[INFO] [stderr]     |
[INFO] [stderr]     = warning: this is accepted in the current edition (Rust 2015) but is a hard error in Rust 2021!
[INFO] [stderr]     = note: for more information, see <https://doc.rust-lang.org/nightly/edition-guide/rust-2021/warnings-promoted-to-error.html>
[INFO] [stderr] help: use `dyn`
[INFO] [stderr]     |
[INFO] [stderr] 172 |         panic: Option<Box<dyn Any + Send>>,
[INFO] [stderr]     |                           +++
[INFO] [stderr] 
[INFO] [stderr] warning: trait objects without an explicit `dyn` are deprecated
[INFO] [stderr]   --> src/switch.rs:26:55
[INFO] [stderr]    |
[INFO] [stderr] 26 |         (Context, ProtectedFixedSizeStack, Option<Box<Any + Send>>),
[INFO] [stderr]    |                                                       ^^^^^^^^^^
[INFO] [stderr]    |
[INFO] [stderr]    = warning: this is accepted in the current edition (Rust 2015) but is a hard error in Rust 2021!
[INFO] [stderr]    = note: for more information, see <https://doc.rust-lang.org/nightly/edition-guide/rust-2021/warnings-promoted-to-error.html>
[INFO] [stderr] help: use `dyn`
[INFO] [stderr]    |
[INFO] [stderr] 26 |         (Context, ProtectedFixedSizeStack, Option<Box<dyn Any + Send>>),
[INFO] [stderr]    |                                                       +++
[INFO] [stderr] 
[INFO] [stderr] warning: trait objects without an explicit `dyn` are deprecated
[INFO] [stderr]   --> src/switch.rs:20:55
[INFO] [stderr]    |
[INFO] [stderr] 20 |         (Context, ProtectedFixedSizeStack, Option<Box<Any + Send>>);
[INFO] [stderr]    |                                                       ^^^^^^^^^^
[INFO] [stderr]    |
[INFO] [stderr]    = warning: this is accepted in the current edition (Rust 2015) but is a hard error in Rust 2021!
[INFO] [stderr]    = note: for more information, see <https://doc.rust-lang.org/nightly/edition-guide/rust-2021/warnings-promoted-to-error.html>
[INFO] [stderr] help: use `dyn`
[INFO] [stderr]    |
[INFO] [stderr] 20 |         (Context, ProtectedFixedSizeStack, Option<Box<dyn Any + Send>>);
[INFO] [stderr]    |                                                       +++
[INFO] [stderr] 
[INFO] [stderr] warning: trait objects without an explicit `dyn` are deprecated
[INFO] [stderr]   --> src/switch.rs:29:55
[INFO] [stderr]    |
[INFO] [stderr] 29 |         (Context, ProtectedFixedSizeStack, Option<Box<Any + Send>>)
[INFO] [stderr]    |                                                       ^^^^^^^^^^
[INFO] [stderr]    |
[INFO] [stderr]    = warning: this is accepted in the current edition (Rust 2015) but is a hard error in Rust 2021!
[INFO] [stderr]    = note: for more information, see <https://doc.rust-lang.org/nightly/edition-guide/rust-2021/warnings-promoted-to-error.html>
[INFO] [stderr] help: use `dyn`
[INFO] [stderr]    |
[INFO] [stderr] 29 |         (Context, ProtectedFixedSizeStack, Option<Box<dyn Any + Send>>)
[INFO] [stderr]    |                                                       +++
[INFO] [stderr] 
[INFO] [stderr] warning: use of deprecated method `std::error::Error::description`: use the Display impl or to_string()
[INFO] [stderr]   --> src/errors.rs:25:30
[INFO] [stderr]    |
[INFO] [stderr] 25 |         write!(f, "{}", self.description())
[INFO] [stderr]    |                              ^^^^^^^^^^^
[INFO] [stderr]    |
[INFO] [stderr]    = note: `#[warn(deprecated)]` on by default
[INFO] [stderr] 
[INFO] [stderr] warning: use of deprecated method `std::error::Error::description`: use the Display impl or to_string()
[INFO] [stderr]   --> src/errors.rs:64:30
[INFO] [stderr]    |
[INFO] [stderr] 64 |         write!(f, "{}", self.description())
[INFO] [stderr]    |                              ^^^^^^^^^^^
[INFO] [stderr] 
[INFO] [stderr] warning: `corona` (lib) generated 13 warnings (run `cargo fix --lib -p corona` to apply 11 suggestions)
[INFO] [stderr] warning: trait objects without an explicit `dyn` are deprecated
[INFO] [stderr]    --> test/early_cleanup.rs:116:23
[INFO] [stderr]     |
[INFO] [stderr] 116 | fn no_stream() -> Box<Stream<Item = (), Error = ()>> {
[INFO] [stderr]     |                       ^^^^^^^^^^^^^^^^^^^^^^^^^^^^^
[INFO] [stderr]     |
[INFO] [stderr]     = warning: this is accepted in the current edition (Rust 2015) but is a hard error in Rust 2021!
[INFO] [stderr]     = note: for more information, see <https://doc.rust-lang.org/nightly/edition-guide/rust-2021/warnings-promoted-to-error.html>
[INFO] [stderr]     = note: `#[warn(bare_trait_objects)]` on by default
[INFO] [stderr] help: use `dyn`
[INFO] [stderr]     |
[INFO] [stderr] 116 | fn no_stream() -> Box<dyn Stream<Item = (), Error = ()>> {
[INFO] [stderr]     |                       +++
[INFO] [stderr] 
[INFO] [stderr] warning: `corona` (test "integration_tests") generated 1 warning (run `cargo fix --test "integration_tests"` to apply 1 suggestion)
[INFO] [stderr] warning: `corona` (lib test) generated 13 warnings (13 duplicates)
[INFO] [stderr]     Finished test [unoptimized + debuginfo] target(s) in 0.09s
[INFO] [stderr]      Running unittests src/lib.rs (/opt/rustwide/target/debug/deps/corona-0a7740d539c196cc)
[INFO] [stdout] 
[INFO] [stdout] running 14 tests
[INFO] [stdout] test coroutine::tests::leak_always ... ok
[INFO] [stdout] test coroutine::tests::coroutine_run ... ok
[INFO] [stdout] test coroutine::tests::spawn_some ... ok
[INFO] [stdout] test switch::tests::switch_coroutine ... ok
[INFO] [stdout] test wrappers::tests::async_sink_sender ... ok
[INFO] [stdout] test wrappers::tests::sink_sender ... ok
[INFO] [stdout] test wrappers::tests::stream_extract ... ok
[INFO] [stdout] test coroutine::tests::future_wait ... ok
[INFO] [stdout] test coroutine::tests::panic_in_future ... ok
[INFO] [stdout] test coroutine::tests::panic_leak ... ok
[INFO] [stdout] test coroutine::tests::panic_without_coroutine - should panic ... ok
[INFO] [stdout] test coroutine::tests::panics_catch ... ok
[INFO] [stdout] test coroutine::tests::panics_run ... ok
[INFO] [stdout] test coroutine::tests::panics_spawn - should panic ... ok
[INFO] [stdout] 
[INFO] [stdout] test result: ok. 14 passed; 0 failed; 0 ignored; 0 measured; 0 filtered out; finished in 0.07s
[INFO] [stdout] 
[INFO] [stderr]      Running test/tests.rs (/opt/rustwide/target/debug/deps/integration_tests-9192f0301199008d)
[INFO] [stdout] 
[INFO] [stdout] running 17 tests
[INFO] [stdout] test early_cleanup::cleanup_panic ... ok
[INFO] [stdout] test early_cleanup::cleanup_nopanic ... ok
[INFO] [stdout] test early_cleanup::stream_panic ... ok
[INFO] [stdout] test bugreports::bug_4_weird_stack_size_assert ... ok
[INFO] [stdout] test prelude_api::extract ... ok
[INFO] [stdout] test prelude_api::iter_result ... ok
[INFO] [stdout] test prelude_api::iter_ok ... ok
[INFO] [stdout] test prelude_api::iter_ok_many ... ok
[INFO] [stdout] test prelude_api::coro_wait ... ok
[INFO] [stdout] test prelude_api::reference ... ok
[INFO] [stdout] test version::test_readme_deps ... ok
[INFO] [stdout] test version::test_html_root_url ... ok
[INFO] [stdout] test prelude_api::push_sink ... ok
[INFO] [stdout] test early_cleanup::cleanup_main_panic ... ok
[INFO] [stdout] test early_cleanup::stream_cleanup ... ok
[INFO] [stdout] test io_blocking::line_req_resp ... FAILED
[INFO] [stdout] test reentrant_wait::directly_reentrant ... ok
[INFO] [stdout] 
[INFO] [stdout] failures:
[INFO] [stdout] 
[INFO] [stdout] ---- io_blocking::line_req_resp stdout ----
[INFO] [stdout] thread 'io_blocking::line_req_resp' panicked at 'called `Result::unwrap()` on an `Err` value: Os { code: 22, kind: InvalidInput, message: "Invalid argument" }', test/io_blocking.rs:13:71
[INFO] [stdout] stack backtrace:
[INFO] [stdout]    0:     0x55d604ba49da - std::backtrace_rs::backtrace::libunwind::trace::ha9053a9a07ca49cb
[INFO] [stdout]                                at /rustc/84c898d65adf2f39a5a98507f1fe0ce10a2b8dbc/library/std/src/../../backtrace/src/backtrace/libunwind.rs:93:5
[INFO] [stdout]    1:     0x55d604ba49da - std::backtrace_rs::backtrace::trace_unsynchronized::h9c2852a457ad564e
[INFO] [stdout]                                at /rustc/84c898d65adf2f39a5a98507f1fe0ce10a2b8dbc/library/std/src/../../backtrace/src/backtrace/mod.rs:66:5
[INFO] [stdout]    2:     0x55d604ba49da - std::sys_common::backtrace::_print_fmt::h457936fbfaa0070f
[INFO] [stdout]                                at /rustc/84c898d65adf2f39a5a98507f1fe0ce10a2b8dbc/library/std/src/sys_common/backtrace.rs:65:5
[INFO] [stdout]    3:     0x55d604ba49da - <std::sys_common::backtrace::_print::DisplayBacktrace as core::fmt::Display>::fmt::h5779d7bf7f70cb0c
[INFO] [stdout]                                at /rustc/84c898d65adf2f39a5a98507f1fe0ce10a2b8dbc/library/std/src/sys_common/backtrace.rs:44:22
[INFO] [stdout]    4:     0x55d604bcadee - core::fmt::write::h5a4baaff1bcd3eb5
[INFO] [stdout]                                at /rustc/84c898d65adf2f39a5a98507f1fe0ce10a2b8dbc/library/core/src/fmt/mod.rs:1232:17
[INFO] [stdout]    5:     0x55d604ba19d5 - std::io::Write::write_fmt::h478f79c628ef31d1
[INFO] [stdout]                                at /rustc/84c898d65adf2f39a5a98507f1fe0ce10a2b8dbc/library/std/src/io/mod.rs:1684:15
[INFO] [stdout]    6:     0x55d604ba47a5 - std::sys_common::backtrace::_print::h5fcdc36060f177e8
[INFO] [stdout]                                at /rustc/84c898d65adf2f39a5a98507f1fe0ce10a2b8dbc/library/std/src/sys_common/backtrace.rs:47:5
[INFO] [stdout]    7:     0x55d604ba47a5 - std::sys_common::backtrace::print::h54ca9458b876c8bf
[INFO] [stdout]                                at /rustc/84c898d65adf2f39a5a98507f1fe0ce10a2b8dbc/library/std/src/sys_common/backtrace.rs:34:9
[INFO] [stdout]    8:     0x55d604ba656f - std::panicking::default_hook::{{closure}}::hbe471161c7664ed6
[INFO] [stdout]                                at /rustc/84c898d65adf2f39a5a98507f1fe0ce10a2b8dbc/library/std/src/panicking.rs:271:22
[INFO] [stdout]    9:     0x55d604ba622f - std::panicking::default_hook::ha3500da57aa4ac4f
[INFO] [stdout]                                at /rustc/84c898d65adf2f39a5a98507f1fe0ce10a2b8dbc/library/std/src/panicking.rs:287:9
[INFO] [stdout]   10:     0x55d6048ef387 - <alloc::boxed::Box<F,A> as core::ops::function::Fn<Args>>::call::hdf1b89dd137ece34
[INFO] [stdout]                                at /rustc/84c898d65adf2f39a5a98507f1fe0ce10a2b8dbc/library/alloc/src/boxed.rs:2001:9
[INFO] [stdout]   11:     0x55d6048ef387 - test::test_main::{{closure}}::h9081a79f20e75698
[INFO] [stdout]                                at /rustc/84c898d65adf2f39a5a98507f1fe0ce10a2b8dbc/library/test/src/lib.rs:135:21
[INFO] [stdout]   12:     0x55d604ba6c9d - <alloc::boxed::Box<F,A> as core::ops::function::Fn<Args>>::call::h6507bddc3eebb4a5
[INFO] [stdout]                                at /rustc/84c898d65adf2f39a5a98507f1fe0ce10a2b8dbc/library/alloc/src/boxed.rs:2001:9
[INFO] [stdout]   13:     0x55d604ba6c9d - std::panicking::rust_panic_with_hook::h50c09d000dc561d2
[INFO] [stdout]                                at /rustc/84c898d65adf2f39a5a98507f1fe0ce10a2b8dbc/library/std/src/panicking.rs:696:13
[INFO] [stdout]   14:     0x55d604ba6a19 - std::panicking::begin_panic_handler::{{closure}}::h9e2b2176e00e0d9c
[INFO] [stdout]                                at /rustc/84c898d65adf2f39a5a98507f1fe0ce10a2b8dbc/library/std/src/panicking.rs:583:13
[INFO] [stdout]   15:     0x55d604ba4e46 - std::sys_common::backtrace::__rust_end_short_backtrace::h5739b8e512c09d02
[INFO] [stdout]                                at /rustc/84c898d65adf2f39a5a98507f1fe0ce10a2b8dbc/library/std/src/sys_common/backtrace.rs:150:18
[INFO] [stdout]   16:     0x55d604ba6722 - rust_begin_unwind
[INFO] [stdout]                                at /rustc/84c898d65adf2f39a5a98507f1fe0ce10a2b8dbc/library/std/src/panicking.rs:579:5
[INFO] [stdout]   17:     0x55d604838c03 - core::panicking::panic_fmt::hf33a1475b4dc5c3e
[INFO] [stdout]                                at /rustc/84c898d65adf2f39a5a98507f1fe0ce10a2b8dbc/library/core/src/panicking.rs:64:14
[INFO] [stdout]   18:     0x55d604839053 - core::result::unwrap_failed::hdff5465d74574b44
[INFO] [stdout]                                at /rustc/84c898d65adf2f39a5a98507f1fe0ce10a2b8dbc/library/core/src/result.rs:1750:5
[INFO] [stdout]   19:     0x55d60488d0e2 - core::result::Result<T,E>::unwrap::h64986f612166b448
[INFO] [stdout]                                at /rustc/84c898d65adf2f39a5a98507f1fe0ce10a2b8dbc/library/core/src/result.rs:1090:23
[INFO] [stdout]   20:     0x55d6048708c7 - integration_tests::io_blocking::server::h470c33d9a11ad7f9
[INFO] [stdout]                                at /opt/rustwide/workdir/test/io_blocking.rs:13:20
[INFO] [stdout]   21:     0x55d604871307 - integration_tests::io_blocking::line_req_resp::{{closure}}::h28518bc080a2938b
[INFO] [stdout]                                at /opt/rustwide/workdir/test/io_blocking.rs:53:20
[INFO] [stdout]   22:     0x55d6048bd28a - futures::future::lazy::Lazy<F,R>::get::h201daefd98ae4606
[INFO] [stdout]                                at /opt/rustwide/cargo-home/registry/src/github.com-1ecc6299db9ec823/futures-0.1.25/src/future/lazy.rs:64:59
[INFO] [stdout]   23:     0x55d6048bf825 - <futures::future::lazy::Lazy<F,R> as futures::future::Future>::poll::h53c87a8be7b9607d
[INFO] [stdout]                                at /opt/rustwide/cargo-home/registry/src/github.com-1ecc6299db9ec823/futures-0.1.25/src/future/lazy.rs:82:9
[INFO] [stdout]   24:     0x55d6048900e5 - futures::task_impl::Spawn<T>::poll_future_notify::{{closure}}::h9c59110ef085ecf6
[INFO] [stdout]                                at /opt/rustwide/cargo-home/registry/src/github.com-1ecc6299db9ec823/futures-0.1.25/src/task_impl/mod.rs:326:45
[INFO] [stdout]   25:     0x55d604891577 - futures::task_impl::Spawn<T>::enter::{{closure}}::hf9460b5ca87e4617
[INFO] [stdout]                                at /opt/rustwide/cargo-home/registry/src/github.com-1ecc6299db9ec823/futures-0.1.25/src/task_impl/mod.rs:396:27
[INFO] [stdout]   26:     0x55d60486efbc - futures::task_impl::std::set::h28429f1faba3cc4c
[INFO] [stdout]                                at /opt/rustwide/cargo-home/registry/src/github.com-1ecc6299db9ec823/futures-0.1.25/src/task_impl/std/mod.rs:78:13
[INFO] [stdout]   27:     0x55d6048906d8 - futures::task_impl::Spawn<T>::enter::h578c8ef4dcddb8bb
[INFO] [stdout]                                at /opt/rustwide/cargo-home/registry/src/github.com-1ecc6299db9ec823/futures-0.1.25/src/task_impl/mod.rs:396:9
[INFO] [stdout]   28:     0x55d60488f4b0 - futures::task_impl::Spawn<T>::poll_fn_notify::h3041d827cd2e0561
[INFO] [stdout]                                at /opt/rustwide/cargo-home/registry/src/github.com-1ecc6299db9ec823/futures-0.1.25/src/task_impl/mod.rs:288:9
[INFO] [stdout]   29:     0x55d60488ff00 - futures::task_impl::Spawn<T>::poll_future_notify::hba3e0c5441a0cbe5
[INFO] [stdout]                                at /opt/rustwide/cargo-home/registry/src/github.com-1ecc6299db9ec823/futures-0.1.25/src/task_impl/mod.rs:326:9
[INFO] [stdout]   30:     0x55d6048af088 - tokio_current_thread::Entered<P>::block_on::{{closure}}::hf4eda7b0568a17e6
[INFO] [stdout]                                at /opt/rustwide/cargo-home/registry/src/github.com-1ecc6299db9ec823/tokio-current-thread-0.1.4/src/lib.rs:479:17
[INFO] [stdout]   31:     0x55d6048ab6aa - tokio_current_thread::Borrow<U>::enter::{{closure}}::{{closure}}::h02f245be06e0948f
[INFO] [stdout]                                at /opt/rustwide/cargo-home/registry/src/github.com-1ecc6299db9ec823/tokio-current-thread-0.1.4/src/lib.rs:779:17
[INFO] [stdout]   32:     0x55d6048a9210 - tokio_current_thread::CurrentRunner::set_spawn::h243439b4f3ac671a
[INFO] [stdout]                                at /opt/rustwide/cargo-home/registry/src/github.com-1ecc6299db9ec823/tokio-current-thread-0.1.4/src/lib.rs:816:9
[INFO] [stdout]   33:     0x55d6048ab3cb - tokio_current_thread::Borrow<U>::enter::{{closure}}::ha7824eb1dfea6296
[INFO] [stdout]                                at /opt/rustwide/cargo-home/registry/src/github.com-1ecc6299db9ec823/tokio-current-thread-0.1.4/src/lib.rs:778:13
[INFO] [stdout]   34:     0x55d6048462ff - std::thread::local::LocalKey<T>::try_with::hb412572e0fdc7660
[INFO] [stdout]                                at /rustc/84c898d65adf2f39a5a98507f1fe0ce10a2b8dbc/library/std/src/thread/local.rs:446:16
[INFO] [stdout]   35:     0x55d60483b0bd - std::thread::local::LocalKey<T>::with::hb3435251ba9ddc25
[INFO] [stdout]                                at /rustc/84c898d65adf2f39a5a98507f1fe0ce10a2b8dbc/library/std/src/thread/local.rs:422:9
[INFO] [stdout]   36:     0x55d6048aa645 - tokio_current_thread::Borrow<U>::enter::h4aa57f2ffee1fdd4
[INFO] [stdout]                                at /opt/rustwide/cargo-home/registry/src/github.com-1ecc6299db9ec823/tokio-current-thread-0.1.4/src/lib.rs:776:9
[INFO] [stdout]   37:     0x55d6048ac1d0 - tokio_current_thread::Entered<P>::block_on::h36828148c43e27bb
[INFO] [stdout]                                at /opt/rustwide/cargo-home/registry/src/github.com-1ecc6299db9ec823/tokio-current-thread-0.1.4/src/lib.rs:478:23
[INFO] [stdout]   38:     0x55d604876167 - tokio::runtime::current_thread::runtime::Runtime::block_on::{{closure}}::h86808c03fee90ddc
[INFO] [stdout]                                at /opt/rustwide/cargo-home/registry/src/github.com-1ecc6299db9ec823/tokio-0.1.13/src/runtime/current_thread/runtime.rs:187:23
[INFO] [stdout]   39:     0x55d604874be5 - tokio::runtime::current_thread::runtime::Runtime::enter::{{closure}}::{{closure}}::{{closure}}::{{closure}}::h07908242e3ff39fd
[INFO] [stdout]                                at /opt/rustwide/cargo-home/registry/src/github.com-1ecc6299db9ec823/tokio-0.1.13/src/runtime/current_thread/runtime.rs:228:25
[INFO] [stdout]   40:     0x55d60487fd29 - tokio_executor::global::with_default::{{closure}}::h7b00f6a91fb09dde
[INFO] [stdout]                                at /opt/rustwide/cargo-home/registry/src/github.com-1ecc6299db9ec823/tokio-executor-0.1.5/src/global.rs:192:9
[INFO] [stdout]   41:     0x55d60483f381 - std::thread::local::LocalKey<T>::try_with::h482315cd4528bb8b
[INFO] [stdout]                                at /rustc/84c898d65adf2f39a5a98507f1fe0ce10a2b8dbc/library/std/src/thread/local.rs:446:16
[INFO] [stdout]   42:     0x55d60483942d - std::thread::local::LocalKey<T>::with::h0d6f0e7cb7488706
[INFO] [stdout]                                at /rustc/84c898d65adf2f39a5a98507f1fe0ce10a2b8dbc/library/std/src/thread/local.rs:422:9
[INFO] [stdout]   43:     0x55d60487e9ed - tokio_executor::global::with_default::h52de12f153f8c9c8
[INFO] [stdout]                                at /opt/rustwide/cargo-home/registry/src/github.com-1ecc6299db9ec823/tokio-executor-0.1.5/src/global.rs:162:5
[INFO] [stdout]   44:     0x55d604874696 - tokio::runtime::current_thread::runtime::Runtime::enter::{{closure}}::{{closure}}::{{closure}}::ha6d403da01d40319
[INFO] [stdout]                                at /opt/rustwide/cargo-home/registry/src/github.com-1ecc6299db9ec823/tokio-0.1.13/src/runtime/current_thread/runtime.rs:226:21
[INFO] [stdout]   45:     0x55d6048a7f04 - tokio_timer::timer::handle::with_default::{{closure}}::h88874412ad9c1fbe
[INFO] [stdout]                                at /opt/rustwide/cargo-home/registry/src/github.com-1ecc6299db9ec823/tokio-timer-0.2.8/src/timer/handle.rs:94:9
[INFO] [stdout]   46:     0x55d604848971 - std::thread::local::LocalKey<T>::try_with::hd8d386bb0a70eaec
[INFO] [stdout]                                at /rustc/84c898d65adf2f39a5a98507f1fe0ce10a2b8dbc/library/std/src/thread/local.rs:446:16
[INFO] [stdout]   47:     0x55d604839eed - std::thread::local::LocalKey<T>::with::h4b7432d567e6f3a6
[INFO] [stdout]                                at /rustc/84c898d65adf2f39a5a98507f1fe0ce10a2b8dbc/library/std/src/thread/local.rs:422:9
[INFO] [stdout]   48:     0x55d6048a623b - tokio_timer::timer::handle::with_default::h51f2154670b87089
[INFO] [stdout]                                at /opt/rustwide/cargo-home/registry/src/github.com-1ecc6299db9ec823/tokio-timer-0.2.8/src/timer/handle.rs:81:5
[INFO] [stdout]   49:     0x55d604873ec8 - tokio::runtime::current_thread::runtime::Runtime::enter::{{closure}}::{{closure}}::ha9acdedee759613e
[INFO] [stdout]                                at /opt/rustwide/cargo-home/registry/src/github.com-1ecc6299db9ec823/tokio-0.1.13/src/runtime/current_thread/runtime.rs:219:17
[INFO] [stdout]   50:     0x55d60488900d - tokio_timer::clock::clock::with_default::{{closure}}::h3126949efbbdc244
[INFO] [stdout]                                at /opt/rustwide/cargo-home/registry/src/github.com-1ecc6299db9ec823/tokio-timer-0.2.8/src/clock/clock.rs:136:9
[INFO] [stdout]   51:     0x55d60484359d - std::thread::local::LocalKey<T>::try_with::h8d2f63ffc8aa5134
[INFO] [stdout]                                at /rustc/84c898d65adf2f39a5a98507f1fe0ce10a2b8dbc/library/std/src/thread/local.rs:446:16
[INFO] [stdout]   52:     0x55d60483ba7d - std::thread::local::LocalKey<T>::with::hfa15f811da3d20d7
[INFO] [stdout]                                at /rustc/84c898d65adf2f39a5a98507f1fe0ce10a2b8dbc/library/std/src/thread/local.rs:422:9
[INFO] [stdout]   53:     0x55d604888742 - tokio_timer::clock::clock::with_default::h580e11ecbd7552e7
[INFO] [stdout]                                at /opt/rustwide/cargo-home/registry/src/github.com-1ecc6299db9ec823/tokio-timer-0.2.8/src/clock/clock.rs:119:5
[INFO] [stdout]   54:     0x55d604873950 - tokio::runtime::current_thread::runtime::Runtime::enter::{{closure}}::hbe989816c081835e
[INFO] [stdout]                                at /opt/rustwide/cargo-home/registry/src/github.com-1ecc6299db9ec823/tokio-0.1.13/src/runtime/current_thread/runtime.rs:218:13
[INFO] [stdout]   55:     0x55d604894561 - tokio_reactor::with_default::{{closure}}::h406158602e2a647a
[INFO] [stdout]                                at /opt/rustwide/cargo-home/registry/src/github.com-1ecc6299db9ec823/tokio-reactor-0.1.7/src/lib.rs:229:9
[INFO] [stdout]   56:     0x55d6048456fd - std::thread::local::LocalKey<T>::try_with::ha34618a00ecb411e
[INFO] [stdout]                                at /rustc/84c898d65adf2f39a5a98507f1fe0ce10a2b8dbc/library/std/src/thread/local.rs:446:16
[INFO] [stdout]   57:     0x55d60483adad - std::thread::local::LocalKey<T>::with::ha46dab3025316bd9
[INFO] [stdout]                                at /rustc/84c898d65adf2f39a5a98507f1fe0ce10a2b8dbc/library/std/src/thread/local.rs:422:9
[INFO] [stdout]   58:     0x55d604892984 - tokio_reactor::with_default::h27531976c88f338a
[INFO] [stdout]                                at /opt/rustwide/cargo-home/registry/src/github.com-1ecc6299db9ec823/tokio-reactor-0.1.7/src/lib.rs:212:5
[INFO] [stdout]   59:     0x55d604872cdd - tokio::runtime::current_thread::runtime::Runtime::enter::h695395afbdd39f78
[INFO] [stdout]                                at /opt/rustwide/cargo-home/registry/src/github.com-1ecc6299db9ec823/tokio-0.1.13/src/runtime/current_thread/runtime.rs:217:9
[INFO] [stdout]   60:     0x55d604875bf4 - tokio::runtime::current_thread::runtime::Runtime::block_on::he9c63fee641fca58
[INFO] [stdout]                                at /opt/rustwide/cargo-home/registry/src/github.com-1ecc6299db9ec823/tokio-0.1.13/src/runtime/current_thread/runtime.rs:185:9
[INFO] [stdout]   61:     0x55d6048712ac - integration_tests::io_blocking::line_req_resp::h4d2feacb0f9283b9
[INFO] [stdout]                                at /opt/rustwide/workdir/test/io_blocking.rs:52:5
[INFO] [stdout]   62:     0x55d604871217 - integration_tests::io_blocking::line_req_resp::{{closure}}::hc53a49ee989471f6
[INFO] [stdout]                                at /opt/rustwide/workdir/test/io_blocking.rs:50:20
[INFO] [stdout]   63:     0x55d6048b1dd5 - core::ops::function::FnOnce::call_once::h82da569f042b5bb9
[INFO] [stdout]                                at /rustc/84c898d65adf2f39a5a98507f1fe0ce10a2b8dbc/library/core/src/ops/function.rs:250:5
[INFO] [stdout]   64:     0x55d6048f476f - core::ops::function::FnOnce::call_once::h7d969581be7d0075
[INFO] [stdout]                                at /rustc/84c898d65adf2f39a5a98507f1fe0ce10a2b8dbc/library/core/src/ops/function.rs:250:5
[INFO] [stdout]   65:     0x55d6048f476f - test::__rust_begin_short_backtrace::hca25a52684e56655
[INFO] [stdout]                                at /rustc/84c898d65adf2f39a5a98507f1fe0ce10a2b8dbc/library/test/src/lib.rs:656:18
[INFO] [stdout]   66:     0x55d6048c5d8c - test::run_test::{{closure}}::ha8ac744c4af1a4bb
[INFO] [stdout]                                at /rustc/84c898d65adf2f39a5a98507f1fe0ce10a2b8dbc/library/test/src/lib.rs:647:30
[INFO] [stdout]   67:     0x55d6048c5d8c - core::ops::function::FnOnce::call_once{{vtable.shim}}::h7b411a9ed45bdecf
[INFO] [stdout]                                at /rustc/84c898d65adf2f39a5a98507f1fe0ce10a2b8dbc/library/core/src/ops/function.rs:250:5
[INFO] [stdout]   68:     0x55d6048f3736 - <alloc::boxed::Box<F,A> as core::ops::function::FnOnce<Args>>::call_once::hd05328869a8ed200
[INFO] [stdout]                                at /rustc/84c898d65adf2f39a5a98507f1fe0ce10a2b8dbc/library/alloc/src/boxed.rs:1987:9
[INFO] [stdout]   69:     0x55d6048f3736 - <core::panic::unwind_safe::AssertUnwindSafe<F> as core::ops::function::FnOnce<()>>::call_once::h0c601ce20bd5b2be
[INFO] [stdout]                                at /rustc/84c898d65adf2f39a5a98507f1fe0ce10a2b8dbc/library/core/src/panic/unwind_safe.rs:271:9
[INFO] [stdout]   70:     0x55d6048f3736 - std::panicking::try::do_call::ha4be5c164fe30854
[INFO] [stdout]                                at /rustc/84c898d65adf2f39a5a98507f1fe0ce10a2b8dbc/library/std/src/panicking.rs:487:40
[INFO] [stdout]   71:     0x55d6048f3736 - std::panicking::try::h604546f3609af05f
[INFO] [stdout]                                at /rustc/84c898d65adf2f39a5a98507f1fe0ce10a2b8dbc/library/std/src/panicking.rs:451:19
[INFO] [stdout]   72:     0x55d6048f3736 - std::panic::catch_unwind::h5bfa8afe44c9c2f9
[INFO] [stdout]                                at /rustc/84c898d65adf2f39a5a98507f1fe0ce10a2b8dbc/library/std/src/panic.rs:140:14
[INFO] [stdout]   73:     0x55d6048f3736 - test::run_test_in_process::hd50dee55dd63e6aa
[INFO] [stdout]                                at /rustc/84c898d65adf2f39a5a98507f1fe0ce10a2b8dbc/library/test/src/lib.rs:679:27
[INFO] [stdout]   74:     0x55d6048f3736 - test::run_test::run_test_inner::{{closure}}::h4aa0f433aa85cea8
[INFO] [stdout]                                at /rustc/84c898d65adf2f39a5a98507f1fe0ce10a2b8dbc/library/test/src/lib.rs:573:39
[INFO] [stdout]   75:     0x55d6048c0401 - test::run_test::run_test_inner::{{closure}}::had56431adf24b4d6
[INFO] [stdout]                                at /rustc/84c898d65adf2f39a5a98507f1fe0ce10a2b8dbc/library/test/src/lib.rs:600:37
[INFO] [stdout]   76:     0x55d6048c0401 - std::sys_common::backtrace::__rust_begin_short_backtrace::ha8d9890e0c73bf13
[INFO] [stdout]                                at /rustc/84c898d65adf2f39a5a98507f1fe0ce10a2b8dbc/library/std/src/sys_common/backtrace.rs:134:18
[INFO] [stdout]   77:     0x55d6048c5e1b - std::thread::Builder::spawn_unchecked_::{{closure}}::{{closure}}::h251832bcb4a95327
[INFO] [stdout]                                at /rustc/84c898d65adf2f39a5a98507f1fe0ce10a2b8dbc/library/std/src/thread/mod.rs:560:17
[INFO] [stdout]   78:     0x55d6048c5e1b - <core::panic::unwind_safe::AssertUnwindSafe<F> as core::ops::function::FnOnce<()>>::call_once::h8fdff598fa414831
[INFO] [stdout]                                at /rustc/84c898d65adf2f39a5a98507f1fe0ce10a2b8dbc/library/core/src/panic/unwind_safe.rs:271:9
[INFO] [stdout]   79:     0x55d6048c5e1b - std::panicking::try::do_call::h455dd2f7764a950f
[INFO] [stdout]                                at /rustc/84c898d65adf2f39a5a98507f1fe0ce10a2b8dbc/library/std/src/panicking.rs:487:40
[INFO] [stdout]   80:     0x55d6048c5e1b - std::panicking::try::had6f23b7b73ae72a
[INFO] [stdout]                                at /rustc/84c898d65adf2f39a5a98507f1fe0ce10a2b8dbc/library/std/src/panicking.rs:451:19
[INFO] [stdout]   81:     0x55d6048c5e1b - std::panic::catch_unwind::ha6a5ca3915b4dad0
[INFO] [stdout]                                at /rustc/84c898d65adf2f39a5a98507f1fe0ce10a2b8dbc/library/std/src/panic.rs:140:14
[INFO] [stdout]   82:     0x55d6048c5e1b - std::thread::Builder::spawn_unchecked_::{{closure}}::h883b72ef75da6231
[INFO] [stdout]                                at /rustc/84c898d65adf2f39a5a98507f1fe0ce10a2b8dbc/library/std/src/thread/mod.rs:559:30
[INFO] [stdout]   83:     0x55d6048c5e1b - core::ops::function::FnOnce::call_once{{vtable.shim}}::hb7dff73dc8bd2ccb
[INFO] [stdout]                                at /rustc/84c898d65adf2f39a5a98507f1fe0ce10a2b8dbc/library/core/src/ops/function.rs:250:5
[INFO] [stdout]   84:     0x55d604bab0f3 - <alloc::boxed::Box<F,A> as core::ops::function::FnOnce<Args>>::call_once::h39990b24eedef2ab
[INFO] [stdout]                                at /rustc/84c898d65adf2f39a5a98507f1fe0ce10a2b8dbc/library/alloc/src/boxed.rs:1987:9
[INFO] [stdout]   85:     0x55d604bab0f3 - <alloc::boxed::Box<F,A> as core::ops::function::FnOnce<Args>>::call_once::h01a027258444143b
[INFO] [stdout]                                at /rustc/84c898d65adf2f39a5a98507f1fe0ce10a2b8dbc/library/alloc/src/boxed.rs:1987:9
[INFO] [stdout]   86:     0x55d604bab0f3 - std::sys::unix::thread::Thread::new::thread_start::ha4f1cdd9c25884ba
[INFO] [stdout]                                at /rustc/84c898d65adf2f39a5a98507f1fe0ce10a2b8dbc/library/std/src/sys/unix/thread.rs:108:17
[INFO] [stdout]   87:     0x7faf92595b43 - <unknown>
[INFO] [stdout]   88:     0x7faf92626bb4 - __clone
[INFO] [stdout]   89:                0x0 - <unknown>
[INFO] [stdout] 
[INFO] [stdout] 
[INFO] [stdout] failures:
[INFO] [stdout]     io_blocking::line_req_resp
[INFO] [stdout] 
[INFO] [stdout] test result: FAILED. 16 passed; 1 failed; 0 ignored; 0 measured; 0 filtered out; finished in 0.09s
[INFO] [stdout] 
[INFO] [stderr] error: test failed, to rerun pass `--test integration_tests`
[INFO] running `Command { std: "docker" "inspect" "20daee6d1cabb684884cbea715eff6877846f6f0af943406a59da988bb0164e5", kill_on_drop: false }`
[INFO] running `Command { std: "docker" "rm" "-f" "20daee6d1cabb684884cbea715eff6877846f6f0af943406a59da988bb0164e5", kill_on_drop: false }`
[INFO] [stdout] 20daee6d1cabb684884cbea715eff6877846f6f0af943406a59da988bb0164e5
