[INFO] fetching crate constuneval 0.1.0...
[INFO] testing constuneval-0.1.0 against 1.69.0 for beta-1.70-1
[INFO] extracting crate constuneval 0.1.0 into /workspace/builds/worker-5-tc1/source
[INFO] validating manifest of crates.io crate constuneval 0.1.0 on toolchain 1.69.0
[INFO] running `Command { std: CARGO_HOME="/workspace/cargo-home" RUSTUP_HOME="/workspace/rustup-home" "/workspace/cargo-home/bin/cargo" "+1.69.0" "metadata" "--manifest-path" "Cargo.toml" "--no-deps", kill_on_drop: false }`
[INFO] started tweaking crates.io crate constuneval 0.1.0
[INFO] finished tweaking crates.io crate constuneval 0.1.0
[INFO] tweaked toml for crates.io crate constuneval 0.1.0 written to /workspace/builds/worker-5-tc1/source/Cargo.toml
[INFO] crate crates.io crate constuneval 0.1.0 already has a lockfile, it will not be regenerated
[INFO] running `Command { std: CARGO_HOME="/workspace/cargo-home" RUSTUP_HOME="/workspace/rustup-home" "/workspace/cargo-home/bin/cargo" "+1.69.0" "fetch" "--manifest-path" "Cargo.toml", kill_on_drop: false }`
[INFO] running `Command { std: "docker" "create" "-v" "/var/lib/crater-agent-workspace/builds/worker-5-tc1/target:/opt/rustwide/target:rw,Z" "-v" "/var/lib/crater-agent-workspace/builds/worker-5-tc1/source:/opt/rustwide/workdir:ro,Z" "-v" "/var/lib/crater-agent-workspace/cargo-home:/opt/rustwide/cargo-home:ro,Z" "-v" "/var/lib/crater-agent-workspace/rustup-home:/opt/rustwide/rustup-home:ro,Z" "-e" "SOURCE_DIR=/opt/rustwide/workdir" "-e" "CARGO_TARGET_DIR=/opt/rustwide/target" "-e" "CARGO_HOME=/opt/rustwide/cargo-home" "-e" "RUSTUP_HOME=/opt/rustwide/rustup-home" "-w" "/opt/rustwide/workdir" "-m" "1610612736" "--user" "0:0" "--network" "none" "ghcr.io/rust-lang/crates-build-env/linux@sha256:5ff2268d62e97bff2cde7d5815dd6ed5b47097566f13b8d0ca110b04b60e07ed" "/opt/rustwide/cargo-home/bin/cargo" "+1.69.0" "metadata" "--no-deps" "--format-version=1", kill_on_drop: false }`
[INFO] [stdout] d62ce9fc6fd143f916bfe2a13b50093077283cd4d09fb868b1838005658ed39e
[INFO] running `Command { std: "docker" "start" "-a" "d62ce9fc6fd143f916bfe2a13b50093077283cd4d09fb868b1838005658ed39e", kill_on_drop: false }`
[INFO] running `Command { std: "docker" "inspect" "d62ce9fc6fd143f916bfe2a13b50093077283cd4d09fb868b1838005658ed39e", kill_on_drop: false }`
[INFO] running `Command { std: "docker" "rm" "-f" "d62ce9fc6fd143f916bfe2a13b50093077283cd4d09fb868b1838005658ed39e", kill_on_drop: false }`
[INFO] [stdout] d62ce9fc6fd143f916bfe2a13b50093077283cd4d09fb868b1838005658ed39e
[INFO] running `Command { std: "docker" "create" "-v" "/var/lib/crater-agent-workspace/builds/worker-5-tc1/target:/opt/rustwide/target:rw,Z" "-v" "/var/lib/crater-agent-workspace/builds/worker-5-tc1/source:/opt/rustwide/workdir:ro,Z" "-v" "/var/lib/crater-agent-workspace/cargo-home:/opt/rustwide/cargo-home:ro,Z" "-v" "/var/lib/crater-agent-workspace/rustup-home:/opt/rustwide/rustup-home:ro,Z" "-e" "SOURCE_DIR=/opt/rustwide/workdir" "-e" "CARGO_TARGET_DIR=/opt/rustwide/target" "-e" "CARGO_INCREMENTAL=0" "-e" "RUST_BACKTRACE=full" "-e" "RUSTFLAGS=--cap-lints=warn" "-e" "RUSTDOCFLAGS=--cap-lints=warn" "-e" "CARGO_HOME=/opt/rustwide/cargo-home" "-e" "RUSTUP_HOME=/opt/rustwide/rustup-home" "-w" "/opt/rustwide/workdir" "-m" "1610612736" "--user" "0:0" "--network" "none" "ghcr.io/rust-lang/crates-build-env/linux@sha256:5ff2268d62e97bff2cde7d5815dd6ed5b47097566f13b8d0ca110b04b60e07ed" "/opt/rustwide/cargo-home/bin/cargo" "+1.69.0" "build" "--frozen" "--message-format=json", kill_on_drop: false }`
[INFO] [stdout] d580b77174113b6c47b1254b0a25825ac862c485eb12ae677b7a813ac67152bd
[INFO] running `Command { std: "docker" "start" "-a" "d580b77174113b6c47b1254b0a25825ac862c485eb12ae677b7a813ac67152bd", kill_on_drop: false }`
[INFO] [stderr]    Compiling constuneval v0.1.0 (/opt/rustwide/workdir)
[INFO] [stderr]     Finished dev [unoptimized + debuginfo] target(s) in 0.38s
[INFO] running `Command { std: "docker" "inspect" "d580b77174113b6c47b1254b0a25825ac862c485eb12ae677b7a813ac67152bd", kill_on_drop: false }`
[INFO] running `Command { std: "docker" "rm" "-f" "d580b77174113b6c47b1254b0a25825ac862c485eb12ae677b7a813ac67152bd", kill_on_drop: false }`
[INFO] [stdout] d580b77174113b6c47b1254b0a25825ac862c485eb12ae677b7a813ac67152bd
[INFO] running `Command { std: "docker" "create" "-v" "/var/lib/crater-agent-workspace/builds/worker-5-tc1/target:/opt/rustwide/target:rw,Z" "-v" "/var/lib/crater-agent-workspace/builds/worker-5-tc1/source:/opt/rustwide/workdir:ro,Z" "-v" "/var/lib/crater-agent-workspace/cargo-home:/opt/rustwide/cargo-home:ro,Z" "-v" "/var/lib/crater-agent-workspace/rustup-home:/opt/rustwide/rustup-home:ro,Z" "-e" "SOURCE_DIR=/opt/rustwide/workdir" "-e" "CARGO_TARGET_DIR=/opt/rustwide/target" "-e" "CARGO_INCREMENTAL=0" "-e" "RUST_BACKTRACE=full" "-e" "RUSTFLAGS=--cap-lints=warn" "-e" "RUSTDOCFLAGS=--cap-lints=warn" "-e" "CARGO_HOME=/opt/rustwide/cargo-home" "-e" "RUSTUP_HOME=/opt/rustwide/rustup-home" "-w" "/opt/rustwide/workdir" "-m" "1610612736" "--user" "0:0" "--network" "none" "ghcr.io/rust-lang/crates-build-env/linux@sha256:5ff2268d62e97bff2cde7d5815dd6ed5b47097566f13b8d0ca110b04b60e07ed" "/opt/rustwide/cargo-home/bin/cargo" "+1.69.0" "test" "--frozen" "--no-run" "--message-format=json", kill_on_drop: false }`
[INFO] [stdout] 5996bf30333a57c38fe89fd399c6af3344692bb323a389ca7f3da11d8e1d746a
[INFO] running `Command { std: "docker" "start" "-a" "5996bf30333a57c38fe89fd399c6af3344692bb323a389ca7f3da11d8e1d746a", kill_on_drop: false }`
[INFO] [stderr]    Compiling constuneval v0.1.0 (/opt/rustwide/workdir)
[INFO] [stderr]     Finished test [unoptimized + debuginfo] target(s) in 0.34s
[INFO] running `Command { std: "docker" "inspect" "5996bf30333a57c38fe89fd399c6af3344692bb323a389ca7f3da11d8e1d746a", kill_on_drop: false }`
[INFO] running `Command { std: "docker" "rm" "-f" "5996bf30333a57c38fe89fd399c6af3344692bb323a389ca7f3da11d8e1d746a", kill_on_drop: false }`
[INFO] [stdout] 5996bf30333a57c38fe89fd399c6af3344692bb323a389ca7f3da11d8e1d746a
[INFO] running `Command { std: "docker" "create" "-v" "/var/lib/crater-agent-workspace/builds/worker-5-tc1/target:/opt/rustwide/target:rw,Z" "-v" "/var/lib/crater-agent-workspace/builds/worker-5-tc1/source:/opt/rustwide/workdir:ro,Z" "-v" "/var/lib/crater-agent-workspace/cargo-home:/opt/rustwide/cargo-home:ro,Z" "-v" "/var/lib/crater-agent-workspace/rustup-home:/opt/rustwide/rustup-home:ro,Z" "-e" "SOURCE_DIR=/opt/rustwide/workdir" "-e" "CARGO_TARGET_DIR=/opt/rustwide/target" "-e" "CARGO_INCREMENTAL=0" "-e" "RUST_BACKTRACE=full" "-e" "RUSTFLAGS=--cap-lints=warn" "-e" "RUSTDOCFLAGS=--cap-lints=warn" "-e" "CARGO_HOME=/opt/rustwide/cargo-home" "-e" "RUSTUP_HOME=/opt/rustwide/rustup-home" "-w" "/opt/rustwide/workdir" "-m" "1610612736" "--user" "0:0" "--network" "none" "ghcr.io/rust-lang/crates-build-env/linux@sha256:5ff2268d62e97bff2cde7d5815dd6ed5b47097566f13b8d0ca110b04b60e07ed" "/opt/rustwide/cargo-home/bin/cargo" "+1.69.0" "test" "--frozen", kill_on_drop: false }`
[INFO] [stdout] 80691ec63557f2c5c370fbf3e71c554a27182d7337bb4fdf94ca5d91a2965ef0
[INFO] running `Command { std: "docker" "start" "-a" "80691ec63557f2c5c370fbf3e71c554a27182d7337bb4fdf94ca5d91a2965ef0", kill_on_drop: false }`
[INFO] [stderr]     Finished test [unoptimized + debuginfo] target(s) in 0.00s
[INFO] [stderr]      Running unittests src/lib.rs (/opt/rustwide/target/debug/deps/constuneval-a1a3d1f065eedfc5)
[INFO] [stdout] 
[INFO] [stdout] running 0 tests
[INFO] [stdout] 
[INFO] [stdout] test result: ok. 0 passed; 0 failed; 0 ignored; 0 measured; 0 filtered out; finished in 0.00s
[INFO] [stdout] 
[INFO] [stderr]      Running tests/uneval_cow.rs (/opt/rustwide/target/debug/deps/uneval_cow-5aaa32f60c639618)
[INFO] [stdout] 
[INFO] [stdout] running 3 tests
[INFO] [stdout] test test_from_cow_path ... ok
[INFO] [stdout] test test_from_cow_slice ... ok
[INFO] [stdout] test test_from_cow_str ... ok
[INFO] [stdout] 
[INFO] [stdout] test result: ok. 3 passed; 0 failed; 0 ignored; 0 measured; 0 filtered out; finished in 0.00s
[INFO] [stdout] 
[INFO] [stderr]    Doc-tests constuneval
[INFO] [stdout] 
[INFO] [stdout] running 9 tests
[INFO] [stdout] test src/lib.rs - (line 64) ... ignored
[INFO] [stdout] test src/lib.rs - (line 9) ... ignored
[INFO] [stdout] test src/lib.rs - to_file (line 111) ... ignored
[INFO] [stdout] test src/lib.rs - to_file (line 120) ... ignored
[INFO] [stdout] test src/uneval_cow.rs - uneval_cow::UnevalCow<'_,B>::into_owned (line 178) ... ok
[INFO] [stdout] test src/uneval_cow.rs - uneval_cow::UnevalCow<'_,B>::into_owned (line 192) ... ok
[INFO] [stdout] test src/uneval_cow.rs - uneval_cow::UnevalCow (line 62) ... ok
[INFO] [stdout] test src/uneval_cow.rs - uneval_cow::UnevalCow (line 92) ... ok
[INFO] [stdout] test src/lib.rs - (line 28) ... FAILED
[INFO] [stdout] 
[INFO] [stdout] failures:
[INFO] [stdout] 
[INFO] [stdout] ---- src/lib.rs - (line 28) stdout ----
[INFO] [stdout] Test executable failed (exit status: 101).
[INFO] [stdout] 
[INFO] [stdout] stderr:
[INFO] [stdout] thread 'main' panicked at 'Write Failed: Os { code: 30, kind: ReadOnlyFilesystem, message: "Read-only file system" }', src/lib.rs:35:2
[INFO] [stdout] stack backtrace:
[INFO] [stdout]    0:     0x5636025cb3ca - std::backtrace_rs::backtrace::libunwind::trace::ha9053a9a07ca49cb
[INFO] [stdout]                                at /rustc/84c898d65adf2f39a5a98507f1fe0ce10a2b8dbc/library/std/src/../../backtrace/src/backtrace/libunwind.rs:93:5
[INFO] [stdout]    1:     0x5636025cb3ca - std::backtrace_rs::backtrace::trace_unsynchronized::h9c2852a457ad564e
[INFO] [stdout]                                at /rustc/84c898d65adf2f39a5a98507f1fe0ce10a2b8dbc/library/std/src/../../backtrace/src/backtrace/mod.rs:66:5
[INFO] [stdout]    2:     0x5636025cb3ca - std::sys_common::backtrace::_print_fmt::h457936fbfaa0070f
[INFO] [stdout]                                at /rustc/84c898d65adf2f39a5a98507f1fe0ce10a2b8dbc/library/std/src/sys_common/backtrace.rs:65:5
[INFO] [stdout]    3:     0x5636025cb3ca - <std::sys_common::backtrace::_print::DisplayBacktrace as core::fmt::Display>::fmt::h5779d7bf7f70cb0c
[INFO] [stdout]                                at /rustc/84c898d65adf2f39a5a98507f1fe0ce10a2b8dbc/library/std/src/sys_common/backtrace.rs:44:22
[INFO] [stdout]    4:     0x5636025e54be - core::fmt::write::h5a4baaff1bcd3eb5
[INFO] [stdout]                                at /rustc/84c898d65adf2f39a5a98507f1fe0ce10a2b8dbc/library/core/src/fmt/mod.rs:1232:17
[INFO] [stdout]    5:     0x5636025c94f5 - std::io::Write::write_fmt::h4bc1f301cb9e9cce
[INFO] [stdout]                                at /rustc/84c898d65adf2f39a5a98507f1fe0ce10a2b8dbc/library/std/src/io/mod.rs:1684:15
[INFO] [stdout]    6:     0x5636025cb195 - std::sys_common::backtrace::_print::h5fcdc36060f177e8
[INFO] [stdout]                                at /rustc/84c898d65adf2f39a5a98507f1fe0ce10a2b8dbc/library/std/src/sys_common/backtrace.rs:47:5
[INFO] [stdout]    7:     0x5636025cb195 - std::sys_common::backtrace::print::h54ca9458b876c8bf
[INFO] [stdout]                                at /rustc/84c898d65adf2f39a5a98507f1fe0ce10a2b8dbc/library/std/src/sys_common/backtrace.rs:34:9
[INFO] [stdout]    8:     0x5636025cc7ef - std::panicking::default_hook::{{closure}}::hbe471161c7664ed6
[INFO] [stdout]                                at /rustc/84c898d65adf2f39a5a98507f1fe0ce10a2b8dbc/library/std/src/panicking.rs:271:22
[INFO] [stdout]    9:     0x5636025cc52b - std::panicking::default_hook::ha3500da57aa4ac4f
[INFO] [stdout]                                at /rustc/84c898d65adf2f39a5a98507f1fe0ce10a2b8dbc/library/std/src/panicking.rs:290:9
[INFO] [stdout]   10:     0x5636025ccd98 - std::panicking::rust_panic_with_hook::h50c09d000dc561d2
[INFO] [stdout]                                at /rustc/84c898d65adf2f39a5a98507f1fe0ce10a2b8dbc/library/std/src/panicking.rs:692:13
[INFO] [stdout]   11:     0x5636025ccc99 - std::panicking::begin_panic_handler::{{closure}}::h9e2b2176e00e0d9c
[INFO] [stdout]                                at /rustc/84c898d65adf2f39a5a98507f1fe0ce10a2b8dbc/library/std/src/panicking.rs:583:13
[INFO] [stdout]   12:     0x5636025cb836 - std::sys_common::backtrace::__rust_end_short_backtrace::h5739b8e512c09d02
[INFO] [stdout]                                at /rustc/84c898d65adf2f39a5a98507f1fe0ce10a2b8dbc/library/std/src/sys_common/backtrace.rs:150:18
[INFO] [stdout]   13:     0x5636025cc9a2 - rust_begin_unwind
[INFO] [stdout]                                at /rustc/84c898d65adf2f39a5a98507f1fe0ce10a2b8dbc/library/std/src/panicking.rs:579:5
[INFO] [stdout]   14:     0x5636025aeee3 - core::panicking::panic_fmt::hf33a1475b4dc5c3e
[INFO] [stdout]                                at /rustc/84c898d65adf2f39a5a98507f1fe0ce10a2b8dbc/library/core/src/panicking.rs:64:14
[INFO] [stdout]   15:     0x5636025af2d3 - core::result::unwrap_failed::hdff5465d74574b44
[INFO] [stdout]                                at /rustc/84c898d65adf2f39a5a98507f1fe0ce10a2b8dbc/library/core/src/result.rs:1750:5
[INFO] [stdout]   16:     0x5636025b15a3 - core::result::Result<T,E>::expect::h2cd23adde6280f6f
[INFO] [stdout]   17:     0x5636025b30dc - rust_out::main::_doctest_main_src_lib_rs_28_0::h9c5dce3a48dc423b
[INFO] [stdout]   18:     0x5636025b2b16 - rust_out::main::h045d0fd74ed7290e
[INFO] [stdout]   19:     0x5636025b0dd3 - core::ops::function::FnOnce::call_once::h5b89dea722ea21ad
[INFO] [stdout]   20:     0x5636025afaf9 - std::sys_common::backtrace::__rust_begin_short_backtrace::hc178e4cfacf1803d
[INFO] [stdout]   21:     0x5636025b0569 - std::rt::lang_start::{{closure}}::he8c5d60628d06093
[INFO] [stdout]   22:     0x5636025c73fc - core::ops::function::impls::<impl core::ops::function::FnOnce<A> for &F>::call_once::hd6efcd3bec896f2c
[INFO] [stdout]                                at /rustc/84c898d65adf2f39a5a98507f1fe0ce10a2b8dbc/library/core/src/ops/function.rs:287:13
[INFO] [stdout]   23:     0x5636025c73fc - std::panicking::try::do_call::hce04e543bb1f4cbb
[INFO] [stdout]                                at /rustc/84c898d65adf2f39a5a98507f1fe0ce10a2b8dbc/library/std/src/panicking.rs:487:40
[INFO] [stdout]   24:     0x5636025c73fc - std::panicking::try::h3342dd4e1f680968
[INFO] [stdout]                                at /rustc/84c898d65adf2f39a5a98507f1fe0ce10a2b8dbc/library/std/src/panicking.rs:451:19
[INFO] [stdout]   25:     0x5636025c73fc - std::panic::catch_unwind::h148ce1e59ac0cee7
[INFO] [stdout]                                at /rustc/84c898d65adf2f39a5a98507f1fe0ce10a2b8dbc/library/std/src/panic.rs:140:14
[INFO] [stdout]   26:     0x5636025c73fc - std::rt::lang_start_internal::{{closure}}::h25f9dda2057a67fe
[INFO] [stdout]                                at /rustc/84c898d65adf2f39a5a98507f1fe0ce10a2b8dbc/library/std/src/rt.rs:148:48
[INFO] [stdout]   27:     0x5636025c73fc - std::panicking::try::do_call::h7caaaeaf9401650b
[INFO] [stdout]                                at /rustc/84c898d65adf2f39a5a98507f1fe0ce10a2b8dbc/library/std/src/panicking.rs:487:40
[INFO] [stdout]   28:     0x5636025c73fc - std::panicking::try::he7d15285746cbbc2
[INFO] [stdout]                                at /rustc/84c898d65adf2f39a5a98507f1fe0ce10a2b8dbc/library/std/src/panicking.rs:451:19
[INFO] [stdout]   29:     0x5636025c73fc - std::panic::catch_unwind::h89fb4f50c0301fe0
[INFO] [stdout]                                at /rustc/84c898d65adf2f39a5a98507f1fe0ce10a2b8dbc/library/std/src/panic.rs:140:14
[INFO] [stdout]   30:     0x5636025c73fc - std::rt::lang_start_internal::h078acd489417d3c1
[INFO] [stdout]                                at /rustc/84c898d65adf2f39a5a98507f1fe0ce10a2b8dbc/library/std/src/rt.rs:148:20
[INFO] [stdout]   31:     0x5636025b0547 - std::rt::lang_start::h335d6166ecad8ac7
[INFO] [stdout]   32:     0x5636025b3155 - main
[INFO] [stdout]   33:     0x7f592d846d90 - <unknown>
[INFO] [stdout]   34:     0x7f592d846e40 - __libc_start_main
[INFO] [stdout]   35:     0x5636025af415 - _start
[INFO] [stdout]   36:                0x0 - <unknown>
[INFO] [stdout] 
[INFO] [stdout] 
[INFO] [stdout] 
[INFO] [stdout] failures:
[INFO] [stdout]     src/lib.rs - (line 28)
[INFO] [stdout] 
[INFO] [stdout] test result: FAILED. 4 passed; 1 failed; 4 ignored; 0 measured; 0 filtered out; finished in 0.21s
[INFO] [stdout] 
[INFO] [stderr] error: doctest failed, to rerun pass `--doc`
[INFO] running `Command { std: "docker" "inspect" "80691ec63557f2c5c370fbf3e71c554a27182d7337bb4fdf94ca5d91a2965ef0", kill_on_drop: false }`
[INFO] running `Command { std: "docker" "rm" "-f" "80691ec63557f2c5c370fbf3e71c554a27182d7337bb4fdf94ca5d91a2965ef0", kill_on_drop: false }`
[INFO] [stdout] 80691ec63557f2c5c370fbf3e71c554a27182d7337bb4fdf94ca5d91a2965ef0
