[INFO] fetching crate constdefault-derive 0.2.1...
[INFO] testing constdefault-derive-0.2.1 against beta-2023-04-20 for beta-1.70-1
[INFO] extracting crate constdefault-derive 0.2.1 into /workspace/builds/worker-1-tc2/source
[INFO] validating manifest of crates.io crate constdefault-derive 0.2.1 on toolchain beta-2023-04-20
[INFO] running `Command { std: CARGO_HOME="/workspace/cargo-home" RUSTUP_HOME="/workspace/rustup-home" "/workspace/cargo-home/bin/cargo" "+beta-2023-04-20" "metadata" "--manifest-path" "Cargo.toml" "--no-deps", kill_on_drop: false }`
[INFO] started tweaking crates.io crate constdefault-derive 0.2.1
[INFO] finished tweaking crates.io crate constdefault-derive 0.2.1
[INFO] tweaked toml for crates.io crate constdefault-derive 0.2.1 written to /workspace/builds/worker-1-tc2/source/Cargo.toml
[INFO] running `Command { std: CARGO_HOME="/workspace/cargo-home" RUSTUP_HOME="/workspace/rustup-home" __CARGO_TEST_CHANNEL_OVERRIDE_DO_NOT_USE_THIS="nightly" "/workspace/cargo-home/bin/cargo" "+beta-2023-04-20" "generate-lockfile" "--manifest-path" "Cargo.toml" "-Zno-index-update", kill_on_drop: false }`
[INFO] running `Command { std: CARGO_HOME="/workspace/cargo-home" RUSTUP_HOME="/workspace/rustup-home" "/workspace/cargo-home/bin/cargo" "+beta-2023-04-20" "fetch" "--manifest-path" "Cargo.toml", kill_on_drop: false }`
[INFO] running `Command { std: "docker" "create" "-v" "/var/lib/crater-agent-workspace/builds/worker-1-tc2/target:/opt/rustwide/target:rw,Z" "-v" "/var/lib/crater-agent-workspace/builds/worker-1-tc2/source:/opt/rustwide/workdir:ro,Z" "-v" "/var/lib/crater-agent-workspace/cargo-home:/opt/rustwide/cargo-home:ro,Z" "-v" "/var/lib/crater-agent-workspace/rustup-home:/opt/rustwide/rustup-home:ro,Z" "-e" "SOURCE_DIR=/opt/rustwide/workdir" "-e" "CARGO_TARGET_DIR=/opt/rustwide/target" "-e" "CARGO_HOME=/opt/rustwide/cargo-home" "-e" "RUSTUP_HOME=/opt/rustwide/rustup-home" "-w" "/opt/rustwide/workdir" "-m" "1610612736" "--user" "0:0" "--network" "none" "ghcr.io/rust-lang/crates-build-env/linux@sha256:5ff2268d62e97bff2cde7d5815dd6ed5b47097566f13b8d0ca110b04b60e07ed" "/opt/rustwide/cargo-home/bin/cargo" "+beta-2023-04-20" "metadata" "--no-deps" "--format-version=1", kill_on_drop: false }`
[INFO] [stdout] 2e0c637bd98eb010bfc21cf8e2d05c8ee9f77c28083a987053041d50397878b8
[INFO] running `Command { std: "docker" "start" "-a" "2e0c637bd98eb010bfc21cf8e2d05c8ee9f77c28083a987053041d50397878b8", kill_on_drop: false }`
[INFO] running `Command { std: "docker" "inspect" "2e0c637bd98eb010bfc21cf8e2d05c8ee9f77c28083a987053041d50397878b8", kill_on_drop: false }`
[INFO] running `Command { std: "docker" "rm" "-f" "2e0c637bd98eb010bfc21cf8e2d05c8ee9f77c28083a987053041d50397878b8", kill_on_drop: false }`
[INFO] [stdout] 2e0c637bd98eb010bfc21cf8e2d05c8ee9f77c28083a987053041d50397878b8
[INFO] running `Command { std: "docker" "create" "-v" "/var/lib/crater-agent-workspace/builds/worker-1-tc2/target:/opt/rustwide/target:rw,Z" "-v" "/var/lib/crater-agent-workspace/builds/worker-1-tc2/source:/opt/rustwide/workdir:ro,Z" "-v" "/var/lib/crater-agent-workspace/cargo-home:/opt/rustwide/cargo-home:ro,Z" "-v" "/var/lib/crater-agent-workspace/rustup-home:/opt/rustwide/rustup-home:ro,Z" "-e" "SOURCE_DIR=/opt/rustwide/workdir" "-e" "CARGO_TARGET_DIR=/opt/rustwide/target" "-e" "CARGO_INCREMENTAL=0" "-e" "RUST_BACKTRACE=full" "-e" "RUSTFLAGS=--cap-lints=warn" "-e" "RUSTDOCFLAGS=--cap-lints=warn" "-e" "CARGO_HOME=/opt/rustwide/cargo-home" "-e" "RUSTUP_HOME=/opt/rustwide/rustup-home" "-w" "/opt/rustwide/workdir" "-m" "1610612736" "--user" "0:0" "--network" "none" "ghcr.io/rust-lang/crates-build-env/linux@sha256:5ff2268d62e97bff2cde7d5815dd6ed5b47097566f13b8d0ca110b04b60e07ed" "/opt/rustwide/cargo-home/bin/cargo" "+beta-2023-04-20" "build" "--frozen" "--message-format=json", kill_on_drop: false }`
[INFO] [stdout] 14a8b4d9d0733f3d048d4599fa4ad01a98e6c31683198b0f8d8fd6d37e91b187
[INFO] running `Command { std: "docker" "start" "-a" "14a8b4d9d0733f3d048d4599fa4ad01a98e6c31683198b0f8d8fd6d37e91b187", kill_on_drop: false }`
[INFO] [stderr]     Blocking waiting for file lock on package cache
[INFO] [stderr]    Compiling syn v1.0.109
[INFO] [stderr]    Compiling constdefault-derive v0.2.1 (/opt/rustwide/workdir)
[INFO] [stdout] warning: unused import: `Ident`
[INFO] [stdout]  --> src/lib.rs:6:19
[INFO] [stdout]   |
[INFO] [stdout] 6 | use proc_macro2::{Ident, Literal, Span, TokenStream as TokenStream2};
[INFO] [stdout]   |                   ^^^^^
[INFO] [stdout]   |
[INFO] [stdout]   = note: `#[warn(unused_imports)]` on by default
[INFO] [stdout] 
[INFO] [stdout] 
[INFO] [stdout] warning: 1 warning emitted
[INFO] [stdout] 
[INFO] [stdout] 
[INFO] [stderr]     Finished dev [unoptimized + debuginfo] target(s) in 2.31s
[INFO] running `Command { std: "docker" "inspect" "14a8b4d9d0733f3d048d4599fa4ad01a98e6c31683198b0f8d8fd6d37e91b187", kill_on_drop: false }`
[INFO] running `Command { std: "docker" "rm" "-f" "14a8b4d9d0733f3d048d4599fa4ad01a98e6c31683198b0f8d8fd6d37e91b187", kill_on_drop: false }`
[INFO] [stdout] 14a8b4d9d0733f3d048d4599fa4ad01a98e6c31683198b0f8d8fd6d37e91b187
[INFO] running `Command { std: "docker" "create" "-v" "/var/lib/crater-agent-workspace/builds/worker-1-tc2/target:/opt/rustwide/target:rw,Z" "-v" "/var/lib/crater-agent-workspace/builds/worker-1-tc2/source:/opt/rustwide/workdir:ro,Z" "-v" "/var/lib/crater-agent-workspace/cargo-home:/opt/rustwide/cargo-home:ro,Z" "-v" "/var/lib/crater-agent-workspace/rustup-home:/opt/rustwide/rustup-home:ro,Z" "-e" "SOURCE_DIR=/opt/rustwide/workdir" "-e" "CARGO_TARGET_DIR=/opt/rustwide/target" "-e" "CARGO_INCREMENTAL=0" "-e" "RUST_BACKTRACE=full" "-e" "RUSTFLAGS=--cap-lints=warn" "-e" "RUSTDOCFLAGS=--cap-lints=warn" "-e" "CARGO_HOME=/opt/rustwide/cargo-home" "-e" "RUSTUP_HOME=/opt/rustwide/rustup-home" "-w" "/opt/rustwide/workdir" "-m" "1610612736" "--user" "0:0" "--network" "none" "ghcr.io/rust-lang/crates-build-env/linux@sha256:5ff2268d62e97bff2cde7d5815dd6ed5b47097566f13b8d0ca110b04b60e07ed" "/opt/rustwide/cargo-home/bin/cargo" "+beta-2023-04-20" "test" "--frozen" "--no-run" "--message-format=json", kill_on_drop: false }`
[INFO] [stdout] a3cfde3067ab9c53eee9f38309630aca70eb388048603512a9bbc40b98cbd479
[INFO] running `Command { std: "docker" "start" "-a" "a3cfde3067ab9c53eee9f38309630aca70eb388048603512a9bbc40b98cbd479", kill_on_drop: false }`
[INFO] [stderr]    Compiling constdefault-derive v0.2.1 (/opt/rustwide/workdir)
[INFO] [stdout] warning: unused import: `Ident`
[INFO] [stdout]  --> src/lib.rs:6:19
[INFO] [stdout]   |
[INFO] [stdout] 6 | use proc_macro2::{Ident, Literal, Span, TokenStream as TokenStream2};
[INFO] [stdout]   |                   ^^^^^
[INFO] [stdout]   |
[INFO] [stdout]   = note: `#[warn(unused_imports)]` on by default
[INFO] [stdout] 
[INFO] [stdout] 
[INFO] [stdout] warning: unused import: `Ident`
[INFO] [stdout]  --> src/lib.rs:6:19
[INFO] [stdout]   |
[INFO] [stdout] 6 | use proc_macro2::{Ident, Literal, Span, TokenStream as TokenStream2};
[INFO] [stdout]   |                   ^^^^^
[INFO] [stdout]   |
[INFO] [stdout]   = note: `#[warn(unused_imports)]` on by default
[INFO] [stdout] 
[INFO] [stdout] 
[INFO] [stdout] warning: 1 warning emitted
[INFO] [stdout] 
[INFO] [stdout] 
[INFO] [stdout] warning: 1 warning emitted
[INFO] [stdout] 
[INFO] [stdout] 
[INFO] [stderr]     Finished test [unoptimized + debuginfo] target(s) in 0.36s
[INFO] running `Command { std: "docker" "inspect" "a3cfde3067ab9c53eee9f38309630aca70eb388048603512a9bbc40b98cbd479", kill_on_drop: false }`
[INFO] running `Command { std: "docker" "rm" "-f" "a3cfde3067ab9c53eee9f38309630aca70eb388048603512a9bbc40b98cbd479", kill_on_drop: false }`
[INFO] [stdout] a3cfde3067ab9c53eee9f38309630aca70eb388048603512a9bbc40b98cbd479
[INFO] running `Command { std: "docker" "create" "-v" "/var/lib/crater-agent-workspace/builds/worker-1-tc2/target:/opt/rustwide/target:rw,Z" "-v" "/var/lib/crater-agent-workspace/builds/worker-1-tc2/source:/opt/rustwide/workdir:ro,Z" "-v" "/var/lib/crater-agent-workspace/cargo-home:/opt/rustwide/cargo-home:ro,Z" "-v" "/var/lib/crater-agent-workspace/rustup-home:/opt/rustwide/rustup-home:ro,Z" "-e" "SOURCE_DIR=/opt/rustwide/workdir" "-e" "CARGO_TARGET_DIR=/opt/rustwide/target" "-e" "CARGO_INCREMENTAL=0" "-e" "RUST_BACKTRACE=full" "-e" "RUSTFLAGS=--cap-lints=warn" "-e" "RUSTDOCFLAGS=--cap-lints=warn" "-e" "CARGO_HOME=/opt/rustwide/cargo-home" "-e" "RUSTUP_HOME=/opt/rustwide/rustup-home" "-w" "/opt/rustwide/workdir" "-m" "1610612736" "--user" "0:0" "--network" "none" "ghcr.io/rust-lang/crates-build-env/linux@sha256:5ff2268d62e97bff2cde7d5815dd6ed5b47097566f13b8d0ca110b04b60e07ed" "/opt/rustwide/cargo-home/bin/cargo" "+beta-2023-04-20" "test" "--frozen", kill_on_drop: false }`
[INFO] [stdout] 33194eda7a0f320a850f812967b729c70d22018ab07c4e31a4cec25ec2ca1f08
[INFO] running `Command { std: "docker" "start" "-a" "33194eda7a0f320a850f812967b729c70d22018ab07c4e31a4cec25ec2ca1f08", kill_on_drop: false }`
[INFO] [stderr]     Blocking waiting for file lock on package cache
[INFO] [stderr] warning: unused import: `Ident`
[INFO] [stderr]  --> src/lib.rs:6:19
[INFO] [stderr]   |
[INFO] [stderr] 6 | use proc_macro2::{Ident, Literal, Span, TokenStream as TokenStream2};
[INFO] [stderr]   |                   ^^^^^
[INFO] [stderr]   |
[INFO] [stderr]   = note: `#[warn(unused_imports)]` on by default
[INFO] [stderr] 
[INFO] [stderr] warning: `constdefault-derive` (lib) generated 1 warning (run `cargo fix --lib -p constdefault-derive` to apply 1 suggestion)
[INFO] [stderr] warning: `constdefault-derive` (lib test) generated 1 warning (1 duplicate)
[INFO] [stderr]     Finished test [unoptimized + debuginfo] target(s) in 0.23s
[INFO] [stderr]      Running unittests src/lib.rs (/opt/rustwide/target/debug/deps/constdefault_derive-a514590dc25160ce)
[INFO] [stdout] 
[INFO] [stdout] running 0 tests
[INFO] [stdout] 
[INFO] [stdout] test result: ok. 0 passed; 0 failed; 0 ignored; 0 measured; 0 filtered out; finished in 0.00s
[INFO] [stdout] 
[INFO] [stderr]    Doc-tests constdefault-derive
[INFO] [stdout] 
[INFO] [stdout] running 2 tests
[INFO] [stdout] test src/lib.rs - derive (line 38) ... FAILED
[INFO] [stdout] test src/lib.rs - derive (line 20) ... FAILED
[INFO] [stdout] 
[INFO] [stdout] failures:
[INFO] [stdout] 
[INFO] [stdout] ---- src/lib.rs - derive (line 38) stdout ----
[INFO] [stdout] error[E0432]: unresolved import `constdefault`
[INFO] [stdout]  --> src/lib.rs:39:5
[INFO] [stdout]   |
[INFO] [stdout] 3 | use constdefault::ConstDefault;
[INFO] [stdout]   |     ^^^^^^^^^^^^ use of undeclared crate or module `constdefault`
[INFO] [stdout] 
[INFO] [stdout] error: cannot determine resolution for the derive macro `ConstDefault`
[INFO] [stdout]  --> src/lib.rs:40:10
[INFO] [stdout]   |
[INFO] [stdout] 4 | #[derive(ConstDefault)]
[INFO] [stdout]   |          ^^^^^^^^^^^^
[INFO] [stdout]   |
[INFO] [stdout]   = note: import resolution is stuck, try simplifying macro imports
[INFO] [stdout] 
[INFO] [stdout] error: aborting due to 2 previous errors
[INFO] [stdout] 
[INFO] [stdout] For more information about this error, try `rustc --explain E0432`.
[INFO] [stdout] Couldn't compile the test.
[INFO] [stdout] ---- src/lib.rs - derive (line 20) stdout ----
[INFO] [stdout] error[E0432]: unresolved import `constdefault`
[INFO] [stdout]  --> src/lib.rs:21:5
[INFO] [stdout]   |
[INFO] [stdout] 3 | use constdefault::ConstDefault;
[INFO] [stdout]   |     ^^^^^^^^^^^^ use of undeclared crate or module `constdefault`
[INFO] [stdout] 
[INFO] [stdout] error: cannot determine resolution for the derive macro `ConstDefault`
[INFO] [stdout]  --> src/lib.rs:22:10
[INFO] [stdout]   |
[INFO] [stdout] 4 | #[derive(ConstDefault)]
[INFO] [stdout]   |          ^^^^^^^^^^^^
[INFO] [stdout]   |
[INFO] [stdout]   = note: import resolution is stuck, try simplifying macro imports
[INFO] [stdout] 
[INFO] [stdout] error: aborting due to 2 previous errors
[INFO] [stdout] 
[INFO] [stdout] For more information about this error, try `rustc --explain E0432`.
[INFO] [stdout] Couldn't compile the test.
[INFO] [stdout] 
[INFO] [stdout] failures:
[INFO] [stdout]     src/lib.rs - derive (line 20)
[INFO] [stdout]     src/lib.rs - derive (line 38)
[INFO] [stdout] 
[INFO] [stdout] test result: FAILED. 0 passed; 2 failed; 0 ignored; 0 measured; 0 filtered out; finished in 0.04s
[INFO] [stdout] 
[INFO] [stderr] error: doctest failed, to rerun pass `--doc`
[INFO] running `Command { std: "docker" "inspect" "33194eda7a0f320a850f812967b729c70d22018ab07c4e31a4cec25ec2ca1f08", kill_on_drop: false }`
[INFO] running `Command { std: "docker" "rm" "-f" "33194eda7a0f320a850f812967b729c70d22018ab07c4e31a4cec25ec2ca1f08", kill_on_drop: false }`
[INFO] [stdout] 33194eda7a0f320a850f812967b729c70d22018ab07c4e31a4cec25ec2ca1f08
