[INFO] fetching crate const-default-derive 0.2.0...
[INFO] testing const-default-derive-0.2.0 against beta-2023-04-20 for beta-1.70-1
[INFO] extracting crate const-default-derive 0.2.0 into /workspace/builds/worker-6-tc2/source
[INFO] validating manifest of crates.io crate const-default-derive 0.2.0 on toolchain beta-2023-04-20
[INFO] running `Command { std: CARGO_HOME="/workspace/cargo-home" RUSTUP_HOME="/workspace/rustup-home" "/workspace/cargo-home/bin/cargo" "+beta-2023-04-20" "metadata" "--manifest-path" "Cargo.toml" "--no-deps", kill_on_drop: false }`
[INFO] started tweaking crates.io crate const-default-derive 0.2.0
[INFO] finished tweaking crates.io crate const-default-derive 0.2.0
[INFO] tweaked toml for crates.io crate const-default-derive 0.2.0 written to /workspace/builds/worker-6-tc2/source/Cargo.toml
[INFO] running `Command { std: CARGO_HOME="/workspace/cargo-home" RUSTUP_HOME="/workspace/rustup-home" __CARGO_TEST_CHANNEL_OVERRIDE_DO_NOT_USE_THIS="nightly" "/workspace/cargo-home/bin/cargo" "+beta-2023-04-20" "generate-lockfile" "--manifest-path" "Cargo.toml" "-Zno-index-update", kill_on_drop: false }`
[INFO] running `Command { std: CARGO_HOME="/workspace/cargo-home" RUSTUP_HOME="/workspace/rustup-home" "/workspace/cargo-home/bin/cargo" "+beta-2023-04-20" "fetch" "--manifest-path" "Cargo.toml", kill_on_drop: false }`
[INFO] running `Command { std: "docker" "create" "-v" "/var/lib/crater-agent-workspace/builds/worker-6-tc2/target:/opt/rustwide/target:rw,Z" "-v" "/var/lib/crater-agent-workspace/builds/worker-6-tc2/source:/opt/rustwide/workdir:ro,Z" "-v" "/var/lib/crater-agent-workspace/cargo-home:/opt/rustwide/cargo-home:ro,Z" "-v" "/var/lib/crater-agent-workspace/rustup-home:/opt/rustwide/rustup-home:ro,Z" "-e" "SOURCE_DIR=/opt/rustwide/workdir" "-e" "CARGO_TARGET_DIR=/opt/rustwide/target" "-e" "CARGO_HOME=/opt/rustwide/cargo-home" "-e" "RUSTUP_HOME=/opt/rustwide/rustup-home" "-w" "/opt/rustwide/workdir" "-m" "1610612736" "--user" "0:0" "--network" "none" "ghcr.io/rust-lang/crates-build-env/linux@sha256:5ff2268d62e97bff2cde7d5815dd6ed5b47097566f13b8d0ca110b04b60e07ed" "/opt/rustwide/cargo-home/bin/cargo" "+beta-2023-04-20" "metadata" "--no-deps" "--format-version=1", kill_on_drop: false }`
[INFO] [stdout] 357d537cbb308ca41f20d505dd8f05c4f176dab682d087d82b0d6782406891ef
[INFO] running `Command { std: "docker" "start" "-a" "357d537cbb308ca41f20d505dd8f05c4f176dab682d087d82b0d6782406891ef", kill_on_drop: false }`
[INFO] running `Command { std: "docker" "inspect" "357d537cbb308ca41f20d505dd8f05c4f176dab682d087d82b0d6782406891ef", kill_on_drop: false }`
[INFO] running `Command { std: "docker" "rm" "-f" "357d537cbb308ca41f20d505dd8f05c4f176dab682d087d82b0d6782406891ef", kill_on_drop: false }`
[INFO] [stdout] 357d537cbb308ca41f20d505dd8f05c4f176dab682d087d82b0d6782406891ef
[INFO] running `Command { std: "docker" "create" "-v" "/var/lib/crater-agent-workspace/builds/worker-6-tc2/target:/opt/rustwide/target:rw,Z" "-v" "/var/lib/crater-agent-workspace/builds/worker-6-tc2/source:/opt/rustwide/workdir:ro,Z" "-v" "/var/lib/crater-agent-workspace/cargo-home:/opt/rustwide/cargo-home:ro,Z" "-v" "/var/lib/crater-agent-workspace/rustup-home:/opt/rustwide/rustup-home:ro,Z" "-e" "SOURCE_DIR=/opt/rustwide/workdir" "-e" "CARGO_TARGET_DIR=/opt/rustwide/target" "-e" "CARGO_INCREMENTAL=0" "-e" "RUST_BACKTRACE=full" "-e" "RUSTFLAGS=--cap-lints=warn" "-e" "RUSTDOCFLAGS=--cap-lints=warn" "-e" "CARGO_HOME=/opt/rustwide/cargo-home" "-e" "RUSTUP_HOME=/opt/rustwide/rustup-home" "-w" "/opt/rustwide/workdir" "-m" "1610612736" "--user" "0:0" "--network" "none" "ghcr.io/rust-lang/crates-build-env/linux@sha256:5ff2268d62e97bff2cde7d5815dd6ed5b47097566f13b8d0ca110b04b60e07ed" "/opt/rustwide/cargo-home/bin/cargo" "+beta-2023-04-20" "build" "--frozen" "--message-format=json", kill_on_drop: false }`
[INFO] [stdout] 6b8e194fee0b89bc95e5f6e92f6c06c27f3373f937f83baca0f2ba3a3423a764
[INFO] running `Command { std: "docker" "start" "-a" "6b8e194fee0b89bc95e5f6e92f6c06c27f3373f937f83baca0f2ba3a3423a764", kill_on_drop: false }`
[INFO] [stderr]    Compiling autocfg v1.1.0
[INFO] [stderr]    Compiling proc-macro2 v1.0.56
[INFO] [stderr]    Compiling unicode-ident v1.0.8
[INFO] [stderr]    Compiling hashbrown v0.12.3
[INFO] [stderr]    Compiling quote v1.0.26
[INFO] [stderr]    Compiling toml_datetime v0.6.1
[INFO] [stderr]    Compiling winnow v0.4.4
[INFO] [stderr]    Compiling syn v1.0.109
[INFO] [stderr]    Compiling once_cell v1.17.1
[INFO] [stderr]    Compiling indexmap v1.9.3
[INFO] [stderr]    Compiling toml_edit v0.19.8
[INFO] [stderr]    Compiling proc-macro-crate v1.3.1
[INFO] [stderr]    Compiling const-default-derive v0.2.0 (/opt/rustwide/workdir)
[INFO] [stderr]     Finished dev [unoptimized + debuginfo] target(s) in 3.78s
[INFO] running `Command { std: "docker" "inspect" "6b8e194fee0b89bc95e5f6e92f6c06c27f3373f937f83baca0f2ba3a3423a764", kill_on_drop: false }`
[INFO] running `Command { std: "docker" "rm" "-f" "6b8e194fee0b89bc95e5f6e92f6c06c27f3373f937f83baca0f2ba3a3423a764", kill_on_drop: false }`
[INFO] [stdout] 6b8e194fee0b89bc95e5f6e92f6c06c27f3373f937f83baca0f2ba3a3423a764
[INFO] running `Command { std: "docker" "create" "-v" "/var/lib/crater-agent-workspace/builds/worker-6-tc2/target:/opt/rustwide/target:rw,Z" "-v" "/var/lib/crater-agent-workspace/builds/worker-6-tc2/source:/opt/rustwide/workdir:ro,Z" "-v" "/var/lib/crater-agent-workspace/cargo-home:/opt/rustwide/cargo-home:ro,Z" "-v" "/var/lib/crater-agent-workspace/rustup-home:/opt/rustwide/rustup-home:ro,Z" "-e" "SOURCE_DIR=/opt/rustwide/workdir" "-e" "CARGO_TARGET_DIR=/opt/rustwide/target" "-e" "CARGO_INCREMENTAL=0" "-e" "RUST_BACKTRACE=full" "-e" "RUSTFLAGS=--cap-lints=warn" "-e" "RUSTDOCFLAGS=--cap-lints=warn" "-e" "CARGO_HOME=/opt/rustwide/cargo-home" "-e" "RUSTUP_HOME=/opt/rustwide/rustup-home" "-w" "/opt/rustwide/workdir" "-m" "1610612736" "--user" "0:0" "--network" "none" "ghcr.io/rust-lang/crates-build-env/linux@sha256:5ff2268d62e97bff2cde7d5815dd6ed5b47097566f13b8d0ca110b04b60e07ed" "/opt/rustwide/cargo-home/bin/cargo" "+beta-2023-04-20" "test" "--frozen" "--no-run" "--message-format=json", kill_on_drop: false }`
[INFO] [stdout] 072311496b591009b7c9db60e7718ae10791dc05c50db5147f8011a73e205a35
[INFO] running `Command { std: "docker" "start" "-a" "072311496b591009b7c9db60e7718ae10791dc05c50db5147f8011a73e205a35", kill_on_drop: false }`
[INFO] [stderr]    Compiling const-default-derive v0.2.0 (/opt/rustwide/workdir)
[INFO] [stderr]     Finished test [unoptimized + debuginfo] target(s) in 0.45s
[INFO] running `Command { std: "docker" "inspect" "072311496b591009b7c9db60e7718ae10791dc05c50db5147f8011a73e205a35", kill_on_drop: false }`
[INFO] running `Command { std: "docker" "rm" "-f" "072311496b591009b7c9db60e7718ae10791dc05c50db5147f8011a73e205a35", kill_on_drop: false }`
[INFO] [stdout] 072311496b591009b7c9db60e7718ae10791dc05c50db5147f8011a73e205a35
[INFO] running `Command { std: "docker" "create" "-v" "/var/lib/crater-agent-workspace/builds/worker-6-tc2/target:/opt/rustwide/target:rw,Z" "-v" "/var/lib/crater-agent-workspace/builds/worker-6-tc2/source:/opt/rustwide/workdir:ro,Z" "-v" "/var/lib/crater-agent-workspace/cargo-home:/opt/rustwide/cargo-home:ro,Z" "-v" "/var/lib/crater-agent-workspace/rustup-home:/opt/rustwide/rustup-home:ro,Z" "-e" "SOURCE_DIR=/opt/rustwide/workdir" "-e" "CARGO_TARGET_DIR=/opt/rustwide/target" "-e" "CARGO_INCREMENTAL=0" "-e" "RUST_BACKTRACE=full" "-e" "RUSTFLAGS=--cap-lints=warn" "-e" "RUSTDOCFLAGS=--cap-lints=warn" "-e" "CARGO_HOME=/opt/rustwide/cargo-home" "-e" "RUSTUP_HOME=/opt/rustwide/rustup-home" "-w" "/opt/rustwide/workdir" "-m" "1610612736" "--user" "0:0" "--network" "none" "ghcr.io/rust-lang/crates-build-env/linux@sha256:5ff2268d62e97bff2cde7d5815dd6ed5b47097566f13b8d0ca110b04b60e07ed" "/opt/rustwide/cargo-home/bin/cargo" "+beta-2023-04-20" "test" "--frozen", kill_on_drop: false }`
[INFO] [stdout] eca325b522a028c186f8a4713e54f36c861ab5e6d8b675aa5a3e440c84c72c6a
[INFO] running `Command { std: "docker" "start" "-a" "eca325b522a028c186f8a4713e54f36c861ab5e6d8b675aa5a3e440c84c72c6a", kill_on_drop: false }`
[INFO] [stderr]     Finished test [unoptimized + debuginfo] target(s) in 0.01s
[INFO] [stderr]      Running unittests src/lib.rs (/opt/rustwide/target/debug/deps/const_default_derive-02c2b915d55576b2)
[INFO] [stdout] 
[INFO] [stdout] running 0 tests
[INFO] [stdout] 
[INFO] [stdout] test result: ok. 0 passed; 0 failed; 0 ignored; 0 measured; 0 filtered out; finished in 0.00s
[INFO] [stdout] 
[INFO] [stderr]    Doc-tests const-default-derive
[INFO] [stdout] 
[INFO] [stdout] running 2 tests
[INFO] [stdout] test src/lib.rs - derive (line 39) ... FAILED
[INFO] [stdout] test src/lib.rs - derive (line 21) ... FAILED
[INFO] [stdout] 
[INFO] [stdout] failures:
[INFO] [stdout] 
[INFO] [stdout] ---- src/lib.rs - derive (line 39) stdout ----
[INFO] [stdout] error[E0432]: unresolved import `const_default`
[INFO] [stdout]  --> src/lib.rs:40:5
[INFO] [stdout]   |
[INFO] [stdout] 3 | use const_default::ConstDefault;
[INFO] [stdout]   |     ^^^^^^^^^^^^^ use of undeclared crate or module `const_default`
[INFO] [stdout] 
[INFO] [stdout] error: cannot determine resolution for the derive macro `ConstDefault`
[INFO] [stdout]  --> src/lib.rs:41:10
[INFO] [stdout]   |
[INFO] [stdout] 4 | #[derive(ConstDefault)]
[INFO] [stdout]   |          ^^^^^^^^^^^^
[INFO] [stdout]   |
[INFO] [stdout]   = note: import resolution is stuck, try simplifying macro imports
[INFO] [stdout] 
[INFO] [stdout] error: aborting due to 2 previous errors
[INFO] [stdout] 
[INFO] [stdout] For more information about this error, try `rustc --explain E0432`.
[INFO] [stdout] Couldn't compile the test.
[INFO] [stdout] ---- src/lib.rs - derive (line 21) stdout ----
[INFO] [stdout] error[E0432]: unresolved import `const_default`
[INFO] [stdout]  --> src/lib.rs:22:5
[INFO] [stdout]   |
[INFO] [stdout] 3 | use const_default::ConstDefault;
[INFO] [stdout]   |     ^^^^^^^^^^^^^ use of undeclared crate or module `const_default`
[INFO] [stdout] 
[INFO] [stdout] error: cannot determine resolution for the derive macro `ConstDefault`
[INFO] [stdout]  --> src/lib.rs:23:10
[INFO] [stdout]   |
[INFO] [stdout] 4 | #[derive(ConstDefault)]
[INFO] [stdout]   |          ^^^^^^^^^^^^
[INFO] [stdout]   |
[INFO] [stdout]   = note: import resolution is stuck, try simplifying macro imports
[INFO] [stdout] 
[INFO] [stdout] error: aborting due to 2 previous errors
[INFO] [stdout] 
[INFO] [stdout] For more information about this error, try `rustc --explain E0432`.
[INFO] [stdout] Couldn't compile the test.
[INFO] [stdout] 
[INFO] [stdout] failures:
[INFO] [stdout]     src/lib.rs - derive (line 21)
[INFO] [stdout]     src/lib.rs - derive (line 39)
[INFO] [stdout] 
[INFO] [stdout] test result: FAILED. 0 passed; 2 failed; 0 ignored; 0 measured; 0 filtered out; finished in 0.04s
[INFO] [stdout] 
[INFO] [stderr] error: doctest failed, to rerun pass `--doc`
[INFO] running `Command { std: "docker" "inspect" "eca325b522a028c186f8a4713e54f36c861ab5e6d8b675aa5a3e440c84c72c6a", kill_on_drop: false }`
[INFO] running `Command { std: "docker" "rm" "-f" "eca325b522a028c186f8a4713e54f36c861ab5e6d8b675aa5a3e440c84c72c6a", kill_on_drop: false }`
[INFO] [stdout] eca325b522a028c186f8a4713e54f36c861ab5e6d8b675aa5a3e440c84c72c6a
