[INFO] fetching crate comprez 0.2.7...
[INFO] testing comprez-0.2.7 against beta-2023-04-20 for beta-1.70-1
[INFO] extracting crate comprez 0.2.7 into /workspace/builds/worker-6-tc2/source
[INFO] validating manifest of crates.io crate comprez 0.2.7 on toolchain beta-2023-04-20
[INFO] running `Command { std: CARGO_HOME="/workspace/cargo-home" RUSTUP_HOME="/workspace/rustup-home" "/workspace/cargo-home/bin/cargo" "+beta-2023-04-20" "metadata" "--manifest-path" "Cargo.toml" "--no-deps", kill_on_drop: false }`
[INFO] started tweaking crates.io crate comprez 0.2.7
[INFO] finished tweaking crates.io crate comprez 0.2.7
[INFO] tweaked toml for crates.io crate comprez 0.2.7 written to /workspace/builds/worker-6-tc2/source/Cargo.toml
[INFO] running `Command { std: CARGO_HOME="/workspace/cargo-home" RUSTUP_HOME="/workspace/rustup-home" __CARGO_TEST_CHANNEL_OVERRIDE_DO_NOT_USE_THIS="nightly" "/workspace/cargo-home/bin/cargo" "+beta-2023-04-20" "generate-lockfile" "--manifest-path" "Cargo.toml" "-Zno-index-update", kill_on_drop: false }`
[INFO] running `Command { std: CARGO_HOME="/workspace/cargo-home" RUSTUP_HOME="/workspace/rustup-home" "/workspace/cargo-home/bin/cargo" "+beta-2023-04-20" "fetch" "--manifest-path" "Cargo.toml", kill_on_drop: false }`
[INFO] [stderr]  Downloading crates ...
[INFO] [stderr]   Downloaded cast v0.3.0
[INFO] [stderr]   Downloaded criterion-plot v0.4.5
[INFO] [stderr]   Downloaded plotters-svg v0.3.3
[INFO] [stderr]   Downloaded plotters-backend v0.3.4
[INFO] [stderr]   Downloaded lz4_flex v0.9.5
[INFO] [stderr]   Downloaded plotters v0.3.4
[INFO] [stderr]   Downloaded criterion v0.3.6
[INFO] [stderr]   Downloaded csv v1.2.1
[INFO] running `Command { std: "docker" "create" "-v" "/var/lib/crater-agent-workspace/builds/worker-6-tc2/target:/opt/rustwide/target:rw,Z" "-v" "/var/lib/crater-agent-workspace/builds/worker-6-tc2/source:/opt/rustwide/workdir:ro,Z" "-v" "/var/lib/crater-agent-workspace/cargo-home:/opt/rustwide/cargo-home:ro,Z" "-v" "/var/lib/crater-agent-workspace/rustup-home:/opt/rustwide/rustup-home:ro,Z" "-e" "SOURCE_DIR=/opt/rustwide/workdir" "-e" "CARGO_TARGET_DIR=/opt/rustwide/target" "-e" "CARGO_HOME=/opt/rustwide/cargo-home" "-e" "RUSTUP_HOME=/opt/rustwide/rustup-home" "-w" "/opt/rustwide/workdir" "-m" "1610612736" "--user" "0:0" "--network" "none" "ghcr.io/rust-lang/crates-build-env/linux@sha256:5ff2268d62e97bff2cde7d5815dd6ed5b47097566f13b8d0ca110b04b60e07ed" "/opt/rustwide/cargo-home/bin/cargo" "+beta-2023-04-20" "metadata" "--no-deps" "--format-version=1", kill_on_drop: false }`
[INFO] [stdout] 014f2e4a0c73257258640a7966c3dd2a8f7b9f972d283725135bb22468e54b92
[INFO] running `Command { std: "docker" "start" "-a" "014f2e4a0c73257258640a7966c3dd2a8f7b9f972d283725135bb22468e54b92", kill_on_drop: false }`
[INFO] running `Command { std: "docker" "inspect" "014f2e4a0c73257258640a7966c3dd2a8f7b9f972d283725135bb22468e54b92", kill_on_drop: false }`
[INFO] running `Command { std: "docker" "rm" "-f" "014f2e4a0c73257258640a7966c3dd2a8f7b9f972d283725135bb22468e54b92", kill_on_drop: false }`
[INFO] [stdout] 014f2e4a0c73257258640a7966c3dd2a8f7b9f972d283725135bb22468e54b92
[INFO] running `Command { std: "docker" "create" "-v" "/var/lib/crater-agent-workspace/builds/worker-6-tc2/target:/opt/rustwide/target:rw,Z" "-v" "/var/lib/crater-agent-workspace/builds/worker-6-tc2/source:/opt/rustwide/workdir:ro,Z" "-v" "/var/lib/crater-agent-workspace/cargo-home:/opt/rustwide/cargo-home:ro,Z" "-v" "/var/lib/crater-agent-workspace/rustup-home:/opt/rustwide/rustup-home:ro,Z" "-e" "SOURCE_DIR=/opt/rustwide/workdir" "-e" "CARGO_TARGET_DIR=/opt/rustwide/target" "-e" "CARGO_INCREMENTAL=0" "-e" "RUST_BACKTRACE=full" "-e" "RUSTFLAGS=--cap-lints=warn" "-e" "RUSTDOCFLAGS=--cap-lints=warn" "-e" "CARGO_HOME=/opt/rustwide/cargo-home" "-e" "RUSTUP_HOME=/opt/rustwide/rustup-home" "-w" "/opt/rustwide/workdir" "-m" "1610612736" "--user" "0:0" "--network" "none" "ghcr.io/rust-lang/crates-build-env/linux@sha256:5ff2268d62e97bff2cde7d5815dd6ed5b47097566f13b8d0ca110b04b60e07ed" "/opt/rustwide/cargo-home/bin/cargo" "+beta-2023-04-20" "build" "--frozen" "--message-format=json", kill_on_drop: false }`
[INFO] [stdout] 3b121253ff8bbd39e6293f0961bb697290ac8fb0884c7f50fddd462a87bbee63
[INFO] running `Command { std: "docker" "start" "-a" "3b121253ff8bbd39e6293f0961bb697290ac8fb0884c7f50fddd462a87bbee63", kill_on_drop: false }`
[INFO] [stderr]    Compiling static_assertions v1.1.0
[INFO] [stderr]    Compiling twox-hash v1.6.3
[INFO] [stderr]    Compiling lz4_flex v0.9.5
[INFO] [stderr]    Compiling comprez v0.2.7 (/opt/rustwide/workdir)
[INFO] [stderr]     Finished dev [unoptimized + debuginfo] target(s) in 2.68s
[INFO] running `Command { std: "docker" "inspect" "3b121253ff8bbd39e6293f0961bb697290ac8fb0884c7f50fddd462a87bbee63", kill_on_drop: false }`
[INFO] running `Command { std: "docker" "rm" "-f" "3b121253ff8bbd39e6293f0961bb697290ac8fb0884c7f50fddd462a87bbee63", kill_on_drop: false }`
[INFO] [stdout] 3b121253ff8bbd39e6293f0961bb697290ac8fb0884c7f50fddd462a87bbee63
[INFO] running `Command { std: "docker" "create" "-v" "/var/lib/crater-agent-workspace/builds/worker-6-tc2/target:/opt/rustwide/target:rw,Z" "-v" "/var/lib/crater-agent-workspace/builds/worker-6-tc2/source:/opt/rustwide/workdir:ro,Z" "-v" "/var/lib/crater-agent-workspace/cargo-home:/opt/rustwide/cargo-home:ro,Z" "-v" "/var/lib/crater-agent-workspace/rustup-home:/opt/rustwide/rustup-home:ro,Z" "-e" "SOURCE_DIR=/opt/rustwide/workdir" "-e" "CARGO_TARGET_DIR=/opt/rustwide/target" "-e" "CARGO_INCREMENTAL=0" "-e" "RUST_BACKTRACE=full" "-e" "RUSTFLAGS=--cap-lints=warn" "-e" "RUSTDOCFLAGS=--cap-lints=warn" "-e" "CARGO_HOME=/opt/rustwide/cargo-home" "-e" "RUSTUP_HOME=/opt/rustwide/rustup-home" "-w" "/opt/rustwide/workdir" "-m" "1610612736" "--user" "0:0" "--network" "none" "ghcr.io/rust-lang/crates-build-env/linux@sha256:5ff2268d62e97bff2cde7d5815dd6ed5b47097566f13b8d0ca110b04b60e07ed" "/opt/rustwide/cargo-home/bin/cargo" "+beta-2023-04-20" "test" "--frozen" "--no-run" "--message-format=json", kill_on_drop: false }`
[INFO] [stdout] f41a785ff835b1b7501a4ebd8ab85f61bf7dd95bac95f3cf7f411c3af5f0cda1
[INFO] running `Command { std: "docker" "start" "-a" "f41a785ff835b1b7501a4ebd8ab85f61bf7dd95bac95f3cf7f411c3af5f0cda1", kill_on_drop: false }`
[INFO] [stderr]    Compiling autocfg v1.1.0
[INFO] [stderr]    Compiling libc v0.2.142
[INFO] [stderr]    Compiling crossbeam-utils v0.8.15
[INFO] [stderr]    Compiling serde v1.0.160
[INFO] [stderr]    Compiling memchr v2.5.0
[INFO] [stderr]    Compiling scopeguard v1.1.0
[INFO] [stderr]    Compiling ryu v1.0.13
[INFO] [stderr]    Compiling rayon-core v1.11.0
[INFO] [stderr]    Compiling serde_json v1.0.96
[INFO] [stderr]    Compiling itoa v1.0.6
[INFO] [stderr]    Compiling either v1.8.1
[INFO] [stderr]    Compiling plotters-backend v0.3.4
[INFO] [stderr]    Compiling half v1.8.2
[INFO] [stderr]    Compiling memoffset v0.8.0
[INFO] [stderr]    Compiling crossbeam-epoch v0.9.14
[INFO] [stderr]    Compiling num-traits v0.2.15
[INFO] [stderr]    Compiling csv-core v0.1.10
[INFO] [stderr]    Compiling crossbeam-channel v0.5.8
[INFO] [stderr]    Compiling plotters-svg v0.3.3
[INFO] [stderr]    Compiling num_cpus v1.15.0
[INFO] [stderr]    Compiling getrandom v0.2.9
[INFO] [stderr]    Compiling itertools v0.10.5
[INFO] [stderr]    Compiling crossbeam-deque v0.8.3
[INFO] [stderr]    Compiling rand_core v0.6.4
[INFO] [stderr]    Compiling regex-syntax v0.7.1
[INFO] [stderr]    Compiling cast v0.3.0
[INFO] [stderr]    Compiling same-file v1.0.6
[INFO] [stderr]    Compiling ppv-lite86 v0.2.17
[INFO] [stderr]    Compiling walkdir v2.3.3
[INFO] [stderr]    Compiling clap v2.34.0
[INFO] [stderr]    Compiling rand_chacha v0.3.1
[INFO] [stderr]    Compiling rayon v1.7.0
[INFO] [stderr]    Compiling plotters v0.3.4
[INFO] [stderr]    Compiling criterion-plot v0.4.5
[INFO] [stderr]    Compiling regex v1.8.1
[INFO] [stderr]    Compiling atty v0.2.14
[INFO] [stderr]    Compiling oorandom v11.1.3
[INFO] [stderr]    Compiling rand v0.8.5
[INFO] [stderr]    Compiling csv v1.2.1
[INFO] [stderr]    Compiling serde_cbor v0.11.2
[INFO] [stderr]    Compiling tinytemplate v1.2.1
[INFO] [stderr]    Compiling criterion v0.3.6
[INFO] [stderr]    Compiling comprez v0.2.7 (/opt/rustwide/workdir)
[INFO] [stderr]     Finished test [unoptimized + debuginfo] target(s) in 29.90s
[INFO] running `Command { std: "docker" "inspect" "f41a785ff835b1b7501a4ebd8ab85f61bf7dd95bac95f3cf7f411c3af5f0cda1", kill_on_drop: false }`
[INFO] running `Command { std: "docker" "rm" "-f" "f41a785ff835b1b7501a4ebd8ab85f61bf7dd95bac95f3cf7f411c3af5f0cda1", kill_on_drop: false }`
[INFO] [stdout] f41a785ff835b1b7501a4ebd8ab85f61bf7dd95bac95f3cf7f411c3af5f0cda1
[INFO] running `Command { std: "docker" "create" "-v" "/var/lib/crater-agent-workspace/builds/worker-6-tc2/target:/opt/rustwide/target:rw,Z" "-v" "/var/lib/crater-agent-workspace/builds/worker-6-tc2/source:/opt/rustwide/workdir:ro,Z" "-v" "/var/lib/crater-agent-workspace/cargo-home:/opt/rustwide/cargo-home:ro,Z" "-v" "/var/lib/crater-agent-workspace/rustup-home:/opt/rustwide/rustup-home:ro,Z" "-e" "SOURCE_DIR=/opt/rustwide/workdir" "-e" "CARGO_TARGET_DIR=/opt/rustwide/target" "-e" "CARGO_INCREMENTAL=0" "-e" "RUST_BACKTRACE=full" "-e" "RUSTFLAGS=--cap-lints=warn" "-e" "RUSTDOCFLAGS=--cap-lints=warn" "-e" "CARGO_HOME=/opt/rustwide/cargo-home" "-e" "RUSTUP_HOME=/opt/rustwide/rustup-home" "-w" "/opt/rustwide/workdir" "-m" "1610612736" "--user" "0:0" "--network" "none" "ghcr.io/rust-lang/crates-build-env/linux@sha256:5ff2268d62e97bff2cde7d5815dd6ed5b47097566f13b8d0ca110b04b60e07ed" "/opt/rustwide/cargo-home/bin/cargo" "+beta-2023-04-20" "test" "--frozen", kill_on_drop: false }`
[INFO] [stdout] ec1d5c5aae4c5add6a4c22387776217b3f65062f96d8e47b9610f785e298ad71
[INFO] running `Command { std: "docker" "start" "-a" "ec1d5c5aae4c5add6a4c22387776217b3f65062f96d8e47b9610f785e298ad71", kill_on_drop: false }`
[INFO] [stderr]     Finished test [unoptimized + debuginfo] target(s) in 0.07s
[INFO] [stdout] 
[INFO] [stderr]      Running unittests src/lib.rs (/opt/rustwide/target/debug/deps/comprez-0b959c6c1e991f4c)
[INFO] [stdout] running 0 tests
[INFO] [stdout] 
[INFO] [stdout] test result: ok. 0 passed; 0 failed; 0 ignored; 0 measured; 0 filtered out; finished in 0.00s
[INFO] [stdout] 
[INFO] [stderr]    Doc-tests comprez
[INFO] [stdout] 
[INFO] [stdout] running 2 tests
[INFO] [stdout] test src/lib.rs - (line 15) ... FAILED
[INFO] [stdout] test src/comprezable.rs - comprezable::Comprezable::compress (line 6) ... FAILED
[INFO] [stdout] 
[INFO] [stdout] failures:
[INFO] [stdout] 
[INFO] [stdout] ---- src/lib.rs - (line 15) stdout ----
[INFO] [stdout] error: expected one of `.`, `?`, `]`, or an operator, found `,`
[INFO] [stdout]   --> src/lib.rs:49:21
[INFO] [stdout]    |
[INFO] [stdout] 29 |     let demo_data = Mystruct {
[INFO] [stdout]    |                     -------- while parsing this struct
[INFO] [stdout] ...
[INFO] [stdout] 36 |         vec3: vec[11, 12, 13, 14],
[INFO] [stdout]    |                     ^ expected one of `.`, `?`, `]`, or an operator
[INFO] [stdout] 
[INFO] [stdout] error: expected identifier, found `12`
[INFO] [stdout]   --> src/lib.rs:49:23
[INFO] [stdout]    |
[INFO] [stdout] 29 |     let demo_data = Mystruct {
[INFO] [stdout]    |                     -------- while parsing this struct
[INFO] [stdout] ...
[INFO] [stdout] 36 |         vec3: vec[11, 12, 13, 14],
[INFO] [stdout]    |                       ^^ expected identifier
[INFO] [stdout] 
[INFO] [stdout] error: expected identifier, found `13`
[INFO] [stdout]   --> src/lib.rs:49:27
[INFO] [stdout]    |
[INFO] [stdout] 29 |     let demo_data = Mystruct {
[INFO] [stdout]    |                     -------- while parsing this struct
[INFO] [stdout] ...
[INFO] [stdout] 36 |         vec3: vec[11, 12, 13, 14],
[INFO] [stdout]    |                           ^^ expected identifier
[INFO] [stdout] 
[INFO] [stdout] error: expected identifier, found `14`
[INFO] [stdout]   --> src/lib.rs:49:31
[INFO] [stdout]    |
[INFO] [stdout] 29 |     let demo_data = Mystruct {
[INFO] [stdout]    |                     -------- while parsing this struct
[INFO] [stdout] ...
[INFO] [stdout] 36 |         vec3: vec[11, 12, 13, 14],
[INFO] [stdout]    |                               ^^ expected identifier
[INFO] [stdout] 
[INFO] [stdout] error: expected `;`, found keyword `let`
[INFO] [stdout]   --> src/lib.rs:52:51
[INFO] [stdout]    |
[INFO] [stdout] 39 |     let compressed = demo_data.compress().unwrap()
[INFO] [stdout]    |                                                   ^ help: add `;` here
[INFO] [stdout] 40 |     let compressed_bytes = compressed.to_bytes();
[INFO] [stdout]    |     --- unexpected token
[INFO] [stdout] 
[INFO] [stdout] error[E0432]: unresolved import `comprez_macro`
[INFO] [stdout]  --> src/lib.rs:17:5
[INFO] [stdout]   |
[INFO] [stdout] 4 | use comprez_macro::Comprezable;
[INFO] [stdout]   |     ^^^^^^^^^^^^^ use of undeclared crate or module `comprez_macro`
[INFO] [stdout] 
[INFO] [stdout] error: cannot determine resolution for the derive macro `Comprezable`
[INFO] [stdout]  --> src/lib.rs:20:10
[INFO] [stdout]   |
[INFO] [stdout] 7 | #[derive(Comprezable, Debug)]
[INFO] [stdout]   |          ^^^^^^^^^^^
[INFO] [stdout]   |
[INFO] [stdout]   = note: import resolution is stuck, try simplifying macro imports
[INFO] [stdout] 
[INFO] [stdout] error: cannot find attribute `maxNum` in this scope
[INFO] [stdout]  --> src/lib.rs:22:7
[INFO] [stdout]   |
[INFO] [stdout] 9 |     #[maxNum=10000] //Compulsory for each field
[INFO] [stdout]   |       ^^^^^^
[INFO] [stdout] 
[INFO] [stdout] error: cannot find attribute `maxNum` in this scope
[INFO] [stdout]   --> src/lib.rs:24:7
[INFO] [stdout]    |
[INFO] [stdout] 11 |     #[maxNum=888]
[INFO] [stdout]    |       ^^^^^^
[INFO] [stdout] 
[INFO] [stdout] error: cannot find attribute `maxNum` in this scope
[INFO] [stdout]   --> src/lib.rs:26:7
[INFO] [stdout]    |
[INFO] [stdout] 13 |     #[maxNum=100] //from -100 to 100
[INFO] [stdout]    |       ^^^^^^
[INFO] [stdout] 
[INFO] [stdout] error: cannot find attribute `maxNum` in this scope
[INFO] [stdout]   --> src/lib.rs:31:7
[INFO] [stdout]    |
[INFO] [stdout] 18 |     #[maxNum=200] 
[INFO] [stdout]    |       ^^^^^^
[INFO] [stdout] 
[INFO] [stdout] error: cannot determine resolution for the derive macro `Comprezable`
[INFO] [stdout]   --> src/lib.rs:35:10
[INFO] [stdout]    |
[INFO] [stdout] 22 | #[derive(Comprezable, Debug)]
[INFO] [stdout]    |          ^^^^^^^^^^^
[INFO] [stdout]    |
[INFO] [stdout]    = note: import resolution is stuck, try simplifying macro imports
[INFO] [stdout] 
[INFO] [stdout] error: cannot find attribute `maxNum` in this scope
[INFO] [stdout]   --> src/lib.rs:37:7
[INFO] [stdout]    |
[INFO] [stdout] 24 |     #[maxNum=1000000]
[INFO] [stdout]    |       ^^^^^^
[INFO] [stdout] 
[INFO] [stdout] error[E0422]: cannot find struct, variant or union type `Mystruct` in this scope
[INFO] [stdout]   --> src/lib.rs:42:21
[INFO] [stdout]    |
[INFO] [stdout] 8  | struct MyStruct {
[INFO] [stdout]    | --------------- similarly named struct `MyStruct` defined here
[INFO] [stdout] ...
[INFO] [stdout] 29 |     let demo_data = Mystruct {
[INFO] [stdout]    |                     ^^^^^^^^ help: a struct with a similar name exists (notice the capitalization): `MyStruct`
[INFO] [stdout] 
[INFO] [stdout] error[E0433]: failed to resolve: use of undeclared type `Compressed`
[INFO] [stdout]   --> src/lib.rs:56:22
[INFO] [stdout]    |
[INFO] [stdout] 43 |     let compressed = Compressed::from_bytes(compressed_bytes);
[INFO] [stdout]    |                      ^^^^^^^^^^ use of undeclared type `Compressed`
[INFO] [stdout]    |
[INFO] [stdout] help: consider importing this enum
[INFO] [stdout]    |
[INFO] [stdout] 4  + use comprez::Compressed;
[INFO] [stdout]    |
[INFO] [stdout] 
[INFO] [stdout] error[E0433]: failed to resolve: use of undeclared type `Compressed`
[INFO] [stdout]   --> src/lib.rs:57:22
[INFO] [stdout]    |
[INFO] [stdout] 44 |     let compressed = Compressed::from_binaries(compressed_binaries);
[INFO] [stdout]    |                      ^^^^^^^^^^ use of undeclared type `Compressed`
[INFO] [stdout]    |
[INFO] [stdout] help: consider importing this enum
[INFO] [stdout]    |
[INFO] [stdout] 4  + use comprez::Compressed;
[INFO] [stdout]    |
[INFO] [stdout] 
[INFO] [stdout] error[E0433]: failed to resolve: use of undeclared type `Mystruct`
[INFO] [stdout]   --> src/lib.rs:58:24
[INFO] [stdout]    |
[INFO] [stdout] 45 |     let decompressed = Mystruct::decompressed(compressed).unwrap();
[INFO] [stdout]    |                        ^^^^^^^^
[INFO] [stdout]    |                        |
[INFO] [stdout]    |                        use of undeclared type `Mystruct`
[INFO] [stdout]    |                        help: a struct with a similar name exists (notice the capitalization): `MyStruct`
[INFO] [stdout] 
[INFO] [stdout] error: aborting due to 17 previous errors
[INFO] [stdout] 
[INFO] [stdout] Some errors have detailed explanations: E0422, E0432, E0433.
[INFO] [stdout] For more information about an error, try `rustc --explain E0422`.
[INFO] [stdout] Couldn't compile the test.
[INFO] [stdout] ---- src/comprezable.rs - comprezable::Comprezable::compress (line 6) stdout ----
[INFO] [stdout] error[E0432]: unresolved import `comprez_macro`
[INFO] [stdout]  --> src/comprezable.rs:7:5
[INFO] [stdout]   |
[INFO] [stdout] 3 | use comprez_macro::Comprezable;
[INFO] [stdout]   |     ^^^^^^^^^^^^^ use of undeclared crate or module `comprez_macro`
[INFO] [stdout] 
[INFO] [stdout] error: cannot determine resolution for the derive macro `Comprezable`
[INFO] [stdout]  --> src/comprezable.rs:10:10
[INFO] [stdout]   |
[INFO] [stdout] 6 | #[derive(Comprezable, Debug)]
[INFO] [stdout]   |          ^^^^^^^^^^^
[INFO] [stdout]   |
[INFO] [stdout]   = note: import resolution is stuck, try simplifying macro imports
[INFO] [stdout] 
[INFO] [stdout] error[E0599]: no method named `compressed` found for struct `MyStruct` in the current scope
[INFO] [stdout]   --> src/comprezable.rs:17:27
[INFO] [stdout]    |
[INFO] [stdout] 7  | struct MyStruct {
[INFO] [stdout]    | --------------- method `compressed` not found for this struct
[INFO] [stdout] ...
[INFO] [stdout] 13 |     let compressed = demo.compressed().unwrap();
[INFO] [stdout]    |                           ^^^^^^^^^^ method not found in `MyStruct`
[INFO] [stdout] 
[INFO] [stdout] error: aborting due to 3 previous errors
[INFO] [stdout] 
[INFO] [stdout] Some errors have detailed explanations: E0432, E0599.
[INFO] [stdout] For more information about an error, try `rustc --explain E0432`.
[INFO] [stdout] Couldn't compile the test.
[INFO] [stdout] 
[INFO] [stdout] failures:
[INFO] [stdout]     src/comprezable.rs - comprezable::Comprezable::compress (line 6)
[INFO] [stdout]     src/lib.rs - (line 15)
[INFO] [stdout] 
[INFO] [stdout] test result: FAILED. 0 passed; 2 failed; 0 ignored; 0 measured; 0 filtered out; finished in 0.14s
[INFO] [stdout] 
[INFO] [stderr] error: doctest failed, to rerun pass `--doc`
[INFO] running `Command { std: "docker" "inspect" "ec1d5c5aae4c5add6a4c22387776217b3f65062f96d8e47b9610f785e298ad71", kill_on_drop: false }`
[INFO] running `Command { std: "docker" "rm" "-f" "ec1d5c5aae4c5add6a4c22387776217b3f65062f96d8e47b9610f785e298ad71", kill_on_drop: false }`
[INFO] [stdout] ec1d5c5aae4c5add6a4c22387776217b3f65062f96d8e47b9610f785e298ad71
