[INFO] fetching crate coloured-strings 0.1.10...
[INFO] testing coloured-strings-0.1.10 against beta-2023-04-20 for beta-1.70-1
[INFO] extracting crate coloured-strings 0.1.10 into /workspace/builds/worker-2-tc2/source
[INFO] validating manifest of crates.io crate coloured-strings 0.1.10 on toolchain beta-2023-04-20
[INFO] running `Command { std: CARGO_HOME="/workspace/cargo-home" RUSTUP_HOME="/workspace/rustup-home" "/workspace/cargo-home/bin/cargo" "+beta-2023-04-20" "metadata" "--manifest-path" "Cargo.toml" "--no-deps", kill_on_drop: false }`
[INFO] started tweaking crates.io crate coloured-strings 0.1.10
[INFO] finished tweaking crates.io crate coloured-strings 0.1.10
[INFO] tweaked toml for crates.io crate coloured-strings 0.1.10 written to /workspace/builds/worker-2-tc2/source/Cargo.toml
[INFO] running `Command { std: CARGO_HOME="/workspace/cargo-home" RUSTUP_HOME="/workspace/rustup-home" __CARGO_TEST_CHANNEL_OVERRIDE_DO_NOT_USE_THIS="nightly" "/workspace/cargo-home/bin/cargo" "+beta-2023-04-20" "generate-lockfile" "--manifest-path" "Cargo.toml" "-Zno-index-update", kill_on_drop: false }`
[INFO] running `Command { std: CARGO_HOME="/workspace/cargo-home" RUSTUP_HOME="/workspace/rustup-home" "/workspace/cargo-home/bin/cargo" "+beta-2023-04-20" "fetch" "--manifest-path" "Cargo.toml", kill_on_drop: false }`
[INFO] running `Command { std: "docker" "create" "-v" "/var/lib/crater-agent-workspace/builds/worker-2-tc2/target:/opt/rustwide/target:rw,Z" "-v" "/var/lib/crater-agent-workspace/builds/worker-2-tc2/source:/opt/rustwide/workdir:ro,Z" "-v" "/var/lib/crater-agent-workspace/cargo-home:/opt/rustwide/cargo-home:ro,Z" "-v" "/var/lib/crater-agent-workspace/rustup-home:/opt/rustwide/rustup-home:ro,Z" "-e" "SOURCE_DIR=/opt/rustwide/workdir" "-e" "CARGO_TARGET_DIR=/opt/rustwide/target" "-e" "CARGO_HOME=/opt/rustwide/cargo-home" "-e" "RUSTUP_HOME=/opt/rustwide/rustup-home" "-w" "/opt/rustwide/workdir" "-m" "1610612736" "--user" "0:0" "--network" "none" "ghcr.io/rust-lang/crates-build-env/linux@sha256:5ff2268d62e97bff2cde7d5815dd6ed5b47097566f13b8d0ca110b04b60e07ed" "/opt/rustwide/cargo-home/bin/cargo" "+beta-2023-04-20" "metadata" "--no-deps" "--format-version=1", kill_on_drop: false }`
[INFO] [stdout] cc5855fff5ba8aa5972a872c4bdccaa387467cc4c4790cf171ba2f30e4fe9e61
[INFO] running `Command { std: "docker" "start" "-a" "cc5855fff5ba8aa5972a872c4bdccaa387467cc4c4790cf171ba2f30e4fe9e61", kill_on_drop: false }`
[INFO] running `Command { std: "docker" "inspect" "cc5855fff5ba8aa5972a872c4bdccaa387467cc4c4790cf171ba2f30e4fe9e61", kill_on_drop: false }`
[INFO] running `Command { std: "docker" "rm" "-f" "cc5855fff5ba8aa5972a872c4bdccaa387467cc4c4790cf171ba2f30e4fe9e61", kill_on_drop: false }`
[INFO] [stdout] cc5855fff5ba8aa5972a872c4bdccaa387467cc4c4790cf171ba2f30e4fe9e61
[INFO] running `Command { std: "docker" "create" "-v" "/var/lib/crater-agent-workspace/builds/worker-2-tc2/target:/opt/rustwide/target:rw,Z" "-v" "/var/lib/crater-agent-workspace/builds/worker-2-tc2/source:/opt/rustwide/workdir:ro,Z" "-v" "/var/lib/crater-agent-workspace/cargo-home:/opt/rustwide/cargo-home:ro,Z" "-v" "/var/lib/crater-agent-workspace/rustup-home:/opt/rustwide/rustup-home:ro,Z" "-e" "SOURCE_DIR=/opt/rustwide/workdir" "-e" "CARGO_TARGET_DIR=/opt/rustwide/target" "-e" "CARGO_INCREMENTAL=0" "-e" "RUST_BACKTRACE=full" "-e" "RUSTFLAGS=--cap-lints=warn" "-e" "RUSTDOCFLAGS=--cap-lints=warn" "-e" "CARGO_HOME=/opt/rustwide/cargo-home" "-e" "RUSTUP_HOME=/opt/rustwide/rustup-home" "-w" "/opt/rustwide/workdir" "-m" "1610612736" "--user" "0:0" "--network" "none" "ghcr.io/rust-lang/crates-build-env/linux@sha256:5ff2268d62e97bff2cde7d5815dd6ed5b47097566f13b8d0ca110b04b60e07ed" "/opt/rustwide/cargo-home/bin/cargo" "+beta-2023-04-20" "build" "--frozen" "--message-format=json", kill_on_drop: false }`
[INFO] [stdout] 7a81e776991a6944d74f53bd260d4ba52fe24342719e0700fe6b255a8165c01c
[INFO] running `Command { std: "docker" "start" "-a" "7a81e776991a6944d74f53bd260d4ba52fe24342719e0700fe6b255a8165c01c", kill_on_drop: false }`
[INFO] [stderr]    Compiling coloured-strings v0.1.10 (/opt/rustwide/workdir)
[INFO] [stderr]     Finished dev [unoptimized + debuginfo] target(s) in 0.28s
[INFO] running `Command { std: "docker" "inspect" "7a81e776991a6944d74f53bd260d4ba52fe24342719e0700fe6b255a8165c01c", kill_on_drop: false }`
[INFO] running `Command { std: "docker" "rm" "-f" "7a81e776991a6944d74f53bd260d4ba52fe24342719e0700fe6b255a8165c01c", kill_on_drop: false }`
[INFO] [stdout] 7a81e776991a6944d74f53bd260d4ba52fe24342719e0700fe6b255a8165c01c
[INFO] running `Command { std: "docker" "create" "-v" "/var/lib/crater-agent-workspace/builds/worker-2-tc2/target:/opt/rustwide/target:rw,Z" "-v" "/var/lib/crater-agent-workspace/builds/worker-2-tc2/source:/opt/rustwide/workdir:ro,Z" "-v" "/var/lib/crater-agent-workspace/cargo-home:/opt/rustwide/cargo-home:ro,Z" "-v" "/var/lib/crater-agent-workspace/rustup-home:/opt/rustwide/rustup-home:ro,Z" "-e" "SOURCE_DIR=/opt/rustwide/workdir" "-e" "CARGO_TARGET_DIR=/opt/rustwide/target" "-e" "CARGO_INCREMENTAL=0" "-e" "RUST_BACKTRACE=full" "-e" "RUSTFLAGS=--cap-lints=warn" "-e" "RUSTDOCFLAGS=--cap-lints=warn" "-e" "CARGO_HOME=/opt/rustwide/cargo-home" "-e" "RUSTUP_HOME=/opt/rustwide/rustup-home" "-w" "/opt/rustwide/workdir" "-m" "1610612736" "--user" "0:0" "--network" "none" "ghcr.io/rust-lang/crates-build-env/linux@sha256:5ff2268d62e97bff2cde7d5815dd6ed5b47097566f13b8d0ca110b04b60e07ed" "/opt/rustwide/cargo-home/bin/cargo" "+beta-2023-04-20" "test" "--frozen" "--no-run" "--message-format=json", kill_on_drop: false }`
[INFO] [stdout] c49524052853813fdcdddc26057d97d4677d81bbe4780a62f13d28cc74ba1d95
[INFO] running `Command { std: "docker" "start" "-a" "c49524052853813fdcdddc26057d97d4677d81bbe4780a62f13d28cc74ba1d95", kill_on_drop: false }`
[INFO] [stderr]    Compiling coloured-strings v0.1.10 (/opt/rustwide/workdir)
[INFO] [stderr]     Finished test [unoptimized + debuginfo] target(s) in 0.52s
[INFO] running `Command { std: "docker" "inspect" "c49524052853813fdcdddc26057d97d4677d81bbe4780a62f13d28cc74ba1d95", kill_on_drop: false }`
[INFO] running `Command { std: "docker" "rm" "-f" "c49524052853813fdcdddc26057d97d4677d81bbe4780a62f13d28cc74ba1d95", kill_on_drop: false }`
[INFO] [stdout] c49524052853813fdcdddc26057d97d4677d81bbe4780a62f13d28cc74ba1d95
[INFO] running `Command { std: "docker" "create" "-v" "/var/lib/crater-agent-workspace/builds/worker-2-tc2/target:/opt/rustwide/target:rw,Z" "-v" "/var/lib/crater-agent-workspace/builds/worker-2-tc2/source:/opt/rustwide/workdir:ro,Z" "-v" "/var/lib/crater-agent-workspace/cargo-home:/opt/rustwide/cargo-home:ro,Z" "-v" "/var/lib/crater-agent-workspace/rustup-home:/opt/rustwide/rustup-home:ro,Z" "-e" "SOURCE_DIR=/opt/rustwide/workdir" "-e" "CARGO_TARGET_DIR=/opt/rustwide/target" "-e" "CARGO_INCREMENTAL=0" "-e" "RUST_BACKTRACE=full" "-e" "RUSTFLAGS=--cap-lints=warn" "-e" "RUSTDOCFLAGS=--cap-lints=warn" "-e" "CARGO_HOME=/opt/rustwide/cargo-home" "-e" "RUSTUP_HOME=/opt/rustwide/rustup-home" "-w" "/opt/rustwide/workdir" "-m" "1610612736" "--user" "0:0" "--network" "none" "ghcr.io/rust-lang/crates-build-env/linux@sha256:5ff2268d62e97bff2cde7d5815dd6ed5b47097566f13b8d0ca110b04b60e07ed" "/opt/rustwide/cargo-home/bin/cargo" "+beta-2023-04-20" "test" "--frozen", kill_on_drop: false }`
[INFO] [stdout] 9717c97a040ad08bcb68e6c8a44e6dd9ce1f9d7dc300297a2003697291ccaa1e
[INFO] running `Command { std: "docker" "start" "-a" "9717c97a040ad08bcb68e6c8a44e6dd9ce1f9d7dc300297a2003697291ccaa1e", kill_on_drop: false }`
[INFO] [stderr]     Finished test [unoptimized + debuginfo] target(s) in 0.01s
[INFO] [stderr]      Running unittests src/lib.rs (/opt/rustwide/target/debug/deps/coloured_strings-1542507c5ce2a1e6)
[INFO] [stdout] 
[INFO] [stderr]    Doc-tests coloured-strings
[INFO] [stdout] running 0 tests
[INFO] [stdout] 
[INFO] [stdout] test result: ok. 0 passed; 0 failed; 0 ignored; 0 measured; 0 filtered out; finished in 0.00s
[INFO] [stdout] 
[INFO] [stdout] 
[INFO] [stdout] running 3 tests
[INFO] [stdout] test src/lib.rs - custom_colour (line 134) ... FAILED
[INFO] [stdout] test src/lib.rs - colour (line 15) ... FAILED
[INFO] [stdout] test src/lib.rs - colour (line 21) ... FAILED
[INFO] [stdout] 
[INFO] [stdout] failures:
[INFO] [stdout] 
[INFO] [stdout] ---- src/lib.rs - custom_colour (line 134) stdout ----
[INFO] [stdout] error[E0425]: cannot find function `custom_colour` in this scope
[INFO] [stdout]  --> src/lib.rs:135:1
[INFO] [stdout]   |
[INFO] [stdout] 3 | custom_colour("foreground", true, 200, 240, 100);
[INFO] [stdout]   | ^^^^^^^^^^^^^ not found in this scope
[INFO] [stdout]   |
[INFO] [stdout] help: consider importing this function
[INFO] [stdout]   |
[INFO] [stdout] 2 + use coloured_strings::custom_colour;
[INFO] [stdout]   |
[INFO] [stdout] 
[INFO] [stdout] error[E0425]: cannot find function `custom_colour` in this scope
[INFO] [stdout]  --> src/lib.rs:136:1
[INFO] [stdout]   |
[INFO] [stdout] 4 | custom_colour("background", false, 200, 100, 200);
[INFO] [stdout]   | ^^^^^^^^^^^^^ not found in this scope
[INFO] [stdout]   |
[INFO] [stdout] help: consider importing this function
[INFO] [stdout]   |
[INFO] [stdout] 2 + use coloured_strings::custom_colour;
[INFO] [stdout]   |
[INFO] [stdout] 
[INFO] [stdout] error: aborting due to 2 previous errors
[INFO] [stdout] 
[INFO] [stdout] For more information about this error, try `rustc --explain E0425`.
[INFO] [stdout] Couldn't compile the test.
[INFO] [stdout] ---- src/lib.rs - colour (line 15) stdout ----
[INFO] [stdout] error[E0425]: cannot find function `colour` in this scope
[INFO] [stdout]  --> src/lib.rs:16:1
[INFO] [stdout]   |
[INFO] [stdout] 3 | colour("this is a black string", "black");
[INFO] [stdout]   | ^^^^^^ not found in this scope
[INFO] [stdout]   |
[INFO] [stdout] help: consider importing this function
[INFO] [stdout]   |
[INFO] [stdout] 2 + use coloured_strings::colour;
[INFO] [stdout]   |
[INFO] [stdout] 
[INFO] [stdout] error[E0425]: cannot find function `colour` in this scope
[INFO] [stdout]  --> src/lib.rs:17:1
[INFO] [stdout]   |
[INFO] [stdout] 4 | colour("this is a underlined string", "u");
[INFO] [stdout]   | ^^^^^^ not found in this scope
[INFO] [stdout]   |
[INFO] [stdout] help: consider importing this function
[INFO] [stdout]   |
[INFO] [stdout] 2 + use coloured_strings::colour;
[INFO] [stdout]   |
[INFO] [stdout] 
[INFO] [stdout] error: aborting due to 2 previous errors
[INFO] [stdout] 
[INFO] [stdout] For more information about this error, try `rustc --explain E0425`.
[INFO] [stdout] Couldn't compile the test.
[INFO] [stdout] ---- src/lib.rs - colour (line 21) stdout ----
[INFO] [stdout] error: expected `;`, found `"red"`
[INFO] [stdout]  --> src/lib.rs:23:14
[INFO] [stdout]   |
[INFO] [stdout] 4 | "black" | "b"
[INFO] [stdout]   |              ^ help: add `;` here
[INFO] [stdout] 5 |     "red" | "r"
[INFO] [stdout]   |     ----- unexpected token
[INFO] [stdout] 
[INFO] [stdout] error: expected `;`, found `"green"`
[INFO] [stdout]  --> src/lib.rs:24:16
[INFO] [stdout]   |
[INFO] [stdout] 5 |     "red" | "r"
[INFO] [stdout]   |                ^ help: add `;` here
[INFO] [stdout] 6 |     "green" | "g"
[INFO] [stdout]   |     ------- unexpected token
[INFO] [stdout] 
[INFO] [stdout] error: expected `;`, found `"yellow"`
[INFO] [stdout]  --> src/lib.rs:25:18
[INFO] [stdout]   |
[INFO] [stdout] 6 |     "green" | "g"
[INFO] [stdout]   |                  ^ help: add `;` here
[INFO] [stdout] 7 |     "yellow" | "y"
[INFO] [stdout]   |     -------- unexpected token
[INFO] [stdout] 
[INFO] [stdout] error: expected `;`, found `"blue"`
[INFO] [stdout]  --> src/lib.rs:26:19
[INFO] [stdout]   |
[INFO] [stdout] 7 |     "yellow" | "y"
[INFO] [stdout]   |                   ^ help: add `;` here
[INFO] [stdout] 8 |     "blue" | "bl"
[INFO] [stdout]   |     ------ unexpected token
[INFO] [stdout] 
[INFO] [stdout] error: expected `;`, found `"magenta"`
[INFO] [stdout]  --> src/lib.rs:27:18
[INFO] [stdout]   |
[INFO] [stdout] 8 |     "blue" | "bl"
[INFO] [stdout]   |                  ^ help: add `;` here
[INFO] [stdout] 9 |     "magenta" | "m"
[INFO] [stdout]   |     --------- unexpected token
[INFO] [stdout] 
[INFO] [stdout] error: expected `;`, found `"cyan"`
[INFO] [stdout]   --> src/lib.rs:28:20
[INFO] [stdout]    |
[INFO] [stdout] 9  |     "magenta" | "m"
[INFO] [stdout]    |                    ^ help: add `;` here
[INFO] [stdout] 10 |     "cyan" | "c"
[INFO] [stdout]    |     ------ unexpected token
[INFO] [stdout] 
[INFO] [stdout] error: expected `;`, found `"white"`
[INFO] [stdout]   --> src/lib.rs:29:17
[INFO] [stdout]    |
[INFO] [stdout] 10 |     "cyan" | "c"
[INFO] [stdout]    |                 ^ help: add `;` here
[INFO] [stdout] 11 |     "white"| "w"
[INFO] [stdout]    |     ------- unexpected token
[INFO] [stdout] 
[INFO] [stdout] error: expected `;`, found `"brightblack"`
[INFO] [stdout]   --> src/lib.rs:30:17
[INFO] [stdout]    |
[INFO] [stdout] 11 |     "white"| "w"
[INFO] [stdout]    |                 ^ help: add `;` here
[INFO] [stdout] ...
[INFO] [stdout] 14 |     "brightblack" | "bb" 
[INFO] [stdout]    |     ------------- unexpected token
[INFO] [stdout] 
[INFO] [stdout] error: expected `;`, found `"brightred"`
[INFO] [stdout]   --> src/lib.rs:33:25
[INFO] [stdout]    |
[INFO] [stdout] 14 |     "brightblack" | "bb" 
[INFO] [stdout]    |                         ^ help: add `;` here
[INFO] [stdout] 15 |     "brightred" | "br"   
[INFO] [stdout]    |     ----------- unexpected token
[INFO] [stdout] 
[INFO] [stdout] error: expected `;`, found `"brightgreen"`
[INFO] [stdout]   --> src/lib.rs:34:23
[INFO] [stdout]    |
[INFO] [stdout] 15 |     "brightred" | "br"   
[INFO] [stdout]    |                       ^ help: add `;` here
[INFO] [stdout] 16 |     "brightgreen" | "bg"   
[INFO] [stdout]    |     ------------- unexpected token
[INFO] [stdout] 
[INFO] [stdout] error: expected `;`, found `"brightyellow"`
[INFO] [stdout]   --> src/lib.rs:35:25
[INFO] [stdout]    |
[INFO] [stdout] 16 |     "brightgreen" | "bg"   
[INFO] [stdout]    |                         ^ help: add `;` here
[INFO] [stdout] 17 |     "brightyellow" | "by"  
[INFO] [stdout]    |     -------------- unexpected token
[INFO] [stdout] 
[INFO] [stdout] error: expected `;`, found `"brightblue"`
[INFO] [stdout]   --> src/lib.rs:36:26
[INFO] [stdout]    |
[INFO] [stdout] 17 |     "brightyellow" | "by"  
[INFO] [stdout]    |                          ^ help: add `;` here
[INFO] [stdout] 18 |     "brightblue" | "bbl" 
[INFO] [stdout]    |     ------------ unexpected token
[INFO] [stdout] 
[INFO] [stdout] error: expected `;`, found `"brightmagenta"`
[INFO] [stdout]   --> src/lib.rs:37:25
[INFO] [stdout]    |
[INFO] [stdout] 18 |     "brightblue" | "bbl" 
[INFO] [stdout]    |                         ^ help: add `;` here
[INFO] [stdout] 19 |     "brightmagenta" | "bm"  
[INFO] [stdout]    |     --------------- unexpected token
[INFO] [stdout] 
[INFO] [stdout] error: expected `;`, found `"brightcyan"`
[INFO] [stdout]   --> src/lib.rs:38:27
[INFO] [stdout]    |
[INFO] [stdout] 19 |     "brightmagenta" | "bm"  
[INFO] [stdout]    |                           ^ help: add `;` here
[INFO] [stdout] 20 |     "brightcyan" | "bc"  
[INFO] [stdout]    |     ------------ unexpected token
[INFO] [stdout] 
[INFO] [stdout] error: expected `;`, found `"brightwhite"`
[INFO] [stdout]   --> src/lib.rs:39:24
[INFO] [stdout]    |
[INFO] [stdout] 20 |     "brightcyan" | "bc"  
[INFO] [stdout]    |                        ^ help: add `;` here
[INFO] [stdout] 21 |     "brightwhite" | "bw"  
[INFO] [stdout]    |     ------------- unexpected token
[INFO] [stdout] 
[INFO] [stdout] error: expected `;`, found `"backgroundred"`
[INFO] [stdout]   --> src/lib.rs:40:25
[INFO] [stdout]    |
[INFO] [stdout] 21 |     "brightwhite" | "bw"  
[INFO] [stdout]    |                         ^ help: add `;` here
[INFO] [stdout] ...
[INFO] [stdout] 24 |     "backgroundred" | "b-r"   
[INFO] [stdout]    |     --------------- unexpected token
[INFO] [stdout] 
[INFO] [stdout] error: expected `;`, found `"backgroundgreen"`
[INFO] [stdout]   --> src/lib.rs:43:28
[INFO] [stdout]    |
[INFO] [stdout] 24 |     "backgroundred" | "b-r"   
[INFO] [stdout]    |                            ^ help: add `;` here
[INFO] [stdout] 25 |     "backgroundgreen" | "b-g"  
[INFO] [stdout]    |     ----------------- unexpected token
[INFO] [stdout] 
[INFO] [stdout] error: expected `;`, found `"backgroundyellow"`
[INFO] [stdout]   --> src/lib.rs:44:30
[INFO] [stdout]    |
[INFO] [stdout] 25 |     "backgroundgreen" | "b-g"  
[INFO] [stdout]    |                              ^ help: add `;` here
[INFO] [stdout] 26 |     "backgroundyellow" | "b-y"  
[INFO] [stdout]    |     ------------------ unexpected token
[INFO] [stdout] 
[INFO] [stdout] error: expected `;`, found `"backgroundblue"`
[INFO] [stdout]   --> src/lib.rs:45:31
[INFO] [stdout]    |
[INFO] [stdout] 26 |     "backgroundyellow" | "b-y"  
[INFO] [stdout]    |                               ^ help: add `;` here
[INFO] [stdout] 27 |     "backgroundblue" | "b-b"  
[INFO] [stdout]    |     ---------------- unexpected token
[INFO] [stdout] 
[INFO] [stdout] error: expected `;`, found `"backgroundmagenta"`
[INFO] [stdout]   --> src/lib.rs:46:29
[INFO] [stdout]    |
[INFO] [stdout] 27 |     "backgroundblue" | "b-b"  
[INFO] [stdout]    |                             ^ help: add `;` here
[INFO] [stdout] 28 |     "backgroundmagenta" | "b-m"  
[INFO] [stdout]    |     ------------------- unexpected token
[INFO] [stdout] 
[INFO] [stdout] error: expected `;`, found `"backgroundcyan"`
[INFO] [stdout]   --> src/lib.rs:47:32
[INFO] [stdout]    |
[INFO] [stdout] 28 |     "backgroundmagenta" | "b-m"  
[INFO] [stdout]    |                                ^ help: add `;` here
[INFO] [stdout] 29 |     "backgroundcyan" | "b-c"  
[INFO] [stdout]    |     ---------------- unexpected token
[INFO] [stdout] 
[INFO] [stdout] error: expected `;`, found `"bacgroundwhite"`
[INFO] [stdout]   --> src/lib.rs:48:29
[INFO] [stdout]    |
[INFO] [stdout] 29 |     "backgroundcyan" | "b-c"  
[INFO] [stdout]    |                             ^ help: add `;` here
[INFO] [stdout] 30 |     "bacgroundwhite" | "b-w" 
[INFO] [stdout]    |     ---------------- unexpected token
[INFO] [stdout] 
[INFO] [stdout] error: expected `;`, found `"backgroundbrightblack"`
[INFO] [stdout]   --> src/lib.rs:49:29
[INFO] [stdout]    |
[INFO] [stdout] 30 |     "bacgroundwhite" | "b-w" 
[INFO] [stdout]    |                             ^ help: add `;` here
[INFO] [stdout] ...
[INFO] [stdout] 33 |     "backgroundbrightblack" | "b-bb" 
[INFO] [stdout]    |     ----------------------- unexpected token
[INFO] [stdout] 
[INFO] [stdout] error: expected `;`, found `"backgroundbrightred"`
[INFO] [stdout]   --> src/lib.rs:52:37
[INFO] [stdout]    |
[INFO] [stdout] 33 |     "backgroundbrightblack" | "b-bb" 
[INFO] [stdout]    |                                     ^ help: add `;` here
[INFO] [stdout] 34 |     "backgroundbrightred" | "b-br" 
[INFO] [stdout]    |     --------------------- unexpected token
[INFO] [stdout] 
[INFO] [stdout] error: expected `;`, found `"backgroundbrightgreen"`
[INFO] [stdout]   --> src/lib.rs:53:35
[INFO] [stdout]    |
[INFO] [stdout] 34 |     "backgroundbrightred" | "b-br" 
[INFO] [stdout]    |                                   ^ help: add `;` here
[INFO] [stdout] 35 |     "backgroundbrightgreen" | "b-bg" 
[INFO] [stdout]    |     ----------------------- unexpected token
[INFO] [stdout] 
[INFO] [stdout] error: expected `;`, found `"backgroundbrightyellow"`
[INFO] [stdout]   --> src/lib.rs:54:37
[INFO] [stdout]    |
[INFO] [stdout] 35 |     "backgroundbrightgreen" | "b-bg" 
[INFO] [stdout]    |                                     ^ help: add `;` here
[INFO] [stdout] 36 |     "backgroundbrightyellow" | "b-by"  
[INFO] [stdout]    |     ------------------------ unexpected token
[INFO] [stdout] 
[INFO] [stdout] error: expected `;`, found `"backgroundbrightblue"`
[INFO] [stdout]   --> src/lib.rs:55:38
[INFO] [stdout]    |
[INFO] [stdout] 36 |     "backgroundbrightyellow" | "b-by"  
[INFO] [stdout]    |                                      ^ help: add `;` here
[INFO] [stdout] 37 |     "backgroundbrightblue" | "b-bbl"  
[INFO] [stdout]    |     ---------------------- unexpected token
[INFO] [stdout] 
[INFO] [stdout] error: expected `;`, found `"backgroundbrightmagenta"`
[INFO] [stdout]   --> src/lib.rs:56:37
[INFO] [stdout]    |
[INFO] [stdout] 37 |     "backgroundbrightblue" | "b-bbl"  
[INFO] [stdout]    |                                     ^ help: add `;` here
[INFO] [stdout] 38 |     "backgroundbrightmagenta" | "b-bm"  
[INFO] [stdout]    |     ------------------------- unexpected token
[INFO] [stdout] 
[INFO] [stdout] error: expected `;`, found `"backgroundbrightcyan"`
[INFO] [stdout]   --> src/lib.rs:57:39
[INFO] [stdout]    |
[INFO] [stdout] 38 |     "backgroundbrightmagenta" | "b-bm"  
[INFO] [stdout]    |                                       ^ help: add `;` here
[INFO] [stdout] 39 |     "backgroundbrightcyan" | "b-bc"  
[INFO] [stdout]    |     ---------------------- unexpected token
[INFO] [stdout] 
[INFO] [stdout] error: expected `;`, found `"backgroundbrightwhite"`
[INFO] [stdout]   --> src/lib.rs:58:36
[INFO] [stdout]    |
[INFO] [stdout] 39 |     "backgroundbrightcyan" | "b-bc"  
[INFO] [stdout]    |                                    ^ help: add `;` here
[INFO] [stdout] 40 |     "backgroundbrightwhite" | "b-bw"  
[INFO] [stdout]    |     ----------------------- unexpected token
[INFO] [stdout] 
[INFO] [stdout] error: expected `;`, found `"clear"`
[INFO] [stdout]   --> src/lib.rs:59:37
[INFO] [stdout]    |
[INFO] [stdout] 40 |     "backgroundbrightwhite" | "b-bw"  
[INFO] [stdout]    |                                     ^ help: add `;` here
[INFO] [stdout] ...
[INFO] [stdout] 43 |     "clear" | "cl"  
[INFO] [stdout]    |     ------- unexpected token
[INFO] [stdout] 
[INFO] [stdout] error: expected `;`, found `"dimmed"`
[INFO] [stdout]   --> src/lib.rs:62:19
[INFO] [stdout]    |
[INFO] [stdout] 43 |     "clear" | "cl"  
[INFO] [stdout]    |                   ^ help: add `;` here
[INFO] [stdout] 44 |     "dimmed" | "d"   
[INFO] [stdout]    |     -------- unexpected token
[INFO] [stdout] 
[INFO] [stdout] error: expected `;`, found `"italic"`
[INFO] [stdout]   --> src/lib.rs:63:19
[INFO] [stdout]    |
[INFO] [stdout] 44 |     "dimmed" | "d"   
[INFO] [stdout]    |                   ^ help: add `;` here
[INFO] [stdout] 45 |     "italic" | "i"   
[INFO] [stdout]    |     -------- unexpected token
[INFO] [stdout] 
[INFO] [stdout] error: expected `;`, found `"underline"`
[INFO] [stdout]   --> src/lib.rs:64:19
[INFO] [stdout]    |
[INFO] [stdout] 45 |     "italic" | "i"   
[INFO] [stdout]    |                   ^ help: add `;` here
[INFO] [stdout] 46 |     "underline" | "u"  
[INFO] [stdout]    |     ----------- unexpected token
[INFO] [stdout] 
[INFO] [stdout] error: expected `;`, found `"blink"`
[INFO] [stdout]   --> src/lib.rs:65:22
[INFO] [stdout]    |
[INFO] [stdout] 46 |     "underline" | "u"  
[INFO] [stdout]    |                      ^ help: add `;` here
[INFO] [stdout] 47 |     "blink" | "bli"   
[INFO] [stdout]    |     ------- unexpected token
[INFO] [stdout] 
[INFO] [stdout] error: expected `;`, found `"reversed"`
[INFO] [stdout]   --> src/lib.rs:66:20
[INFO] [stdout]    |
[INFO] [stdout] 47 |     "blink" | "bli"   
[INFO] [stdout]    |                    ^ help: add `;` here
[INFO] [stdout] 48 |     "reversed" | "re"   
[INFO] [stdout]    |     ---------- unexpected token
[INFO] [stdout] 
[INFO] [stdout] error: expected `;`, found `"hidden"`
[INFO] [stdout]   --> src/lib.rs:67:22
[INFO] [stdout]    |
[INFO] [stdout] 48 |     "reversed" | "re"   
[INFO] [stdout]    |                      ^ help: add `;` here
[INFO] [stdout] 49 |     "hidden" | "h"  
[INFO] [stdout]    |     -------- unexpected token
[INFO] [stdout] 
[INFO] [stdout] error: expected `;`, found `"strikethrough"`
[INFO] [stdout]   --> src/lib.rs:68:19
[INFO] [stdout]    |
[INFO] [stdout] 49 |     "hidden" | "h"  
[INFO] [stdout]    |                   ^ help: add `;` here
[INFO] [stdout] 50 |     "strikethrough" | "s"
[INFO] [stdout]    |     --------------- unexpected token
[INFO] [stdout] 
[INFO] [stdout] error[E0369]: no implementation for `&str | &str`
[INFO] [stdout]   --> src/lib.rs:69:21
[INFO] [stdout]    |
[INFO] [stdout] 50 |     "strikethrough" | "s"
[INFO] [stdout]    |     --------------- ^ --- &str
[INFO] [stdout]    |     |
[INFO] [stdout]    |     &str
[INFO] [stdout] 
[INFO] [stdout] error: aborting due to 39 previous errors
[INFO] [stdout] 
[INFO] [stdout] For more information about this error, try `rustc --explain E0369`.
[INFO] [stdout] Couldn't compile the test.
[INFO] [stdout] 
[INFO] [stdout] failures:
[INFO] [stdout]     src/lib.rs - colour (line 15)
[INFO] [stdout]     src/lib.rs - colour (line 21)
[INFO] [stdout]     src/lib.rs - custom_colour (line 134)
[INFO] [stdout] 
[INFO] [stdout] test result: FAILED. 0 passed; 3 failed; 0 ignored; 0 measured; 0 filtered out; finished in 0.09s
[INFO] [stdout] 
[INFO] [stderr] error: doctest failed, to rerun pass `--doc`
[INFO] running `Command { std: "docker" "inspect" "9717c97a040ad08bcb68e6c8a44e6dd9ce1f9d7dc300297a2003697291ccaa1e", kill_on_drop: false }`
[INFO] running `Command { std: "docker" "rm" "-f" "9717c97a040ad08bcb68e6c8a44e6dd9ce1f9d7dc300297a2003697291ccaa1e", kill_on_drop: false }`
[INFO] [stdout] 9717c97a040ad08bcb68e6c8a44e6dd9ce1f9d7dc300297a2003697291ccaa1e
