[INFO] fetching crate codeviz_macros 0.2.2...
[INFO] testing codeviz_macros-0.2.2 against 1.69.0 for beta-1.70-1
[INFO] extracting crate codeviz_macros 0.2.2 into /workspace/builds/worker-4-tc1/source
[INFO] validating manifest of crates.io crate codeviz_macros 0.2.2 on toolchain 1.69.0
[INFO] running `Command { std: CARGO_HOME="/workspace/cargo-home" RUSTUP_HOME="/workspace/rustup-home" "/workspace/cargo-home/bin/cargo" "+1.69.0" "metadata" "--manifest-path" "Cargo.toml" "--no-deps", kill_on_drop: false }`
[INFO] started tweaking crates.io crate codeviz_macros 0.2.2
[INFO] finished tweaking crates.io crate codeviz_macros 0.2.2
[INFO] tweaked toml for crates.io crate codeviz_macros 0.2.2 written to /workspace/builds/worker-4-tc1/source/Cargo.toml
[INFO] running `Command { std: CARGO_HOME="/workspace/cargo-home" RUSTUP_HOME="/workspace/rustup-home" __CARGO_TEST_CHANNEL_OVERRIDE_DO_NOT_USE_THIS="nightly" "/workspace/cargo-home/bin/cargo" "+1.69.0" "generate-lockfile" "--manifest-path" "Cargo.toml" "-Zno-index-update", kill_on_drop: false }`
[INFO] running `Command { std: CARGO_HOME="/workspace/cargo-home" RUSTUP_HOME="/workspace/rustup-home" "/workspace/cargo-home/bin/cargo" "+1.69.0" "fetch" "--manifest-path" "Cargo.toml", kill_on_drop: false }`
[INFO] [stderr]     Blocking waiting for file lock on package cache
[INFO] [stderr]     Blocking waiting for file lock on package cache
[INFO] running `Command { std: "docker" "create" "-v" "/var/lib/crater-agent-workspace/builds/worker-4-tc1/target:/opt/rustwide/target:rw,Z" "-v" "/var/lib/crater-agent-workspace/builds/worker-4-tc1/source:/opt/rustwide/workdir:ro,Z" "-v" "/var/lib/crater-agent-workspace/cargo-home:/opt/rustwide/cargo-home:ro,Z" "-v" "/var/lib/crater-agent-workspace/rustup-home:/opt/rustwide/rustup-home:ro,Z" "-e" "SOURCE_DIR=/opt/rustwide/workdir" "-e" "CARGO_TARGET_DIR=/opt/rustwide/target" "-e" "CARGO_HOME=/opt/rustwide/cargo-home" "-e" "RUSTUP_HOME=/opt/rustwide/rustup-home" "-w" "/opt/rustwide/workdir" "-m" "1610612736" "--user" "0:0" "--network" "none" "ghcr.io/rust-lang/crates-build-env/linux@sha256:5ff2268d62e97bff2cde7d5815dd6ed5b47097566f13b8d0ca110b04b60e07ed" "/opt/rustwide/cargo-home/bin/cargo" "+1.69.0" "metadata" "--no-deps" "--format-version=1", kill_on_drop: false }`
[INFO] [stdout] 574bc664480a52e94b23478b1f6f44afb893d4065bc637964dadd792facf0079
[INFO] running `Command { std: "docker" "start" "-a" "574bc664480a52e94b23478b1f6f44afb893d4065bc637964dadd792facf0079", kill_on_drop: false }`
[INFO] running `Command { std: "docker" "inspect" "574bc664480a52e94b23478b1f6f44afb893d4065bc637964dadd792facf0079", kill_on_drop: false }`
[INFO] running `Command { std: "docker" "rm" "-f" "574bc664480a52e94b23478b1f6f44afb893d4065bc637964dadd792facf0079", kill_on_drop: false }`
[INFO] [stdout] 574bc664480a52e94b23478b1f6f44afb893d4065bc637964dadd792facf0079
[INFO] running `Command { std: "docker" "create" "-v" "/var/lib/crater-agent-workspace/builds/worker-4-tc1/target:/opt/rustwide/target:rw,Z" "-v" "/var/lib/crater-agent-workspace/builds/worker-4-tc1/source:/opt/rustwide/workdir:ro,Z" "-v" "/var/lib/crater-agent-workspace/cargo-home:/opt/rustwide/cargo-home:ro,Z" "-v" "/var/lib/crater-agent-workspace/rustup-home:/opt/rustwide/rustup-home:ro,Z" "-e" "SOURCE_DIR=/opt/rustwide/workdir" "-e" "CARGO_TARGET_DIR=/opt/rustwide/target" "-e" "CARGO_INCREMENTAL=0" "-e" "RUST_BACKTRACE=full" "-e" "RUSTFLAGS=--cap-lints=warn" "-e" "RUSTDOCFLAGS=--cap-lints=warn" "-e" "CARGO_HOME=/opt/rustwide/cargo-home" "-e" "RUSTUP_HOME=/opt/rustwide/rustup-home" "-w" "/opt/rustwide/workdir" "-m" "1610612736" "--user" "0:0" "--network" "none" "ghcr.io/rust-lang/crates-build-env/linux@sha256:5ff2268d62e97bff2cde7d5815dd6ed5b47097566f13b8d0ca110b04b60e07ed" "/opt/rustwide/cargo-home/bin/cargo" "+1.69.0" "build" "--frozen" "--message-format=json", kill_on_drop: false }`
[INFO] [stdout] 2f5875bb45f0f84abb635edaf47751916b5a39e0b8ebd5d25a5ab9f0e402fb8f
[INFO] running `Command { std: "docker" "start" "-a" "2f5875bb45f0f84abb635edaf47751916b5a39e0b8ebd5d25a5ab9f0e402fb8f", kill_on_drop: false }`
[INFO] [stderr]    Compiling codeviz_macros v0.2.2 (/opt/rustwide/workdir)
[INFO] [stderr]     Finished dev [unoptimized + debuginfo] target(s) in 0.11s
[INFO] running `Command { std: "docker" "inspect" "2f5875bb45f0f84abb635edaf47751916b5a39e0b8ebd5d25a5ab9f0e402fb8f", kill_on_drop: false }`
[INFO] running `Command { std: "docker" "rm" "-f" "2f5875bb45f0f84abb635edaf47751916b5a39e0b8ebd5d25a5ab9f0e402fb8f", kill_on_drop: false }`
[INFO] [stdout] 2f5875bb45f0f84abb635edaf47751916b5a39e0b8ebd5d25a5ab9f0e402fb8f
[INFO] running `Command { std: "docker" "create" "-v" "/var/lib/crater-agent-workspace/builds/worker-4-tc1/target:/opt/rustwide/target:rw,Z" "-v" "/var/lib/crater-agent-workspace/builds/worker-4-tc1/source:/opt/rustwide/workdir:ro,Z" "-v" "/var/lib/crater-agent-workspace/cargo-home:/opt/rustwide/cargo-home:ro,Z" "-v" "/var/lib/crater-agent-workspace/rustup-home:/opt/rustwide/rustup-home:ro,Z" "-e" "SOURCE_DIR=/opt/rustwide/workdir" "-e" "CARGO_TARGET_DIR=/opt/rustwide/target" "-e" "CARGO_INCREMENTAL=0" "-e" "RUST_BACKTRACE=full" "-e" "RUSTFLAGS=--cap-lints=warn" "-e" "RUSTDOCFLAGS=--cap-lints=warn" "-e" "CARGO_HOME=/opt/rustwide/cargo-home" "-e" "RUSTUP_HOME=/opt/rustwide/rustup-home" "-w" "/opt/rustwide/workdir" "-m" "1610612736" "--user" "0:0" "--network" "none" "ghcr.io/rust-lang/crates-build-env/linux@sha256:5ff2268d62e97bff2cde7d5815dd6ed5b47097566f13b8d0ca110b04b60e07ed" "/opt/rustwide/cargo-home/bin/cargo" "+1.69.0" "test" "--frozen" "--no-run" "--message-format=json", kill_on_drop: false }`
[INFO] [stdout] 7c42d854d4558a1ed43c33f882889cdaa2d407592e9a34678f664ba970f3812a
[INFO] running `Command { std: "docker" "start" "-a" "7c42d854d4558a1ed43c33f882889cdaa2d407592e9a34678f664ba970f3812a", kill_on_drop: false }`
[INFO] [stderr]    Compiling codeviz_macros v0.2.2 (/opt/rustwide/workdir)
[INFO] [stderr]     Finished test [unoptimized + debuginfo] target(s) in 0.37s
[INFO] running `Command { std: "docker" "inspect" "7c42d854d4558a1ed43c33f882889cdaa2d407592e9a34678f664ba970f3812a", kill_on_drop: false }`
[INFO] running `Command { std: "docker" "rm" "-f" "7c42d854d4558a1ed43c33f882889cdaa2d407592e9a34678f664ba970f3812a", kill_on_drop: false }`
[INFO] [stdout] 7c42d854d4558a1ed43c33f882889cdaa2d407592e9a34678f664ba970f3812a
[INFO] running `Command { std: "docker" "create" "-v" "/var/lib/crater-agent-workspace/builds/worker-4-tc1/target:/opt/rustwide/target:rw,Z" "-v" "/var/lib/crater-agent-workspace/builds/worker-4-tc1/source:/opt/rustwide/workdir:ro,Z" "-v" "/var/lib/crater-agent-workspace/cargo-home:/opt/rustwide/cargo-home:ro,Z" "-v" "/var/lib/crater-agent-workspace/rustup-home:/opt/rustwide/rustup-home:ro,Z" "-e" "SOURCE_DIR=/opt/rustwide/workdir" "-e" "CARGO_TARGET_DIR=/opt/rustwide/target" "-e" "CARGO_INCREMENTAL=0" "-e" "RUST_BACKTRACE=full" "-e" "RUSTFLAGS=--cap-lints=warn" "-e" "RUSTDOCFLAGS=--cap-lints=warn" "-e" "CARGO_HOME=/opt/rustwide/cargo-home" "-e" "RUSTUP_HOME=/opt/rustwide/rustup-home" "-w" "/opt/rustwide/workdir" "-m" "1610612736" "--user" "0:0" "--network" "none" "ghcr.io/rust-lang/crates-build-env/linux@sha256:5ff2268d62e97bff2cde7d5815dd6ed5b47097566f13b8d0ca110b04b60e07ed" "/opt/rustwide/cargo-home/bin/cargo" "+1.69.0" "test" "--frozen", kill_on_drop: false }`
[INFO] [stdout] 5bf7c3da5bf692c51ef5a230fd7a63ba241356cab6864bfaed8b512bb26fdf91
[INFO] running `Command { std: "docker" "start" "-a" "5bf7c3da5bf692c51ef5a230fd7a63ba241356cab6864bfaed8b512bb26fdf91", kill_on_drop: false }`
[INFO] [stderr]     Finished test [unoptimized + debuginfo] target(s) in 0.01s
[INFO] [stderr]      Running unittests src/lib.rs (/opt/rustwide/target/debug/deps/codeviz_macros-e03cbe97405836a6)
[INFO] [stdout] 
[INFO] [stderr]    Doc-tests codeviz_macros
[INFO] [stdout] running 0 tests
[INFO] [stdout] 
[INFO] [stdout] test result: ok. 0 passed; 0 failed; 0 ignored; 0 measured; 0 filtered out; finished in 0.00s
[INFO] [stdout] 
[INFO] [stdout] 
[INFO] [stdout] running 2 tests
[INFO] [stdout] test src/lib.rs - mods (line 45) ... FAILED
[INFO] [stdout] test src/lib.rs - stmt (line 7) ... FAILED
[INFO] [stdout] 
[INFO] [stdout] failures:
[INFO] [stdout] 
[INFO] [stdout] ---- src/lib.rs - mods (line 45) stdout ----
[INFO] [stdout] error[E0463]: can't find crate for `codeviz_java`
[INFO] [stdout]  --> src/lib.rs:48:1
[INFO] [stdout]   |
[INFO] [stdout] 4 | extern crate codeviz_java;
[INFO] [stdout]   | ^^^^^^^^^^^^^^^^^^^^^^^^^^ can't find crate
[INFO] [stdout] 
[INFO] [stdout] error[E0433]: failed to resolve: use of undeclared type `Modifier`
[INFO] [stdout]  --> src/lib.rs:53:20
[INFO] [stdout]   |
[INFO] [stdout] 9 |   let mods = mods![Modifier::Private, Modifier::Static];
[INFO] [stdout]   |                    ^^^^^^^^ use of undeclared type `Modifier`
[INFO] [stdout] 
[INFO] [stdout] error[E0433]: failed to resolve: use of undeclared type `Modifier`
[INFO] [stdout]  --> src/lib.rs:53:39
[INFO] [stdout]   |
[INFO] [stdout] 9 |   let mods = mods![Modifier::Private, Modifier::Static];
[INFO] [stdout]   |                                       ^^^^^^^^ use of undeclared type `Modifier`
[INFO] [stdout] 
[INFO] [stdout] error[E0433]: failed to resolve: use of undeclared type `Modifiers`
[INFO] [stdout]  --> src/lib.rs:53:14
[INFO] [stdout]   |
[INFO] [stdout] 9 |   let mods = mods![Modifier::Private, Modifier::Static];
[INFO] [stdout]   |              ^^^^^^^^^^^^^^^^^^^^^^^^^^^^^^^^^^^^^^^^^^ use of undeclared type `Modifiers`
[INFO] [stdout]   |
[INFO] [stdout]   = note: this error originates in the macro `mods` (in Nightly builds, run with -Z macro-backtrace for more info)
[INFO] [stdout] 
[INFO] [stdout] error: aborting due to 4 previous errors
[INFO] [stdout] 
[INFO] [stdout] Some errors have detailed explanations: E0433, E0463.
[INFO] [stdout] For more information about an error, try `rustc --explain E0433`.
[INFO] [stdout] Couldn't compile the test.
[INFO] [stdout] ---- src/lib.rs - stmt (line 7) stdout ----
[INFO] [stdout] error[E0463]: can't find crate for `codeviz_java`
[INFO] [stdout]  --> src/lib.rs:10:1
[INFO] [stdout]   |
[INFO] [stdout] 4 | extern crate codeviz_java;
[INFO] [stdout]   | ^^^^^^^^^^^^^^^^^^^^^^^^^^ can't find crate
[INFO] [stdout] 
[INFO] [stdout] error[E0433]: failed to resolve: use of undeclared type `Statement`
[INFO] [stdout]  --> src/lib.rs:15:15
[INFO] [stdout]   |
[INFO] [stdout] 9 |   let stmt1 = stmt![Variable::Literal("hello".to_owned())];
[INFO] [stdout]   |               ^^^^^^^^^^^^^^^^^^^^^^^^^^^^^^^^^^^^^^^^^^^^ use of undeclared type `Statement`
[INFO] [stdout]   |
[INFO] [stdout]   = note: this error originates in the macro `stmt` (in Nightly builds, run with -Z macro-backtrace for more info)
[INFO] [stdout] 
[INFO] [stdout] error[E0433]: failed to resolve: use of undeclared type `Variable`
[INFO] [stdout]  --> src/lib.rs:15:21
[INFO] [stdout]   |
[INFO] [stdout] 9 |   let stmt1 = stmt![Variable::Literal("hello".to_owned())];
[INFO] [stdout]   |                     ^^^^^^^^ use of undeclared type `Variable`
[INFO] [stdout] 
[INFO] [stdout] error[E0433]: failed to resolve: use of undeclared type `Statement`
[INFO] [stdout]   --> src/lib.rs:17:15
[INFO] [stdout]    |
[INFO] [stdout] 11 |   let stmt2 = stmt!["hello"];
[INFO] [stdout]    |               ^^^^^^^^^^^^^^ use of undeclared type `Statement`
[INFO] [stdout]    |
[INFO] [stdout]    = note: this error originates in the macro `stmt` (in Nightly builds, run with -Z macro-backtrace for more info)
[INFO] [stdout] 
[INFO] [stdout] error[E0433]: failed to resolve: use of undeclared type `Statement`
[INFO] [stdout]   --> src/lib.rs:20:17
[INFO] [stdout]    |
[INFO] [stdout] 14 |     let mut s = Statement::new();
[INFO] [stdout]    |                 ^^^^^^^^^ use of undeclared type `Statement`
[INFO] [stdout] 
[INFO] [stdout] error: aborting due to 5 previous errors
[INFO] [stdout] 
[INFO] [stdout] Some errors have detailed explanations: E0433, E0463.
[INFO] [stdout] For more information about an error, try `rustc --explain E0433`.
[INFO] [stdout] Couldn't compile the test.
[INFO] [stdout] 
[INFO] [stdout] failures:
[INFO] [stdout]     src/lib.rs - mods (line 45)
[INFO] [stdout]     src/lib.rs - stmt (line 7)
[INFO] [stdout] 
[INFO] [stdout] test result: FAILED. 0 passed; 2 failed; 0 ignored; 0 measured; 0 filtered out; finished in 0.08s
[INFO] [stdout] 
[INFO] [stderr] error: doctest failed, to rerun pass `--doc`
[INFO] running `Command { std: "docker" "inspect" "5bf7c3da5bf692c51ef5a230fd7a63ba241356cab6864bfaed8b512bb26fdf91", kill_on_drop: false }`
[INFO] running `Command { std: "docker" "rm" "-f" "5bf7c3da5bf692c51ef5a230fd7a63ba241356cab6864bfaed8b512bb26fdf91", kill_on_drop: false }`
[INFO] [stdout] 5bf7c3da5bf692c51ef5a230fd7a63ba241356cab6864bfaed8b512bb26fdf91
