[INFO] fetching crate cobyla 0.3.2...
[INFO] testing cobyla-0.3.2 against 1.69.0 for beta-1.70-1
[INFO] extracting crate cobyla 0.3.2 into /workspace/builds/worker-4-tc1/source
[INFO] validating manifest of crates.io crate cobyla 0.3.2 on toolchain 1.69.0
[INFO] running `Command { std: CARGO_HOME="/workspace/cargo-home" RUSTUP_HOME="/workspace/rustup-home" "/workspace/cargo-home/bin/cargo" "+1.69.0" "metadata" "--manifest-path" "Cargo.toml" "--no-deps", kill_on_drop: false }`
[INFO] started tweaking crates.io crate cobyla 0.3.2
[INFO] finished tweaking crates.io crate cobyla 0.3.2
[INFO] tweaked toml for crates.io crate cobyla 0.3.2 written to /workspace/builds/worker-4-tc1/source/Cargo.toml
[INFO] crate crates.io crate cobyla 0.3.2 already has a lockfile, it will not be regenerated
[INFO] running `Command { std: CARGO_HOME="/workspace/cargo-home" RUSTUP_HOME="/workspace/rustup-home" "/workspace/cargo-home/bin/cargo" "+1.69.0" "fetch" "--manifest-path" "Cargo.toml", kill_on_drop: false }`
[INFO] [stderr]  Downloading crates ...
[INFO] [stderr]   Downloaded argmin-math v0.3.0
[INFO] [stderr]   Downloaded argmin v0.8.0
[INFO] running `Command { std: "docker" "create" "-v" "/var/lib/crater-agent-workspace/builds/worker-4-tc1/target:/opt/rustwide/target:rw,Z" "-v" "/var/lib/crater-agent-workspace/builds/worker-4-tc1/source:/opt/rustwide/workdir:ro,Z" "-v" "/var/lib/crater-agent-workspace/cargo-home:/opt/rustwide/cargo-home:ro,Z" "-v" "/var/lib/crater-agent-workspace/rustup-home:/opt/rustwide/rustup-home:ro,Z" "-e" "SOURCE_DIR=/opt/rustwide/workdir" "-e" "CARGO_TARGET_DIR=/opt/rustwide/target" "-e" "CARGO_HOME=/opt/rustwide/cargo-home" "-e" "RUSTUP_HOME=/opt/rustwide/rustup-home" "-w" "/opt/rustwide/workdir" "-m" "1610612736" "--user" "0:0" "--network" "none" "ghcr.io/rust-lang/crates-build-env/linux@sha256:5ff2268d62e97bff2cde7d5815dd6ed5b47097566f13b8d0ca110b04b60e07ed" "/opt/rustwide/cargo-home/bin/cargo" "+1.69.0" "metadata" "--no-deps" "--format-version=1", kill_on_drop: false }`
[INFO] [stdout] 6aad76def48715e8aee5646f8029c75c62ca42e3cf915f6f9ac9308f5c59593c
[INFO] running `Command { std: "docker" "start" "-a" "6aad76def48715e8aee5646f8029c75c62ca42e3cf915f6f9ac9308f5c59593c", kill_on_drop: false }`
[INFO] running `Command { std: "docker" "inspect" "6aad76def48715e8aee5646f8029c75c62ca42e3cf915f6f9ac9308f5c59593c", kill_on_drop: false }`
[INFO] running `Command { std: "docker" "rm" "-f" "6aad76def48715e8aee5646f8029c75c62ca42e3cf915f6f9ac9308f5c59593c", kill_on_drop: false }`
[INFO] [stdout] 6aad76def48715e8aee5646f8029c75c62ca42e3cf915f6f9ac9308f5c59593c
[INFO] running `Command { std: "docker" "create" "-v" "/var/lib/crater-agent-workspace/builds/worker-4-tc1/target:/opt/rustwide/target:rw,Z" "-v" "/var/lib/crater-agent-workspace/builds/worker-4-tc1/source:/opt/rustwide/workdir:ro,Z" "-v" "/var/lib/crater-agent-workspace/cargo-home:/opt/rustwide/cargo-home:ro,Z" "-v" "/var/lib/crater-agent-workspace/rustup-home:/opt/rustwide/rustup-home:ro,Z" "-e" "SOURCE_DIR=/opt/rustwide/workdir" "-e" "CARGO_TARGET_DIR=/opt/rustwide/target" "-e" "CARGO_INCREMENTAL=0" "-e" "RUST_BACKTRACE=full" "-e" "RUSTFLAGS=--cap-lints=warn" "-e" "RUSTDOCFLAGS=--cap-lints=warn" "-e" "CARGO_HOME=/opt/rustwide/cargo-home" "-e" "RUSTUP_HOME=/opt/rustwide/rustup-home" "-w" "/opt/rustwide/workdir" "-m" "1610612736" "--user" "0:0" "--network" "none" "ghcr.io/rust-lang/crates-build-env/linux@sha256:5ff2268d62e97bff2cde7d5815dd6ed5b47097566f13b8d0ca110b04b60e07ed" "/opt/rustwide/cargo-home/bin/cargo" "+1.69.0" "build" "--frozen" "--message-format=json", kill_on_drop: false }`
[INFO] [stdout] edf9021c9c4593d22865550ea18f08b15d7d3bb66e03f5390e3de9e96549d405
[INFO] running `Command { std: "docker" "start" "-a" "edf9021c9c4593d22865550ea18f08b15d7d3bb66e03f5390e3de9e96549d405", kill_on_drop: false }`
[INFO] [stderr]    Compiling proc-macro2 v1.0.50
[INFO] [stderr]    Compiling libc v0.2.124
[INFO] [stderr]    Compiling syn v1.0.107
[INFO] [stderr]    Compiling serde v1.0.152
[INFO] [stderr]    Compiling slog v2.7.0
[INFO] [stderr]    Compiling crossbeam-utils v0.8.14
[INFO] [stderr]    Compiling time-core v0.1.0
[INFO] [stderr]    Compiling serde_json v1.0.91
[INFO] [stderr]    Compiling anyhow v1.0.68
[INFO] [stderr]    Compiling num-integer v0.1.45
[INFO] [stderr]    Compiling num_threads v0.1.6
[INFO] [stderr]    Compiling thread_local v1.1.4
[INFO] [stderr]    Compiling paste v1.0.11
[INFO] [stderr]    Compiling slog-async v2.7.0
[INFO] [stderr]    Compiling take_mut v0.2.2
[INFO] [stderr]    Compiling num-complex v0.4.3
[INFO] [stderr]    Compiling time-macros v0.2.6
[INFO] [stderr]    Compiling instant v0.1.12
[INFO] [stderr]    Compiling crossbeam-channel v0.5.6
[INFO] [stderr]    Compiling quote v1.0.23
[INFO] [stderr]    Compiling getrandom v0.2.8
[INFO] [stderr]    Compiling dirs-sys-next v0.1.2
[INFO] [stderr]    Compiling time v0.3.17
[INFO] [stderr]    Compiling atty v0.2.14
[INFO] [stderr]    Compiling dirs-next v2.0.0
[INFO] [stderr]    Compiling term v0.7.0
[INFO] [stderr]    Compiling slog-term v2.9.0
[INFO] [stderr]    Compiling serde_derive v1.0.152
[INFO] [stderr]    Compiling thiserror-impl v1.0.38
[INFO] [stderr]    Compiling thiserror v1.0.38
[INFO] [stderr]    Compiling rand_core v0.6.4
[INFO] [stderr]    Compiling bincode v1.3.3
[INFO] [stderr]    Compiling rand_chacha v0.3.1
[INFO] [stderr]    Compiling rand_xoshiro v0.6.0
[INFO] [stderr]    Compiling rand v0.8.5
[INFO] [stderr]    Compiling slog-json v2.6.1
[INFO] [stderr]    Compiling argmin-math v0.3.0
[INFO] [stderr]    Compiling argmin v0.8.0
[INFO] [stderr]    Compiling cobyla v0.3.2 (/opt/rustwide/workdir)
[INFO] [stderr]     Finished dev [unoptimized + debuginfo] target(s) in 14.80s
[INFO] running `Command { std: "docker" "inspect" "edf9021c9c4593d22865550ea18f08b15d7d3bb66e03f5390e3de9e96549d405", kill_on_drop: false }`
[INFO] running `Command { std: "docker" "rm" "-f" "edf9021c9c4593d22865550ea18f08b15d7d3bb66e03f5390e3de9e96549d405", kill_on_drop: false }`
[INFO] [stdout] edf9021c9c4593d22865550ea18f08b15d7d3bb66e03f5390e3de9e96549d405
[INFO] running `Command { std: "docker" "create" "-v" "/var/lib/crater-agent-workspace/builds/worker-4-tc1/target:/opt/rustwide/target:rw,Z" "-v" "/var/lib/crater-agent-workspace/builds/worker-4-tc1/source:/opt/rustwide/workdir:ro,Z" "-v" "/var/lib/crater-agent-workspace/cargo-home:/opt/rustwide/cargo-home:ro,Z" "-v" "/var/lib/crater-agent-workspace/rustup-home:/opt/rustwide/rustup-home:ro,Z" "-e" "SOURCE_DIR=/opt/rustwide/workdir" "-e" "CARGO_TARGET_DIR=/opt/rustwide/target" "-e" "CARGO_INCREMENTAL=0" "-e" "RUST_BACKTRACE=full" "-e" "RUSTFLAGS=--cap-lints=warn" "-e" "RUSTDOCFLAGS=--cap-lints=warn" "-e" "CARGO_HOME=/opt/rustwide/cargo-home" "-e" "RUSTUP_HOME=/opt/rustwide/rustup-home" "-w" "/opt/rustwide/workdir" "-m" "1610612736" "--user" "0:0" "--network" "none" "ghcr.io/rust-lang/crates-build-env/linux@sha256:5ff2268d62e97bff2cde7d5815dd6ed5b47097566f13b8d0ca110b04b60e07ed" "/opt/rustwide/cargo-home/bin/cargo" "+1.69.0" "test" "--frozen" "--no-run" "--message-format=json", kill_on_drop: false }`
[INFO] [stdout] e45fb64ee65082d8776d9f7da96cf1d83c732fa6d12599ccbfde9adad3c14780
[INFO] running `Command { std: "docker" "start" "-a" "e45fb64ee65082d8776d9f7da96cf1d83c732fa6d12599ccbfde9adad3c14780", kill_on_drop: false }`
[INFO] [stderr]    Compiling approx v0.5.1
[INFO] [stderr]    Compiling cobyla v0.3.2 (/opt/rustwide/workdir)
[INFO] [stderr]     Finished test [unoptimized + debuginfo] target(s) in 1.12s
[INFO] running `Command { std: "docker" "inspect" "e45fb64ee65082d8776d9f7da96cf1d83c732fa6d12599ccbfde9adad3c14780", kill_on_drop: false }`
[INFO] running `Command { std: "docker" "rm" "-f" "e45fb64ee65082d8776d9f7da96cf1d83c732fa6d12599ccbfde9adad3c14780", kill_on_drop: false }`
[INFO] [stdout] e45fb64ee65082d8776d9f7da96cf1d83c732fa6d12599ccbfde9adad3c14780
[INFO] running `Command { std: "docker" "create" "-v" "/var/lib/crater-agent-workspace/builds/worker-4-tc1/target:/opt/rustwide/target:rw,Z" "-v" "/var/lib/crater-agent-workspace/builds/worker-4-tc1/source:/opt/rustwide/workdir:ro,Z" "-v" "/var/lib/crater-agent-workspace/cargo-home:/opt/rustwide/cargo-home:ro,Z" "-v" "/var/lib/crater-agent-workspace/rustup-home:/opt/rustwide/rustup-home:ro,Z" "-e" "SOURCE_DIR=/opt/rustwide/workdir" "-e" "CARGO_TARGET_DIR=/opt/rustwide/target" "-e" "CARGO_INCREMENTAL=0" "-e" "RUST_BACKTRACE=full" "-e" "RUSTFLAGS=--cap-lints=warn" "-e" "RUSTDOCFLAGS=--cap-lints=warn" "-e" "CARGO_HOME=/opt/rustwide/cargo-home" "-e" "RUSTUP_HOME=/opt/rustwide/rustup-home" "-w" "/opt/rustwide/workdir" "-m" "1610612736" "--user" "0:0" "--network" "none" "ghcr.io/rust-lang/crates-build-env/linux@sha256:5ff2268d62e97bff2cde7d5815dd6ed5b47097566f13b8d0ca110b04b60e07ed" "/opt/rustwide/cargo-home/bin/cargo" "+1.69.0" "test" "--frozen", kill_on_drop: false }`
[INFO] [stdout] 113a1a4664aac0be0b9553e1ad6aa803eccdf581a49f92bb693987de58935914
[INFO] running `Command { std: "docker" "start" "-a" "113a1a4664aac0be0b9553e1ad6aa803eccdf581a49f92bb693987de58935914", kill_on_drop: false }`
[INFO] [stderr]     Finished test [unoptimized + debuginfo] target(s) in 0.03s
[INFO] [stderr]      Running unittests src/lib.rs (/opt/rustwide/target/debug/deps/cobyla-b01bc9959763be49)
[INFO] [stdout] 
[INFO] [stdout] running 4 tests
[INFO] [stdout] test tests::test_cobyla ... ok
[INFO] [stdout] test tests::test_cobyla_cstr ... ok
[INFO] [stdout] test tests::test_fmin_cobyla ... ok
[INFO] [stdout] test tests::test_fmin_cobyla2 ... ok
[INFO] [stdout] 
[INFO] [stdout] test result: ok. 4 passed; 0 failed; 0 ignored; 0 measured; 0 filtered out; finished in 0.00s
[INFO] [stdout] 
[INFO] [stderr]    Doc-tests cobyla
[INFO] [stdout] 
[INFO] [stdout] running 27 tests
[INFO] [stdout] test src/cobyla_solver.rs - cobyla_solver::CobylaSolver (line 13) ... FAILED
[INFO] [stdout] test src/cobyla_state.rs - cobyla_state::CobylaState::get_full_cost (line 174) ... FAILED
[INFO] [stdout] test src/cobyla_state.rs - cobyla_state::CobylaState::get_time (line 537) ... FAILED
[INFO] [stdout] test src/cobyla_state.rs - cobyla_state::CobylaState::increment_iter (line 554) ... FAILED
[INFO] [stdout] test src/cobyla_state.rs - cobyla_state::CobylaState::get_last_best_iter (line 474) ... FAILED
[INFO] [stdout] test src/cobyla_state.rs - cobyla_state::CobylaState::func_counts (line 568) ... FAILED
[INFO] [stdout] test src/cobyla_state.rs - cobyla_state::CobylaState::get_param (line 327) ... FAILED
[INFO] [stdout] test src/cobyla_state.rs - cobyla_state::CobylaState::get_iter (line 458) ... FAILED
[INFO] [stdout] test src/cobyla_state.rs - cobyla_state::CobylaState::terminate_with (line 369) ... FAILED
[INFO] [stdout] test src/cobyla_state.rs - cobyla_state::CobylaState::get_best_param (line 347) ... FAILED
[INFO] [stdout] test src/cobyla_state.rs - cobyla_state::CobylaState::get_termination_reason (line 520) ... ok
[INFO] [stdout] test src/cobyla_state.rs - cobyla_state::CobylaState::get_target_cost (line 442) ... FAILED
[INFO] [stdout] test src/cobyla_state.rs - cobyla_state::CobylaState::get_termination_status (line 506) ... ok
[INFO] [stdout] test src/cobyla_state.rs - cobyla_state::CobylaState::get_best_cost (line 423) ... FAILED
[INFO] [stdout] test src/cobyla_state.rs - cobyla_state::CobylaState::get_max_iters (line 490) ... ok
[INFO] [stdout] test src/cobyla_state.rs - cobyla_state::CobylaState::get_cost (line 404) ... ok
[INFO] [stdout] test src/cobyla_state.rs - cobyla_state::CobylaState::get_full_best_cost (line 191) ... ok
[INFO] [stdout] test src/cobyla_state.rs - cobyla_state::CobylaState::time (line 386) ... ok
[INFO] [stdout] test src/cobyla_state.rs - cobyla_state::CobylaState::update (line 293) ... ok
[INFO] [stdout] test src/cobyla_state.rs - cobyla_state::CobylaState::cost (line 150) ... ok
[INFO] [stdout] test src/cobyla_state.rs - cobyla_state::CobylaState::target_cost (line 113) ... ok
[INFO] [stdout] test src/lib.rs - fmin_cobyla (line 99) ... ok
[INFO] [stdout] test src/cobyla_state.rs - cobyla_state::CobylaState::is_best (line 620) ... ok
[INFO] [stdout] test src/cobyla_state.rs - cobyla_state::CobylaState::max_iters (line 131) ... ok
[INFO] [stdout] test src/cobyla_state.rs - cobyla_state::CobylaState::param (line 84) ... ok
[INFO] [stdout] test src/cobyla_state.rs - cobyla_state::CobylaState::get_func_counts (line 599) ... ok
[INFO] [stdout] test src/cobyla_state.rs - cobyla_state::CobylaState::new (line 235) ... ok
[INFO] [stdout] 
[INFO] [stdout] failures:
[INFO] [stdout] 
[INFO] [stdout] ---- src/cobyla_solver.rs - cobyla_solver::CobylaSolver (line 13) stdout ----
[INFO] [stdout] Couldn't compile the test.
[INFO] [stdout] ---- src/cobyla_state.rs - cobyla_state::CobylaState::get_full_cost (line 174) stdout ----
[INFO] [stdout] error: linking with `cc` failed: exit status: 1
[INFO] [stdout]   |
[INFO] [stdout]   = note: LC_ALL="C" PATH="/opt/rustwide/rustup-home/toolchains/1.69.0-x86_64-unknown-linux-gnu/lib/rustlib/x86_64-unknown-linux-gnu/bin:/opt/rustwide/cargo-home/bin:/usr/local/sbin:/usr/local/bin:/usr/sbin:/usr/bin:/sbin:/bin" VSLANG="1033" "cc" "-m64" "/tmp/rustcwovH5k/symbols.o" "/tmp/rustdoctestW0MON0/rust_out.rust_out.5bfee551-cgu.0.rcgu.o" "/tmp/rustdoctestW0MON0/rust_out.j00p4ncf7xg64kg.rcgu.o" "-Wl,--as-needed" "-L" "/opt/rustwide/target/debug/deps" "-L" "/opt/rustwide/target/debug/deps" "-L" "/opt/rustwide/rustup-home/toolchains/1.69.0-x86_64-unknown-linux-gnu/lib/rustlib/x86_64-unknown-linux-gnu/lib" "-Wl,-Bstatic" "/opt/rustwide/target/debug/deps/libcobyla-6bd143c4143df15e.rlib" "/opt/rustwide/target/debug/deps/libargmin-2fafbf6d23a7583f.rlib" "/opt/rustwide/target/debug/deps/libbincode-024747a6cf41dd8f.rlib" "/opt/rustwide/target/debug/deps/librand_xoshiro-28871e3d76a69f82.rlib" "/opt/rustwide/target/debug/deps/libargmin_math-276125914d1a27ce.rlib" "/opt/rustwide/target/debug/deps/libnum_complex-fd53f4325a670830.rlib" "/opt/rustwide/target/debug/deps/librand-4ab6929ffb6c0c3a.rlib" "/opt/rustwide/target/debug/deps/librand_chacha-7d2f8c6ac554aaf5.rlib" "/opt/rustwide/target/debug/deps/libppv_lite86-c3ad053967cc551c.rlib" "/opt/rustwide/target/debug/deps/librand_core-f26b9ef1b8c4f979.rlib" "/opt/rustwide/target/debug/deps/libgetrandom-b0304751d7976a85.rlib" "/opt/rustwide/target/debug/deps/libanyhow-8345b847b15d4828.rlib" "/opt/rustwide/target/debug/deps/libslog_term-dad33d55bbc6e81b.rlib" "/opt/rustwide/target/debug/deps/libatty-56e1361bd5921624.rlib" "/opt/rustwide/target/debug/deps/libterm-d048589b922961d5.rlib" "/opt/rustwide/target/debug/deps/libdirs_next-2057937d378af7da.rlib" "/opt/rustwide/target/debug/deps/libdirs_sys_next-08b7bf43d450408f.rlib" "/opt/rustwide/target/debug/deps/libslog_json-3ecd35c27b46b361.rlib" "/opt/rustwide/target/debug/deps/libtime-4761bd5b9f86fae2.rlib" "/opt/rustwide/target/debug/deps/libnum_threads-509066beeb1109ec.rlib" "/opt/rustwide/target/debug/deps/liblibc-80b1f103d8292596.rlib" "/opt/rustwide/target/debug/deps/libtime_core-4a74880e8761e797.rlib" "/opt/rustwide/target/debug/deps/libserde_json-72676f00af0df9b4.rlib" "/opt/rustwide/target/debug/deps/libryu-4d4a16031edb6838.rlib" "/opt/rustwide/target/debug/deps/libitoa-b071e49db4f1be66.rlib" "/opt/rustwide/target/debug/deps/libslog_async-4ce2a1eeb402d376.rlib" "/opt/rustwide/target/debug/deps/libthread_local-713a8c0281fc5b5e.rlib" "/opt/rustwide/target/debug/deps/libonce_cell-f4689346a1005a4d.rlib" "/opt/rustwide/target/debug/deps/libtake_mut-9572599ce2a6b17f.rlib" "/opt/rustwide/target/debug/deps/libcrossbeam_channel-835b555e8694612b.rlib" "/opt/rustwide/target/debug/deps/libcrossbeam_utils-69c5b05a385e9d22.rlib" "/opt/rustwide/target/debug/deps/libslog-df6a21da7f8881f8.rlib" "/opt/rustwide/target/debug/deps/libserde-728a7d2e713b8454.rlib" "/opt/rustwide/target/debug/deps/libnum_traits-b237925f6bfbb7f7.rlib" "/opt/rustwide/target/debug/deps/libinstant-1bfa666718b38be4.rlib" "/opt/rustwide/target/debug/deps/libcfg_if-e5e118dd7d121aaa.rlib" "/opt/rustwide/target/debug/deps/libthiserror-7f76c7837c5b0c2c.rlib" "/opt/rustwide/rustup-home/toolchains/1.69.0-x86_64-unknown-linux-gnu/lib/rustlib/x86_64-unknown-linux-gnu/lib/libstd-89bc084783fdc439.rlib" "/opt/rustwide/rustup-home/toolchains/1.69.0-x86_64-unknown-linux-gnu/lib/rustlib/x86_64-unknown-linux-gnu/lib/libpanic_unwind-8bee4b287d4367c1.rlib" "/opt/rustwide/rustup-home/toolchains/1.69.0-x86_64-unknown-linux-gnu/lib/rustlib/x86_64-unknown-linux-gnu/lib/libobject-d61707aed80694c0.rlib" "/opt/rustwide/rustup-home/toolchains/1.69.0-x86_64-unknown-linux-gnu/lib/rustlib/x86_64-unknown-linux-gnu/lib/libmemchr-d85366256f22345b.rlib" "/opt/rustwide/rustup-home/toolchains/1.69.0-x86_64-unknown-linux-gnu/lib/rustlib/x86_64-unknown-linux-gnu/lib/libaddr2line-96069b86b8a8cae9.rlib" "/opt/rustwide/rustup-home/toolchains/1.69.0-x86_64-unknown-linux-gnu/lib/rustlib/x86_64-unknown-linux-gnu/lib/libgimli-d19d53abf68dfa6c.rlib" "/opt/rustwide/rustup-home/toolchains/1.69.0-x86_64-unknown-linux-gnu/lib/rustlib/x86_64-unknown-linux-gnu/lib/librustc_demangle-787cbccd19d64ac6.rlib" "/opt/rustwide/rustup-home/toolchains/1.69.0-x86_64-unknown-linux-gnu/lib/rustlib/x86_64-unknown-linux-gnu/lib/libstd_detect-b3837a36b830e0d0.rlib" "/opt/rustwide/rustup-home/toolchains/1.69.0-x86_64-unknown-linux-gnu/lib/rustlib/x86_64-unknown-linux-gnu/lib/libhashbrown-e3deb0e7e3f04966.rlib" "/opt/rustwide/rustup-home/toolchains/1.69.0-x86_64-unknown-linux-gnu/lib/rustlib/x86_64-unknown-linux-gnu/lib/libminiz_oxide-dabbb79c9815def4.rlib" "/opt/rustwide/rustup-home/toolchains/1.69.0-x86_64-unknown-linux-gnu/lib/rustlib/x86_64-unknown-linux-gnu/lib/libadler-305b01f34c9409f2.rlib" "/opt/rustwide/rustup-home/toolchains/1.69.0-x86_64-unknown-linux-gnu/lib/rustlib/x86_64-unknown-linux-gnu/lib/librustc_std_workspace_alloc-f833521df6074e73.rlib" "/opt/rustwide/rustup-home/toolchains/1.69.0-x86_64-unknown-linux-gnu/lib/rustlib/x86_64-unknown-linux-gnu/lib/libunwind-9ac333113350d171.rlib" "/opt/rustwide/rustup-home/toolchains/1.69.0-x86_64-unknown-linux-gnu/lib/rustlib/x86_64-unknown-linux-gnu/lib/libcfg_if-1c126114322d0eee.rlib" "/opt/rustwide/rustup-home/toolchains/1.69.0-x86_64-unknown-linux-gnu/lib/rustlib/x86_64-unknown-linux-gnu/lib/liblibc-bad9164fdeeecf92.rlib" "/opt/rustwide/rustup-home/toolchains/1.69.0-x86_64-unknown-linux-gnu/lib/rustlib/x86_64-unknown-linux-gnu/lib/liballoc-f9374b1e480fa681.rlib" "/opt/rustwide/rustup-home/toolchains/1.69.0-x86_64-unknown-linux-gnu/lib/rustlib/x86_64-unknown-linux-gnu/lib/librustc_std_workspace_core-207f06e41d9603af.rlib" "/opt/rustwide/rustup-home/toolchains/1.69.0-x86_64-unknown-linux-gnu/lib/rustlib/x86_64-unknown-linux-gnu/lib/libcore-7e2768e66e984e85.rlib" "/opt/rustwide/rustup-home/toolchains/1.69.0-x86_64-unknown-linux-gnu/lib/rustlib/x86_64-unknown-linux-gnu/lib/libcompiler_builtins-957b4aff41f8cd46.rlib" "-Wl,-Bdynamic" "-lgcc_s" "-lutil" "-lrt" "-lpthread" "-lm" "-ldl" "-lc" "-Wl,--eh-frame-hdr" "-Wl,-z,noexecstack" "-L" "/opt/rustwide/rustup-home/toolchains/1.69.0-x86_64-unknown-linux-gnu/lib/rustlib/x86_64-unknown-linux-gnu/lib" "-o" "/tmp/rustdoctestW0MON0/rust_out" "-Wl,--gc-sections" "-pie" "-Wl,-z,relro,-z,now" "-nodefaultlibs"
[INFO] [stdout]   = note: collect2: fatal error: ld terminated with signal 9 [Killed]
[INFO] [stdout]           compilation terminated.
[INFO] [stdout]           
[INFO] [stdout] 
[INFO] [stdout] error: aborting due to previous error
[INFO] [stdout] 
[INFO] [stdout] Couldn't compile the test.
[INFO] [stdout] ---- src/cobyla_state.rs - cobyla_state::CobylaState::get_time (line 537) stdout ----
[INFO] [stdout] Couldn't compile the test.
[INFO] [stdout] ---- src/cobyla_state.rs - cobyla_state::CobylaState::increment_iter (line 554) stdout ----
[INFO] [stdout] Couldn't compile the test.
[INFO] [stdout] ---- src/cobyla_state.rs - cobyla_state::CobylaState::get_last_best_iter (line 474) stdout ----
[INFO] [stdout] error: linking with `cc` failed: exit status: 1
[INFO] [stdout]   |
[INFO] [stdout]   = note: LC_ALL="C" PATH="/opt/rustwide/rustup-home/toolchains/1.69.0-x86_64-unknown-linux-gnu/lib/rustlib/x86_64-unknown-linux-gnu/bin:/opt/rustwide/cargo-home/bin:/usr/local/sbin:/usr/local/bin:/usr/sbin:/usr/bin:/sbin:/bin" VSLANG="1033" "cc" "-m64" "/tmp/rustcT8pEFs/symbols.o" "/tmp/rustdoctestWTtFDX/rust_out.rust_out.5bfee551-cgu.0.rcgu.o" "/tmp/rustdoctestWTtFDX/rust_out.j00p4ncf7xg64kg.rcgu.o" "-Wl,--as-needed" "-L" "/opt/rustwide/target/debug/deps" "-L" "/opt/rustwide/target/debug/deps" "-L" "/opt/rustwide/rustup-home/toolchains/1.69.0-x86_64-unknown-linux-gnu/lib/rustlib/x86_64-unknown-linux-gnu/lib" "-Wl,-Bstatic" "/opt/rustwide/target/debug/deps/libcobyla-6bd143c4143df15e.rlib" "/opt/rustwide/target/debug/deps/libargmin-2fafbf6d23a7583f.rlib" "/opt/rustwide/target/debug/deps/libbincode-024747a6cf41dd8f.rlib" "/opt/rustwide/target/debug/deps/librand_xoshiro-28871e3d76a69f82.rlib" "/opt/rustwide/target/debug/deps/libargmin_math-276125914d1a27ce.rlib" "/opt/rustwide/target/debug/deps/libnum_complex-fd53f4325a670830.rlib" "/opt/rustwide/target/debug/deps/librand-4ab6929ffb6c0c3a.rlib" "/opt/rustwide/target/debug/deps/librand_chacha-7d2f8c6ac554aaf5.rlib" "/opt/rustwide/target/debug/deps/libppv_lite86-c3ad053967cc551c.rlib" "/opt/rustwide/target/debug/deps/librand_core-f26b9ef1b8c4f979.rlib" "/opt/rustwide/target/debug/deps/libgetrandom-b0304751d7976a85.rlib" "/opt/rustwide/target/debug/deps/libanyhow-8345b847b15d4828.rlib" "/opt/rustwide/target/debug/deps/libslog_term-dad33d55bbc6e81b.rlib" "/opt/rustwide/target/debug/deps/libatty-56e1361bd5921624.rlib" "/opt/rustwide/target/debug/deps/libterm-d048589b922961d5.rlib" "/opt/rustwide/target/debug/deps/libdirs_next-2057937d378af7da.rlib" "/opt/rustwide/target/debug/deps/libdirs_sys_next-08b7bf43d450408f.rlib" "/opt/rustwide/target/debug/deps/libslog_json-3ecd35c27b46b361.rlib" "/opt/rustwide/target/debug/deps/libtime-4761bd5b9f86fae2.rlib" "/opt/rustwide/target/debug/deps/libnum_threads-509066beeb1109ec.rlib" "/opt/rustwide/target/debug/deps/liblibc-80b1f103d8292596.rlib" "/opt/rustwide/target/debug/deps/libtime_core-4a74880e8761e797.rlib" "/opt/rustwide/target/debug/deps/libserde_json-72676f00af0df9b4.rlib" "/opt/rustwide/target/debug/deps/libryu-4d4a16031edb6838.rlib" "/opt/rustwide/target/debug/deps/libitoa-b071e49db4f1be66.rlib" "/opt/rustwide/target/debug/deps/libslog_async-4ce2a1eeb402d376.rlib" "/opt/rustwide/target/debug/deps/libthread_local-713a8c0281fc5b5e.rlib" "/opt/rustwide/target/debug/deps/libonce_cell-f4689346a1005a4d.rlib" "/opt/rustwide/target/debug/deps/libtake_mut-9572599ce2a6b17f.rlib" "/opt/rustwide/target/debug/deps/libcrossbeam_channel-835b555e8694612b.rlib" "/opt/rustwide/target/debug/deps/libcrossbeam_utils-69c5b05a385e9d22.rlib" "/opt/rustwide/target/debug/deps/libslog-df6a21da7f8881f8.rlib" "/opt/rustwide/target/debug/deps/libserde-728a7d2e713b8454.rlib" "/opt/rustwide/target/debug/deps/libnum_traits-b237925f6bfbb7f7.rlib" "/opt/rustwide/target/debug/deps/libinstant-1bfa666718b38be4.rlib" "/opt/rustwide/target/debug/deps/libcfg_if-e5e118dd7d121aaa.rlib" "/opt/rustwide/target/debug/deps/libthiserror-7f76c7837c5b0c2c.rlib" "/opt/rustwide/rustup-home/toolchains/1.69.0-x86_64-unknown-linux-gnu/lib/rustlib/x86_64-unknown-linux-gnu/lib/libstd-89bc084783fdc439.rlib" "/opt/rustwide/rustup-home/toolchains/1.69.0-x86_64-unknown-linux-gnu/lib/rustlib/x86_64-unknown-linux-gnu/lib/libpanic_unwind-8bee4b287d4367c1.rlib" "/opt/rustwide/rustup-home/toolchains/1.69.0-x86_64-unknown-linux-gnu/lib/rustlib/x86_64-unknown-linux-gnu/lib/libobject-d61707aed80694c0.rlib" "/opt/rustwide/rustup-home/toolchains/1.69.0-x86_64-unknown-linux-gnu/lib/rustlib/x86_64-unknown-linux-gnu/lib/libmemchr-d85366256f22345b.rlib" "/opt/rustwide/rustup-home/toolchains/1.69.0-x86_64-unknown-linux-gnu/lib/rustlib/x86_64-unknown-linux-gnu/lib/libaddr2line-96069b86b8a8cae9.rlib" "/opt/rustwide/rustup-home/toolchains/1.69.0-x86_64-unknown-linux-gnu/lib/rustlib/x86_64-unknown-linux-gnu/lib/libgimli-d19d53abf68dfa6c.rlib" "/opt/rustwide/rustup-home/toolchains/1.69.0-x86_64-unknown-linux-gnu/lib/rustlib/x86_64-unknown-linux-gnu/lib/librustc_demangle-787cbccd19d64ac6.rlib" "/opt/rustwide/rustup-home/toolchains/1.69.0-x86_64-unknown-linux-gnu/lib/rustlib/x86_64-unknown-linux-gnu/lib/libstd_detect-b3837a36b830e0d0.rlib" "/opt/rustwide/rustup-home/toolchains/1.69.0-x86_64-unknown-linux-gnu/lib/rustlib/x86_64-unknown-linux-gnu/lib/libhashbrown-e3deb0e7e3f04966.rlib" "/opt/rustwide/rustup-home/toolchains/1.69.0-x86_64-unknown-linux-gnu/lib/rustlib/x86_64-unknown-linux-gnu/lib/libminiz_oxide-dabbb79c9815def4.rlib" "/opt/rustwide/rustup-home/toolchains/1.69.0-x86_64-unknown-linux-gnu/lib/rustlib/x86_64-unknown-linux-gnu/lib/libadler-305b01f34c9409f2.rlib" "/opt/rustwide/rustup-home/toolchains/1.69.0-x86_64-unknown-linux-gnu/lib/rustlib/x86_64-unknown-linux-gnu/lib/librustc_std_workspace_alloc-f833521df6074e73.rlib" "/opt/rustwide/rustup-home/toolchains/1.69.0-x86_64-unknown-linux-gnu/lib/rustlib/x86_64-unknown-linux-gnu/lib/libunwind-9ac333113350d171.rlib" "/opt/rustwide/rustup-home/toolchains/1.69.0-x86_64-unknown-linux-gnu/lib/rustlib/x86_64-unknown-linux-gnu/lib/libcfg_if-1c126114322d0eee.rlib" "/opt/rustwide/rustup-home/toolchains/1.69.0-x86_64-unknown-linux-gnu/lib/rustlib/x86_64-unknown-linux-gnu/lib/liblibc-bad9164fdeeecf92.rlib" "/opt/rustwide/rustup-home/toolchains/1.69.0-x86_64-unknown-linux-gnu/lib/rustlib/x86_64-unknown-linux-gnu/lib/liballoc-f9374b1e480fa681.rlib" "/opt/rustwide/rustup-home/toolchains/1.69.0-x86_64-unknown-linux-gnu/lib/rustlib/x86_64-unknown-linux-gnu/lib/librustc_std_workspace_core-207f06e41d9603af.rlib" "/opt/rustwide/rustup-home/toolchains/1.69.0-x86_64-unknown-linux-gnu/lib/rustlib/x86_64-unknown-linux-gnu/lib/libcore-7e2768e66e984e85.rlib" "/opt/rustwide/rustup-home/toolchains/1.69.0-x86_64-unknown-linux-gnu/lib/rustlib/x86_64-unknown-linux-gnu/lib/libcompiler_builtins-957b4aff41f8cd46.rlib" "-Wl,-Bdynamic" "-lgcc_s" "-lutil" "-lrt" "-lpthread" "-lm" "-ldl" "-lc" "-Wl,--eh-frame-hdr" "-Wl,-z,noexecstack" "-L" "/opt/rustwide/rustup-home/toolchains/1.69.0-x86_64-unknown-linux-gnu/lib/rustlib/x86_64-unknown-linux-gnu/lib" "-o" "/tmp/rustdoctestWTtFDX/rust_out" "-Wl,--gc-sections" "-pie" "-Wl,-z,relro,-z,now" "-nodefaultlibs"
[INFO] [stdout]   = note: collect2: fatal error: ld terminated with signal 9 [Killed]
[INFO] [stdout]           compilation terminated.
[INFO] [stdout]           
[INFO] [stdout] 
[INFO] [stdout] error: aborting due to previous error
[INFO] [stdout] 
[INFO] [stdout] Couldn't compile the test.
[INFO] [stdout] ---- src/cobyla_state.rs - cobyla_state::CobylaState::func_counts (line 568) stdout ----
[INFO] [stdout] error: linking with `cc` failed: exit status: 1
[INFO] [stdout]   |
[INFO] [stdout]   = note: LC_ALL="C" PATH="/opt/rustwide/rustup-home/toolchains/1.69.0-x86_64-unknown-linux-gnu/lib/rustlib/x86_64-unknown-linux-gnu/bin:/opt/rustwide/cargo-home/bin:/usr/local/sbin:/usr/local/bin:/usr/sbin:/usr/bin:/sbin:/bin" VSLANG="1033" "cc" "-m64" "/tmp/rustc1zHZA1/symbols.o" "/tmp/rustdoctestgZPZQD/rust_out.rust_out.5bfee551-cgu.0.rcgu.o" "/tmp/rustdoctestgZPZQD/rust_out.j00p4ncf7xg64kg.rcgu.o" "-Wl,--as-needed" "-L" "/opt/rustwide/target/debug/deps" "-L" "/opt/rustwide/target/debug/deps" "-L" "/opt/rustwide/rustup-home/toolchains/1.69.0-x86_64-unknown-linux-gnu/lib/rustlib/x86_64-unknown-linux-gnu/lib" "-Wl,-Bstatic" "/opt/rustwide/target/debug/deps/libcobyla-6bd143c4143df15e.rlib" "/opt/rustwide/target/debug/deps/libargmin-2fafbf6d23a7583f.rlib" "/opt/rustwide/target/debug/deps/libbincode-024747a6cf41dd8f.rlib" "/opt/rustwide/target/debug/deps/librand_xoshiro-28871e3d76a69f82.rlib" "/opt/rustwide/target/debug/deps/libargmin_math-276125914d1a27ce.rlib" "/opt/rustwide/target/debug/deps/libnum_complex-fd53f4325a670830.rlib" "/opt/rustwide/target/debug/deps/librand-4ab6929ffb6c0c3a.rlib" "/opt/rustwide/target/debug/deps/librand_chacha-7d2f8c6ac554aaf5.rlib" "/opt/rustwide/target/debug/deps/libppv_lite86-c3ad053967cc551c.rlib" "/opt/rustwide/target/debug/deps/librand_core-f26b9ef1b8c4f979.rlib" "/opt/rustwide/target/debug/deps/libgetrandom-b0304751d7976a85.rlib" "/opt/rustwide/target/debug/deps/libanyhow-8345b847b15d4828.rlib" "/opt/rustwide/target/debug/deps/libslog_term-dad33d55bbc6e81b.rlib" "/opt/rustwide/target/debug/deps/libatty-56e1361bd5921624.rlib" "/opt/rustwide/target/debug/deps/libterm-d048589b922961d5.rlib" "/opt/rustwide/target/debug/deps/libdirs_next-2057937d378af7da.rlib" "/opt/rustwide/target/debug/deps/libdirs_sys_next-08b7bf43d450408f.rlib" "/opt/rustwide/target/debug/deps/libslog_json-3ecd35c27b46b361.rlib" "/opt/rustwide/target/debug/deps/libtime-4761bd5b9f86fae2.rlib" "/opt/rustwide/target/debug/deps/libnum_threads-509066beeb1109ec.rlib" "/opt/rustwide/target/debug/deps/liblibc-80b1f103d8292596.rlib" "/opt/rustwide/target/debug/deps/libtime_core-4a74880e8761e797.rlib" "/opt/rustwide/target/debug/deps/libserde_json-72676f00af0df9b4.rlib" "/opt/rustwide/target/debug/deps/libryu-4d4a16031edb6838.rlib" "/opt/rustwide/target/debug/deps/libitoa-b071e49db4f1be66.rlib" "/opt/rustwide/target/debug/deps/libslog_async-4ce2a1eeb402d376.rlib" "/opt/rustwide/target/debug/deps/libthread_local-713a8c0281fc5b5e.rlib" "/opt/rustwide/target/debug/deps/libonce_cell-f4689346a1005a4d.rlib" "/opt/rustwide/target/debug/deps/libtake_mut-9572599ce2a6b17f.rlib" "/opt/rustwide/target/debug/deps/libcrossbeam_channel-835b555e8694612b.rlib" "/opt/rustwide/target/debug/deps/libcrossbeam_utils-69c5b05a385e9d22.rlib" "/opt/rustwide/target/debug/deps/libslog-df6a21da7f8881f8.rlib" "/opt/rustwide/target/debug/deps/libserde-728a7d2e713b8454.rlib" "/opt/rustwide/target/debug/deps/libnum_traits-b237925f6bfbb7f7.rlib" "/opt/rustwide/target/debug/deps/libinstant-1bfa666718b38be4.rlib" "/opt/rustwide/target/debug/deps/libcfg_if-e5e118dd7d121aaa.rlib" "/opt/rustwide/target/debug/deps/libthiserror-7f76c7837c5b0c2c.rlib" "/opt/rustwide/rustup-home/toolchains/1.69.0-x86_64-unknown-linux-gnu/lib/rustlib/x86_64-unknown-linux-gnu/lib/libstd-89bc084783fdc439.rlib" "/opt/rustwide/rustup-home/toolchains/1.69.0-x86_64-unknown-linux-gnu/lib/rustlib/x86_64-unknown-linux-gnu/lib/libpanic_unwind-8bee4b287d4367c1.rlib" "/opt/rustwide/rustup-home/toolchains/1.69.0-x86_64-unknown-linux-gnu/lib/rustlib/x86_64-unknown-linux-gnu/lib/libobject-d61707aed80694c0.rlib" "/opt/rustwide/rustup-home/toolchains/1.69.0-x86_64-unknown-linux-gnu/lib/rustlib/x86_64-unknown-linux-gnu/lib/libmemchr-d85366256f22345b.rlib" "/opt/rustwide/rustup-home/toolchains/1.69.0-x86_64-unknown-linux-gnu/lib/rustlib/x86_64-unknown-linux-gnu/lib/libaddr2line-96069b86b8a8cae9.rlib" "/opt/rustwide/rustup-home/toolchains/1.69.0-x86_64-unknown-linux-gnu/lib/rustlib/x86_64-unknown-linux-gnu/lib/libgimli-d19d53abf68dfa6c.rlib" "/opt/rustwide/rustup-home/toolchains/1.69.0-x86_64-unknown-linux-gnu/lib/rustlib/x86_64-unknown-linux-gnu/lib/librustc_demangle-787cbccd19d64ac6.rlib" "/opt/rustwide/rustup-home/toolchains/1.69.0-x86_64-unknown-linux-gnu/lib/rustlib/x86_64-unknown-linux-gnu/lib/libstd_detect-b3837a36b830e0d0.rlib" "/opt/rustwide/rustup-home/toolchains/1.69.0-x86_64-unknown-linux-gnu/lib/rustlib/x86_64-unknown-linux-gnu/lib/libhashbrown-e3deb0e7e3f04966.rlib" "/opt/rustwide/rustup-home/toolchains/1.69.0-x86_64-unknown-linux-gnu/lib/rustlib/x86_64-unknown-linux-gnu/lib/libminiz_oxide-dabbb79c9815def4.rlib" "/opt/rustwide/rustup-home/toolchains/1.69.0-x86_64-unknown-linux-gnu/lib/rustlib/x86_64-unknown-linux-gnu/lib/libadler-305b01f34c9409f2.rlib" "/opt/rustwide/rustup-home/toolchains/1.69.0-x86_64-unknown-linux-gnu/lib/rustlib/x86_64-unknown-linux-gnu/lib/librustc_std_workspace_alloc-f833521df6074e73.rlib" "/opt/rustwide/rustup-home/toolchains/1.69.0-x86_64-unknown-linux-gnu/lib/rustlib/x86_64-unknown-linux-gnu/lib/libunwind-9ac333113350d171.rlib" "/opt/rustwide/rustup-home/toolchains/1.69.0-x86_64-unknown-linux-gnu/lib/rustlib/x86_64-unknown-linux-gnu/lib/libcfg_if-1c126114322d0eee.rlib" "/opt/rustwide/rustup-home/toolchains/1.69.0-x86_64-unknown-linux-gnu/lib/rustlib/x86_64-unknown-linux-gnu/lib/liblibc-bad9164fdeeecf92.rlib" "/opt/rustwide/rustup-home/toolchains/1.69.0-x86_64-unknown-linux-gnu/lib/rustlib/x86_64-unknown-linux-gnu/lib/liballoc-f9374b1e480fa681.rlib" "/opt/rustwide/rustup-home/toolchains/1.69.0-x86_64-unknown-linux-gnu/lib/rustlib/x86_64-unknown-linux-gnu/lib/librustc_std_workspace_core-207f06e41d9603af.rlib" "/opt/rustwide/rustup-home/toolchains/1.69.0-x86_64-unknown-linux-gnu/lib/rustlib/x86_64-unknown-linux-gnu/lib/libcore-7e2768e66e984e85.rlib" "/opt/rustwide/rustup-home/toolchains/1.69.0-x86_64-unknown-linux-gnu/lib/rustlib/x86_64-unknown-linux-gnu/lib/libcompiler_builtins-957b4aff41f8cd46.rlib" "-Wl,-Bdynamic" "-lgcc_s" "-lutil" "-lrt" "-lpthread" "-lm" "-ldl" "-lc" "-Wl,--eh-frame-hdr" "-Wl,-z,noexecstack" "-L" "/opt/rustwide/rustup-home/toolchains/1.69.0-x86_64-unknown-linux-gnu/lib/rustlib/x86_64-unknown-linux-gnu/lib" "-o" "/tmp/rustdoctestgZPZQD/rust_out" "-Wl,--gc-sections" "-pie" "-Wl,-z,relro,-z,now" "-nodefaultlibs"
[INFO] [stdout]   = note: collect2: fatal error: ld terminated with signal 9 [Killed]
[INFO] [stdout]           compilation terminated.
[INFO] [stdout]           
[INFO] [stdout] 
[INFO] [stdout] error: aborting due to previous error
[INFO] [stdout] 
[INFO] [stdout] Couldn't compile the test.
[INFO] [stdout] ---- src/cobyla_state.rs - cobyla_state::CobylaState::get_param (line 327) stdout ----
[INFO] [stdout] error: linking with `cc` failed: exit status: 1
[INFO] [stdout]   |
[INFO] [stdout]   = note: LC_ALL="C" PATH="/opt/rustwide/rustup-home/toolchains/1.69.0-x86_64-unknown-linux-gnu/lib/rustlib/x86_64-unknown-linux-gnu/bin:/opt/rustwide/cargo-home/bin:/usr/local/sbin:/usr/local/bin:/usr/sbin:/usr/bin:/sbin:/bin" VSLANG="1033" "cc" "-m64" "/tmp/rustceipd9n/symbols.o" "/tmp/rustdoctest2vOFyo/rust_out.rust_out.5bfee551-cgu.0.rcgu.o" "/tmp/rustdoctest2vOFyo/rust_out.j00p4ncf7xg64kg.rcgu.o" "-Wl,--as-needed" "-L" "/opt/rustwide/target/debug/deps" "-L" "/opt/rustwide/target/debug/deps" "-L" "/opt/rustwide/rustup-home/toolchains/1.69.0-x86_64-unknown-linux-gnu/lib/rustlib/x86_64-unknown-linux-gnu/lib" "-Wl,-Bstatic" "/opt/rustwide/target/debug/deps/libcobyla-6bd143c4143df15e.rlib" "/opt/rustwide/target/debug/deps/libargmin-2fafbf6d23a7583f.rlib" "/opt/rustwide/target/debug/deps/libbincode-024747a6cf41dd8f.rlib" "/opt/rustwide/target/debug/deps/librand_xoshiro-28871e3d76a69f82.rlib" "/opt/rustwide/target/debug/deps/libargmin_math-276125914d1a27ce.rlib" "/opt/rustwide/target/debug/deps/libnum_complex-fd53f4325a670830.rlib" "/opt/rustwide/target/debug/deps/librand-4ab6929ffb6c0c3a.rlib" "/opt/rustwide/target/debug/deps/librand_chacha-7d2f8c6ac554aaf5.rlib" "/opt/rustwide/target/debug/deps/libppv_lite86-c3ad053967cc551c.rlib" "/opt/rustwide/target/debug/deps/librand_core-f26b9ef1b8c4f979.rlib" "/opt/rustwide/target/debug/deps/libgetrandom-b0304751d7976a85.rlib" "/opt/rustwide/target/debug/deps/libanyhow-8345b847b15d4828.rlib" "/opt/rustwide/target/debug/deps/libslog_term-dad33d55bbc6e81b.rlib" "/opt/rustwide/target/debug/deps/libatty-56e1361bd5921624.rlib" "/opt/rustwide/target/debug/deps/libterm-d048589b922961d5.rlib" "/opt/rustwide/target/debug/deps/libdirs_next-2057937d378af7da.rlib" "/opt/rustwide/target/debug/deps/libdirs_sys_next-08b7bf43d450408f.rlib" "/opt/rustwide/target/debug/deps/libslog_json-3ecd35c27b46b361.rlib" "/opt/rustwide/target/debug/deps/libtime-4761bd5b9f86fae2.rlib" "/opt/rustwide/target/debug/deps/libnum_threads-509066beeb1109ec.rlib" "/opt/rustwide/target/debug/deps/liblibc-80b1f103d8292596.rlib" "/opt/rustwide/target/debug/deps/libtime_core-4a74880e8761e797.rlib" "/opt/rustwide/target/debug/deps/libserde_json-72676f00af0df9b4.rlib" "/opt/rustwide/target/debug/deps/libryu-4d4a16031edb6838.rlib" "/opt/rustwide/target/debug/deps/libitoa-b071e49db4f1be66.rlib" "/opt/rustwide/target/debug/deps/libslog_async-4ce2a1eeb402d376.rlib" "/opt/rustwide/target/debug/deps/libthread_local-713a8c0281fc5b5e.rlib" "/opt/rustwide/target/debug/deps/libonce_cell-f4689346a1005a4d.rlib" "/opt/rustwide/target/debug/deps/libtake_mut-9572599ce2a6b17f.rlib" "/opt/rustwide/target/debug/deps/libcrossbeam_channel-835b555e8694612b.rlib" "/opt/rustwide/target/debug/deps/libcrossbeam_utils-69c5b05a385e9d22.rlib" "/opt/rustwide/target/debug/deps/libslog-df6a21da7f8881f8.rlib" "/opt/rustwide/target/debug/deps/libserde-728a7d2e713b8454.rlib" "/opt/rustwide/target/debug/deps/libnum_traits-b237925f6bfbb7f7.rlib" "/opt/rustwide/target/debug/deps/libinstant-1bfa666718b38be4.rlib" "/opt/rustwide/target/debug/deps/libcfg_if-e5e118dd7d121aaa.rlib" "/opt/rustwide/target/debug/deps/libthiserror-7f76c7837c5b0c2c.rlib" "/opt/rustwide/rustup-home/toolchains/1.69.0-x86_64-unknown-linux-gnu/lib/rustlib/x86_64-unknown-linux-gnu/lib/libstd-89bc084783fdc439.rlib" "/opt/rustwide/rustup-home/toolchains/1.69.0-x86_64-unknown-linux-gnu/lib/rustlib/x86_64-unknown-linux-gnu/lib/libpanic_unwind-8bee4b287d4367c1.rlib" "/opt/rustwide/rustup-home/toolchains/1.69.0-x86_64-unknown-linux-gnu/lib/rustlib/x86_64-unknown-linux-gnu/lib/libobject-d61707aed80694c0.rlib" "/opt/rustwide/rustup-home/toolchains/1.69.0-x86_64-unknown-linux-gnu/lib/rustlib/x86_64-unknown-linux-gnu/lib/libmemchr-d85366256f22345b.rlib" "/opt/rustwide/rustup-home/toolchains/1.69.0-x86_64-unknown-linux-gnu/lib/rustlib/x86_64-unknown-linux-gnu/lib/libaddr2line-96069b86b8a8cae9.rlib" "/opt/rustwide/rustup-home/toolchains/1.69.0-x86_64-unknown-linux-gnu/lib/rustlib/x86_64-unknown-linux-gnu/lib/libgimli-d19d53abf68dfa6c.rlib" "/opt/rustwide/rustup-home/toolchains/1.69.0-x86_64-unknown-linux-gnu/lib/rustlib/x86_64-unknown-linux-gnu/lib/librustc_demangle-787cbccd19d64ac6.rlib" "/opt/rustwide/rustup-home/toolchains/1.69.0-x86_64-unknown-linux-gnu/lib/rustlib/x86_64-unknown-linux-gnu/lib/libstd_detect-b3837a36b830e0d0.rlib" "/opt/rustwide/rustup-home/toolchains/1.69.0-x86_64-unknown-linux-gnu/lib/rustlib/x86_64-unknown-linux-gnu/lib/libhashbrown-e3deb0e7e3f04966.rlib" "/opt/rustwide/rustup-home/toolchains/1.69.0-x86_64-unknown-linux-gnu/lib/rustlib/x86_64-unknown-linux-gnu/lib/libminiz_oxide-dabbb79c9815def4.rlib" "/opt/rustwide/rustup-home/toolchains/1.69.0-x86_64-unknown-linux-gnu/lib/rustlib/x86_64-unknown-linux-gnu/lib/libadler-305b01f34c9409f2.rlib" "/opt/rustwide/rustup-home/toolchains/1.69.0-x86_64-unknown-linux-gnu/lib/rustlib/x86_64-unknown-linux-gnu/lib/librustc_std_workspace_alloc-f833521df6074e73.rlib" "/opt/rustwide/rustup-home/toolchains/1.69.0-x86_64-unknown-linux-gnu/lib/rustlib/x86_64-unknown-linux-gnu/lib/libunwind-9ac333113350d171.rlib" "/opt/rustwide/rustup-home/toolchains/1.69.0-x86_64-unknown-linux-gnu/lib/rustlib/x86_64-unknown-linux-gnu/lib/libcfg_if-1c126114322d0eee.rlib" "/opt/rustwide/rustup-home/toolchains/1.69.0-x86_64-unknown-linux-gnu/lib/rustlib/x86_64-unknown-linux-gnu/lib/liblibc-bad9164fdeeecf92.rlib" "/opt/rustwide/rustup-home/toolchains/1.69.0-x86_64-unknown-linux-gnu/lib/rustlib/x86_64-unknown-linux-gnu/lib/liballoc-f9374b1e480fa681.rlib" "/opt/rustwide/rustup-home/toolchains/1.69.0-x86_64-unknown-linux-gnu/lib/rustlib/x86_64-unknown-linux-gnu/lib/librustc_std_workspace_core-207f06e41d9603af.rlib" "/opt/rustwide/rustup-home/toolchains/1.69.0-x86_64-unknown-linux-gnu/lib/rustlib/x86_64-unknown-linux-gnu/lib/libcore-7e2768e66e984e85.rlib" "/opt/rustwide/rustup-home/toolchains/1.69.0-x86_64-unknown-linux-gnu/lib/rustlib/x86_64-unknown-linux-gnu/lib/libcompiler_builtins-957b4aff41f8cd46.rlib" "-Wl,-Bdynamic" "-lgcc_s" "-lutil" "-lrt" "-lpthread" "-lm" "-ldl" "-lc" "-Wl,--eh-frame-hdr" "-Wl,-z,noexecstack" "-L" "/opt/rustwide/rustup-home/toolchains/1.69.0-x86_64-unknown-linux-gnu/lib/rustlib/x86_64-unknown-linux-gnu/lib" "-o" "/tmp/rustdoctest2vOFyo/rust_out" "-Wl,--gc-sections" "-pie" "-Wl,-z,relro,-z,now" "-nodefaultlibs"
[INFO] [stdout]   = note: collect2: fatal error: ld terminated with signal 9 [Killed]
[INFO] [stdout]           compilation terminated.
[INFO] [stdout]           
[INFO] [stdout] 
[INFO] [stdout] error: aborting due to previous error
[INFO] [stdout] 
[INFO] [stdout] Couldn't compile the test.
[INFO] [stdout] ---- src/cobyla_state.rs - cobyla_state::CobylaState::get_iter (line 458) stdout ----
[INFO] [stdout] error: linking with `cc` failed: exit status: 1
[INFO] [stdout]   |
[INFO] [stdout]   = note: LC_ALL="C" PATH="/opt/rustwide/rustup-home/toolchains/1.69.0-x86_64-unknown-linux-gnu/lib/rustlib/x86_64-unknown-linux-gnu/bin:/opt/rustwide/cargo-home/bin:/usr/local/sbin:/usr/local/bin:/usr/sbin:/usr/bin:/sbin:/bin" VSLANG="1033" "cc" "-m64" "/tmp/rustcpErYld/symbols.o" "/tmp/rustdoctestL61lCS/rust_out.rust_out.5bfee551-cgu.0.rcgu.o" "/tmp/rustdoctestL61lCS/rust_out.j00p4ncf7xg64kg.rcgu.o" "-Wl,--as-needed" "-L" "/opt/rustwide/target/debug/deps" "-L" "/opt/rustwide/target/debug/deps" "-L" "/opt/rustwide/rustup-home/toolchains/1.69.0-x86_64-unknown-linux-gnu/lib/rustlib/x86_64-unknown-linux-gnu/lib" "-Wl,-Bstatic" "/opt/rustwide/target/debug/deps/libcobyla-6bd143c4143df15e.rlib" "/opt/rustwide/target/debug/deps/libargmin-2fafbf6d23a7583f.rlib" "/opt/rustwide/target/debug/deps/libbincode-024747a6cf41dd8f.rlib" "/opt/rustwide/target/debug/deps/librand_xoshiro-28871e3d76a69f82.rlib" "/opt/rustwide/target/debug/deps/libargmin_math-276125914d1a27ce.rlib" "/opt/rustwide/target/debug/deps/libnum_complex-fd53f4325a670830.rlib" "/opt/rustwide/target/debug/deps/librand-4ab6929ffb6c0c3a.rlib" "/opt/rustwide/target/debug/deps/librand_chacha-7d2f8c6ac554aaf5.rlib" "/opt/rustwide/target/debug/deps/libppv_lite86-c3ad053967cc551c.rlib" "/opt/rustwide/target/debug/deps/librand_core-f26b9ef1b8c4f979.rlib" "/opt/rustwide/target/debug/deps/libgetrandom-b0304751d7976a85.rlib" "/opt/rustwide/target/debug/deps/libanyhow-8345b847b15d4828.rlib" "/opt/rustwide/target/debug/deps/libslog_term-dad33d55bbc6e81b.rlib" "/opt/rustwide/target/debug/deps/libatty-56e1361bd5921624.rlib" "/opt/rustwide/target/debug/deps/libterm-d048589b922961d5.rlib" "/opt/rustwide/target/debug/deps/libdirs_next-2057937d378af7da.rlib" "/opt/rustwide/target/debug/deps/libdirs_sys_next-08b7bf43d450408f.rlib" "/opt/rustwide/target/debug/deps/libslog_json-3ecd35c27b46b361.rlib" "/opt/rustwide/target/debug/deps/libtime-4761bd5b9f86fae2.rlib" "/opt/rustwide/target/debug/deps/libnum_threads-509066beeb1109ec.rlib" "/opt/rustwide/target/debug/deps/liblibc-80b1f103d8292596.rlib" "/opt/rustwide/target/debug/deps/libtime_core-4a74880e8761e797.rlib" "/opt/rustwide/target/debug/deps/libserde_json-72676f00af0df9b4.rlib" "/opt/rustwide/target/debug/deps/libryu-4d4a16031edb6838.rlib" "/opt/rustwide/target/debug/deps/libitoa-b071e49db4f1be66.rlib" "/opt/rustwide/target/debug/deps/libslog_async-4ce2a1eeb402d376.rlib" "/opt/rustwide/target/debug/deps/libthread_local-713a8c0281fc5b5e.rlib" "/opt/rustwide/target/debug/deps/libonce_cell-f4689346a1005a4d.rlib" "/opt/rustwide/target/debug/deps/libtake_mut-9572599ce2a6b17f.rlib" "/opt/rustwide/target/debug/deps/libcrossbeam_channel-835b555e8694612b.rlib" "/opt/rustwide/target/debug/deps/libcrossbeam_utils-69c5b05a385e9d22.rlib" "/opt/rustwide/target/debug/deps/libslog-df6a21da7f8881f8.rlib" "/opt/rustwide/target/debug/deps/libserde-728a7d2e713b8454.rlib" "/opt/rustwide/target/debug/deps/libnum_traits-b237925f6bfbb7f7.rlib" "/opt/rustwide/target/debug/deps/libinstant-1bfa666718b38be4.rlib" "/opt/rustwide/target/debug/deps/libcfg_if-e5e118dd7d121aaa.rlib" "/opt/rustwide/target/debug/deps/libthiserror-7f76c7837c5b0c2c.rlib" "/opt/rustwide/rustup-home/toolchains/1.69.0-x86_64-unknown-linux-gnu/lib/rustlib/x86_64-unknown-linux-gnu/lib/libstd-89bc084783fdc439.rlib" "/opt/rustwide/rustup-home/toolchains/1.69.0-x86_64-unknown-linux-gnu/lib/rustlib/x86_64-unknown-linux-gnu/lib/libpanic_unwind-8bee4b287d4367c1.rlib" "/opt/rustwide/rustup-home/toolchains/1.69.0-x86_64-unknown-linux-gnu/lib/rustlib/x86_64-unknown-linux-gnu/lib/libobject-d61707aed80694c0.rlib" "/opt/rustwide/rustup-home/toolchains/1.69.0-x86_64-unknown-linux-gnu/lib/rustlib/x86_64-unknown-linux-gnu/lib/libmemchr-d85366256f22345b.rlib" "/opt/rustwide/rustup-home/toolchains/1.69.0-x86_64-unknown-linux-gnu/lib/rustlib/x86_64-unknown-linux-gnu/lib/libaddr2line-96069b86b8a8cae9.rlib" "/opt/rustwide/rustup-home/toolchains/1.69.0-x86_64-unknown-linux-gnu/lib/rustlib/x86_64-unknown-linux-gnu/lib/libgimli-d19d53abf68dfa6c.rlib" "/opt/rustwide/rustup-home/toolchains/1.69.0-x86_64-unknown-linux-gnu/lib/rustlib/x86_64-unknown-linux-gnu/lib/librustc_demangle-787cbccd19d64ac6.rlib" "/opt/rustwide/rustup-home/toolchains/1.69.0-x86_64-unknown-linux-gnu/lib/rustlib/x86_64-unknown-linux-gnu/lib/libstd_detect-b3837a36b830e0d0.rlib" "/opt/rustwide/rustup-home/toolchains/1.69.0-x86_64-unknown-linux-gnu/lib/rustlib/x86_64-unknown-linux-gnu/lib/libhashbrown-e3deb0e7e3f04966.rlib" "/opt/rustwide/rustup-home/toolchains/1.69.0-x86_64-unknown-linux-gnu/lib/rustlib/x86_64-unknown-linux-gnu/lib/libminiz_oxide-dabbb79c9815def4.rlib" "/opt/rustwide/rustup-home/toolchains/1.69.0-x86_64-unknown-linux-gnu/lib/rustlib/x86_64-unknown-linux-gnu/lib/libadler-305b01f34c9409f2.rlib" "/opt/rustwide/rustup-home/toolchains/1.69.0-x86_64-unknown-linux-gnu/lib/rustlib/x86_64-unknown-linux-gnu/lib/librustc_std_workspace_alloc-f833521df6074e73.rlib" "/opt/rustwide/rustup-home/toolchains/1.69.0-x86_64-unknown-linux-gnu/lib/rustlib/x86_64-unknown-linux-gnu/lib/libunwind-9ac333113350d171.rlib" "/opt/rustwide/rustup-home/toolchains/1.69.0-x86_64-unknown-linux-gnu/lib/rustlib/x86_64-unknown-linux-gnu/lib/libcfg_if-1c126114322d0eee.rlib" "/opt/rustwide/rustup-home/toolchains/1.69.0-x86_64-unknown-linux-gnu/lib/rustlib/x86_64-unknown-linux-gnu/lib/liblibc-bad9164fdeeecf92.rlib" "/opt/rustwide/rustup-home/toolchains/1.69.0-x86_64-unknown-linux-gnu/lib/rustlib/x86_64-unknown-linux-gnu/lib/liballoc-f9374b1e480fa681.rlib" "/opt/rustwide/rustup-home/toolchains/1.69.0-x86_64-unknown-linux-gnu/lib/rustlib/x86_64-unknown-linux-gnu/lib/librustc_std_workspace_core-207f06e41d9603af.rlib" "/opt/rustwide/rustup-home/toolchains/1.69.0-x86_64-unknown-linux-gnu/lib/rustlib/x86_64-unknown-linux-gnu/lib/libcore-7e2768e66e984e85.rlib" "/opt/rustwide/rustup-home/toolchains/1.69.0-x86_64-unknown-linux-gnu/lib/rustlib/x86_64-unknown-linux-gnu/lib/libcompiler_builtins-957b4aff41f8cd46.rlib" "-Wl,-Bdynamic" "-lgcc_s" "-lutil" "-lrt" "-lpthread" "-lm" "-ldl" "-lc" "-Wl,--eh-frame-hdr" "-Wl,-z,noexecstack" "-L" "/opt/rustwide/rustup-home/toolchains/1.69.0-x86_64-unknown-linux-gnu/lib/rustlib/x86_64-unknown-linux-gnu/lib" "-o" "/tmp/rustdoctestL61lCS/rust_out" "-Wl,--gc-sections" "-pie" "-Wl,-z,relro,-z,now" "-nodefaultlibs"
[INFO] [stdout]   = note: collect2: fatal error: ld terminated with signal 9 [Killed]
[INFO] [stdout]           compilation terminated.
[INFO] [stdout]           
[INFO] [stdout] 
[INFO] [stdout] error: aborting due to previous error
[INFO] [stdout] 
[INFO] [stdout] Couldn't compile the test.
[INFO] [stdout] ---- src/cobyla_state.rs - cobyla_state::CobylaState::terminate_with (line 369) stdout ----
[INFO] [stdout] Couldn't compile the test.
[INFO] [stdout] ---- src/cobyla_state.rs - cobyla_state::CobylaState::get_best_param (line 347) stdout ----
[INFO] [stdout] error: linking with `cc` failed: exit status: 1
[INFO] [stdout]   |
[INFO] [stdout]   = note: LC_ALL="C" PATH="/opt/rustwide/rustup-home/toolchains/1.69.0-x86_64-unknown-linux-gnu/lib/rustlib/x86_64-unknown-linux-gnu/bin:/opt/rustwide/cargo-home/bin:/usr/local/sbin:/usr/local/bin:/usr/sbin:/usr/bin:/sbin:/bin" VSLANG="1033" "cc" "-m64" "/tmp/rustc27yET6/symbols.o" "/tmp/rustdoctestoIQSeB/rust_out.rust_out.5bfee551-cgu.0.rcgu.o" "/tmp/rustdoctestoIQSeB/rust_out.j00p4ncf7xg64kg.rcgu.o" "-Wl,--as-needed" "-L" "/opt/rustwide/target/debug/deps" "-L" "/opt/rustwide/target/debug/deps" "-L" "/opt/rustwide/rustup-home/toolchains/1.69.0-x86_64-unknown-linux-gnu/lib/rustlib/x86_64-unknown-linux-gnu/lib" "-Wl,-Bstatic" "/opt/rustwide/target/debug/deps/libcobyla-6bd143c4143df15e.rlib" "/opt/rustwide/target/debug/deps/libargmin-2fafbf6d23a7583f.rlib" "/opt/rustwide/target/debug/deps/libbincode-024747a6cf41dd8f.rlib" "/opt/rustwide/target/debug/deps/librand_xoshiro-28871e3d76a69f82.rlib" "/opt/rustwide/target/debug/deps/libargmin_math-276125914d1a27ce.rlib" "/opt/rustwide/target/debug/deps/libnum_complex-fd53f4325a670830.rlib" "/opt/rustwide/target/debug/deps/librand-4ab6929ffb6c0c3a.rlib" "/opt/rustwide/target/debug/deps/librand_chacha-7d2f8c6ac554aaf5.rlib" "/opt/rustwide/target/debug/deps/libppv_lite86-c3ad053967cc551c.rlib" "/opt/rustwide/target/debug/deps/librand_core-f26b9ef1b8c4f979.rlib" "/opt/rustwide/target/debug/deps/libgetrandom-b0304751d7976a85.rlib" "/opt/rustwide/target/debug/deps/libanyhow-8345b847b15d4828.rlib" "/opt/rustwide/target/debug/deps/libslog_term-dad33d55bbc6e81b.rlib" "/opt/rustwide/target/debug/deps/libatty-56e1361bd5921624.rlib" "/opt/rustwide/target/debug/deps/libterm-d048589b922961d5.rlib" "/opt/rustwide/target/debug/deps/libdirs_next-2057937d378af7da.rlib" "/opt/rustwide/target/debug/deps/libdirs_sys_next-08b7bf43d450408f.rlib" "/opt/rustwide/target/debug/deps/libslog_json-3ecd35c27b46b361.rlib" "/opt/rustwide/target/debug/deps/libtime-4761bd5b9f86fae2.rlib" "/opt/rustwide/target/debug/deps/libnum_threads-509066beeb1109ec.rlib" "/opt/rustwide/target/debug/deps/liblibc-80b1f103d8292596.rlib" "/opt/rustwide/target/debug/deps/libtime_core-4a74880e8761e797.rlib" "/opt/rustwide/target/debug/deps/libserde_json-72676f00af0df9b4.rlib" "/opt/rustwide/target/debug/deps/libryu-4d4a16031edb6838.rlib" "/opt/rustwide/target/debug/deps/libitoa-b071e49db4f1be66.rlib" "/opt/rustwide/target/debug/deps/libslog_async-4ce2a1eeb402d376.rlib" "/opt/rustwide/target/debug/deps/libthread_local-713a8c0281fc5b5e.rlib" "/opt/rustwide/target/debug/deps/libonce_cell-f4689346a1005a4d.rlib" "/opt/rustwide/target/debug/deps/libtake_mut-9572599ce2a6b17f.rlib" "/opt/rustwide/target/debug/deps/libcrossbeam_channel-835b555e8694612b.rlib" "/opt/rustwide/target/debug/deps/libcrossbeam_utils-69c5b05a385e9d22.rlib" "/opt/rustwide/target/debug/deps/libslog-df6a21da7f8881f8.rlib" "/opt/rustwide/target/debug/deps/libserde-728a7d2e713b8454.rlib" "/opt/rustwide/target/debug/deps/libnum_traits-b237925f6bfbb7f7.rlib" "/opt/rustwide/target/debug/deps/libinstant-1bfa666718b38be4.rlib" "/opt/rustwide/target/debug/deps/libcfg_if-e5e118dd7d121aaa.rlib" "/opt/rustwide/target/debug/deps/libthiserror-7f76c7837c5b0c2c.rlib" "/opt/rustwide/rustup-home/toolchains/1.69.0-x86_64-unknown-linux-gnu/lib/rustlib/x86_64-unknown-linux-gnu/lib/libstd-89bc084783fdc439.rlib" "/opt/rustwide/rustup-home/toolchains/1.69.0-x86_64-unknown-linux-gnu/lib/rustlib/x86_64-unknown-linux-gnu/lib/libpanic_unwind-8bee4b287d4367c1.rlib" "/opt/rustwide/rustup-home/toolchains/1.69.0-x86_64-unknown-linux-gnu/lib/rustlib/x86_64-unknown-linux-gnu/lib/libobject-d61707aed80694c0.rlib" "/opt/rustwide/rustup-home/toolchains/1.69.0-x86_64-unknown-linux-gnu/lib/rustlib/x86_64-unknown-linux-gnu/lib/libmemchr-d85366256f22345b.rlib" "/opt/rustwide/rustup-home/toolchains/1.69.0-x86_64-unknown-linux-gnu/lib/rustlib/x86_64-unknown-linux-gnu/lib/libaddr2line-96069b86b8a8cae9.rlib" "/opt/rustwide/rustup-home/toolchains/1.69.0-x86_64-unknown-linux-gnu/lib/rustlib/x86_64-unknown-linux-gnu/lib/libgimli-d19d53abf68dfa6c.rlib" "/opt/rustwide/rustup-home/toolchains/1.69.0-x86_64-unknown-linux-gnu/lib/rustlib/x86_64-unknown-linux-gnu/lib/librustc_demangle-787cbccd19d64ac6.rlib" "/opt/rustwide/rustup-home/toolchains/1.69.0-x86_64-unknown-linux-gnu/lib/rustlib/x86_64-unknown-linux-gnu/lib/libstd_detect-b3837a36b830e0d0.rlib" "/opt/rustwide/rustup-home/toolchains/1.69.0-x86_64-unknown-linux-gnu/lib/rustlib/x86_64-unknown-linux-gnu/lib/libhashbrown-e3deb0e7e3f04966.rlib" "/opt/rustwide/rustup-home/toolchains/1.69.0-x86_64-unknown-linux-gnu/lib/rustlib/x86_64-unknown-linux-gnu/lib/libminiz_oxide-dabbb79c9815def4.rlib" "/opt/rustwide/rustup-home/toolchains/1.69.0-x86_64-unknown-linux-gnu/lib/rustlib/x86_64-unknown-linux-gnu/lib/libadler-305b01f34c9409f2.rlib" "/opt/rustwide/rustup-home/toolchains/1.69.0-x86_64-unknown-linux-gnu/lib/rustlib/x86_64-unknown-linux-gnu/lib/librustc_std_workspace_alloc-f833521df6074e73.rlib" "/opt/rustwide/rustup-home/toolchains/1.69.0-x86_64-unknown-linux-gnu/lib/rustlib/x86_64-unknown-linux-gnu/lib/libunwind-9ac333113350d171.rlib" "/opt/rustwide/rustup-home/toolchains/1.69.0-x86_64-unknown-linux-gnu/lib/rustlib/x86_64-unknown-linux-gnu/lib/libcfg_if-1c126114322d0eee.rlib" "/opt/rustwide/rustup-home/toolchains/1.69.0-x86_64-unknown-linux-gnu/lib/rustlib/x86_64-unknown-linux-gnu/lib/liblibc-bad9164fdeeecf92.rlib" "/opt/rustwide/rustup-home/toolchains/1.69.0-x86_64-unknown-linux-gnu/lib/rustlib/x86_64-unknown-linux-gnu/lib/liballoc-f9374b1e480fa681.rlib" "/opt/rustwide/rustup-home/toolchains/1.69.0-x86_64-unknown-linux-gnu/lib/rustlib/x86_64-unknown-linux-gnu/lib/librustc_std_workspace_core-207f06e41d9603af.rlib" "/opt/rustwide/rustup-home/toolchains/1.69.0-x86_64-unknown-linux-gnu/lib/rustlib/x86_64-unknown-linux-gnu/lib/libcore-7e2768e66e984e85.rlib" "/opt/rustwide/rustup-home/toolchains/1.69.0-x86_64-unknown-linux-gnu/lib/rustlib/x86_64-unknown-linux-gnu/lib/libcompiler_builtins-957b4aff41f8cd46.rlib" "-Wl,-Bdynamic" "-lgcc_s" "-lutil" "-lrt" "-lpthread" "-lm" "-ldl" "-lc" "-Wl,--eh-frame-hdr" "-Wl,-z,noexecstack" "-L" "/opt/rustwide/rustup-home/toolchains/1.69.0-x86_64-unknown-linux-gnu/lib/rustlib/x86_64-unknown-linux-gnu/lib" "-o" "/tmp/rustdoctestoIQSeB/rust_out" "-Wl,--gc-sections" "-pie" "-Wl,-z,relro,-z,now" "-nodefaultlibs"
[INFO] [stdout]   = note: collect2: fatal error: ld terminated with signal 9 [Killed]
[INFO] [stdout]           compilation terminated.
[INFO] [stdout]           
[INFO] [stdout] 
[INFO] [stdout] error: aborting due to previous error
[INFO] [stdout] 
[INFO] [stdout] Couldn't compile the test.
[INFO] [stdout] ---- src/cobyla_state.rs - cobyla_state::CobylaState::get_target_cost (line 442) stdout ----
[INFO] [stdout] error: linking with `cc` failed: exit status: 1
[INFO] [stdout]   |
[INFO] [stdout]   = note: LC_ALL="C" PATH="/opt/rustwide/rustup-home/toolchains/1.69.0-x86_64-unknown-linux-gnu/lib/rustlib/x86_64-unknown-linux-gnu/bin:/opt/rustwide/cargo-home/bin:/usr/local/sbin:/usr/local/bin:/usr/sbin:/usr/bin:/sbin:/bin" VSLANG="1033" "cc" "-m64" "/tmp/rustcgGV5Xp/symbols.o" "/tmp/rustdoctests6CYKs/rust_out.rust_out.5bfee551-cgu.0.rcgu.o" "/tmp/rustdoctests6CYKs/rust_out.j00p4ncf7xg64kg.rcgu.o" "-Wl,--as-needed" "-L" "/opt/rustwide/target/debug/deps" "-L" "/opt/rustwide/target/debug/deps" "-L" "/opt/rustwide/rustup-home/toolchains/1.69.0-x86_64-unknown-linux-gnu/lib/rustlib/x86_64-unknown-linux-gnu/lib" "-Wl,-Bstatic" "/opt/rustwide/target/debug/deps/libcobyla-6bd143c4143df15e.rlib" "/opt/rustwide/target/debug/deps/libargmin-2fafbf6d23a7583f.rlib" "/opt/rustwide/target/debug/deps/libbincode-024747a6cf41dd8f.rlib" "/opt/rustwide/target/debug/deps/librand_xoshiro-28871e3d76a69f82.rlib" "/opt/rustwide/target/debug/deps/libargmin_math-276125914d1a27ce.rlib" "/opt/rustwide/target/debug/deps/libnum_complex-fd53f4325a670830.rlib" "/opt/rustwide/target/debug/deps/librand-4ab6929ffb6c0c3a.rlib" "/opt/rustwide/target/debug/deps/librand_chacha-7d2f8c6ac554aaf5.rlib" "/opt/rustwide/target/debug/deps/libppv_lite86-c3ad053967cc551c.rlib" "/opt/rustwide/target/debug/deps/librand_core-f26b9ef1b8c4f979.rlib" "/opt/rustwide/target/debug/deps/libgetrandom-b0304751d7976a85.rlib" "/opt/rustwide/target/debug/deps/libanyhow-8345b847b15d4828.rlib" "/opt/rustwide/target/debug/deps/libslog_term-dad33d55bbc6e81b.rlib" "/opt/rustwide/target/debug/deps/libatty-56e1361bd5921624.rlib" "/opt/rustwide/target/debug/deps/libterm-d048589b922961d5.rlib" "/opt/rustwide/target/debug/deps/libdirs_next-2057937d378af7da.rlib" "/opt/rustwide/target/debug/deps/libdirs_sys_next-08b7bf43d450408f.rlib" "/opt/rustwide/target/debug/deps/libslog_json-3ecd35c27b46b361.rlib" "/opt/rustwide/target/debug/deps/libtime-4761bd5b9f86fae2.rlib" "/opt/rustwide/target/debug/deps/libnum_threads-509066beeb1109ec.rlib" "/opt/rustwide/target/debug/deps/liblibc-80b1f103d8292596.rlib" "/opt/rustwide/target/debug/deps/libtime_core-4a74880e8761e797.rlib" "/opt/rustwide/target/debug/deps/libserde_json-72676f00af0df9b4.rlib" "/opt/rustwide/target/debug/deps/libryu-4d4a16031edb6838.rlib" "/opt/rustwide/target/debug/deps/libitoa-b071e49db4f1be66.rlib" "/opt/rustwide/target/debug/deps/libslog_async-4ce2a1eeb402d376.rlib" "/opt/rustwide/target/debug/deps/libthread_local-713a8c0281fc5b5e.rlib" "/opt/rustwide/target/debug/deps/libonce_cell-f4689346a1005a4d.rlib" "/opt/rustwide/target/debug/deps/libtake_mut-9572599ce2a6b17f.rlib" "/opt/rustwide/target/debug/deps/libcrossbeam_channel-835b555e8694612b.rlib" "/opt/rustwide/target/debug/deps/libcrossbeam_utils-69c5b05a385e9d22.rlib" "/opt/rustwide/target/debug/deps/libslog-df6a21da7f8881f8.rlib" "/opt/rustwide/target/debug/deps/libserde-728a7d2e713b8454.rlib" "/opt/rustwide/target/debug/deps/libnum_traits-b237925f6bfbb7f7.rlib" "/opt/rustwide/target/debug/deps/libinstant-1bfa666718b38be4.rlib" "/opt/rustwide/target/debug/deps/libcfg_if-e5e118dd7d121aaa.rlib" "/opt/rustwide/target/debug/deps/libthiserror-7f76c7837c5b0c2c.rlib" "/opt/rustwide/rustup-home/toolchains/1.69.0-x86_64-unknown-linux-gnu/lib/rustlib/x86_64-unknown-linux-gnu/lib/libstd-89bc084783fdc439.rlib" "/opt/rustwide/rustup-home/toolchains/1.69.0-x86_64-unknown-linux-gnu/lib/rustlib/x86_64-unknown-linux-gnu/lib/libpanic_unwind-8bee4b287d4367c1.rlib" "/opt/rustwide/rustup-home/toolchains/1.69.0-x86_64-unknown-linux-gnu/lib/rustlib/x86_64-unknown-linux-gnu/lib/libobject-d61707aed80694c0.rlib" "/opt/rustwide/rustup-home/toolchains/1.69.0-x86_64-unknown-linux-gnu/lib/rustlib/x86_64-unknown-linux-gnu/lib/libmemchr-d85366256f22345b.rlib" "/opt/rustwide/rustup-home/toolchains/1.69.0-x86_64-unknown-linux-gnu/lib/rustlib/x86_64-unknown-linux-gnu/lib/libaddr2line-96069b86b8a8cae9.rlib" "/opt/rustwide/rustup-home/toolchains/1.69.0-x86_64-unknown-linux-gnu/lib/rustlib/x86_64-unknown-linux-gnu/lib/libgimli-d19d53abf68dfa6c.rlib" "/opt/rustwide/rustup-home/toolchains/1.69.0-x86_64-unknown-linux-gnu/lib/rustlib/x86_64-unknown-linux-gnu/lib/librustc_demangle-787cbccd19d64ac6.rlib" "/opt/rustwide/rustup-home/toolchains/1.69.0-x86_64-unknown-linux-gnu/lib/rustlib/x86_64-unknown-linux-gnu/lib/libstd_detect-b3837a36b830e0d0.rlib" "/opt/rustwide/rustup-home/toolchains/1.69.0-x86_64-unknown-linux-gnu/lib/rustlib/x86_64-unknown-linux-gnu/lib/libhashbrown-e3deb0e7e3f04966.rlib" "/opt/rustwide/rustup-home/toolchains/1.69.0-x86_64-unknown-linux-gnu/lib/rustlib/x86_64-unknown-linux-gnu/lib/libminiz_oxide-dabbb79c9815def4.rlib" "/opt/rustwide/rustup-home/toolchains/1.69.0-x86_64-unknown-linux-gnu/lib/rustlib/x86_64-unknown-linux-gnu/lib/libadler-305b01f34c9409f2.rlib" "/opt/rustwide/rustup-home/toolchains/1.69.0-x86_64-unknown-linux-gnu/lib/rustlib/x86_64-unknown-linux-gnu/lib/librustc_std_workspace_alloc-f833521df6074e73.rlib" "/opt/rustwide/rustup-home/toolchains/1.69.0-x86_64-unknown-linux-gnu/lib/rustlib/x86_64-unknown-linux-gnu/lib/libunwind-9ac333113350d171.rlib" "/opt/rustwide/rustup-home/toolchains/1.69.0-x86_64-unknown-linux-gnu/lib/rustlib/x86_64-unknown-linux-gnu/lib/libcfg_if-1c126114322d0eee.rlib" "/opt/rustwide/rustup-home/toolchains/1.69.0-x86_64-unknown-linux-gnu/lib/rustlib/x86_64-unknown-linux-gnu/lib/liblibc-bad9164fdeeecf92.rlib" "/opt/rustwide/rustup-home/toolchains/1.69.0-x86_64-unknown-linux-gnu/lib/rustlib/x86_64-unknown-linux-gnu/lib/liballoc-f9374b1e480fa681.rlib" "/opt/rustwide/rustup-home/toolchains/1.69.0-x86_64-unknown-linux-gnu/lib/rustlib/x86_64-unknown-linux-gnu/lib/librustc_std_workspace_core-207f06e41d9603af.rlib" "/opt/rustwide/rustup-home/toolchains/1.69.0-x86_64-unknown-linux-gnu/lib/rustlib/x86_64-unknown-linux-gnu/lib/libcore-7e2768e66e984e85.rlib" "/opt/rustwide/rustup-home/toolchains/1.69.0-x86_64-unknown-linux-gnu/lib/rustlib/x86_64-unknown-linux-gnu/lib/libcompiler_builtins-957b4aff41f8cd46.rlib" "-Wl,-Bdynamic" "-lgcc_s" "-lutil" "-lrt" "-lpthread" "-lm" "-ldl" "-lc" "-Wl,--eh-frame-hdr" "-Wl,-z,noexecstack" "-L" "/opt/rustwide/rustup-home/toolchains/1.69.0-x86_64-unknown-linux-gnu/lib/rustlib/x86_64-unknown-linux-gnu/lib" "-o" "/tmp/rustdoctests6CYKs/rust_out" "-Wl,--gc-sections" "-pie" "-Wl,-z,relro,-z,now" "-nodefaultlibs"
[INFO] [stdout]   = note: collect2: fatal error: ld terminated with signal 9 [Killed]
[INFO] [stdout]           compilation terminated.
[INFO] [stdout]           
[INFO] [stdout] 
[INFO] [stdout] error: aborting due to previous error
[INFO] [stdout] 
[INFO] [stdout] Couldn't compile the test.
[INFO] [stdout] ---- src/cobyla_state.rs - cobyla_state::CobylaState::get_best_cost (line 423) stdout ----
[INFO] [stdout] error: linking with `cc` failed: exit status: 1
[INFO] [stdout]   |
[INFO] [stdout]   = note: LC_ALL="C" PATH="/opt/rustwide/rustup-home/toolchains/1.69.0-x86_64-unknown-linux-gnu/lib/rustlib/x86_64-unknown-linux-gnu/bin:/opt/rustwide/cargo-home/bin:/usr/local/sbin:/usr/local/bin:/usr/sbin:/usr/bin:/sbin:/bin" VSLANG="1033" "cc" "-m64" "/tmp/rustcfzf1Y9/symbols.o" "/tmp/rustdoctestA59o1i/rust_out.rust_out.5bfee551-cgu.0.rcgu.o" "/tmp/rustdoctestA59o1i/rust_out.j00p4ncf7xg64kg.rcgu.o" "-Wl,--as-needed" "-L" "/opt/rustwide/target/debug/deps" "-L" "/opt/rustwide/target/debug/deps" "-L" "/opt/rustwide/rustup-home/toolchains/1.69.0-x86_64-unknown-linux-gnu/lib/rustlib/x86_64-unknown-linux-gnu/lib" "-Wl,-Bstatic" "/opt/rustwide/target/debug/deps/libcobyla-6bd143c4143df15e.rlib" "/opt/rustwide/target/debug/deps/libargmin-2fafbf6d23a7583f.rlib" "/opt/rustwide/target/debug/deps/libbincode-024747a6cf41dd8f.rlib" "/opt/rustwide/target/debug/deps/librand_xoshiro-28871e3d76a69f82.rlib" "/opt/rustwide/target/debug/deps/libargmin_math-276125914d1a27ce.rlib" "/opt/rustwide/target/debug/deps/libnum_complex-fd53f4325a670830.rlib" "/opt/rustwide/target/debug/deps/librand-4ab6929ffb6c0c3a.rlib" "/opt/rustwide/target/debug/deps/librand_chacha-7d2f8c6ac554aaf5.rlib" "/opt/rustwide/target/debug/deps/libppv_lite86-c3ad053967cc551c.rlib" "/opt/rustwide/target/debug/deps/librand_core-f26b9ef1b8c4f979.rlib" "/opt/rustwide/target/debug/deps/libgetrandom-b0304751d7976a85.rlib" "/opt/rustwide/target/debug/deps/libanyhow-8345b847b15d4828.rlib" "/opt/rustwide/target/debug/deps/libslog_term-dad33d55bbc6e81b.rlib" "/opt/rustwide/target/debug/deps/libatty-56e1361bd5921624.rlib" "/opt/rustwide/target/debug/deps/libterm-d048589b922961d5.rlib" "/opt/rustwide/target/debug/deps/libdirs_next-2057937d378af7da.rlib" "/opt/rustwide/target/debug/deps/libdirs_sys_next-08b7bf43d450408f.rlib" "/opt/rustwide/target/debug/deps/libslog_json-3ecd35c27b46b361.rlib" "/opt/rustwide/target/debug/deps/libtime-4761bd5b9f86fae2.rlib" "/opt/rustwide/target/debug/deps/libnum_threads-509066beeb1109ec.rlib" "/opt/rustwide/target/debug/deps/liblibc-80b1f103d8292596.rlib" "/opt/rustwide/target/debug/deps/libtime_core-4a74880e8761e797.rlib" "/opt/rustwide/target/debug/deps/libserde_json-72676f00af0df9b4.rlib" "/opt/rustwide/target/debug/deps/libryu-4d4a16031edb6838.rlib" "/opt/rustwide/target/debug/deps/libitoa-b071e49db4f1be66.rlib" "/opt/rustwide/target/debug/deps/libslog_async-4ce2a1eeb402d376.rlib" "/opt/rustwide/target/debug/deps/libthread_local-713a8c0281fc5b5e.rlib" "/opt/rustwide/target/debug/deps/libonce_cell-f4689346a1005a4d.rlib" "/opt/rustwide/target/debug/deps/libtake_mut-9572599ce2a6b17f.rlib" "/opt/rustwide/target/debug/deps/libcrossbeam_channel-835b555e8694612b.rlib" "/opt/rustwide/target/debug/deps/libcrossbeam_utils-69c5b05a385e9d22.rlib" "/opt/rustwide/target/debug/deps/libslog-df6a21da7f8881f8.rlib" "/opt/rustwide/target/debug/deps/libserde-728a7d2e713b8454.rlib" "/opt/rustwide/target/debug/deps/libnum_traits-b237925f6bfbb7f7.rlib" "/opt/rustwide/target/debug/deps/libinstant-1bfa666718b38be4.rlib" "/opt/rustwide/target/debug/deps/libcfg_if-e5e118dd7d121aaa.rlib" "/opt/rustwide/target/debug/deps/libthiserror-7f76c7837c5b0c2c.rlib" "/opt/rustwide/rustup-home/toolchains/1.69.0-x86_64-unknown-linux-gnu/lib/rustlib/x86_64-unknown-linux-gnu/lib/libstd-89bc084783fdc439.rlib" "/opt/rustwide/rustup-home/toolchains/1.69.0-x86_64-unknown-linux-gnu/lib/rustlib/x86_64-unknown-linux-gnu/lib/libpanic_unwind-8bee4b287d4367c1.rlib" "/opt/rustwide/rustup-home/toolchains/1.69.0-x86_64-unknown-linux-gnu/lib/rustlib/x86_64-unknown-linux-gnu/lib/libobject-d61707aed80694c0.rlib" "/opt/rustwide/rustup-home/toolchains/1.69.0-x86_64-unknown-linux-gnu/lib/rustlib/x86_64-unknown-linux-gnu/lib/libmemchr-d85366256f22345b.rlib" "/opt/rustwide/rustup-home/toolchains/1.69.0-x86_64-unknown-linux-gnu/lib/rustlib/x86_64-unknown-linux-gnu/lib/libaddr2line-96069b86b8a8cae9.rlib" "/opt/rustwide/rustup-home/toolchains/1.69.0-x86_64-unknown-linux-gnu/lib/rustlib/x86_64-unknown-linux-gnu/lib/libgimli-d19d53abf68dfa6c.rlib" "/opt/rustwide/rustup-home/toolchains/1.69.0-x86_64-unknown-linux-gnu/lib/rustlib/x86_64-unknown-linux-gnu/lib/librustc_demangle-787cbccd19d64ac6.rlib" "/opt/rustwide/rustup-home/toolchains/1.69.0-x86_64-unknown-linux-gnu/lib/rustlib/x86_64-unknown-linux-gnu/lib/libstd_detect-b3837a36b830e0d0.rlib" "/opt/rustwide/rustup-home/toolchains/1.69.0-x86_64-unknown-linux-gnu/lib/rustlib/x86_64-unknown-linux-gnu/lib/libhashbrown-e3deb0e7e3f04966.rlib" "/opt/rustwide/rustup-home/toolchains/1.69.0-x86_64-unknown-linux-gnu/lib/rustlib/x86_64-unknown-linux-gnu/lib/libminiz_oxide-dabbb79c9815def4.rlib" "/opt/rustwide/rustup-home/toolchains/1.69.0-x86_64-unknown-linux-gnu/lib/rustlib/x86_64-unknown-linux-gnu/lib/libadler-305b01f34c9409f2.rlib" "/opt/rustwide/rustup-home/toolchains/1.69.0-x86_64-unknown-linux-gnu/lib/rustlib/x86_64-unknown-linux-gnu/lib/librustc_std_workspace_alloc-f833521df6074e73.rlib" "/opt/rustwide/rustup-home/toolchains/1.69.0-x86_64-unknown-linux-gnu/lib/rustlib/x86_64-unknown-linux-gnu/lib/libunwind-9ac333113350d171.rlib" "/opt/rustwide/rustup-home/toolchains/1.69.0-x86_64-unknown-linux-gnu/lib/rustlib/x86_64-unknown-linux-gnu/lib/libcfg_if-1c126114322d0eee.rlib" "/opt/rustwide/rustup-home/toolchains/1.69.0-x86_64-unknown-linux-gnu/lib/rustlib/x86_64-unknown-linux-gnu/lib/liblibc-bad9164fdeeecf92.rlib" "/opt/rustwide/rustup-home/toolchains/1.69.0-x86_64-unknown-linux-gnu/lib/rustlib/x86_64-unknown-linux-gnu/lib/liballoc-f9374b1e480fa681.rlib" "/opt/rustwide/rustup-home/toolchains/1.69.0-x86_64-unknown-linux-gnu/lib/rustlib/x86_64-unknown-linux-gnu/lib/librustc_std_workspace_core-207f06e41d9603af.rlib" "/opt/rustwide/rustup-home/toolchains/1.69.0-x86_64-unknown-linux-gnu/lib/rustlib/x86_64-unknown-linux-gnu/lib/libcore-7e2768e66e984e85.rlib" "/opt/rustwide/rustup-home/toolchains/1.69.0-x86_64-unknown-linux-gnu/lib/rustlib/x86_64-unknown-linux-gnu/lib/libcompiler_builtins-957b4aff41f8cd46.rlib" "-Wl,-Bdynamic" "-lgcc_s" "-lutil" "-lrt" "-lpthread" "-lm" "-ldl" "-lc" "-Wl,--eh-frame-hdr" "-Wl,-z,noexecstack" "-L" "/opt/rustwide/rustup-home/toolchains/1.69.0-x86_64-unknown-linux-gnu/lib/rustlib/x86_64-unknown-linux-gnu/lib" "-o" "/tmp/rustdoctestA59o1i/rust_out" "-Wl,--gc-sections" "-pie" "-Wl,-z,relro,-z,now" "-nodefaultlibs"
[INFO] [stdout]   = note: collect2: fatal error: ld terminated with signal 9 [Killed]
[INFO] [stdout]           compilation terminated.
[INFO] [stdout]           
[INFO] [stdout] 
[INFO] [stdout] error: aborting due to previous error
[INFO] [stdout] 
[INFO] [stdout] Couldn't compile the test.
[INFO] [stdout] 
[INFO] [stdout] failures:
[INFO] [stdout]     src/cobyla_solver.rs - cobyla_solver::CobylaSolver (line 13)
[INFO] [stdout]     src/cobyla_state.rs - cobyla_state::CobylaState::func_counts (line 568)
[INFO] [stdout]     src/cobyla_state.rs - cobyla_state::CobylaState::get_best_cost (line 423)
[INFO] [stdout]     src/cobyla_state.rs - cobyla_state::CobylaState::get_best_param (line 347)
[INFO] [stdout]     src/cobyla_state.rs - cobyla_state::CobylaState::get_full_cost (line 174)
[INFO] [stdout]     src/cobyla_state.rs - cobyla_state::CobylaState::get_iter (line 458)
[INFO] [stdout]     src/cobyla_state.rs - cobyla_state::CobylaState::get_last_best_iter (line 474)
[INFO] [stdout]     src/cobyla_state.rs - cobyla_state::CobylaState::get_param (line 327)
[INFO] [stdout]     src/cobyla_state.rs - cobyla_state::CobylaState::get_target_cost (line 442)
[INFO] [stdout]     src/cobyla_state.rs - cobyla_state::CobylaState::get_time (line 537)
[INFO] [stdout]     src/cobyla_state.rs - cobyla_state::CobylaState::increment_iter (line 554)
[INFO] [stdout]     src/cobyla_state.rs - cobyla_state::CobylaState::terminate_with (line 369)
[INFO] [stdout] 
[INFO] [stdout] test result: FAILED. 15 passed; 12 failed; 0 ignored; 0 measured; 0 filtered out; finished in 2.75s
[INFO] [stdout] 
[INFO] [stderr] error: doctest failed, to rerun pass `--doc`
[INFO] running `Command { std: "docker" "inspect" "113a1a4664aac0be0b9553e1ad6aa803eccdf581a49f92bb693987de58935914", kill_on_drop: false }`
[INFO] running `Command { std: "docker" "rm" "-f" "113a1a4664aac0be0b9553e1ad6aa803eccdf581a49f92bb693987de58935914", kill_on_drop: false }`
[INFO] [stdout] 113a1a4664aac0be0b9553e1ad6aa803eccdf581a49f92bb693987de58935914
