[INFO] fetching crate cnetworks 0.7.0...
[INFO] testing cnetworks-0.7.0 against 1.69.0 for beta-1.70-1
[INFO] extracting crate cnetworks 0.7.0 into /workspace/builds/worker-2-tc1/source
[INFO] validating manifest of crates.io crate cnetworks 0.7.0 on toolchain 1.69.0
[INFO] running `Command { std: CARGO_HOME="/workspace/cargo-home" RUSTUP_HOME="/workspace/rustup-home" "/workspace/cargo-home/bin/cargo" "+1.69.0" "metadata" "--manifest-path" "Cargo.toml" "--no-deps", kill_on_drop: false }`
[INFO] started tweaking crates.io crate cnetworks 0.7.0
[INFO] finished tweaking crates.io crate cnetworks 0.7.0
[INFO] tweaked toml for crates.io crate cnetworks 0.7.0 written to /workspace/builds/worker-2-tc1/source/Cargo.toml
[INFO] crate crates.io crate cnetworks 0.7.0 already has a lockfile, it will not be regenerated
[INFO] running `Command { std: CARGO_HOME="/workspace/cargo-home" RUSTUP_HOME="/workspace/rustup-home" "/workspace/cargo-home/bin/cargo" "+1.69.0" "fetch" "--manifest-path" "Cargo.toml", kill_on_drop: false }`
[INFO] [stderr]  Downloading crates ...
[INFO] [stderr]   Downloaded proc-macro2 v1.0.33
[INFO] [stderr]   Downloaded plotters-backend v0.3.2
[INFO] [stderr]   Downloaded wide v0.7.1
[INFO] [stderr]   Downloaded plotters-svg v0.3.1
[INFO] [stderr]   Downloaded approx v0.5.0
[INFO] [stderr]   Downloaded rand_seeder v0.2.2
[INFO] [stderr]   Downloaded paste v1.0.6
[INFO] [stderr]   Downloaded criterion-plot v0.4.4
[INFO] [stderr]   Downloaded serde_json v1.0.72
[INFO] [stderr]   Downloaded ryu v1.0.6
[INFO] [stderr]   Downloaded rayon-core v1.9.1
[INFO] [stderr]   Downloaded typenum v1.14.0
[INFO] [stderr]   Downloaded criterion v0.3.5
[INFO] [stderr]   Downloaded rayon v1.5.1
[INFO] [stderr]   Downloaded syn v1.0.82
[INFO] [stderr]   Downloaded libc v0.2.109
[INFO] [stderr]   Downloaded plotters v0.3.1
[INFO] running `Command { std: "docker" "create" "-v" "/var/lib/crater-agent-workspace/builds/worker-2-tc1/target:/opt/rustwide/target:rw,Z" "-v" "/var/lib/crater-agent-workspace/builds/worker-2-tc1/source:/opt/rustwide/workdir:ro,Z" "-v" "/var/lib/crater-agent-workspace/cargo-home:/opt/rustwide/cargo-home:ro,Z" "-v" "/var/lib/crater-agent-workspace/rustup-home:/opt/rustwide/rustup-home:ro,Z" "-e" "SOURCE_DIR=/opt/rustwide/workdir" "-e" "CARGO_TARGET_DIR=/opt/rustwide/target" "-e" "CARGO_HOME=/opt/rustwide/cargo-home" "-e" "RUSTUP_HOME=/opt/rustwide/rustup-home" "-w" "/opt/rustwide/workdir" "-m" "1610612736" "--user" "0:0" "--network" "none" "ghcr.io/rust-lang/crates-build-env/linux@sha256:5ff2268d62e97bff2cde7d5815dd6ed5b47097566f13b8d0ca110b04b60e07ed" "/opt/rustwide/cargo-home/bin/cargo" "+1.69.0" "metadata" "--no-deps" "--format-version=1", kill_on_drop: false }`
[INFO] [stdout] 71b43731a47ae2c76e7751ff6bca53443661e3f0675426eefb85aa88d566d9dc
[INFO] running `Command { std: "docker" "start" "-a" "71b43731a47ae2c76e7751ff6bca53443661e3f0675426eefb85aa88d566d9dc", kill_on_drop: false }`
[INFO] running `Command { std: "docker" "inspect" "71b43731a47ae2c76e7751ff6bca53443661e3f0675426eefb85aa88d566d9dc", kill_on_drop: false }`
[INFO] running `Command { std: "docker" "rm" "-f" "71b43731a47ae2c76e7751ff6bca53443661e3f0675426eefb85aa88d566d9dc", kill_on_drop: false }`
[INFO] [stdout] 71b43731a47ae2c76e7751ff6bca53443661e3f0675426eefb85aa88d566d9dc
[INFO] running `Command { std: "docker" "create" "-v" "/var/lib/crater-agent-workspace/builds/worker-2-tc1/target:/opt/rustwide/target:rw,Z" "-v" "/var/lib/crater-agent-workspace/builds/worker-2-tc1/source:/opt/rustwide/workdir:ro,Z" "-v" "/var/lib/crater-agent-workspace/cargo-home:/opt/rustwide/cargo-home:ro,Z" "-v" "/var/lib/crater-agent-workspace/rustup-home:/opt/rustwide/rustup-home:ro,Z" "-e" "SOURCE_DIR=/opt/rustwide/workdir" "-e" "CARGO_TARGET_DIR=/opt/rustwide/target" "-e" "CARGO_INCREMENTAL=0" "-e" "RUST_BACKTRACE=full" "-e" "RUSTFLAGS=--cap-lints=warn" "-e" "RUSTDOCFLAGS=--cap-lints=warn" "-e" "CARGO_HOME=/opt/rustwide/cargo-home" "-e" "RUSTUP_HOME=/opt/rustwide/rustup-home" "-w" "/opt/rustwide/workdir" "-m" "1610612736" "--user" "0:0" "--network" "none" "ghcr.io/rust-lang/crates-build-env/linux@sha256:5ff2268d62e97bff2cde7d5815dd6ed5b47097566f13b8d0ca110b04b60e07ed" "/opt/rustwide/cargo-home/bin/cargo" "+1.69.0" "build" "--frozen" "--message-format=json", kill_on_drop: false }`
[INFO] [stdout] 99be1213b3c7d23dec09334618dad8a61525c051a307040169a4f2428fe65611
[INFO] running `Command { std: "docker" "start" "-a" "99be1213b3c7d23dec09334618dad8a61525c051a307040169a4f2428fe65611", kill_on_drop: false }`
[INFO] [stderr]    Compiling autocfg v1.0.1
[INFO] [stderr]    Compiling libc v0.2.109
[INFO] [stderr]    Compiling crossbeam-utils v0.8.5
[INFO] [stderr]    Compiling proc-macro2 v1.0.33
[INFO] [stderr]    Compiling crossbeam-epoch v0.9.5
[INFO] [stderr]    Compiling unicode-xid v0.2.2
[INFO] [stderr]    Compiling bytemuck v1.7.2
[INFO] [stderr]    Compiling scopeguard v1.1.0
[INFO] [stderr]    Compiling rayon-core v1.9.1
[INFO] [stderr]    Compiling syn v1.0.82
[INFO] [stderr]    Compiling typenum v1.14.0
[INFO] [stderr]    Compiling paste v1.0.6
[INFO] [stderr]    Compiling rawpointer v0.2.1
[INFO] [stderr]    Compiling ppv-lite86 v0.2.15
[INFO] [stderr]    Compiling either v1.6.1
[INFO] [stderr]    Compiling hashbrown v0.11.2
[INFO] [stderr]    Compiling matrixmultiply v0.3.2
[INFO] [stderr]    Compiling rustc-hash v1.1.0
[INFO] [stderr]    Compiling safe_arch v0.6.0
[INFO] [stderr]    Compiling num-traits v0.2.14
[INFO] [stderr]    Compiling memoffset v0.6.5
[INFO] [stderr]    Compiling num-integer v0.1.44
[INFO] [stderr]    Compiling num-rational v0.4.0
[INFO] [stderr]    Compiling indexmap v1.7.0
[INFO] [stderr]    Compiling rayon v1.5.1
[INFO] [stderr]    Compiling wide v0.7.1
[INFO] [stderr]    Compiling crossbeam-channel v0.5.1
[INFO] [stderr]    Compiling quote v1.0.10
[INFO] [stderr]    Compiling getrandom v0.2.3
[INFO] [stderr]    Compiling num_cpus v1.13.0
[INFO] [stderr]    Compiling rand_core v0.6.3
[INFO] [stderr]    Compiling rand_chacha v0.3.1
[INFO] [stderr]    Compiling rand_xoshiro v0.6.0
[INFO] [stderr]    Compiling rand_seeder v0.2.2
[INFO] [stderr]    Compiling crossbeam-deque v0.8.1
[INFO] [stderr]    Compiling rand v0.8.4
[INFO] [stderr]    Compiling num-complex v0.4.0
[INFO] [stderr]    Compiling approx v0.5.0
[INFO] [stderr]    Compiling simba v0.6.0
[INFO] [stderr]    Compiling nalgebra-macros v0.1.0
[INFO] [stderr]    Compiling nalgebra v0.29.0
[INFO] [stderr]    Compiling cnetworks v0.7.0 (/opt/rustwide/workdir)
[INFO] [stderr]     Finished dev [unoptimized + debuginfo] target(s) in 21.75s
[INFO] running `Command { std: "docker" "inspect" "99be1213b3c7d23dec09334618dad8a61525c051a307040169a4f2428fe65611", kill_on_drop: false }`
[INFO] running `Command { std: "docker" "rm" "-f" "99be1213b3c7d23dec09334618dad8a61525c051a307040169a4f2428fe65611", kill_on_drop: false }`
[INFO] [stdout] 99be1213b3c7d23dec09334618dad8a61525c051a307040169a4f2428fe65611
[INFO] running `Command { std: "docker" "create" "-v" "/var/lib/crater-agent-workspace/builds/worker-2-tc1/target:/opt/rustwide/target:rw,Z" "-v" "/var/lib/crater-agent-workspace/builds/worker-2-tc1/source:/opt/rustwide/workdir:ro,Z" "-v" "/var/lib/crater-agent-workspace/cargo-home:/opt/rustwide/cargo-home:ro,Z" "-v" "/var/lib/crater-agent-workspace/rustup-home:/opt/rustwide/rustup-home:ro,Z" "-e" "SOURCE_DIR=/opt/rustwide/workdir" "-e" "CARGO_TARGET_DIR=/opt/rustwide/target" "-e" "CARGO_INCREMENTAL=0" "-e" "RUST_BACKTRACE=full" "-e" "RUSTFLAGS=--cap-lints=warn" "-e" "RUSTDOCFLAGS=--cap-lints=warn" "-e" "CARGO_HOME=/opt/rustwide/cargo-home" "-e" "RUSTUP_HOME=/opt/rustwide/rustup-home" "-w" "/opt/rustwide/workdir" "-m" "1610612736" "--user" "0:0" "--network" "none" "ghcr.io/rust-lang/crates-build-env/linux@sha256:5ff2268d62e97bff2cde7d5815dd6ed5b47097566f13b8d0ca110b04b60e07ed" "/opt/rustwide/cargo-home/bin/cargo" "+1.69.0" "test" "--frozen" "--no-run" "--message-format=json", kill_on_drop: false }`
[INFO] [stdout] 4b853e6c3e3f335386fcbeb8cc316e0c495cc57b726bc0cf974a712b6cdc51ba
[INFO] running `Command { std: "docker" "start" "-a" "4b853e6c3e3f335386fcbeb8cc316e0c495cc57b726bc0cf974a712b6cdc51ba", kill_on_drop: false }`
[INFO] [stderr]    Compiling serde v1.0.130
[INFO] [stderr]    Compiling semver v1.0.4
[INFO] [stderr]    Compiling ryu v1.0.6
[INFO] [stderr]    Compiling memchr v2.4.1
[INFO] [stderr]    Compiling serde_json v1.0.72
[INFO] [stderr]    Compiling itoa v0.4.8
[INFO] [stderr]    Compiling plotters-backend v0.3.2
[INFO] [stderr]    Compiling unicode-width v0.1.9
[INFO] [stderr]    Compiling serde_derive v1.0.130
[INFO] [stderr]    Compiling regex-automata v0.1.10
[INFO] [stderr]    Compiling itertools v0.10.3
[INFO] [stderr]    Compiling same-file v1.0.6
[INFO] [stderr]    Compiling half v1.8.2
[INFO] [stderr]    Compiling regex-syntax v0.6.25
[INFO] [stderr]    Compiling atty v0.2.14
[INFO] [stderr]    Compiling oorandom v11.1.3
[INFO] [stderr]    Compiling textwrap v0.11.0
[INFO] [stderr]    Compiling plotters-svg v0.3.1
[INFO] [stderr]    Compiling clap v2.34.0
[INFO] [stderr]    Compiling walkdir v2.3.2
[INFO] [stderr]    Compiling plotters v0.3.1
[INFO] [stderr]    Compiling rustc_version v0.4.0
[INFO] [stderr]    Compiling csv-core v0.1.10
[INFO] [stderr]    Compiling cast v0.2.7
[INFO] [stderr]    Compiling regex v1.5.4
[INFO] [stderr]    Compiling criterion-plot v0.4.4
[INFO] [stderr]    Compiling bstr v0.2.17
[INFO] [stderr]    Compiling serde_cbor v0.11.2
[INFO] [stderr]    Compiling csv v1.1.6
[INFO] [stderr]    Compiling tinytemplate v1.2.1
[INFO] [stderr]    Compiling criterion v0.3.5
[INFO] [stderr]    Compiling cnetworks v0.7.0 (/opt/rustwide/workdir)
[INFO] [stderr]     Finished test [unoptimized + debuginfo] target(s) in 11.70s
[INFO] [stderr] warning: the following packages contain code that will be rejected by a future version of Rust: criterion v0.3.5
[INFO] [stderr] note: to see what the problems were, use the option `--future-incompat-report`, or run `cargo report future-incompatibilities --id 1`
[INFO] running `Command { std: "docker" "inspect" "4b853e6c3e3f335386fcbeb8cc316e0c495cc57b726bc0cf974a712b6cdc51ba", kill_on_drop: false }`
[INFO] running `Command { std: "docker" "rm" "-f" "4b853e6c3e3f335386fcbeb8cc316e0c495cc57b726bc0cf974a712b6cdc51ba", kill_on_drop: false }`
[INFO] [stdout] 4b853e6c3e3f335386fcbeb8cc316e0c495cc57b726bc0cf974a712b6cdc51ba
[INFO] running `Command { std: "docker" "create" "-v" "/var/lib/crater-agent-workspace/builds/worker-2-tc1/target:/opt/rustwide/target:rw,Z" "-v" "/var/lib/crater-agent-workspace/builds/worker-2-tc1/source:/opt/rustwide/workdir:ro,Z" "-v" "/var/lib/crater-agent-workspace/cargo-home:/opt/rustwide/cargo-home:ro,Z" "-v" "/var/lib/crater-agent-workspace/rustup-home:/opt/rustwide/rustup-home:ro,Z" "-e" "SOURCE_DIR=/opt/rustwide/workdir" "-e" "CARGO_TARGET_DIR=/opt/rustwide/target" "-e" "CARGO_INCREMENTAL=0" "-e" "RUST_BACKTRACE=full" "-e" "RUSTFLAGS=--cap-lints=warn" "-e" "RUSTDOCFLAGS=--cap-lints=warn" "-e" "CARGO_HOME=/opt/rustwide/cargo-home" "-e" "RUSTUP_HOME=/opt/rustwide/rustup-home" "-w" "/opt/rustwide/workdir" "-m" "1610612736" "--user" "0:0" "--network" "none" "ghcr.io/rust-lang/crates-build-env/linux@sha256:5ff2268d62e97bff2cde7d5815dd6ed5b47097566f13b8d0ca110b04b60e07ed" "/opt/rustwide/cargo-home/bin/cargo" "+1.69.0" "test" "--frozen", kill_on_drop: false }`
[INFO] [stdout] c6722a72356532a667e10a9dae933943d268968e034c2c17fea21f17b2c72321
[INFO] running `Command { std: "docker" "start" "-a" "c6722a72356532a667e10a9dae933943d268968e034c2c17fea21f17b2c72321", kill_on_drop: false }`
[INFO] [stderr]     Finished test [unoptimized + debuginfo] target(s) in 0.07s
[INFO] [stderr] warning: the following packages contain code that will be rejected by a future version of Rust: criterion v0.3.5
[INFO] [stderr] note: to see what the problems were, use the option `--future-incompat-report`, or run `cargo report future-incompatibilities --id 1`
[INFO] [stderr]      Running unittests src/lib.rs (/opt/rustwide/target/debug/deps/cnetworks-3f4f3564255f6432)
[INFO] [stdout] 
[INFO] [stdout] running 7 tests
[INFO] [stdout] test bfs::test_common_len ... ok
[INFO] [stdout] test bfs::test_flatten ... ok
[INFO] [stdout] test bfs::test_visited ... ok
[INFO] [stdout] test vecmap::test_insert ... ok
[INFO] [stdout] test network::test_link_eq_hash ... ok
[INFO] [stdout] test vecmap::test_new ... ok
[INFO] [stdout] test vecmap::test_remove ... ok
[INFO] [stdout] 
[INFO] [stdout] test result: ok. 7 passed; 0 failed; 0 ignored; 0 measured; 0 filtered out; finished in 0.00s
[INFO] [stdout] 
[INFO] [stderr]      Running tests/algorithms.rs (/opt/rustwide/target/debug/deps/algorithms-dae0922fb7e4640c)
[INFO] [stdout] 
[INFO] [stdout] running 5 tests
[INFO] [stdout] test test_init_from_file ... ok
[INFO] [stdout] test test_stitch ... ok
[INFO] [stdout] test test_components ... ok
[INFO] [stdout] test test_hide_nodes ... ok
[INFO] [stdout] test test_hide_links ... ok
[INFO] [stdout] 
[INFO] [stdout] test result: ok. 5 passed; 0 failed; 0 ignored; 0 measured; 0 filtered out; finished in 0.01s
[INFO] [stdout] 
[INFO] [stderr]      Running tests/bfs.rs (/opt/rustwide/target/debug/deps/bfs-2eca1fb4b3405e79)
[INFO] [stdout] 
[INFO] [stdout] running 6 tests
[INFO] [stdout] test test_explore ... ok
[INFO] [stdout] test test_path_distance ... ok
[INFO] [stdout] test test_traverse ... ok
[INFO] [stdout] test test_path_distance_many ... ok
[INFO] [stdout] test test_tree ... ok
[INFO] [stdout] test test_tree_active ... ok
[INFO] [stdout] 
[INFO] [stdout] test result: ok. 6 passed; 0 failed; 0 ignored; 0 measured; 0 filtered out; finished in 0.00s
[INFO] [stdout] 
[INFO] [stderr]      Running tests/link.rs (/opt/rustwide/target/debug/deps/link-a593b6874eafbee4)
[INFO] [stdout] 
[INFO] [stdout] running 4 tests
[INFO] [stdout] test test_attach_detach ... ok
[INFO] [stdout] test test_disconnect ... ok
[INFO] [stdout] test test_link ... ok
[INFO] [stdout] test test_unlink ... ok
[INFO] [stdout] 
[INFO] [stdout] test result: ok. 4 passed; 0 failed; 0 ignored; 0 measured; 0 filtered out; finished in 0.00s
[INFO] [stdout] 
[INFO] [stderr]      Running tests/locate.rs (/opt/rustwide/target/debug/deps/locate-629b14ecfb77d724)
[INFO] [stdout] 
[INFO] [stdout] running 4 tests
[INFO] [stdout] test test_pearson_stats ... ignored
[INFO] [stdout] test test_pinto_stats ... ignored
[INFO] [stdout] test test_pinto ... ok
[INFO] [stdout] test test_pearson ... ok
[INFO] [stdout] 
[INFO] [stdout] test result: ok. 2 passed; 0 failed; 2 ignored; 0 measured; 0 filtered out; finished in 0.01s
[INFO] [stdout] 
[INFO] [stderr]      Running tests/props.rs (/opt/rustwide/target/debug/deps/props-21b4ba82d387bdf6)
[INFO] [stdout] 
[INFO] [stdout] running 3 tests
[INFO] [stdout] test test_model ... ok
[INFO] [stdout] test test_get ... ok
[INFO] [stdout] test test_degs ... ok
[INFO] [stdout] 
[INFO] [stdout] test result: ok. 3 passed; 0 failed; 0 ignored; 0 measured; 0 filtered out; finished in 0.00s
[INFO] [stdout] 
[INFO] [stderr]      Running tests/si.rs (/opt/rustwide/target/debug/deps/si-e2a6b95a55ac2a6a)
[INFO] [stdout] 
[INFO] [stdout] running 1 test
[INFO] [stdout] test test_spread_random ... ok
[INFO] [stdout] 
[INFO] [stdout] test result: ok. 1 passed; 0 failed; 0 ignored; 0 measured; 0 filtered out; finished in 0.00s
[INFO] [stdout] 
[INFO] [stderr]    Doc-tests cnetworks
[INFO] [stdout] 
[INFO] [stdout] running 21 tests
[INFO] [stdout] test src/bfs.rs - bfs::Path (line 37) ... ok
[INFO] [stdout] test src/bfs.rs - bfs::explore (line 492) ... FAILED
[INFO] [stdout] test src/network.rs - network::Network::default (line 674) ... FAILED
[INFO] [stdout] test src/network.rs - network::Network::new (line 109) ... FAILED
[INFO] [stdout] test src/network.rs - network::Network::scramble_rng (line 232) ... FAILED
[INFO] [stdout] test src/bfs.rs - bfs::reach_many (line 266) ... FAILED
[INFO] [stdout] test src/network.rs - network::Network::stitch_together (line 634) ... ok
[INFO] [stdout] test src/network.rs - network::Network::with_seed (line 141) ... ok
[INFO] [stdout] test src/network.rs - network::Network::attach (line 519) ... ok
[INFO] [stdout] test src/network.rs - network::Network::into_largest_component (line 606) ... ok
[INFO] [stdout] test src/network.rs - network::Network::new (line 100) ... ok
[INFO] [stdout] test src/bfs.rs - bfs::path (line 162) ... ok
[INFO] [stdout] test src/bfs.rs - bfs::reach (line 235) ... ok
[INFO] [stdout] test src/network.rs - network::Network::links (line 278) ... ok
[INFO] [stdout] test src/network.rs - network::Network::detach (line 549) ... ok
[INFO] [stdout] test src/bfs.rs - bfs::traverse (line 389) ... ok
[INFO] [stdout] test src/bfs.rs - bfs::distance (line 128) ... ok
[INFO] [stdout] test src/bfs.rs - bfs::path_many (line 310) ... ok
[INFO] [stdout] test src/bfs.rs - bfs::distance_many (line 189) ... ok
[INFO] [stdout] test src/network.rs - network::Network::components (line 564) ... ok
[INFO] [stdout] test src/network.rs - network::Network::set_model (line 195) ... ok
[INFO] [stdout] 
[INFO] [stdout] failures:
[INFO] [stdout] 
[INFO] [stdout] ---- src/bfs.rs - bfs::explore (line 492) stdout ----
[INFO] [stdout] error: linking with `cc` failed: exit status: 1
[INFO] [stdout]   |
[INFO] [stdout]   = note: LC_ALL="C" PATH="/opt/rustwide/rustup-home/toolchains/1.69.0-x86_64-unknown-linux-gnu/lib/rustlib/x86_64-unknown-linux-gnu/bin:/opt/rustwide/cargo-home/bin:/usr/local/sbin:/usr/local/bin:/usr/sbin:/usr/bin:/sbin:/bin" VSLANG="1033" "cc" "-m64" "/tmp/rustc1hJcc5/symbols.o" "/tmp/rustdoctestsGzr6d/rust_out.rust_out.5bfee551-cgu.0.rcgu.o" "/tmp/rustdoctestsGzr6d/rust_out.j00p4ncf7xg64kg.rcgu.o" "-Wl,--as-needed" "-L" "/opt/rustwide/target/debug/deps" "-L" "/opt/rustwide/target/debug/deps" "-L" "/opt/rustwide/rustup-home/toolchains/1.69.0-x86_64-unknown-linux-gnu/lib/rustlib/x86_64-unknown-linux-gnu/lib" "-Wl,-Bstatic" "/opt/rustwide/target/debug/deps/libcnetworks-f860adc3ea729a94.rlib" "/opt/rustwide/target/debug/deps/librustc_hash-0063061f61875cb5.rlib" "/opt/rustwide/target/debug/deps/libindexmap-384a9f1f963dd954.rlib" "/opt/rustwide/target/debug/deps/libhashbrown-9a1f5d949d76c1be.rlib" "/opt/rustwide/target/debug/deps/librayon-7accb19a39caca88.rlib" "/opt/rustwide/target/debug/deps/librayon_core-800c11565a47dbfe.rlib" "/opt/rustwide/target/debug/deps/libnum_cpus-36d10c4c6b71b5ab.rlib" "/opt/rustwide/target/debug/deps/libcrossbeam_deque-267e90e0b43f0d86.rlib" "/opt/rustwide/target/debug/deps/libcrossbeam_epoch-c482da62cdea02c8.rlib" "/opt/rustwide/target/debug/deps/libmemoffset-afb51682618a8b48.rlib" "/opt/rustwide/target/debug/deps/libscopeguard-f471875f675163b5.rlib" "/opt/rustwide/target/debug/deps/libcrossbeam_channel-5195de4152b8ffce.rlib" "/opt/rustwide/target/debug/deps/libcrossbeam_utils-2d70222dea8c2f84.rlib" "/opt/rustwide/target/debug/deps/liblazy_static-a15e1ed0a3c31761.rlib" "/opt/rustwide/target/debug/deps/libeither-35bc8c9d74b85ee8.rlib" "/opt/rustwide/target/debug/deps/libnalgebra-a527a5c28d4d6b8e.rlib" "/opt/rustwide/target/debug/deps/libmatrixmultiply-0566674c06d87ed8.rlib" "/opt/rustwide/target/debug/deps/librawpointer-93a89706954c673d.rlib" "/opt/rustwide/target/debug/deps/libnum_rational-0f3b334e7c037c32.rlib" "/opt/rustwide/target/debug/deps/libnum_integer-7839435f226d85e1.rlib" "/opt/rustwide/target/debug/deps/libtypenum-dd0f67c7a5785a46.rlib" "/opt/rustwide/target/debug/deps/libsimba-d1b63f7a10cd5f62.rlib" "/opt/rustwide/target/debug/deps/libwide-ca52d65e539936b4.rlib" "/opt/rustwide/target/debug/deps/libsafe_arch-f9a697e62c8c00ff.rlib" "/opt/rustwide/target/debug/deps/libbytemuck-742b3c2e0bf4959f.rlib" "/opt/rustwide/target/debug/deps/libnum_complex-6bc1c75c493638e9.rlib" "/opt/rustwide/target/debug/deps/libapprox-5c2e13b43aa27d62.rlib" "/opt/rustwide/target/debug/deps/libnum_traits-1ee63314f59dd151.rlib" "/opt/rustwide/target/debug/deps/librand_xoshiro-d9bbe8509fa4dcfe.rlib" "/opt/rustwide/target/debug/deps/librand_seeder-44d68e301a580b94.rlib" "/opt/rustwide/target/debug/deps/librand-c65bcf64c1fd096c.rlib" "/opt/rustwide/target/debug/deps/librand_chacha-37b651c9d022e204.rlib" "/opt/rustwide/target/debug/deps/libppv_lite86-3e08b616d9d49994.rlib" "/opt/rustwide/target/debug/deps/librand_core-0bc091eb32fa8e1e.rlib" "/opt/rustwide/target/debug/deps/libgetrandom-16e1b8e492496f81.rlib" "/opt/rustwide/target/debug/deps/liblibc-812bd86e7a9303af.rlib" "/opt/rustwide/target/debug/deps/libcfg_if-e5e118dd7d121aaa.rlib" "/opt/rustwide/rustup-home/toolchains/1.69.0-x86_64-unknown-linux-gnu/lib/rustlib/x86_64-unknown-linux-gnu/lib/libstd-89bc084783fdc439.rlib" "/opt/rustwide/rustup-home/toolchains/1.69.0-x86_64-unknown-linux-gnu/lib/rustlib/x86_64-unknown-linux-gnu/lib/libpanic_unwind-8bee4b287d4367c1.rlib" "/opt/rustwide/rustup-home/toolchains/1.69.0-x86_64-unknown-linux-gnu/lib/rustlib/x86_64-unknown-linux-gnu/lib/libobject-d61707aed80694c0.rlib" "/opt/rustwide/rustup-home/toolchains/1.69.0-x86_64-unknown-linux-gnu/lib/rustlib/x86_64-unknown-linux-gnu/lib/libmemchr-d85366256f22345b.rlib" "/opt/rustwide/rustup-home/toolchains/1.69.0-x86_64-unknown-linux-gnu/lib/rustlib/x86_64-unknown-linux-gnu/lib/libaddr2line-96069b86b8a8cae9.rlib" "/opt/rustwide/rustup-home/toolchains/1.69.0-x86_64-unknown-linux-gnu/lib/rustlib/x86_64-unknown-linux-gnu/lib/libgimli-d19d53abf68dfa6c.rlib" "/opt/rustwide/rustup-home/toolchains/1.69.0-x86_64-unknown-linux-gnu/lib/rustlib/x86_64-unknown-linux-gnu/lib/librustc_demangle-787cbccd19d64ac6.rlib" "/opt/rustwide/rustup-home/toolchains/1.69.0-x86_64-unknown-linux-gnu/lib/rustlib/x86_64-unknown-linux-gnu/lib/libstd_detect-b3837a36b830e0d0.rlib" "/opt/rustwide/rustup-home/toolchains/1.69.0-x86_64-unknown-linux-gnu/lib/rustlib/x86_64-unknown-linux-gnu/lib/libhashbrown-e3deb0e7e3f04966.rlib" "/opt/rustwide/rustup-home/toolchains/1.69.0-x86_64-unknown-linux-gnu/lib/rustlib/x86_64-unknown-linux-gnu/lib/libminiz_oxide-dabbb79c9815def4.rlib" "/opt/rustwide/rustup-home/toolchains/1.69.0-x86_64-unknown-linux-gnu/lib/rustlib/x86_64-unknown-linux-gnu/lib/libadler-305b01f34c9409f2.rlib" "/opt/rustwide/rustup-home/toolchains/1.69.0-x86_64-unknown-linux-gnu/lib/rustlib/x86_64-unknown-linux-gnu/lib/librustc_std_workspace_alloc-f833521df6074e73.rlib" "/opt/rustwide/rustup-home/toolchains/1.69.0-x86_64-unknown-linux-gnu/lib/rustlib/x86_64-unknown-linux-gnu/lib/libunwind-9ac333113350d171.rlib" "/opt/rustwide/rustup-home/toolchains/1.69.0-x86_64-unknown-linux-gnu/lib/rustlib/x86_64-unknown-linux-gnu/lib/libcfg_if-1c126114322d0eee.rlib" "/opt/rustwide/rustup-home/toolchains/1.69.0-x86_64-unknown-linux-gnu/lib/rustlib/x86_64-unknown-linux-gnu/lib/liblibc-bad9164fdeeecf92.rlib" "/opt/rustwide/rustup-home/toolchains/1.69.0-x86_64-unknown-linux-gnu/lib/rustlib/x86_64-unknown-linux-gnu/lib/liballoc-f9374b1e480fa681.rlib" "/opt/rustwide/rustup-home/toolchains/1.69.0-x86_64-unknown-linux-gnu/lib/rustlib/x86_64-unknown-linux-gnu/lib/librustc_std_workspace_core-207f06e41d9603af.rlib" "/opt/rustwide/rustup-home/toolchains/1.69.0-x86_64-unknown-linux-gnu/lib/rustlib/x86_64-unknown-linux-gnu/lib/libcore-7e2768e66e984e85.rlib" "/opt/rustwide/rustup-home/toolchains/1.69.0-x86_64-unknown-linux-gnu/lib/rustlib/x86_64-unknown-linux-gnu/lib/libcompiler_builtins-957b4aff41f8cd46.rlib" "-Wl,-Bdynamic" "-lgcc_s" "-lutil" "-lrt" "-lpthread" "-lm" "-ldl" "-lc" "-Wl,--eh-frame-hdr" "-Wl,-z,noexecstack" "-L" "/opt/rustwide/rustup-home/toolchains/1.69.0-x86_64-unknown-linux-gnu/lib/rustlib/x86_64-unknown-linux-gnu/lib" "-o" "/tmp/rustdoctestsGzr6d/rust_out" "-Wl,--gc-sections" "-pie" "-Wl,-z,relro,-z,now" "-nodefaultlibs"
[INFO] [stdout]   = note: collect2: fatal error: ld terminated with signal 9 [Killed]
[INFO] [stdout]           compilation terminated.
[INFO] [stdout]           
[INFO] [stdout] 
[INFO] [stdout] error: aborting due to previous error
[INFO] [stdout] 
[INFO] [stdout] Couldn't compile the test.
[INFO] [stdout] ---- src/network.rs - network::Network::default (line 674) stdout ----
[INFO] [stdout] error: linking with `cc` failed: exit status: 1
[INFO] [stdout]   |
[INFO] [stdout]   = note: LC_ALL="C" PATH="/opt/rustwide/rustup-home/toolchains/1.69.0-x86_64-unknown-linux-gnu/lib/rustlib/x86_64-unknown-linux-gnu/bin:/opt/rustwide/cargo-home/bin:/usr/local/sbin:/usr/local/bin:/usr/sbin:/usr/bin:/sbin:/bin" VSLANG="1033" "cc" "-m64" "/tmp/rustcxYnGvc/symbols.o" "/tmp/rustdoctestPkuOXt/rust_out.rust_out.5bfee551-cgu.0.rcgu.o" "/tmp/rustdoctestPkuOXt/rust_out.j00p4ncf7xg64kg.rcgu.o" "-Wl,--as-needed" "-L" "/opt/rustwide/target/debug/deps" "-L" "/opt/rustwide/target/debug/deps" "-L" "/opt/rustwide/rustup-home/toolchains/1.69.0-x86_64-unknown-linux-gnu/lib/rustlib/x86_64-unknown-linux-gnu/lib" "-Wl,-Bstatic" "/opt/rustwide/target/debug/deps/libcnetworks-f860adc3ea729a94.rlib" "/opt/rustwide/target/debug/deps/librustc_hash-0063061f61875cb5.rlib" "/opt/rustwide/target/debug/deps/libindexmap-384a9f1f963dd954.rlib" "/opt/rustwide/target/debug/deps/libhashbrown-9a1f5d949d76c1be.rlib" "/opt/rustwide/target/debug/deps/librayon-7accb19a39caca88.rlib" "/opt/rustwide/target/debug/deps/librayon_core-800c11565a47dbfe.rlib" "/opt/rustwide/target/debug/deps/libnum_cpus-36d10c4c6b71b5ab.rlib" "/opt/rustwide/target/debug/deps/libcrossbeam_deque-267e90e0b43f0d86.rlib" "/opt/rustwide/target/debug/deps/libcrossbeam_epoch-c482da62cdea02c8.rlib" "/opt/rustwide/target/debug/deps/libmemoffset-afb51682618a8b48.rlib" "/opt/rustwide/target/debug/deps/libscopeguard-f471875f675163b5.rlib" "/opt/rustwide/target/debug/deps/libcrossbeam_channel-5195de4152b8ffce.rlib" "/opt/rustwide/target/debug/deps/libcrossbeam_utils-2d70222dea8c2f84.rlib" "/opt/rustwide/target/debug/deps/liblazy_static-a15e1ed0a3c31761.rlib" "/opt/rustwide/target/debug/deps/libeither-35bc8c9d74b85ee8.rlib" "/opt/rustwide/target/debug/deps/libnalgebra-a527a5c28d4d6b8e.rlib" "/opt/rustwide/target/debug/deps/libmatrixmultiply-0566674c06d87ed8.rlib" "/opt/rustwide/target/debug/deps/librawpointer-93a89706954c673d.rlib" "/opt/rustwide/target/debug/deps/libnum_rational-0f3b334e7c037c32.rlib" "/opt/rustwide/target/debug/deps/libnum_integer-7839435f226d85e1.rlib" "/opt/rustwide/target/debug/deps/libtypenum-dd0f67c7a5785a46.rlib" "/opt/rustwide/target/debug/deps/libsimba-d1b63f7a10cd5f62.rlib" "/opt/rustwide/target/debug/deps/libwide-ca52d65e539936b4.rlib" "/opt/rustwide/target/debug/deps/libsafe_arch-f9a697e62c8c00ff.rlib" "/opt/rustwide/target/debug/deps/libbytemuck-742b3c2e0bf4959f.rlib" "/opt/rustwide/target/debug/deps/libnum_complex-6bc1c75c493638e9.rlib" "/opt/rustwide/target/debug/deps/libapprox-5c2e13b43aa27d62.rlib" "/opt/rustwide/target/debug/deps/libnum_traits-1ee63314f59dd151.rlib" "/opt/rustwide/target/debug/deps/librand_xoshiro-d9bbe8509fa4dcfe.rlib" "/opt/rustwide/target/debug/deps/librand_seeder-44d68e301a580b94.rlib" "/opt/rustwide/target/debug/deps/librand-c65bcf64c1fd096c.rlib" "/opt/rustwide/target/debug/deps/librand_chacha-37b651c9d022e204.rlib" "/opt/rustwide/target/debug/deps/libppv_lite86-3e08b616d9d49994.rlib" "/opt/rustwide/target/debug/deps/librand_core-0bc091eb32fa8e1e.rlib" "/opt/rustwide/target/debug/deps/libgetrandom-16e1b8e492496f81.rlib" "/opt/rustwide/target/debug/deps/liblibc-812bd86e7a9303af.rlib" "/opt/rustwide/target/debug/deps/libcfg_if-e5e118dd7d121aaa.rlib" "/opt/rustwide/rustup-home/toolchains/1.69.0-x86_64-unknown-linux-gnu/lib/rustlib/x86_64-unknown-linux-gnu/lib/libstd-89bc084783fdc439.rlib" "/opt/rustwide/rustup-home/toolchains/1.69.0-x86_64-unknown-linux-gnu/lib/rustlib/x86_64-unknown-linux-gnu/lib/libpanic_unwind-8bee4b287d4367c1.rlib" "/opt/rustwide/rustup-home/toolchains/1.69.0-x86_64-unknown-linux-gnu/lib/rustlib/x86_64-unknown-linux-gnu/lib/libobject-d61707aed80694c0.rlib" "/opt/rustwide/rustup-home/toolchains/1.69.0-x86_64-unknown-linux-gnu/lib/rustlib/x86_64-unknown-linux-gnu/lib/libmemchr-d85366256f22345b.rlib" "/opt/rustwide/rustup-home/toolchains/1.69.0-x86_64-unknown-linux-gnu/lib/rustlib/x86_64-unknown-linux-gnu/lib/libaddr2line-96069b86b8a8cae9.rlib" "/opt/rustwide/rustup-home/toolchains/1.69.0-x86_64-unknown-linux-gnu/lib/rustlib/x86_64-unknown-linux-gnu/lib/libgimli-d19d53abf68dfa6c.rlib" "/opt/rustwide/rustup-home/toolchains/1.69.0-x86_64-unknown-linux-gnu/lib/rustlib/x86_64-unknown-linux-gnu/lib/librustc_demangle-787cbccd19d64ac6.rlib" "/opt/rustwide/rustup-home/toolchains/1.69.0-x86_64-unknown-linux-gnu/lib/rustlib/x86_64-unknown-linux-gnu/lib/libstd_detect-b3837a36b830e0d0.rlib" "/opt/rustwide/rustup-home/toolchains/1.69.0-x86_64-unknown-linux-gnu/lib/rustlib/x86_64-unknown-linux-gnu/lib/libhashbrown-e3deb0e7e3f04966.rlib" "/opt/rustwide/rustup-home/toolchains/1.69.0-x86_64-unknown-linux-gnu/lib/rustlib/x86_64-unknown-linux-gnu/lib/libminiz_oxide-dabbb79c9815def4.rlib" "/opt/rustwide/rustup-home/toolchains/1.69.0-x86_64-unknown-linux-gnu/lib/rustlib/x86_64-unknown-linux-gnu/lib/libadler-305b01f34c9409f2.rlib" "/opt/rustwide/rustup-home/toolchains/1.69.0-x86_64-unknown-linux-gnu/lib/rustlib/x86_64-unknown-linux-gnu/lib/librustc_std_workspace_alloc-f833521df6074e73.rlib" "/opt/rustwide/rustup-home/toolchains/1.69.0-x86_64-unknown-linux-gnu/lib/rustlib/x86_64-unknown-linux-gnu/lib/libunwind-9ac333113350d171.rlib" "/opt/rustwide/rustup-home/toolchains/1.69.0-x86_64-unknown-linux-gnu/lib/rustlib/x86_64-unknown-linux-gnu/lib/libcfg_if-1c126114322d0eee.rlib" "/opt/rustwide/rustup-home/toolchains/1.69.0-x86_64-unknown-linux-gnu/lib/rustlib/x86_64-unknown-linux-gnu/lib/liblibc-bad9164fdeeecf92.rlib" "/opt/rustwide/rustup-home/toolchains/1.69.0-x86_64-unknown-linux-gnu/lib/rustlib/x86_64-unknown-linux-gnu/lib/liballoc-f9374b1e480fa681.rlib" "/opt/rustwide/rustup-home/toolchains/1.69.0-x86_64-unknown-linux-gnu/lib/rustlib/x86_64-unknown-linux-gnu/lib/librustc_std_workspace_core-207f06e41d9603af.rlib" "/opt/rustwide/rustup-home/toolchains/1.69.0-x86_64-unknown-linux-gnu/lib/rustlib/x86_64-unknown-linux-gnu/lib/libcore-7e2768e66e984e85.rlib" "/opt/rustwide/rustup-home/toolchains/1.69.0-x86_64-unknown-linux-gnu/lib/rustlib/x86_64-unknown-linux-gnu/lib/libcompiler_builtins-957b4aff41f8cd46.rlib" "-Wl,-Bdynamic" "-lgcc_s" "-lutil" "-lrt" "-lpthread" "-lm" "-ldl" "-lc" "-Wl,--eh-frame-hdr" "-Wl,-z,noexecstack" "-L" "/opt/rustwide/rustup-home/toolchains/1.69.0-x86_64-unknown-linux-gnu/lib/rustlib/x86_64-unknown-linux-gnu/lib" "-o" "/tmp/rustdoctestPkuOXt/rust_out" "-Wl,--gc-sections" "-pie" "-Wl,-z,relro,-z,now" "-nodefaultlibs"
[INFO] [stdout]   = note: collect2: fatal error: ld terminated with signal 9 [Killed]
[INFO] [stdout]           compilation terminated.
[INFO] [stdout]           
[INFO] [stdout] 
[INFO] [stdout] error: aborting due to previous error
[INFO] [stdout] 
[INFO] [stdout] Couldn't compile the test.
[INFO] [stdout] ---- src/network.rs - network::Network::new (line 109) stdout ----
[INFO] [stdout] error: linking with `cc` failed: exit status: 1
[INFO] [stdout]   |
[INFO] [stdout]   = note: LC_ALL="C" PATH="/opt/rustwide/rustup-home/toolchains/1.69.0-x86_64-unknown-linux-gnu/lib/rustlib/x86_64-unknown-linux-gnu/bin:/opt/rustwide/cargo-home/bin:/usr/local/sbin:/usr/local/bin:/usr/sbin:/usr/bin:/sbin:/bin" VSLANG="1033" "cc" "-m64" "/tmp/rustcaENR3T/symbols.o" "/tmp/rustdoctestIkK6rb/rust_out.rust_out.5bfee551-cgu.0.rcgu.o" "/tmp/rustdoctestIkK6rb/rust_out.j00p4ncf7xg64kg.rcgu.o" "-Wl,--as-needed" "-L" "/opt/rustwide/target/debug/deps" "-L" "/opt/rustwide/target/debug/deps" "-L" "/opt/rustwide/rustup-home/toolchains/1.69.0-x86_64-unknown-linux-gnu/lib/rustlib/x86_64-unknown-linux-gnu/lib" "-Wl,-Bstatic" "/opt/rustwide/target/debug/deps/libcnetworks-f860adc3ea729a94.rlib" "/opt/rustwide/target/debug/deps/librustc_hash-0063061f61875cb5.rlib" "/opt/rustwide/target/debug/deps/libindexmap-384a9f1f963dd954.rlib" "/opt/rustwide/target/debug/deps/libhashbrown-9a1f5d949d76c1be.rlib" "/opt/rustwide/target/debug/deps/librayon-7accb19a39caca88.rlib" "/opt/rustwide/target/debug/deps/librayon_core-800c11565a47dbfe.rlib" "/opt/rustwide/target/debug/deps/libnum_cpus-36d10c4c6b71b5ab.rlib" "/opt/rustwide/target/debug/deps/libcrossbeam_deque-267e90e0b43f0d86.rlib" "/opt/rustwide/target/debug/deps/libcrossbeam_epoch-c482da62cdea02c8.rlib" "/opt/rustwide/target/debug/deps/libmemoffset-afb51682618a8b48.rlib" "/opt/rustwide/target/debug/deps/libscopeguard-f471875f675163b5.rlib" "/opt/rustwide/target/debug/deps/libcrossbeam_channel-5195de4152b8ffce.rlib" "/opt/rustwide/target/debug/deps/libcrossbeam_utils-2d70222dea8c2f84.rlib" "/opt/rustwide/target/debug/deps/liblazy_static-a15e1ed0a3c31761.rlib" "/opt/rustwide/target/debug/deps/libeither-35bc8c9d74b85ee8.rlib" "/opt/rustwide/target/debug/deps/libnalgebra-a527a5c28d4d6b8e.rlib" "/opt/rustwide/target/debug/deps/libmatrixmultiply-0566674c06d87ed8.rlib" "/opt/rustwide/target/debug/deps/librawpointer-93a89706954c673d.rlib" "/opt/rustwide/target/debug/deps/libnum_rational-0f3b334e7c037c32.rlib" "/opt/rustwide/target/debug/deps/libnum_integer-7839435f226d85e1.rlib" "/opt/rustwide/target/debug/deps/libtypenum-dd0f67c7a5785a46.rlib" "/opt/rustwide/target/debug/deps/libsimba-d1b63f7a10cd5f62.rlib" "/opt/rustwide/target/debug/deps/libwide-ca52d65e539936b4.rlib" "/opt/rustwide/target/debug/deps/libsafe_arch-f9a697e62c8c00ff.rlib" "/opt/rustwide/target/debug/deps/libbytemuck-742b3c2e0bf4959f.rlib" "/opt/rustwide/target/debug/deps/libnum_complex-6bc1c75c493638e9.rlib" "/opt/rustwide/target/debug/deps/libapprox-5c2e13b43aa27d62.rlib" "/opt/rustwide/target/debug/deps/libnum_traits-1ee63314f59dd151.rlib" "/opt/rustwide/target/debug/deps/librand_xoshiro-d9bbe8509fa4dcfe.rlib" "/opt/rustwide/target/debug/deps/librand_seeder-44d68e301a580b94.rlib" "/opt/rustwide/target/debug/deps/librand-c65bcf64c1fd096c.rlib" "/opt/rustwide/target/debug/deps/librand_chacha-37b651c9d022e204.rlib" "/opt/rustwide/target/debug/deps/libppv_lite86-3e08b616d9d49994.rlib" "/opt/rustwide/target/debug/deps/librand_core-0bc091eb32fa8e1e.rlib" "/opt/rustwide/target/debug/deps/libgetrandom-16e1b8e492496f81.rlib" "/opt/rustwide/target/debug/deps/liblibc-812bd86e7a9303af.rlib" "/opt/rustwide/target/debug/deps/libcfg_if-e5e118dd7d121aaa.rlib" "/opt/rustwide/rustup-home/toolchains/1.69.0-x86_64-unknown-linux-gnu/lib/rustlib/x86_64-unknown-linux-gnu/lib/libstd-89bc084783fdc439.rlib" "/opt/rustwide/rustup-home/toolchains/1.69.0-x86_64-unknown-linux-gnu/lib/rustlib/x86_64-unknown-linux-gnu/lib/libpanic_unwind-8bee4b287d4367c1.rlib" "/opt/rustwide/rustup-home/toolchains/1.69.0-x86_64-unknown-linux-gnu/lib/rustlib/x86_64-unknown-linux-gnu/lib/libobject-d61707aed80694c0.rlib" "/opt/rustwide/rustup-home/toolchains/1.69.0-x86_64-unknown-linux-gnu/lib/rustlib/x86_64-unknown-linux-gnu/lib/libmemchr-d85366256f22345b.rlib" "/opt/rustwide/rustup-home/toolchains/1.69.0-x86_64-unknown-linux-gnu/lib/rustlib/x86_64-unknown-linux-gnu/lib/libaddr2line-96069b86b8a8cae9.rlib" "/opt/rustwide/rustup-home/toolchains/1.69.0-x86_64-unknown-linux-gnu/lib/rustlib/x86_64-unknown-linux-gnu/lib/libgimli-d19d53abf68dfa6c.rlib" "/opt/rustwide/rustup-home/toolchains/1.69.0-x86_64-unknown-linux-gnu/lib/rustlib/x86_64-unknown-linux-gnu/lib/librustc_demangle-787cbccd19d64ac6.rlib" "/opt/rustwide/rustup-home/toolchains/1.69.0-x86_64-unknown-linux-gnu/lib/rustlib/x86_64-unknown-linux-gnu/lib/libstd_detect-b3837a36b830e0d0.rlib" "/opt/rustwide/rustup-home/toolchains/1.69.0-x86_64-unknown-linux-gnu/lib/rustlib/x86_64-unknown-linux-gnu/lib/libhashbrown-e3deb0e7e3f04966.rlib" "/opt/rustwide/rustup-home/toolchains/1.69.0-x86_64-unknown-linux-gnu/lib/rustlib/x86_64-unknown-linux-gnu/lib/libminiz_oxide-dabbb79c9815def4.rlib" "/opt/rustwide/rustup-home/toolchains/1.69.0-x86_64-unknown-linux-gnu/lib/rustlib/x86_64-unknown-linux-gnu/lib/libadler-305b01f34c9409f2.rlib" "/opt/rustwide/rustup-home/toolchains/1.69.0-x86_64-unknown-linux-gnu/lib/rustlib/x86_64-unknown-linux-gnu/lib/librustc_std_workspace_alloc-f833521df6074e73.rlib" "/opt/rustwide/rustup-home/toolchains/1.69.0-x86_64-unknown-linux-gnu/lib/rustlib/x86_64-unknown-linux-gnu/lib/libunwind-9ac333113350d171.rlib" "/opt/rustwide/rustup-home/toolchains/1.69.0-x86_64-unknown-linux-gnu/lib/rustlib/x86_64-unknown-linux-gnu/lib/libcfg_if-1c126114322d0eee.rlib" "/opt/rustwide/rustup-home/toolchains/1.69.0-x86_64-unknown-linux-gnu/lib/rustlib/x86_64-unknown-linux-gnu/lib/liblibc-bad9164fdeeecf92.rlib" "/opt/rustwide/rustup-home/toolchains/1.69.0-x86_64-unknown-linux-gnu/lib/rustlib/x86_64-unknown-linux-gnu/lib/liballoc-f9374b1e480fa681.rlib" "/opt/rustwide/rustup-home/toolchains/1.69.0-x86_64-unknown-linux-gnu/lib/rustlib/x86_64-unknown-linux-gnu/lib/librustc_std_workspace_core-207f06e41d9603af.rlib" "/opt/rustwide/rustup-home/toolchains/1.69.0-x86_64-unknown-linux-gnu/lib/rustlib/x86_64-unknown-linux-gnu/lib/libcore-7e2768e66e984e85.rlib" "/opt/rustwide/rustup-home/toolchains/1.69.0-x86_64-unknown-linux-gnu/lib/rustlib/x86_64-unknown-linux-gnu/lib/libcompiler_builtins-957b4aff41f8cd46.rlib" "-Wl,-Bdynamic" "-lgcc_s" "-lutil" "-lrt" "-lpthread" "-lm" "-ldl" "-lc" "-Wl,--eh-frame-hdr" "-Wl,-z,noexecstack" "-L" "/opt/rustwide/rustup-home/toolchains/1.69.0-x86_64-unknown-linux-gnu/lib/rustlib/x86_64-unknown-linux-gnu/lib" "-o" "/tmp/rustdoctestIkK6rb/rust_out" "-Wl,--gc-sections" "-pie" "-Wl,-z,relro,-z,now" "-nodefaultlibs"
[INFO] [stdout]   = note: collect2: fatal error: ld terminated with signal 9 [Killed]
[INFO] [stdout]           compilation terminated.
[INFO] [stdout]           
[INFO] [stdout] 
[INFO] [stdout] error: aborting due to previous error
[INFO] [stdout] 
[INFO] [stdout] Couldn't compile the test.
[INFO] [stdout] ---- src/network.rs - network::Network::scramble_rng (line 232) stdout ----
[INFO] [stdout] error: linking with `cc` failed: exit status: 1
[INFO] [stdout]   |
[INFO] [stdout]   = note: LC_ALL="C" PATH="/opt/rustwide/rustup-home/toolchains/1.69.0-x86_64-unknown-linux-gnu/lib/rustlib/x86_64-unknown-linux-gnu/bin:/opt/rustwide/cargo-home/bin:/usr/local/sbin:/usr/local/bin:/usr/sbin:/usr/bin:/sbin:/bin" VSLANG="1033" "cc" "-m64" "/tmp/rustcd0WEdD/symbols.o" "/tmp/rustdoctest1oPkSf/rust_out.rust_out.5bfee551-cgu.0.rcgu.o" "/tmp/rustdoctest1oPkSf/rust_out.j00p4ncf7xg64kg.rcgu.o" "-Wl,--as-needed" "-L" "/opt/rustwide/target/debug/deps" "-L" "/opt/rustwide/target/debug/deps" "-L" "/opt/rustwide/rustup-home/toolchains/1.69.0-x86_64-unknown-linux-gnu/lib/rustlib/x86_64-unknown-linux-gnu/lib" "-Wl,-Bstatic" "/opt/rustwide/target/debug/deps/libcnetworks-f860adc3ea729a94.rlib" "/opt/rustwide/target/debug/deps/librustc_hash-0063061f61875cb5.rlib" "/opt/rustwide/target/debug/deps/libindexmap-384a9f1f963dd954.rlib" "/opt/rustwide/target/debug/deps/libhashbrown-9a1f5d949d76c1be.rlib" "/opt/rustwide/target/debug/deps/librayon-7accb19a39caca88.rlib" "/opt/rustwide/target/debug/deps/librayon_core-800c11565a47dbfe.rlib" "/opt/rustwide/target/debug/deps/libnum_cpus-36d10c4c6b71b5ab.rlib" "/opt/rustwide/target/debug/deps/libcrossbeam_deque-267e90e0b43f0d86.rlib" "/opt/rustwide/target/debug/deps/libcrossbeam_epoch-c482da62cdea02c8.rlib" "/opt/rustwide/target/debug/deps/libmemoffset-afb51682618a8b48.rlib" "/opt/rustwide/target/debug/deps/libscopeguard-f471875f675163b5.rlib" "/opt/rustwide/target/debug/deps/libcrossbeam_channel-5195de4152b8ffce.rlib" "/opt/rustwide/target/debug/deps/libcrossbeam_utils-2d70222dea8c2f84.rlib" "/opt/rustwide/target/debug/deps/liblazy_static-a15e1ed0a3c31761.rlib" "/opt/rustwide/target/debug/deps/libeither-35bc8c9d74b85ee8.rlib" "/opt/rustwide/target/debug/deps/libnalgebra-a527a5c28d4d6b8e.rlib" "/opt/rustwide/target/debug/deps/libmatrixmultiply-0566674c06d87ed8.rlib" "/opt/rustwide/target/debug/deps/librawpointer-93a89706954c673d.rlib" "/opt/rustwide/target/debug/deps/libnum_rational-0f3b334e7c037c32.rlib" "/opt/rustwide/target/debug/deps/libnum_integer-7839435f226d85e1.rlib" "/opt/rustwide/target/debug/deps/libtypenum-dd0f67c7a5785a46.rlib" "/opt/rustwide/target/debug/deps/libsimba-d1b63f7a10cd5f62.rlib" "/opt/rustwide/target/debug/deps/libwide-ca52d65e539936b4.rlib" "/opt/rustwide/target/debug/deps/libsafe_arch-f9a697e62c8c00ff.rlib" "/opt/rustwide/target/debug/deps/libbytemuck-742b3c2e0bf4959f.rlib" "/opt/rustwide/target/debug/deps/libnum_complex-6bc1c75c493638e9.rlib" "/opt/rustwide/target/debug/deps/libapprox-5c2e13b43aa27d62.rlib" "/opt/rustwide/target/debug/deps/libnum_traits-1ee63314f59dd151.rlib" "/opt/rustwide/target/debug/deps/librand_xoshiro-d9bbe8509fa4dcfe.rlib" "/opt/rustwide/target/debug/deps/librand_seeder-44d68e301a580b94.rlib" "/opt/rustwide/target/debug/deps/librand-c65bcf64c1fd096c.rlib" "/opt/rustwide/target/debug/deps/librand_chacha-37b651c9d022e204.rlib" "/opt/rustwide/target/debug/deps/libppv_lite86-3e08b616d9d49994.rlib" "/opt/rustwide/target/debug/deps/librand_core-0bc091eb32fa8e1e.rlib" "/opt/rustwide/target/debug/deps/libgetrandom-16e1b8e492496f81.rlib" "/opt/rustwide/target/debug/deps/liblibc-812bd86e7a9303af.rlib" "/opt/rustwide/target/debug/deps/libcfg_if-e5e118dd7d121aaa.rlib" "/opt/rustwide/rustup-home/toolchains/1.69.0-x86_64-unknown-linux-gnu/lib/rustlib/x86_64-unknown-linux-gnu/lib/libstd-89bc084783fdc439.rlib" "/opt/rustwide/rustup-home/toolchains/1.69.0-x86_64-unknown-linux-gnu/lib/rustlib/x86_64-unknown-linux-gnu/lib/libpanic_unwind-8bee4b287d4367c1.rlib" "/opt/rustwide/rustup-home/toolchains/1.69.0-x86_64-unknown-linux-gnu/lib/rustlib/x86_64-unknown-linux-gnu/lib/libobject-d61707aed80694c0.rlib" "/opt/rustwide/rustup-home/toolchains/1.69.0-x86_64-unknown-linux-gnu/lib/rustlib/x86_64-unknown-linux-gnu/lib/libmemchr-d85366256f22345b.rlib" "/opt/rustwide/rustup-home/toolchains/1.69.0-x86_64-unknown-linux-gnu/lib/rustlib/x86_64-unknown-linux-gnu/lib/libaddr2line-96069b86b8a8cae9.rlib" "/opt/rustwide/rustup-home/toolchains/1.69.0-x86_64-unknown-linux-gnu/lib/rustlib/x86_64-unknown-linux-gnu/lib/libgimli-d19d53abf68dfa6c.rlib" "/opt/rustwide/rustup-home/toolchains/1.69.0-x86_64-unknown-linux-gnu/lib/rustlib/x86_64-unknown-linux-gnu/lib/librustc_demangle-787cbccd19d64ac6.rlib" "/opt/rustwide/rustup-home/toolchains/1.69.0-x86_64-unknown-linux-gnu/lib/rustlib/x86_64-unknown-linux-gnu/lib/libstd_detect-b3837a36b830e0d0.rlib" "/opt/rustwide/rustup-home/toolchains/1.69.0-x86_64-unknown-linux-gnu/lib/rustlib/x86_64-unknown-linux-gnu/lib/libhashbrown-e3deb0e7e3f04966.rlib" "/opt/rustwide/rustup-home/toolchains/1.69.0-x86_64-unknown-linux-gnu/lib/rustlib/x86_64-unknown-linux-gnu/lib/libminiz_oxide-dabbb79c9815def4.rlib" "/opt/rustwide/rustup-home/toolchains/1.69.0-x86_64-unknown-linux-gnu/lib/rustlib/x86_64-unknown-linux-gnu/lib/libadler-305b01f34c9409f2.rlib" "/opt/rustwide/rustup-home/toolchains/1.69.0-x86_64-unknown-linux-gnu/lib/rustlib/x86_64-unknown-linux-gnu/lib/librustc_std_workspace_alloc-f833521df6074e73.rlib" "/opt/rustwide/rustup-home/toolchains/1.69.0-x86_64-unknown-linux-gnu/lib/rustlib/x86_64-unknown-linux-gnu/lib/libunwind-9ac333113350d171.rlib" "/opt/rustwide/rustup-home/toolchains/1.69.0-x86_64-unknown-linux-gnu/lib/rustlib/x86_64-unknown-linux-gnu/lib/libcfg_if-1c126114322d0eee.rlib" "/opt/rustwide/rustup-home/toolchains/1.69.0-x86_64-unknown-linux-gnu/lib/rustlib/x86_64-unknown-linux-gnu/lib/liblibc-bad9164fdeeecf92.rlib" "/opt/rustwide/rustup-home/toolchains/1.69.0-x86_64-unknown-linux-gnu/lib/rustlib/x86_64-unknown-linux-gnu/lib/liballoc-f9374b1e480fa681.rlib" "/opt/rustwide/rustup-home/toolchains/1.69.0-x86_64-unknown-linux-gnu/lib/rustlib/x86_64-unknown-linux-gnu/lib/librustc_std_workspace_core-207f06e41d9603af.rlib" "/opt/rustwide/rustup-home/toolchains/1.69.0-x86_64-unknown-linux-gnu/lib/rustlib/x86_64-unknown-linux-gnu/lib/libcore-7e2768e66e984e85.rlib" "/opt/rustwide/rustup-home/toolchains/1.69.0-x86_64-unknown-linux-gnu/lib/rustlib/x86_64-unknown-linux-gnu/lib/libcompiler_builtins-957b4aff41f8cd46.rlib" "-Wl,-Bdynamic" "-lgcc_s" "-lutil" "-lrt" "-lpthread" "-lm" "-ldl" "-lc" "-Wl,--eh-frame-hdr" "-Wl,-z,noexecstack" "-L" "/opt/rustwide/rustup-home/toolchains/1.69.0-x86_64-unknown-linux-gnu/lib/rustlib/x86_64-unknown-linux-gnu/lib" "-o" "/tmp/rustdoctest1oPkSf/rust_out" "-Wl,--gc-sections" "-pie" "-Wl,-z,relro,-z,now" "-nodefaultlibs"
[INFO] [stdout]   = note: collect2: fatal error: ld terminated with signal 9 [Killed]
[INFO] [stdout]           compilation terminated.
[INFO] [stdout]           
[INFO] [stdout] 
[INFO] [stdout] error: aborting due to previous error
[INFO] [stdout] 
[INFO] [stdout] Couldn't compile the test.
[INFO] [stdout] ---- src/bfs.rs - bfs::reach_many (line 266) stdout ----
[INFO] [stdout] error: linking with `cc` failed: exit status: 1
[INFO] [stdout]   |
[INFO] [stdout]   = note: LC_ALL="C" PATH="/opt/rustwide/rustup-home/toolchains/1.69.0-x86_64-unknown-linux-gnu/lib/rustlib/x86_64-unknown-linux-gnu/bin:/opt/rustwide/cargo-home/bin:/usr/local/sbin:/usr/local/bin:/usr/sbin:/usr/bin:/sbin:/bin" VSLANG="1033" "cc" "-m64" "/tmp/rustcpBsuCz/symbols.o" "/tmp/rustdoctestXxSfog/rust_out.rust_out.5bfee551-cgu.0.rcgu.o" "/tmp/rustdoctestXxSfog/rust_out.j00p4ncf7xg64kg.rcgu.o" "-Wl,--as-needed" "-L" "/opt/rustwide/target/debug/deps" "-L" "/opt/rustwide/target/debug/deps" "-L" "/opt/rustwide/rustup-home/toolchains/1.69.0-x86_64-unknown-linux-gnu/lib/rustlib/x86_64-unknown-linux-gnu/lib" "-Wl,-Bstatic" "/opt/rustwide/target/debug/deps/libcnetworks-f860adc3ea729a94.rlib" "/opt/rustwide/target/debug/deps/librustc_hash-0063061f61875cb5.rlib" "/opt/rustwide/target/debug/deps/libindexmap-384a9f1f963dd954.rlib" "/opt/rustwide/target/debug/deps/libhashbrown-9a1f5d949d76c1be.rlib" "/opt/rustwide/target/debug/deps/librayon-7accb19a39caca88.rlib" "/opt/rustwide/target/debug/deps/librayon_core-800c11565a47dbfe.rlib" "/opt/rustwide/target/debug/deps/libnum_cpus-36d10c4c6b71b5ab.rlib" "/opt/rustwide/target/debug/deps/libcrossbeam_deque-267e90e0b43f0d86.rlib" "/opt/rustwide/target/debug/deps/libcrossbeam_epoch-c482da62cdea02c8.rlib" "/opt/rustwide/target/debug/deps/libmemoffset-afb51682618a8b48.rlib" "/opt/rustwide/target/debug/deps/libscopeguard-f471875f675163b5.rlib" "/opt/rustwide/target/debug/deps/libcrossbeam_channel-5195de4152b8ffce.rlib" "/opt/rustwide/target/debug/deps/libcrossbeam_utils-2d70222dea8c2f84.rlib" "/opt/rustwide/target/debug/deps/liblazy_static-a15e1ed0a3c31761.rlib" "/opt/rustwide/target/debug/deps/libeither-35bc8c9d74b85ee8.rlib" "/opt/rustwide/target/debug/deps/libnalgebra-a527a5c28d4d6b8e.rlib" "/opt/rustwide/target/debug/deps/libmatrixmultiply-0566674c06d87ed8.rlib" "/opt/rustwide/target/debug/deps/librawpointer-93a89706954c673d.rlib" "/opt/rustwide/target/debug/deps/libnum_rational-0f3b334e7c037c32.rlib" "/opt/rustwide/target/debug/deps/libnum_integer-7839435f226d85e1.rlib" "/opt/rustwide/target/debug/deps/libtypenum-dd0f67c7a5785a46.rlib" "/opt/rustwide/target/debug/deps/libsimba-d1b63f7a10cd5f62.rlib" "/opt/rustwide/target/debug/deps/libwide-ca52d65e539936b4.rlib" "/opt/rustwide/target/debug/deps/libsafe_arch-f9a697e62c8c00ff.rlib" "/opt/rustwide/target/debug/deps/libbytemuck-742b3c2e0bf4959f.rlib" "/opt/rustwide/target/debug/deps/libnum_complex-6bc1c75c493638e9.rlib" "/opt/rustwide/target/debug/deps/libapprox-5c2e13b43aa27d62.rlib" "/opt/rustwide/target/debug/deps/libnum_traits-1ee63314f59dd151.rlib" "/opt/rustwide/target/debug/deps/librand_xoshiro-d9bbe8509fa4dcfe.rlib" "/opt/rustwide/target/debug/deps/librand_seeder-44d68e301a580b94.rlib" "/opt/rustwide/target/debug/deps/librand-c65bcf64c1fd096c.rlib" "/opt/rustwide/target/debug/deps/librand_chacha-37b651c9d022e204.rlib" "/opt/rustwide/target/debug/deps/libppv_lite86-3e08b616d9d49994.rlib" "/opt/rustwide/target/debug/deps/librand_core-0bc091eb32fa8e1e.rlib" "/opt/rustwide/target/debug/deps/libgetrandom-16e1b8e492496f81.rlib" "/opt/rustwide/target/debug/deps/liblibc-812bd86e7a9303af.rlib" "/opt/rustwide/target/debug/deps/libcfg_if-e5e118dd7d121aaa.rlib" "/opt/rustwide/rustup-home/toolchains/1.69.0-x86_64-unknown-linux-gnu/lib/rustlib/x86_64-unknown-linux-gnu/lib/libstd-89bc084783fdc439.rlib" "/opt/rustwide/rustup-home/toolchains/1.69.0-x86_64-unknown-linux-gnu/lib/rustlib/x86_64-unknown-linux-gnu/lib/libpanic_unwind-8bee4b287d4367c1.rlib" "/opt/rustwide/rustup-home/toolchains/1.69.0-x86_64-unknown-linux-gnu/lib/rustlib/x86_64-unknown-linux-gnu/lib/libobject-d61707aed80694c0.rlib" "/opt/rustwide/rustup-home/toolchains/1.69.0-x86_64-unknown-linux-gnu/lib/rustlib/x86_64-unknown-linux-gnu/lib/libmemchr-d85366256f22345b.rlib" "/opt/rustwide/rustup-home/toolchains/1.69.0-x86_64-unknown-linux-gnu/lib/rustlib/x86_64-unknown-linux-gnu/lib/libaddr2line-96069b86b8a8cae9.rlib" "/opt/rustwide/rustup-home/toolchains/1.69.0-x86_64-unknown-linux-gnu/lib/rustlib/x86_64-unknown-linux-gnu/lib/libgimli-d19d53abf68dfa6c.rlib" "/opt/rustwide/rustup-home/toolchains/1.69.0-x86_64-unknown-linux-gnu/lib/rustlib/x86_64-unknown-linux-gnu/lib/librustc_demangle-787cbccd19d64ac6.rlib" "/opt/rustwide/rustup-home/toolchains/1.69.0-x86_64-unknown-linux-gnu/lib/rustlib/x86_64-unknown-linux-gnu/lib/libstd_detect-b3837a36b830e0d0.rlib" "/opt/rustwide/rustup-home/toolchains/1.69.0-x86_64-unknown-linux-gnu/lib/rustlib/x86_64-unknown-linux-gnu/lib/libhashbrown-e3deb0e7e3f04966.rlib" "/opt/rustwide/rustup-home/toolchains/1.69.0-x86_64-unknown-linux-gnu/lib/rustlib/x86_64-unknown-linux-gnu/lib/libminiz_oxide-dabbb79c9815def4.rlib" "/opt/rustwide/rustup-home/toolchains/1.69.0-x86_64-unknown-linux-gnu/lib/rustlib/x86_64-unknown-linux-gnu/lib/libadler-305b01f34c9409f2.rlib" "/opt/rustwide/rustup-home/toolchains/1.69.0-x86_64-unknown-linux-gnu/lib/rustlib/x86_64-unknown-linux-gnu/lib/librustc_std_workspace_alloc-f833521df6074e73.rlib" "/opt/rustwide/rustup-home/toolchains/1.69.0-x86_64-unknown-linux-gnu/lib/rustlib/x86_64-unknown-linux-gnu/lib/libunwind-9ac333113350d171.rlib" "/opt/rustwide/rustup-home/toolchains/1.69.0-x86_64-unknown-linux-gnu/lib/rustlib/x86_64-unknown-linux-gnu/lib/libcfg_if-1c126114322d0eee.rlib" "/opt/rustwide/rustup-home/toolchains/1.69.0-x86_64-unknown-linux-gnu/lib/rustlib/x86_64-unknown-linux-gnu/lib/liblibc-bad9164fdeeecf92.rlib" "/opt/rustwide/rustup-home/toolchains/1.69.0-x86_64-unknown-linux-gnu/lib/rustlib/x86_64-unknown-linux-gnu/lib/liballoc-f9374b1e480fa681.rlib" "/opt/rustwide/rustup-home/toolchains/1.69.0-x86_64-unknown-linux-gnu/lib/rustlib/x86_64-unknown-linux-gnu/lib/librustc_std_workspace_core-207f06e41d9603af.rlib" "/opt/rustwide/rustup-home/toolchains/1.69.0-x86_64-unknown-linux-gnu/lib/rustlib/x86_64-unknown-linux-gnu/lib/libcore-7e2768e66e984e85.rlib" "/opt/rustwide/rustup-home/toolchains/1.69.0-x86_64-unknown-linux-gnu/lib/rustlib/x86_64-unknown-linux-gnu/lib/libcompiler_builtins-957b4aff41f8cd46.rlib" "-Wl,-Bdynamic" "-lgcc_s" "-lutil" "-lrt" "-lpthread" "-lm" "-ldl" "-lc" "-Wl,--eh-frame-hdr" "-Wl,-z,noexecstack" "-L" "/opt/rustwide/rustup-home/toolchains/1.69.0-x86_64-unknown-linux-gnu/lib/rustlib/x86_64-unknown-linux-gnu/lib" "-o" "/tmp/rustdoctestXxSfog/rust_out" "-Wl,--gc-sections" "-pie" "-Wl,-z,relro,-z,now" "-nodefaultlibs"
[INFO] [stdout]   = note: collect2: fatal error: ld terminated with signal 9 [Killed]
[INFO] [stdout]           compilation terminated.
[INFO] [stdout]           
[INFO] [stdout] 
[INFO] [stdout] error: aborting due to previous error
[INFO] [stdout] 
[INFO] [stdout] Couldn't compile the test.
[INFO] [stdout] 
[INFO] [stdout] failures:
[INFO] [stdout]     src/bfs.rs - bfs::explore (line 492)
[INFO] [stdout]     src/bfs.rs - bfs::reach_many (line 266)
[INFO] [stdout]     src/network.rs - network::Network::default (line 674)
[INFO] [stdout]     src/network.rs - network::Network::new (line 109)
[INFO] [stdout]     src/network.rs - network::Network::scramble_rng (line 232)
[INFO] [stdout] 
[INFO] [stdout] test result: FAILED. 16 passed; 5 failed; 0 ignored; 0 measured; 0 filtered out; finished in 5.11s
[INFO] [stdout] 
[INFO] [stderr] error: doctest failed, to rerun pass `--doc`
[INFO] running `Command { std: "docker" "inspect" "c6722a72356532a667e10a9dae933943d268968e034c2c17fea21f17b2c72321", kill_on_drop: false }`
[INFO] running `Command { std: "docker" "rm" "-f" "c6722a72356532a667e10a9dae933943d268968e034c2c17fea21f17b2c72321", kill_on_drop: false }`
[INFO] [stdout] c6722a72356532a667e10a9dae933943d268968e034c2c17fea21f17b2c72321
