[INFO] fetching crate cmp_macro 0.1.0...
[INFO] testing cmp_macro-0.1.0 against beta-2023-04-20 for beta-1.70-1
[INFO] extracting crate cmp_macro 0.1.0 into /workspace/builds/worker-4-tc2/source
[INFO] validating manifest of crates.io crate cmp_macro 0.1.0 on toolchain beta-2023-04-20
[INFO] running `Command { std: CARGO_HOME="/workspace/cargo-home" RUSTUP_HOME="/workspace/rustup-home" "/workspace/cargo-home/bin/cargo" "+beta-2023-04-20" "metadata" "--manifest-path" "Cargo.toml" "--no-deps", kill_on_drop: false }`
[INFO] started tweaking crates.io crate cmp_macro 0.1.0
[INFO] finished tweaking crates.io crate cmp_macro 0.1.0
[INFO] tweaked toml for crates.io crate cmp_macro 0.1.0 written to /workspace/builds/worker-4-tc2/source/Cargo.toml
[INFO] running `Command { std: CARGO_HOME="/workspace/cargo-home" RUSTUP_HOME="/workspace/rustup-home" __CARGO_TEST_CHANNEL_OVERRIDE_DO_NOT_USE_THIS="nightly" "/workspace/cargo-home/bin/cargo" "+beta-2023-04-20" "generate-lockfile" "--manifest-path" "Cargo.toml" "-Zno-index-update", kill_on_drop: false }`
[INFO] running `Command { std: CARGO_HOME="/workspace/cargo-home" RUSTUP_HOME="/workspace/rustup-home" "/workspace/cargo-home/bin/cargo" "+beta-2023-04-20" "fetch" "--manifest-path" "Cargo.toml", kill_on_drop: false }`
[INFO] running `Command { std: "docker" "create" "-v" "/var/lib/crater-agent-workspace/builds/worker-4-tc2/target:/opt/rustwide/target:rw,Z" "-v" "/var/lib/crater-agent-workspace/builds/worker-4-tc2/source:/opt/rustwide/workdir:ro,Z" "-v" "/var/lib/crater-agent-workspace/cargo-home:/opt/rustwide/cargo-home:ro,Z" "-v" "/var/lib/crater-agent-workspace/rustup-home:/opt/rustwide/rustup-home:ro,Z" "-e" "SOURCE_DIR=/opt/rustwide/workdir" "-e" "CARGO_TARGET_DIR=/opt/rustwide/target" "-e" "CARGO_HOME=/opt/rustwide/cargo-home" "-e" "RUSTUP_HOME=/opt/rustwide/rustup-home" "-w" "/opt/rustwide/workdir" "-m" "1610612736" "--user" "0:0" "--network" "none" "ghcr.io/rust-lang/crates-build-env/linux@sha256:5ff2268d62e97bff2cde7d5815dd6ed5b47097566f13b8d0ca110b04b60e07ed" "/opt/rustwide/cargo-home/bin/cargo" "+beta-2023-04-20" "metadata" "--no-deps" "--format-version=1", kill_on_drop: false }`
[INFO] [stdout] 189db14f80f504fc9369f73b906af3d33d7caef6ec8f9e2d71f56d6e9e7029ee
[INFO] running `Command { std: "docker" "start" "-a" "189db14f80f504fc9369f73b906af3d33d7caef6ec8f9e2d71f56d6e9e7029ee", kill_on_drop: false }`
[INFO] running `Command { std: "docker" "inspect" "189db14f80f504fc9369f73b906af3d33d7caef6ec8f9e2d71f56d6e9e7029ee", kill_on_drop: false }`
[INFO] running `Command { std: "docker" "rm" "-f" "189db14f80f504fc9369f73b906af3d33d7caef6ec8f9e2d71f56d6e9e7029ee", kill_on_drop: false }`
[INFO] [stdout] 189db14f80f504fc9369f73b906af3d33d7caef6ec8f9e2d71f56d6e9e7029ee
[INFO] running `Command { std: "docker" "create" "-v" "/var/lib/crater-agent-workspace/builds/worker-4-tc2/target:/opt/rustwide/target:rw,Z" "-v" "/var/lib/crater-agent-workspace/builds/worker-4-tc2/source:/opt/rustwide/workdir:ro,Z" "-v" "/var/lib/crater-agent-workspace/cargo-home:/opt/rustwide/cargo-home:ro,Z" "-v" "/var/lib/crater-agent-workspace/rustup-home:/opt/rustwide/rustup-home:ro,Z" "-e" "SOURCE_DIR=/opt/rustwide/workdir" "-e" "CARGO_TARGET_DIR=/opt/rustwide/target" "-e" "CARGO_INCREMENTAL=0" "-e" "RUST_BACKTRACE=full" "-e" "RUSTFLAGS=--cap-lints=warn" "-e" "RUSTDOCFLAGS=--cap-lints=warn" "-e" "CARGO_HOME=/opt/rustwide/cargo-home" "-e" "RUSTUP_HOME=/opt/rustwide/rustup-home" "-w" "/opt/rustwide/workdir" "-m" "1610612736" "--user" "0:0" "--network" "none" "ghcr.io/rust-lang/crates-build-env/linux@sha256:5ff2268d62e97bff2cde7d5815dd6ed5b47097566f13b8d0ca110b04b60e07ed" "/opt/rustwide/cargo-home/bin/cargo" "+beta-2023-04-20" "build" "--frozen" "--message-format=json", kill_on_drop: false }`
[INFO] [stdout] 6247b32f57670d30792d206a26ce5693d9ef71e6dc8ba821e070e8def4c911a4
[INFO] running `Command { std: "docker" "start" "-a" "6247b32f57670d30792d206a26ce5693d9ef71e6dc8ba821e070e8def4c911a4", kill_on_drop: false }`
[INFO] [stderr]    Compiling cmp_macro v0.1.0 (/opt/rustwide/workdir)
[INFO] [stderr]     Finished dev [unoptimized + debuginfo] target(s) in 0.15s
[INFO] running `Command { std: "docker" "inspect" "6247b32f57670d30792d206a26ce5693d9ef71e6dc8ba821e070e8def4c911a4", kill_on_drop: false }`
[INFO] running `Command { std: "docker" "rm" "-f" "6247b32f57670d30792d206a26ce5693d9ef71e6dc8ba821e070e8def4c911a4", kill_on_drop: false }`
[INFO] [stdout] 6247b32f57670d30792d206a26ce5693d9ef71e6dc8ba821e070e8def4c911a4
[INFO] running `Command { std: "docker" "create" "-v" "/var/lib/crater-agent-workspace/builds/worker-4-tc2/target:/opt/rustwide/target:rw,Z" "-v" "/var/lib/crater-agent-workspace/builds/worker-4-tc2/source:/opt/rustwide/workdir:ro,Z" "-v" "/var/lib/crater-agent-workspace/cargo-home:/opt/rustwide/cargo-home:ro,Z" "-v" "/var/lib/crater-agent-workspace/rustup-home:/opt/rustwide/rustup-home:ro,Z" "-e" "SOURCE_DIR=/opt/rustwide/workdir" "-e" "CARGO_TARGET_DIR=/opt/rustwide/target" "-e" "CARGO_INCREMENTAL=0" "-e" "RUST_BACKTRACE=full" "-e" "RUSTFLAGS=--cap-lints=warn" "-e" "RUSTDOCFLAGS=--cap-lints=warn" "-e" "CARGO_HOME=/opt/rustwide/cargo-home" "-e" "RUSTUP_HOME=/opt/rustwide/rustup-home" "-w" "/opt/rustwide/workdir" "-m" "1610612736" "--user" "0:0" "--network" "none" "ghcr.io/rust-lang/crates-build-env/linux@sha256:5ff2268d62e97bff2cde7d5815dd6ed5b47097566f13b8d0ca110b04b60e07ed" "/opt/rustwide/cargo-home/bin/cargo" "+beta-2023-04-20" "test" "--frozen" "--no-run" "--message-format=json", kill_on_drop: false }`
[INFO] [stdout] 48d8061d11aaf6eca3c36949c93bc63812d4b1acf294e21c9d76c5053b70a692
[INFO] running `Command { std: "docker" "start" "-a" "48d8061d11aaf6eca3c36949c93bc63812d4b1acf294e21c9d76c5053b70a692", kill_on_drop: false }`
[INFO] [stderr]    Compiling cmp_macro v0.1.0 (/opt/rustwide/workdir)
[INFO] [stderr]     Finished test [unoptimized + debuginfo] target(s) in 0.67s
[INFO] running `Command { std: "docker" "inspect" "48d8061d11aaf6eca3c36949c93bc63812d4b1acf294e21c9d76c5053b70a692", kill_on_drop: false }`
[INFO] running `Command { std: "docker" "rm" "-f" "48d8061d11aaf6eca3c36949c93bc63812d4b1acf294e21c9d76c5053b70a692", kill_on_drop: false }`
[INFO] [stdout] 48d8061d11aaf6eca3c36949c93bc63812d4b1acf294e21c9d76c5053b70a692
[INFO] running `Command { std: "docker" "create" "-v" "/var/lib/crater-agent-workspace/builds/worker-4-tc2/target:/opt/rustwide/target:rw,Z" "-v" "/var/lib/crater-agent-workspace/builds/worker-4-tc2/source:/opt/rustwide/workdir:ro,Z" "-v" "/var/lib/crater-agent-workspace/cargo-home:/opt/rustwide/cargo-home:ro,Z" "-v" "/var/lib/crater-agent-workspace/rustup-home:/opt/rustwide/rustup-home:ro,Z" "-e" "SOURCE_DIR=/opt/rustwide/workdir" "-e" "CARGO_TARGET_DIR=/opt/rustwide/target" "-e" "CARGO_INCREMENTAL=0" "-e" "RUST_BACKTRACE=full" "-e" "RUSTFLAGS=--cap-lints=warn" "-e" "RUSTDOCFLAGS=--cap-lints=warn" "-e" "CARGO_HOME=/opt/rustwide/cargo-home" "-e" "RUSTUP_HOME=/opt/rustwide/rustup-home" "-w" "/opt/rustwide/workdir" "-m" "1610612736" "--user" "0:0" "--network" "none" "ghcr.io/rust-lang/crates-build-env/linux@sha256:5ff2268d62e97bff2cde7d5815dd6ed5b47097566f13b8d0ca110b04b60e07ed" "/opt/rustwide/cargo-home/bin/cargo" "+beta-2023-04-20" "test" "--frozen", kill_on_drop: false }`
[INFO] [stdout] a2bf6b17c33cd7f8802069b2488b4e0cb447072862b4add5e78e906b3155bcd6
[INFO] running `Command { std: "docker" "start" "-a" "a2bf6b17c33cd7f8802069b2488b4e0cb447072862b4add5e78e906b3155bcd6", kill_on_drop: false }`
[INFO] [stderr]     Finished test [unoptimized + debuginfo] target(s) in 0.00s
[INFO] [stderr]      Running unittests src/lib.rs (/opt/rustwide/target/debug/deps/cmp_macro-1bc02ded6a097cfb)
[INFO] [stdout] 
[INFO] [stdout] running 11 tests
[INFO] [stdout] test tests::test_eq ... ok
[INFO] [stdout] test tests::test_gt ... ok
[INFO] [stdout] test tests::test_ge ... ok
[INFO] [stdout] test tests::test_gtty ... ok
[INFO] [stdout] test tests::readme ... ok
[INFO] [stdout] test tests::test_lt ... ok
[INFO] [stdout] test tests::test_le ... ok
[INFO] [stdout] test tests::test_lety ... ok
[INFO] [stdout] test tests::test_gety ... ok
[INFO] [stdout] test tests::test_ltty ... ok
[INFO] [stdout] test tests::test_eqty ... ok
[INFO] [stdout] 
[INFO] [stdout] test result: ok. 11 passed; 0 failed; 0 ignored; 0 measured; 0 filtered out; finished in 0.00s
[INFO] [stdout] 
[INFO] [stderr]    Doc-tests cmp_macro
[INFO] [stdout] 
[INFO] [stdout] running 10 tests
[INFO] [stdout] test src/lib.rs - gtty (line 93) ... FAILED
[INFO] [stdout] test src/lib.rs - eqty (line 161) ... FAILED
[INFO] [stdout] test src/lib.rs - eq (line 144) ... FAILED
[INFO] [stdout] test src/lib.rs - ge (line 110) ... FAILED
[INFO] [stdout] test src/lib.rs - gt (line 76) ... FAILED
[INFO] [stdout] test src/lib.rs - le (line 42) ... FAILED
[INFO] [stdout] test src/lib.rs - gety (line 127) ... FAILED
[INFO] [stdout] test src/lib.rs - lety (line 59) ... FAILED
[INFO] [stdout] test src/lib.rs - lt (line 8) ... FAILED
[INFO] [stdout] test src/lib.rs - ltty (line 25) ... FAILED
[INFO] [stdout] 
[INFO] [stdout] failures:
[INFO] [stdout] 
[INFO] [stdout] ---- src/lib.rs - gtty (line 93) stdout ----
[INFO] [stdout] error: cannot find macro `gtty` in this scope
[INFO] [stdout]  --> src/lib.rs:94:9
[INFO] [stdout]   |
[INFO] [stdout] 3 | assert!(gtty!(u32, 5.0, 4, 3.0, 2, 1.0));
[INFO] [stdout]   |         ^^^^
[INFO] [stdout]   |
[INFO] [stdout]   = help: consider importing this macro:
[INFO] [stdout]           cmp_macro::gtty
[INFO] [stdout] 
[INFO] [stdout] error: aborting due to previous error
[INFO] [stdout] 
[INFO] [stdout] Couldn't compile the test.
[INFO] [stdout] ---- src/lib.rs - eqty (line 161) stdout ----
[INFO] [stdout] error: cannot find macro `eq` in this scope
[INFO] [stdout]  --> src/lib.rs:162:9
[INFO] [stdout]   |
[INFO] [stdout] 3 | assert!(eq!(u32, 1u64, 1i32, 1u8));
[INFO] [stdout]   |         ^^
[INFO] [stdout]   |
[INFO] [stdout]   = help: consider importing this macro:
[INFO] [stdout]           cmp_macro::eq
[INFO] [stdout] 
[INFO] [stdout] error: aborting due to previous error
[INFO] [stdout] 
[INFO] [stdout] Couldn't compile the test.
[INFO] [stdout] ---- src/lib.rs - eq (line 144) stdout ----
[INFO] [stdout] error: cannot find macro `eq` in this scope
[INFO] [stdout]  --> src/lib.rs:145:9
[INFO] [stdout]   |
[INFO] [stdout] 3 | assert!(eq!(1, 1, 1));
[INFO] [stdout]   |         ^^
[INFO] [stdout]   |
[INFO] [stdout]   = help: consider importing this macro:
[INFO] [stdout]           cmp_macro::eq
[INFO] [stdout] 
[INFO] [stdout] error: aborting due to previous error
[INFO] [stdout] 
[INFO] [stdout] Couldn't compile the test.
[INFO] [stdout] ---- src/lib.rs - ge (line 110) stdout ----
[INFO] [stdout] error: cannot find macro `ge` in this scope
[INFO] [stdout]  --> src/lib.rs:111:9
[INFO] [stdout]   |
[INFO] [stdout] 3 | assert!(ge!(5, 4, 3, 2, 2));
[INFO] [stdout]   |         ^^
[INFO] [stdout]   |
[INFO] [stdout]   = help: consider importing this macro:
[INFO] [stdout]           cmp_macro::ge
[INFO] [stdout] 
[INFO] [stdout] error: aborting due to previous error
[INFO] [stdout] 
[INFO] [stdout] Couldn't compile the test.
[INFO] [stdout] ---- src/lib.rs - gt (line 76) stdout ----
[INFO] [stdout] error: cannot find macro `gt` in this scope
[INFO] [stdout]  --> src/lib.rs:77:9
[INFO] [stdout]   |
[INFO] [stdout] 3 | assert!(gt!(5, 4, 3, 2, 1));
[INFO] [stdout]   |         ^^
[INFO] [stdout]   |
[INFO] [stdout]   = help: consider importing this macro:
[INFO] [stdout]           cmp_macro::gt
[INFO] [stdout] 
[INFO] [stdout] error: aborting due to previous error
[INFO] [stdout] 
[INFO] [stdout] Couldn't compile the test.
[INFO] [stdout] ---- src/lib.rs - le (line 42) stdout ----
[INFO] [stdout] error: cannot find macro `le` in this scope
[INFO] [stdout]  --> src/lib.rs:43:9
[INFO] [stdout]   |
[INFO] [stdout] 3 | assert!(le!(1, 2, 3, 4, 4));
[INFO] [stdout]   |         ^^
[INFO] [stdout]   |
[INFO] [stdout]   = help: consider importing this macro:
[INFO] [stdout]           cmp_macro::le
[INFO] [stdout] 
[INFO] [stdout] error: aborting due to previous error
[INFO] [stdout] 
[INFO] [stdout] Couldn't compile the test.
[INFO] [stdout] ---- src/lib.rs - gety (line 127) stdout ----
[INFO] [stdout] error: cannot find macro `gety` in this scope
[INFO] [stdout]  --> src/lib.rs:128:9
[INFO] [stdout]   |
[INFO] [stdout] 3 | assert!(gety!(u32, 5, 4.0, 3, 2, 2));
[INFO] [stdout]   |         ^^^^
[INFO] [stdout]   |
[INFO] [stdout]   = help: consider importing this macro:
[INFO] [stdout]           cmp_macro::gety
[INFO] [stdout] 
[INFO] [stdout] error: aborting due to previous error
[INFO] [stdout] 
[INFO] [stdout] Couldn't compile the test.
[INFO] [stdout] ---- src/lib.rs - lety (line 59) stdout ----
[INFO] [stdout] error: cannot find macro `lety` in this scope
[INFO] [stdout]  --> src/lib.rs:60:9
[INFO] [stdout]   |
[INFO] [stdout] 3 | assert!(lety!(u32; 1.0, 2, 3.0, 4, 4));
[INFO] [stdout]   |         ^^^^
[INFO] [stdout]   |
[INFO] [stdout]   = help: consider importing this macro:
[INFO] [stdout]           cmp_macro::lety
[INFO] [stdout] 
[INFO] [stdout] error: aborting due to previous error
[INFO] [stdout] 
[INFO] [stdout] Couldn't compile the test.
[INFO] [stdout] ---- src/lib.rs - lt (line 8) stdout ----
[INFO] [stdout] error: cannot find macro `lt` in this scope
[INFO] [stdout]  --> src/lib.rs:9:9
[INFO] [stdout]   |
[INFO] [stdout] 3 | assert!(lt!(1, 2, 3, 4, 5));
[INFO] [stdout]   |         ^^
[INFO] [stdout]   |
[INFO] [stdout]   = help: consider importing this macro:
[INFO] [stdout]           cmp_macro::lt
[INFO] [stdout] 
[INFO] [stdout] error: aborting due to previous error
[INFO] [stdout] 
[INFO] [stdout] Couldn't compile the test.
[INFO] [stdout] ---- src/lib.rs - ltty (line 25) stdout ----
[INFO] [stdout] error: cannot find macro `ltty` in this scope
[INFO] [stdout]  --> src/lib.rs:26:9
[INFO] [stdout]   |
[INFO] [stdout] 3 | assert!(ltty!(u32; 1.0, 2, 3.0, 4, 5.0));
[INFO] [stdout]   |         ^^^^
[INFO] [stdout]   |
[INFO] [stdout]   = help: consider importing this macro:
[INFO] [stdout]           cmp_macro::ltty
[INFO] [stdout] 
[INFO] [stdout] error: aborting due to previous error
[INFO] [stdout] 
[INFO] [stdout] Couldn't compile the test.
[INFO] [stdout] 
[INFO] [stdout] failures:
[INFO] [stdout]     src/lib.rs - eq (line 144)
[INFO] [stdout]     src/lib.rs - eqty (line 161)
[INFO] [stdout]     src/lib.rs - ge (line 110)
[INFO] [stdout]     src/lib.rs - gety (line 127)
[INFO] [stdout]     src/lib.rs - gt (line 76)
[INFO] [stdout]     src/lib.rs - gtty (line 93)
[INFO] [stdout]     src/lib.rs - le (line 42)
[INFO] [stdout]     src/lib.rs - lety (line 59)
[INFO] [stdout]     src/lib.rs - lt (line 8)
[INFO] [stdout]     src/lib.rs - ltty (line 25)
[INFO] [stdout] 
[INFO] [stdout] test result: FAILED. 0 passed; 10 failed; 0 ignored; 0 measured; 0 filtered out; finished in 0.20s
[INFO] [stdout] 
[INFO] [stderr] error: doctest failed, to rerun pass `--doc`
[INFO] running `Command { std: "docker" "inspect" "a2bf6b17c33cd7f8802069b2488b4e0cb447072862b4add5e78e906b3155bcd6", kill_on_drop: false }`
[INFO] running `Command { std: "docker" "rm" "-f" "a2bf6b17c33cd7f8802069b2488b4e0cb447072862b4add5e78e906b3155bcd6", kill_on_drop: false }`
[INFO] [stdout] a2bf6b17c33cd7f8802069b2488b4e0cb447072862b4add5e78e906b3155bcd6
