[INFO] fetching crate cmark-translate 0.2.2...
[INFO] testing cmark-translate-0.2.2 against beta-2023-04-20 for beta-1.70-1
[INFO] extracting crate cmark-translate 0.2.2 into /workspace/builds/worker-3-tc2/source
[INFO] validating manifest of crates.io crate cmark-translate 0.2.2 on toolchain beta-2023-04-20
[INFO] running `Command { std: CARGO_HOME="/workspace/cargo-home" RUSTUP_HOME="/workspace/rustup-home" "/workspace/cargo-home/bin/cargo" "+beta-2023-04-20" "metadata" "--manifest-path" "Cargo.toml" "--no-deps", kill_on_drop: false }`
[INFO] started tweaking crates.io crate cmark-translate 0.2.2
[INFO] finished tweaking crates.io crate cmark-translate 0.2.2
[INFO] tweaked toml for crates.io crate cmark-translate 0.2.2 written to /workspace/builds/worker-3-tc2/source/Cargo.toml
[INFO] crate crates.io crate cmark-translate 0.2.2 already has a lockfile, it will not be regenerated
[INFO] running `Command { std: CARGO_HOME="/workspace/cargo-home" RUSTUP_HOME="/workspace/rustup-home" "/workspace/cargo-home/bin/cargo" "+beta-2023-04-20" "fetch" "--manifest-path" "Cargo.toml", kill_on_drop: false }`
[INFO] [stderr]     Updating crates.io index
[INFO] [stderr]  Downloading crates ...
[INFO] [stderr]   Downloaded exr v1.5.2
[INFO] [stderr]   Downloaded cfb v0.7.3
[INFO] [stderr]   Downloaded vswhom-sys v0.1.1
[INFO] [stderr]   Downloaded openssl-sys v0.9.77
[INFO] [stderr]   Downloaded pest_derive v2.4.1
[INFO] [stderr]   Downloaded pest_generator v2.4.1
[INFO] [stderr]   Downloaded lebe v0.5.2
[INFO] [stderr]   Downloaded thousands v0.2.0
[INFO] [stderr]   Downloaded plist v1.3.1
[INFO] [stderr]   Downloaded image v0.24.4
[INFO] [stderr]   Downloaded serde_json v1.0.87
[INFO] [stderr]   Downloaded entities v1.0.1
[INFO] [stderr]   Downloaded clap v4.0.22
[INFO] [stderr]   Downloaded os_str_bytes v6.3.1
[INFO] [stderr]   Downloaded rxml v0.8.1
[INFO] [stderr]   Downloaded vswhom v0.1.0
[INFO] [stderr]   Downloaded fancy-regex v0.10.0
[INFO] [stderr]   Downloaded embed-resource v1.7.4
[INFO] [stderr]   Downloaded zip v0.6.3
[INFO] [stderr]   Downloaded rxml_validation v0.8.1
[INFO] [stderr]   Downloaded tokio v1.21.2
[INFO] [stderr]   Downloaded gif v0.11.4
[INFO] [stderr]   Downloaded spin v0.9.4
[INFO] [stderr]   Downloaded bit_field v0.10.1
[INFO] [stderr]   Downloaded tiff v0.7.4
[INFO] [stderr]   Downloaded cxx-build v1.0.81
[INFO] [stderr]   Downloaded pest_meta v2.4.1
[INFO] [stderr]   Downloaded fancy-regex v0.7.1
[INFO] [stderr]   Downloaded typed-arena v1.7.0
[INFO] [stderr]   Downloaded smartstring v0.2.10
[INFO] [stderr]   Downloaded minidom v0.15.0
[INFO] [stderr]   Downloaded jpeg-decoder v0.2.6
[INFO] [stderr]   Downloaded umya-spreadsheet v0.8.3
[INFO] [stderr]   Downloaded uuid v1.2.1
[INFO] [stderr]   Downloaded cxxbridge-macro v1.0.81
[INFO] [stderr]   Downloaded cxx v1.0.81
[INFO] [stderr]   Downloaded cc v1.0.76
[INFO] [stderr]   Downloaded comrak v0.14.0
[INFO] [stderr]   Downloaded quick-xml v0.22.0
[INFO] [stderr]   Downloaded threadpool v1.8.1
[INFO] [stderr]   Downloaded cxxbridge-flags v1.0.81
[INFO] [stderr]   Downloaded half v2.1.0
[INFO] running `Command { std: "docker" "create" "-v" "/var/lib/crater-agent-workspace/builds/worker-3-tc2/target:/opt/rustwide/target:rw,Z" "-v" "/var/lib/crater-agent-workspace/builds/worker-3-tc2/source:/opt/rustwide/workdir:ro,Z" "-v" "/var/lib/crater-agent-workspace/cargo-home:/opt/rustwide/cargo-home:ro,Z" "-v" "/var/lib/crater-agent-workspace/rustup-home:/opt/rustwide/rustup-home:ro,Z" "-e" "SOURCE_DIR=/opt/rustwide/workdir" "-e" "CARGO_TARGET_DIR=/opt/rustwide/target" "-e" "CARGO_HOME=/opt/rustwide/cargo-home" "-e" "RUSTUP_HOME=/opt/rustwide/rustup-home" "-w" "/opt/rustwide/workdir" "-m" "1610612736" "--user" "0:0" "--network" "none" "ghcr.io/rust-lang/crates-build-env/linux@sha256:5ff2268d62e97bff2cde7d5815dd6ed5b47097566f13b8d0ca110b04b60e07ed" "/opt/rustwide/cargo-home/bin/cargo" "+beta-2023-04-20" "metadata" "--no-deps" "--format-version=1", kill_on_drop: false }`
[INFO] [stdout] 407c714e34d98424495c20b7ecc464db47c19d88cdf4790fe8ed9197aa110b72
[INFO] running `Command { std: "docker" "start" "-a" "407c714e34d98424495c20b7ecc464db47c19d88cdf4790fe8ed9197aa110b72", kill_on_drop: false }`
[INFO] running `Command { std: "docker" "inspect" "407c714e34d98424495c20b7ecc464db47c19d88cdf4790fe8ed9197aa110b72", kill_on_drop: false }`
[INFO] running `Command { std: "docker" "rm" "-f" "407c714e34d98424495c20b7ecc464db47c19d88cdf4790fe8ed9197aa110b72", kill_on_drop: false }`
[INFO] [stdout] 407c714e34d98424495c20b7ecc464db47c19d88cdf4790fe8ed9197aa110b72
[INFO] running `Command { std: "docker" "create" "-v" "/var/lib/crater-agent-workspace/builds/worker-3-tc2/target:/opt/rustwide/target:rw,Z" "-v" "/var/lib/crater-agent-workspace/builds/worker-3-tc2/source:/opt/rustwide/workdir:ro,Z" "-v" "/var/lib/crater-agent-workspace/cargo-home:/opt/rustwide/cargo-home:ro,Z" "-v" "/var/lib/crater-agent-workspace/rustup-home:/opt/rustwide/rustup-home:ro,Z" "-e" "SOURCE_DIR=/opt/rustwide/workdir" "-e" "CARGO_TARGET_DIR=/opt/rustwide/target" "-e" "CARGO_INCREMENTAL=0" "-e" "RUST_BACKTRACE=full" "-e" "RUSTFLAGS=--cap-lints=warn" "-e" "RUSTDOCFLAGS=--cap-lints=warn" "-e" "CARGO_HOME=/opt/rustwide/cargo-home" "-e" "RUSTUP_HOME=/opt/rustwide/rustup-home" "-w" "/opt/rustwide/workdir" "-m" "1610612736" "--user" "0:0" "--network" "none" "ghcr.io/rust-lang/crates-build-env/linux@sha256:5ff2268d62e97bff2cde7d5815dd6ed5b47097566f13b8d0ca110b04b60e07ed" "/opt/rustwide/cargo-home/bin/cargo" "+beta-2023-04-20" "build" "--frozen" "--message-format=json", kill_on_drop: false }`
[INFO] [stdout] 00972e215589b293c354552a5ae1f615cb90b1cc6f8b4d6c6c8c7dec76002742
[INFO] running `Command { std: "docker" "start" "-a" "00972e215589b293c354552a5ae1f615cb90b1cc6f8b4d6c6c8c7dec76002742", kill_on_drop: false }`
[INFO] [stderr]     Blocking waiting for file lock on package cache
[INFO] [stderr]    Compiling libc v0.2.137
[INFO] [stderr]    Compiling proc-macro2 v1.0.47
[INFO] [stderr]    Compiling unicode-ident v1.0.5
[INFO] [stderr]    Compiling quote v1.0.21
[INFO] [stderr]    Compiling syn v1.0.103
[INFO] [stderr]    Compiling version_check v0.9.4
[INFO] [stderr]    Compiling once_cell v1.16.0
[INFO] [stderr]    Compiling cc v1.0.76
[INFO] [stderr]    Compiling pkg-config v0.3.26
[INFO] [stderr]    Compiling futures-core v0.3.25
[INFO] [stderr]    Compiling serde_derive v1.0.147
[INFO] [stderr]    Compiling itoa v1.0.4
[INFO] [stderr]    Compiling serde v1.0.147
[INFO] [stderr]    Compiling adler v1.0.2
[INFO] [stderr]    Compiling crossbeam-utils v0.8.12
[INFO] [stderr]    Compiling bytes v1.2.1
[INFO] [stderr]    Compiling tokio v1.21.2
[INFO] [stderr]    Compiling crc32fast v1.3.2
[INFO] [stderr]    Compiling crossbeam-epoch v0.9.11
[INFO] [stderr]    Compiling futures-sink v0.3.25
[INFO] [stderr]    Compiling miniz_oxide v0.5.4
[INFO] [stderr]    Compiling rayon-core v1.9.3
[INFO] [stderr]    Compiling typenum v1.15.0
[INFO] [stderr]    Compiling ahash v0.7.6
[INFO] [stderr]    Compiling generic-array v0.14.6
[INFO] [stderr]    Compiling lock_api v0.4.9
[INFO] [stderr]    Compiling num-traits v0.2.15
[INFO] [stderr]    Compiling thiserror v1.0.37
[INFO] [stderr]    Compiling futures-task v0.3.25
[INFO] [stderr]    Compiling tracing-core v0.1.30
[INFO] [stderr]    Compiling rayon v1.5.3
[INFO] [stderr]    Compiling crossbeam-channel v0.5.6
[INFO] [stderr]    Compiling slab v0.4.7
[INFO] [stderr]    Compiling num-integer v0.1.45
[INFO] [stderr]    Compiling foreign-types-shared v0.1.1
[INFO] [stderr]    Compiling flate2 v1.0.24
[INFO] [stderr]    Compiling futures-util v0.3.25
[INFO] [stderr]    Compiling crossbeam-deque v0.8.2
[INFO] [stderr]    Compiling regex-syntax v0.6.28
[INFO] [stderr]    Compiling getrandom v0.2.8
[INFO] [stderr]    Compiling mio v0.8.5
[INFO] [stderr]    Compiling socket2 v0.4.7
[INFO] [stderr]    Compiling num_cpus v1.14.0
[INFO] [stderr]    Compiling openssl-sys v0.9.77
[INFO] [stderr]    Compiling openssl v0.10.42
[INFO] [stderr]    Compiling onig_sys v69.8.1
[INFO] [stderr]    Compiling tracing v0.1.37
[INFO] [stderr]    Compiling hashbrown v0.12.3
[INFO] [stderr]    Compiling foreign-types v0.3.2
[INFO] [stderr]    Compiling http v0.2.8
[INFO] [stderr]    Compiling proc-macro-error-attr v1.0.4
[INFO] [stderr]    Compiling aho-corasick v0.7.19
[INFO] [stderr]    Compiling base64 v0.13.1
[INFO] [stderr]    Compiling httparse v1.8.0
[INFO] [stderr]    Compiling native-tls v0.2.11
[INFO] [stderr]    Compiling ucd-trie v0.1.5
[INFO] [stderr]    Compiling serde_json v1.0.87
[INFO] [stderr]    Compiling ryu v1.0.11
[INFO] [stderr]    Compiling either v1.8.0
[INFO] [stderr]    Compiling futures-channel v0.3.25
[INFO] [stderr]    Compiling indexmap v1.9.1
[INFO] [stderr]    Compiling spin v0.9.4
[INFO] [stderr]    Compiling nanorand v0.7.0
[INFO] [stderr]    Compiling proc-macro-error v1.0.4
[INFO] [stderr]    Compiling miniz_oxide v0.6.2
[INFO] [stderr]    Compiling num-rational v0.4.1
[INFO] [stderr]    Compiling time-core v0.1.0
[INFO] [stderr]    Compiling safemem v0.3.3
[INFO] [stderr]    Compiling openssl-probe v0.1.5
[INFO] [stderr]    Compiling percent-encoding v2.2.0
[INFO] [stderr]    Compiling gcc v0.3.55
[INFO] [stderr]    Compiling regex v1.7.0
[INFO] [stderr]    Compiling byteorder v1.4.3
[INFO] [stderr]    Compiling weezl v0.1.7
[INFO] [stderr]    Compiling form_urlencoded v1.1.0
[INFO] [stderr]    Compiling line-wrap v0.1.1
[INFO] [stderr]    Compiling crypto-common v0.1.6
[INFO] [stderr]    Compiling block-buffer v0.10.3
[INFO] [stderr]    Compiling time v0.3.17
[INFO] [stderr]    Compiling unicode-normalization v0.1.22
[INFO] [stderr]    Compiling http-body v0.4.5
[INFO] [stderr]    Compiling threadpool v1.8.1
[INFO] [stderr]    Compiling atty v0.2.14
[INFO] [stderr]    Compiling rand v0.4.6
[INFO] [stderr]    Compiling time v0.1.44
[INFO] [stderr]    Compiling rust-crypto v0.2.36
[INFO] [stderr]    Compiling dirs-sys v0.3.7
[INFO] [stderr]    Compiling bit_field v0.10.1
[INFO] [stderr]    Compiling xml-rs v0.8.4
[INFO] [stderr]    Compiling smallvec v1.10.0
[INFO] [stderr]    Compiling color_quant v1.1.0
[INFO] [stderr]    Compiling unicode-width v0.1.10
[INFO] [stderr]    Compiling lebe v0.5.2
[INFO] [stderr]    Compiling same-file v1.0.6
[INFO] [stderr]    Compiling half v2.1.0
[INFO] [stderr]    Compiling jpeg-decoder v0.2.6
[INFO] [stderr]    Compiling bit-vec v0.6.3
[INFO] [stderr]    Compiling rand v0.3.23
[INFO] [stderr]    Compiling walkdir v2.3.2
[INFO] [stderr]    Compiling textwrap v0.11.0
[INFO] [stderr]    Compiling gif v0.11.4
[INFO] [stderr]    Compiling smartstring v0.2.10
[INFO] [stderr]    Compiling bit-set v0.5.3
[INFO] [stderr]    Compiling idna v0.3.0
[INFO] [stderr]    Compiling dirs v4.0.0
[INFO] [stderr]    Compiling digest v0.10.5
[INFO] [stderr]    Compiling png v0.17.7
[INFO] [stderr]    Compiling scoped_threadpool v0.1.9
[INFO] [stderr]    Compiling rxml_validation v0.8.1
[INFO] [stderr]    Compiling bytemuck v1.12.3
[INFO] [stderr]    Compiling os_str_bytes v6.3.1
[INFO] [stderr]    Compiling rustc-serialize v0.3.24
[INFO] [stderr]    Compiling tiff v0.7.4
[INFO] [stderr]    Compiling lazycell v1.3.0
[INFO] [stderr]    Compiling uuid v1.2.1
[INFO] [stderr]    Compiling heck v0.4.0
[INFO] [stderr]    Compiling iana-time-zone v0.1.53
[INFO] [stderr]    Compiling clap v2.34.0
[INFO] [stderr]    Compiling cfb v0.7.3
[INFO] [stderr]    Compiling chrono v0.4.22
[INFO] [stderr]    Compiling url v2.3.1
[INFO] [stderr]    Compiling clap_lex v0.3.0
[INFO] [stderr]    Compiling md-5 v0.10.5
[INFO] [stderr]    Compiling xdg v2.4.1
[INFO] [stderr]    Compiling fancy-regex v0.10.0
[INFO] [stderr]    Compiling zip v0.6.3
[INFO] [stderr]    Compiling termcolor v1.1.3
[INFO] [stderr]    Compiling entities v1.0.1
[INFO] [stderr]    Compiling unicode_categories v0.1.1
[INFO] [stderr]    Compiling typed-arena v1.7.0
[INFO] [stderr]    Compiling ipnet v2.5.1
[INFO] [stderr]    Compiling thousands v0.2.0
[INFO] [stderr]    Compiling cmark-translate v0.2.2 (/opt/rustwide/workdir)
[INFO] [stderr]    Compiling shell-words v1.1.0
[INFO] [stderr]    Compiling tokio-macros v1.8.0
[INFO] [stderr]    Compiling thiserror-impl v1.0.37
[INFO] [stderr]    Compiling openssl-macros v0.1.0
[INFO] [stderr]    Compiling pin-project-internal v1.0.12
[INFO] [stderr]    Compiling onig v6.4.0
[INFO] [stderr]    Compiling clap_derive v4.0.21
[INFO] [stderr]    Compiling humantime v2.1.0
[INFO] [stderr]    Compiling env_logger v0.9.3
[INFO] [stderr]    Compiling pin-project v1.0.12
[INFO] [stderr]    Compiling pest v2.4.1
[INFO] [stderr]    Compiling flume v0.10.14
[INFO] [stderr]    Compiling exr v1.5.2
[INFO] [stderr]    Compiling clap v4.0.22
[INFO] [stderr]    Compiling pest_meta v2.4.1
[INFO] [stderr]    Compiling pest_generator v2.4.1
[INFO] [stderr]    Compiling pest_derive v2.4.1
[INFO] [stderr]    Compiling image v0.24.4
[INFO] [stderr]    Compiling tokio-util v0.7.4
[INFO] [stderr]    Compiling tokio-native-tls v0.3.0
[INFO] [stderr]    Compiling rxml v0.8.1
[INFO] [stderr]    Compiling h2 v0.3.15
[INFO] [stderr]    Compiling minidom v0.15.0
[INFO] [stderr]    Compiling plist v1.3.1
[INFO] [stderr]    Compiling bincode v1.3.3
[INFO] [stderr]    Compiling quick-xml v0.22.0
[INFO] [stderr]    Compiling serde_urlencoded v0.7.1
[INFO] [stderr]    Compiling toml v0.5.8
[INFO] [stderr]    Compiling syntect v4.6.0
[INFO] [stderr]    Compiling hyper v0.14.23
[INFO] [stderr]    Compiling umya-spreadsheet v0.8.3
[INFO] [stderr]    Compiling comrak v0.14.0
[INFO] [stderr]    Compiling hyper-tls v0.5.0
[INFO] [stderr]    Compiling reqwest v0.11.12
[INFO] [stdout] warning: unused variable: `xlsx_path`
[INFO] [stdout]  --> src/glossary.rs:7:5
[INFO] [stdout]   |
[INFO] [stdout] 7 |     xlsx_path: P,
[INFO] [stdout]   |     ^^^^^^^^^ help: if this is intentional, prefix it with an underscore: `_xlsx_path`
[INFO] [stdout]   |
[INFO] [stdout]   = note: `#[warn(unused_variables)]` on by default
[INFO] [stdout] 
[INFO] [stdout] 
[INFO] [stdout] warning: unused variable: `from`
[INFO] [stdout]  --> src/glossary.rs:8:5
[INFO] [stdout]   |
[INFO] [stdout] 8 |     from: &str,
[INFO] [stdout]   |     ^^^^ help: if this is intentional, prefix it with an underscore: `_from`
[INFO] [stdout] 
[INFO] [stdout] 
[INFO] [stdout] warning: unused variable: `to`
[INFO] [stdout]  --> src/glossary.rs:9:5
[INFO] [stdout]   |
[INFO] [stdout] 9 |     to: &str,
[INFO] [stdout]   |     ^^ help: if this is intentional, prefix it with an underscore: `_to`
[INFO] [stdout] 
[INFO] [stdout] 
[INFO] [stdout] warning: 3 warnings emitted
[INFO] [stdout] 
[INFO] [stdout] 
[INFO] [stdout] warning: unused variable: `xlsx_path`
[INFO] [stdout]  --> src/glossary.rs:7:5
[INFO] [stdout]   |
[INFO] [stdout] 7 |     xlsx_path: P,
[INFO] [stdout]   |     ^^^^^^^^^ help: if this is intentional, prefix it with an underscore: `_xlsx_path`
[INFO] [stdout]   |
[INFO] [stdout]   = note: `#[warn(unused_variables)]` on by default
[INFO] [stdout] 
[INFO] [stdout] 
[INFO] [stdout] warning: unused variable: `from`
[INFO] [stdout]  --> src/glossary.rs:8:5
[INFO] [stdout]   |
[INFO] [stdout] 8 |     from: &str,
[INFO] [stdout]   |     ^^^^ help: if this is intentional, prefix it with an underscore: `_from`
[INFO] [stdout] 
[INFO] [stdout] 
[INFO] [stdout] warning: unused variable: `to`
[INFO] [stdout]  --> src/glossary.rs:9:5
[INFO] [stdout]   |
[INFO] [stdout] 9 |     to: &str,
[INFO] [stdout]   |     ^^ help: if this is intentional, prefix it with an underscore: `_to`
[INFO] [stdout] 
[INFO] [stdout] 
[INFO] [stdout] warning: 3 warnings emitted
[INFO] [stdout] 
[INFO] [stdout] 
[INFO] [stderr]     Finished dev [unoptimized + debuginfo] target(s) in 34.51s
[INFO] [stderr] warning: the following packages contain code that will be rejected by a future version of Rust: quick-xml v0.22.0, rustc-serialize v0.3.24
[INFO] [stderr] note: to see what the problems were, use the option `--future-incompat-report`, or run `cargo report future-incompatibilities --id 2`
[INFO] running `Command { std: "docker" "inspect" "00972e215589b293c354552a5ae1f615cb90b1cc6f8b4d6c6c8c7dec76002742", kill_on_drop: false }`
[INFO] running `Command { std: "docker" "rm" "-f" "00972e215589b293c354552a5ae1f615cb90b1cc6f8b4d6c6c8c7dec76002742", kill_on_drop: false }`
[INFO] [stdout] 00972e215589b293c354552a5ae1f615cb90b1cc6f8b4d6c6c8c7dec76002742
[INFO] running `Command { std: "docker" "create" "-v" "/var/lib/crater-agent-workspace/builds/worker-3-tc2/target:/opt/rustwide/target:rw,Z" "-v" "/var/lib/crater-agent-workspace/builds/worker-3-tc2/source:/opt/rustwide/workdir:ro,Z" "-v" "/var/lib/crater-agent-workspace/cargo-home:/opt/rustwide/cargo-home:ro,Z" "-v" "/var/lib/crater-agent-workspace/rustup-home:/opt/rustwide/rustup-home:ro,Z" "-e" "SOURCE_DIR=/opt/rustwide/workdir" "-e" "CARGO_TARGET_DIR=/opt/rustwide/target" "-e" "CARGO_INCREMENTAL=0" "-e" "RUST_BACKTRACE=full" "-e" "RUSTFLAGS=--cap-lints=warn" "-e" "RUSTDOCFLAGS=--cap-lints=warn" "-e" "CARGO_HOME=/opt/rustwide/cargo-home" "-e" "RUSTUP_HOME=/opt/rustwide/rustup-home" "-w" "/opt/rustwide/workdir" "-m" "1610612736" "--user" "0:0" "--network" "none" "ghcr.io/rust-lang/crates-build-env/linux@sha256:5ff2268d62e97bff2cde7d5815dd6ed5b47097566f13b8d0ca110b04b60e07ed" "/opt/rustwide/cargo-home/bin/cargo" "+beta-2023-04-20" "test" "--frozen" "--no-run" "--message-format=json", kill_on_drop: false }`
[INFO] [stdout] 2c8609462074d1bc4cf8d1d30b8bb7eb4494fb1b8583f7be8f0da33087c47813
[INFO] running `Command { std: "docker" "start" "-a" "2c8609462074d1bc4cf8d1d30b8bb7eb4494fb1b8583f7be8f0da33087c47813", kill_on_drop: false }`
[INFO] [stdout] warning: unused variable: `xlsx_path`
[INFO] [stdout]  --> src/glossary.rs:7:5
[INFO] [stdout]   |
[INFO] [stdout] 7 |     xlsx_path: P,
[INFO] [stdout]   |     ^^^^^^^^^ help: if this is intentional, prefix it with an underscore: `_xlsx_path`
[INFO] [stdout]   |
[INFO] [stdout]   = note: `#[warn(unused_variables)]` on by default
[INFO] [stdout] 
[INFO] [stdout] 
[INFO] [stderr]    Compiling cmark-translate v0.2.2 (/opt/rustwide/workdir)
[INFO] [stdout] warning: unused variable: `from`
[INFO] [stdout]  --> src/glossary.rs:8:5
[INFO] [stdout]   |
[INFO] [stdout] 8 |     from: &str,
[INFO] [stdout]   |     ^^^^ help: if this is intentional, prefix it with an underscore: `_from`
[INFO] [stdout] 
[INFO] [stdout] 
[INFO] [stdout] warning: unused variable: `to`
[INFO] [stdout]  --> src/glossary.rs:9:5
[INFO] [stdout]   |
[INFO] [stdout] 9 |     to: &str,
[INFO] [stdout]   |     ^^ help: if this is intentional, prefix it with an underscore: `_to`
[INFO] [stdout] 
[INFO] [stdout] 
[INFO] [stdout] warning: 3 warnings emitted
[INFO] [stdout] 
[INFO] [stdout] 
[INFO] [stdout] warning: unused variable: `xlsx_path`
[INFO] [stdout]  --> src/glossary.rs:7:5
[INFO] [stdout]   |
[INFO] [stdout] 7 |     xlsx_path: P,
[INFO] [stdout]   |     ^^^^^^^^^ help: if this is intentional, prefix it with an underscore: `_xlsx_path`
[INFO] [stdout]   |
[INFO] [stdout]   = note: `#[warn(unused_variables)]` on by default
[INFO] [stdout] 
[INFO] [stdout] 
[INFO] [stdout] warning: unused variable: `from`
[INFO] [stdout]  --> src/glossary.rs:8:5
[INFO] [stdout]   |
[INFO] [stdout] 8 |     from: &str,
[INFO] [stdout]   |     ^^^^ help: if this is intentional, prefix it with an underscore: `_from`
[INFO] [stdout] 
[INFO] [stdout] 
[INFO] [stdout] warning: unused variable: `to`
[INFO] [stdout]  --> src/glossary.rs:9:5
[INFO] [stdout]   |
[INFO] [stdout] 9 |     to: &str,
[INFO] [stdout]   |     ^^ help: if this is intentional, prefix it with an underscore: `_to`
[INFO] [stdout] 
[INFO] [stdout] 
[INFO] [stdout] warning: unused variable: `xlsx_path`
[INFO] [stdout]  --> src/glossary.rs:7:5
[INFO] [stdout]   |
[INFO] [stdout] 7 |     xlsx_path: P,
[INFO] [stdout]   |     ^^^^^^^^^ help: if this is intentional, prefix it with an underscore: `_xlsx_path`
[INFO] [stdout]   |
[INFO] [stdout]   = note: `#[warn(unused_variables)]` on by default
[INFO] [stdout] 
[INFO] [stdout] 
[INFO] [stdout] warning: unused variable: `from`
[INFO] [stdout]  --> src/glossary.rs:8:5
[INFO] [stdout]   |
[INFO] [stdout] 8 |     from: &str,
[INFO] [stdout]   |     ^^^^ help: if this is intentional, prefix it with an underscore: `_from`
[INFO] [stdout] 
[INFO] [stdout] 
[INFO] [stdout] warning: unused variable: `to`
[INFO] [stdout]  --> src/glossary.rs:9:5
[INFO] [stdout]   |
[INFO] [stdout] 9 |     to: &str,
[INFO] [stdout]   |     ^^ help: if this is intentional, prefix it with an underscore: `_to`
[INFO] [stdout] 
[INFO] [stdout] 
[INFO] [stdout] warning: 3 warnings emitted
[INFO] [stdout] 
[INFO] [stdout] 
[INFO] [stdout] warning: 3 warnings emitted
[INFO] [stdout] 
[INFO] [stdout] 
[INFO] [stderr]     Finished test [unoptimized + debuginfo] target(s) in 6.61s
[INFO] [stderr] warning: the following packages contain code that will be rejected by a future version of Rust: quick-xml v0.22.0, rustc-serialize v0.3.24
[INFO] [stderr] note: to see what the problems were, use the option `--future-incompat-report`, or run `cargo report future-incompatibilities --id 2`
[INFO] running `Command { std: "docker" "inspect" "2c8609462074d1bc4cf8d1d30b8bb7eb4494fb1b8583f7be8f0da33087c47813", kill_on_drop: false }`
[INFO] running `Command { std: "docker" "rm" "-f" "2c8609462074d1bc4cf8d1d30b8bb7eb4494fb1b8583f7be8f0da33087c47813", kill_on_drop: false }`
[INFO] [stdout] 2c8609462074d1bc4cf8d1d30b8bb7eb4494fb1b8583f7be8f0da33087c47813
[INFO] running `Command { std: "docker" "create" "-v" "/var/lib/crater-agent-workspace/builds/worker-3-tc2/target:/opt/rustwide/target:rw,Z" "-v" "/var/lib/crater-agent-workspace/builds/worker-3-tc2/source:/opt/rustwide/workdir:ro,Z" "-v" "/var/lib/crater-agent-workspace/cargo-home:/opt/rustwide/cargo-home:ro,Z" "-v" "/var/lib/crater-agent-workspace/rustup-home:/opt/rustwide/rustup-home:ro,Z" "-e" "SOURCE_DIR=/opt/rustwide/workdir" "-e" "CARGO_TARGET_DIR=/opt/rustwide/target" "-e" "CARGO_INCREMENTAL=0" "-e" "RUST_BACKTRACE=full" "-e" "RUSTFLAGS=--cap-lints=warn" "-e" "RUSTDOCFLAGS=--cap-lints=warn" "-e" "CARGO_HOME=/opt/rustwide/cargo-home" "-e" "RUSTUP_HOME=/opt/rustwide/rustup-home" "-w" "/opt/rustwide/workdir" "-m" "1610612736" "--user" "0:0" "--network" "none" "ghcr.io/rust-lang/crates-build-env/linux@sha256:5ff2268d62e97bff2cde7d5815dd6ed5b47097566f13b8d0ca110b04b60e07ed" "/opt/rustwide/cargo-home/bin/cargo" "+beta-2023-04-20" "test" "--frozen", kill_on_drop: false }`
[INFO] [stdout] 7946502339f1fb96672322aa05a67b63a8982660629dc89f4879e5ee3655e7fa
[INFO] running `Command { std: "docker" "start" "-a" "7946502339f1fb96672322aa05a67b63a8982660629dc89f4879e5ee3655e7fa", kill_on_drop: false }`
[INFO] [stderr] warning: unused variable: `xlsx_path`
[INFO] [stderr]  --> src/glossary.rs:7:5
[INFO] [stderr]   |
[INFO] [stderr] 7 |     xlsx_path: P,
[INFO] [stderr]   |     ^^^^^^^^^ help: if this is intentional, prefix it with an underscore: `_xlsx_path`
[INFO] [stderr]   |
[INFO] [stderr]   = note: `#[warn(unused_variables)]` on by default
[INFO] [stderr] 
[INFO] [stderr] warning: unused variable: `from`
[INFO] [stderr]  --> src/glossary.rs:8:5
[INFO] [stderr]   |
[INFO] [stderr] 8 |     from: &str,
[INFO] [stderr]   |     ^^^^ help: if this is intentional, prefix it with an underscore: `_from`
[INFO] [stderr] 
[INFO] [stderr] warning: unused variable: `to`
[INFO] [stderr]  --> src/glossary.rs:9:5
[INFO] [stderr]   |
[INFO] [stderr] 9 |     to: &str,
[INFO] [stderr]   |     ^^ help: if this is intentional, prefix it with an underscore: `_to`
[INFO] [stderr] 
[INFO] [stderr] warning: `cmark-translate` (lib) generated 3 warnings (run `cargo fix --lib -p cmark-translate` to apply 3 suggestions)
[INFO] [stderr] warning: `cmark-translate` (lib test) generated 3 warnings (3 duplicates)
[INFO] [stderr] warning: `cmark-translate` (bin "cmark-translate" test) generated 3 warnings (3 duplicates)
[INFO] [stderr]     Finished test [unoptimized + debuginfo] target(s) in 0.27s
[INFO] [stderr] warning: the following packages contain code that will be rejected by a future version of Rust: quick-xml v0.22.0, rustc-serialize v0.3.24
[INFO] [stderr] note: to see what the problems were, use the option `--future-incompat-report`, or run `cargo report future-incompatibilities --id 2`
[INFO] [stderr]      Running unittests src/lib.rs (/opt/rustwide/target/debug/deps/cmark_translate-f81133d13f66b825)
[INFO] [stdout] 
[INFO] [stdout] running 1 test
[INFO] [stdout] test deepl::test::plain_text_translation ... FAILED
[INFO] [stdout] 
[INFO] [stdout] failures:
[INFO] [stdout] 
[INFO] [stdout] ---- deepl::test::plain_text_translation stdout ----
[INFO] [stdout] thread 'deepl::test::plain_text_translation' panicked at 'called `Result::unwrap()` on an `Err` value: Custom { kind: NotFound, error: "deepl.toml NOT found" }', src/deepl.rs:501:34
[INFO] [stdout] stack backtrace:
[INFO] [stdout]    0:     0x5638f64672fa - std::backtrace_rs::backtrace::libunwind::trace::h2f05d0192276a8f6
[INFO] [stdout]                                at /rustc/1b7dd2252b99671ce5d1cb9664c5f8636329436d/library/std/src/../../backtrace/src/backtrace/libunwind.rs:93:5
[INFO] [stdout]    1:     0x5638f64672fa - std::backtrace_rs::backtrace::trace_unsynchronized::hedc23dff7a1af150
[INFO] [stdout]                                at /rustc/1b7dd2252b99671ce5d1cb9664c5f8636329436d/library/std/src/../../backtrace/src/backtrace/mod.rs:66:5
[INFO] [stdout]    2:     0x5638f64672fa - std::sys_common::backtrace::_print_fmt::h17541ef7592f3ce2
[INFO] [stdout]                                at /rustc/1b7dd2252b99671ce5d1cb9664c5f8636329436d/library/std/src/sys_common/backtrace.rs:65:5
[INFO] [stdout]    3:     0x5638f64672fa - <std::sys_common::backtrace::_print::DisplayBacktrace as core::fmt::Display>::fmt::h20f75df5ab0c0792
[INFO] [stdout]                                at /rustc/1b7dd2252b99671ce5d1cb9664c5f8636329436d/library/std/src/sys_common/backtrace.rs:44:22
[INFO] [stdout]    4:     0x5638f648f1cf - core::fmt::write::h78109e6f466b3af6
[INFO] [stdout]                                at /rustc/1b7dd2252b99671ce5d1cb9664c5f8636329436d/library/core/src/fmt/mod.rs:1254:17
[INFO] [stdout]    5:     0x5638f6463b85 - std::io::Write::write_fmt::hd24bfb68a1b35a25
[INFO] [stdout]                                at /rustc/1b7dd2252b99671ce5d1cb9664c5f8636329436d/library/std/src/io/mod.rs:1698:15
[INFO] [stdout]    6:     0x5638f64670c5 - std::sys_common::backtrace::_print::h8dac57a9f8fbf9a5
[INFO] [stdout]                                at /rustc/1b7dd2252b99671ce5d1cb9664c5f8636329436d/library/std/src/sys_common/backtrace.rs:47:5
[INFO] [stdout]    7:     0x5638f64670c5 - std::sys_common::backtrace::print::hf9ecbf41d1aa712f
[INFO] [stdout]                                at /rustc/1b7dd2252b99671ce5d1cb9664c5f8636329436d/library/std/src/sys_common/backtrace.rs:34:9
[INFO] [stdout]    8:     0x5638f6468d7e - std::panicking::default_hook::{{closure}}::h04c07acfc84ca028
[INFO] [stdout]                                at /rustc/1b7dd2252b99671ce5d1cb9664c5f8636329436d/library/std/src/panicking.rs:269:22
[INFO] [stdout]    9:     0x5638f6468ab1 - std::panicking::default_hook::h01f6bb23e1eceb2c
[INFO] [stdout]                                at /rustc/1b7dd2252b99671ce5d1cb9664c5f8636329436d/library/std/src/panicking.rs:285:9
[INFO] [stdout]   10:     0x5638f63a97eb - <alloc::boxed::Box<F,A> as core::ops::function::Fn<Args>>::call::h87fe9f7b2fd49e4c
[INFO] [stdout]                                at /rustc/1b7dd2252b99671ce5d1cb9664c5f8636329436d/library/alloc/src/boxed.rs:1987:9
[INFO] [stdout]   11:     0x5638f63a97eb - test::test_main::{{closure}}::he94d679243a7531b
[INFO] [stdout]                                at /rustc/1b7dd2252b99671ce5d1cb9664c5f8636329436d/library/test/src/lib.rs:134:21
[INFO] [stdout]   12:     0x5638f6469464 - <alloc::boxed::Box<F,A> as core::ops::function::Fn<Args>>::call::h3f2d6d8b14c4769f
[INFO] [stdout]                                at /rustc/1b7dd2252b99671ce5d1cb9664c5f8636329436d/library/alloc/src/boxed.rs:1987:9
[INFO] [stdout]   13:     0x5638f6469464 - std::panicking::rust_panic_with_hook::h2bb3722bbaf2f6df
[INFO] [stdout]                                at /rustc/1b7dd2252b99671ce5d1cb9664c5f8636329436d/library/std/src/panicking.rs:695:13
[INFO] [stdout]   14:     0x5638f64691d9 - std::panicking::begin_panic_handler::{{closure}}::h91bc7f36a4be011b
[INFO] [stdout]                                at /rustc/1b7dd2252b99671ce5d1cb9664c5f8636329436d/library/std/src/panicking.rs:582:13
[INFO] [stdout]   15:     0x5638f6467766 - std::sys_common::backtrace::__rust_end_short_backtrace::h8b3d3717114f9e59
[INFO] [stdout]                                at /rustc/1b7dd2252b99671ce5d1cb9664c5f8636329436d/library/std/src/sys_common/backtrace.rs:150:18
[INFO] [stdout]   16:     0x5638f6468f32 - rust_begin_unwind
[INFO] [stdout]                                at /rustc/1b7dd2252b99671ce5d1cb9664c5f8636329436d/library/std/src/panicking.rs:578:5
[INFO] [stdout]   17:     0x5638f60074c3 - core::panicking::panic_fmt::hfd368e3fbdabea26
[INFO] [stdout]                                at /rustc/1b7dd2252b99671ce5d1cb9664c5f8636329436d/library/core/src/panicking.rs:67:14
[INFO] [stdout]   18:     0x5638f6007a63 - core::result::unwrap_failed::he54eb4b2f125b26f
[INFO] [stdout]                                at /rustc/1b7dd2252b99671ce5d1cb9664c5f8636329436d/library/core/src/result.rs:1687:5
[INFO] [stdout]   19:     0x5638f6031b70 - core::result::Result<T,E>::unwrap::h179b6151867c92fc
[INFO] [stdout]                                at /rustc/1b7dd2252b99671ce5d1cb9664c5f8636329436d/library/core/src/result.rs:1089:23
[INFO] [stdout]   20:     0x5638f6035acb - cmark_translate::deepl::test::plain_text_translation::{{closure}}::hc34106c638fa7d67
[INFO] [stdout]                                at /opt/rustwide/workdir/src/deepl.rs:501:21
[INFO] [stdout]   21:     0x5638f6034fdb - <core::pin::Pin<P> as core::future::future::Future>::poll::h4c62fce61659e6a7
[INFO] [stdout]                                at /rustc/1b7dd2252b99671ce5d1cb9664c5f8636329436d/library/core/src/future/future.rs:125:9
[INFO] [stdout]   22:     0x5638f6021634 - tokio::runtime::scheduler::current_thread::CoreGuard::block_on::{{closure}}::{{closure}}::{{closure}}::hc4877fb2b1981736
[INFO] [stdout]                                at /opt/rustwide/cargo-home/registry/src/index.crates.io-6f17d22bba15001f/tokio-1.21.2/src/runtime/scheduler/current_thread.rs:525:48
[INFO] [stdout]   23:     0x5638f60346a0 - tokio::coop::with_budget::{{closure}}::h65c12fa01be98c01
[INFO] [stdout]                                at /opt/rustwide/cargo-home/registry/src/index.crates.io-6f17d22bba15001f/tokio-1.21.2/src/coop.rs:102:9
[INFO] [stdout]   24:     0x5638f602bfa9 - std::thread::local::LocalKey<T>::try_with::hbc27b8b8516bdcd8
[INFO] [stdout]                                at /rustc/1b7dd2252b99671ce5d1cb9664c5f8636329436d/library/std/src/thread/local.rs:252:16
[INFO] [stdout]   25:     0x5638f602bcda - std::thread::local::LocalKey<T>::with::hf179b1ef043261a5
[INFO] [stdout]                                at /rustc/1b7dd2252b99671ce5d1cb9664c5f8636329436d/library/std/src/thread/local.rs:228:9
[INFO] [stdout]   26:     0x5638f60215c6 - tokio::coop::with_budget::hda865f5a14557735
[INFO] [stdout]                                at /opt/rustwide/cargo-home/registry/src/index.crates.io-6f17d22bba15001f/tokio-1.21.2/src/coop.rs:95:5
[INFO] [stdout]   27:     0x5638f60215c6 - tokio::coop::budget::hfd1ee53f0ff7b359
[INFO] [stdout]                                at /opt/rustwide/cargo-home/registry/src/index.crates.io-6f17d22bba15001f/tokio-1.21.2/src/coop.rs:72:5
[INFO] [stdout]   28:     0x5638f60215c6 - tokio::runtime::scheduler::current_thread::CoreGuard::block_on::{{closure}}::{{closure}}::hacbf98f5401bbb68
[INFO] [stdout]                                at /opt/rustwide/cargo-home/registry/src/index.crates.io-6f17d22bba15001f/tokio-1.21.2/src/runtime/scheduler/current_thread.rs:525:25
[INFO] [stdout]   29:     0x5638f601fec9 - tokio::runtime::scheduler::current_thread::Context::enter::h11afacd85b3a330f
[INFO] [stdout]                                at /opt/rustwide/cargo-home/registry/src/index.crates.io-6f17d22bba15001f/tokio-1.21.2/src/runtime/scheduler/current_thread.rs:349:19
[INFO] [stdout]   30:     0x5638f6020c40 - tokio::runtime::scheduler::current_thread::CoreGuard::block_on::{{closure}}::h8004b232edda8911
[INFO] [stdout]                                at /opt/rustwide/cargo-home/registry/src/index.crates.io-6f17d22bba15001f/tokio-1.21.2/src/runtime/scheduler/current_thread.rs:524:36
[INFO] [stdout]   31:     0x5638f602090b - tokio::runtime::scheduler::current_thread::CoreGuard::enter::{{closure}}::h9b4995b316ec9427
[INFO] [stdout]                                at /opt/rustwide/cargo-home/registry/src/index.crates.io-6f17d22bba15001f/tokio-1.21.2/src/runtime/scheduler/current_thread.rs:595:57
[INFO] [stdout]   32:     0x5638f6034e0d - tokio::macros::scoped_tls::ScopedKey<T>::set::hea794167a9b78981
[INFO] [stdout]                                at /opt/rustwide/cargo-home/registry/src/index.crates.io-6f17d22bba15001f/tokio-1.21.2/src/macros/scoped_tls.rs:61:9
[INFO] [stdout]   33:     0x5638f60206a6 - tokio::runtime::scheduler::current_thread::CoreGuard::enter::h0638ac5338e5b283
[INFO] [stdout]                                at /opt/rustwide/cargo-home/registry/src/index.crates.io-6f17d22bba15001f/tokio-1.21.2/src/runtime/scheduler/current_thread.rs:595:27
[INFO] [stdout]   34:     0x5638f602093c - tokio::runtime::scheduler::current_thread::CoreGuard::block_on::h6765a21d5eba689e
[INFO] [stdout]                                at /opt/rustwide/cargo-home/registry/src/index.crates.io-6f17d22bba15001f/tokio-1.21.2/src/runtime/scheduler/current_thread.rs:515:19
[INFO] [stdout]   35:     0x5638f601f8d2 - tokio::runtime::scheduler::current_thread::CurrentThread::block_on::hf99f2400d2469522
[INFO] [stdout]                                at /opt/rustwide/cargo-home/registry/src/index.crates.io-6f17d22bba15001f/tokio-1.21.2/src/runtime/scheduler/current_thread.rs:161:24
[INFO] [stdout]   36:     0x5638f602fcb5 - tokio::runtime::Runtime::block_on::hb2ed3cb01052e99f
[INFO] [stdout]                                at /opt/rustwide/cargo-home/registry/src/index.crates.io-6f17d22bba15001f/tokio-1.21.2/src/runtime/mod.rs:490:46
[INFO] [stdout]   37:     0x5638f603590b - cmark_translate::deepl::test::plain_text_translation::ha072627ae7422a10
[INFO] [stdout]                                at /opt/rustwide/workdir/src/deepl.rs:512:9
[INFO] [stdout]   38:     0x5638f60357d7 - cmark_translate::deepl::test::plain_text_translation::{{closure}}::he8c4503662efc78c
[INFO] [stdout]                                at /opt/rustwide/workdir/src/deepl.rs:500:39
[INFO] [stdout]   39:     0x5638f601e455 - core::ops::function::FnOnce::call_once::hfb7974c5c7234b2a
[INFO] [stdout]                                at /rustc/1b7dd2252b99671ce5d1cb9664c5f8636329436d/library/core/src/ops/function.rs:250:5
[INFO] [stdout]   40:     0x5638f63ae6bf - core::ops::function::FnOnce::call_once::ha6a70e79f7481a7e
[INFO] [stdout]                                at /rustc/1b7dd2252b99671ce5d1cb9664c5f8636329436d/library/core/src/ops/function.rs:250:5
[INFO] [stdout]   41:     0x5638f63ae6bf - test::__rust_begin_short_backtrace::hce33033019b61e69
[INFO] [stdout]                                at /rustc/1b7dd2252b99671ce5d1cb9664c5f8636329436d/library/test/src/lib.rs:655:18
[INFO] [stdout]   42:     0x5638f637beac - test::run_test::{{closure}}::h858d3528838ae3e5
[INFO] [stdout]                                at /rustc/1b7dd2252b99671ce5d1cb9664c5f8636329436d/library/test/src/lib.rs:646:30
[INFO] [stdout]   43:     0x5638f637beac - core::ops::function::FnOnce::call_once{{vtable.shim}}::he8ac2b00f01ae79e
[INFO] [stdout]                                at /rustc/1b7dd2252b99671ce5d1cb9664c5f8636329436d/library/core/src/ops/function.rs:250:5
[INFO] [stdout]   44:     0x5638f63ad796 - <alloc::boxed::Box<F,A> as core::ops::function::FnOnce<Args>>::call_once::h8093d25b522725ef
[INFO] [stdout]                                at /rustc/1b7dd2252b99671ce5d1cb9664c5f8636329436d/library/alloc/src/boxed.rs:1973:9
[INFO] [stdout]   45:     0x5638f63ad796 - <core::panic::unwind_safe::AssertUnwindSafe<F> as core::ops::function::FnOnce<()>>::call_once::h5c334c204e4a3913
[INFO] [stdout]                                at /rustc/1b7dd2252b99671ce5d1cb9664c5f8636329436d/library/core/src/panic/unwind_safe.rs:271:9
[INFO] [stdout]   46:     0x5638f63ad796 - std::panicking::try::do_call::ha8b740c7b9478074
[INFO] [stdout]                                at /rustc/1b7dd2252b99671ce5d1cb9664c5f8636329436d/library/std/src/panicking.rs:485:40
[INFO] [stdout]   47:     0x5638f63ad796 - std::panicking::try::h5d34f63d0e41b64e
[INFO] [stdout]                                at /rustc/1b7dd2252b99671ce5d1cb9664c5f8636329436d/library/std/src/panicking.rs:449:19
[INFO] [stdout]   48:     0x5638f63ad796 - std::panic::catch_unwind::hcfbb511e1aa7fc67
[INFO] [stdout]                                at /rustc/1b7dd2252b99671ce5d1cb9664c5f8636329436d/library/std/src/panic.rs:140:14
[INFO] [stdout]   49:     0x5638f63ad796 - test::run_test_in_process::h9abda90f802eaf21
[INFO] [stdout]                                at /rustc/1b7dd2252b99671ce5d1cb9664c5f8636329436d/library/test/src/lib.rs:678:27
[INFO] [stdout]   50:     0x5638f63ad796 - test::run_test::run_test_inner::{{closure}}::h0f058de91f6c6edf
[INFO] [stdout]                                at /rustc/1b7dd2252b99671ce5d1cb9664c5f8636329436d/library/test/src/lib.rs:572:39
[INFO] [stdout]   51:     0x5638f63766b5 - test::run_test::run_test_inner::{{closure}}::h5ca48a4c59c6c1fb
[INFO] [stdout]                                at /rustc/1b7dd2252b99671ce5d1cb9664c5f8636329436d/library/test/src/lib.rs:599:37
[INFO] [stdout]   52:     0x5638f63766b5 - std::sys_common::backtrace::__rust_begin_short_backtrace::h32bd51e1495d4a33
[INFO] [stdout]                                at /rustc/1b7dd2252b99671ce5d1cb9664c5f8636329436d/library/std/src/sys_common/backtrace.rs:134:18
[INFO] [stdout]   53:     0x5638f637bbf1 - std::thread::Builder::spawn_unchecked_::{{closure}}::{{closure}}::hc086fae9b128b2db
[INFO] [stdout]                                at /rustc/1b7dd2252b99671ce5d1cb9664c5f8636329436d/library/std/src/thread/mod.rs:526:17
[INFO] [stdout]   54:     0x5638f637bbf1 - <core::panic::unwind_safe::AssertUnwindSafe<F> as core::ops::function::FnOnce<()>>::call_once::hb66571888d270d43
[INFO] [stdout]                                at /rustc/1b7dd2252b99671ce5d1cb9664c5f8636329436d/library/core/src/panic/unwind_safe.rs:271:9
[INFO] [stdout]   55:     0x5638f637bbf1 - std::panicking::try::do_call::h4fa2ef4f6e51fecf
[INFO] [stdout]                                at /rustc/1b7dd2252b99671ce5d1cb9664c5f8636329436d/library/std/src/panicking.rs:485:40
[INFO] [stdout]   56:     0x5638f637bbf1 - std::panicking::try::h1e9e22b8584489b5
[INFO] [stdout]                                at /rustc/1b7dd2252b99671ce5d1cb9664c5f8636329436d/library/std/src/panicking.rs:449:19
[INFO] [stdout]   57:     0x5638f637bbf1 - std::panic::catch_unwind::h44698a3de0e0769e
[INFO] [stdout]                                at /rustc/1b7dd2252b99671ce5d1cb9664c5f8636329436d/library/std/src/panic.rs:140:14
[INFO] [stdout]   58:     0x5638f637bbf1 - std::thread::Builder::spawn_unchecked_::{{closure}}::h50153abde3fe239e
[INFO] [stdout]                                at /rustc/1b7dd2252b99671ce5d1cb9664c5f8636329436d/library/std/src/thread/mod.rs:525:30
[INFO] [stdout]   59:     0x5638f637bbf1 - core::ops::function::FnOnce::call_once{{vtable.shim}}::hbe5bbf6f38394364
[INFO] [stdout]                                at /rustc/1b7dd2252b99671ce5d1cb9664c5f8636329436d/library/core/src/ops/function.rs:250:5
[INFO] [stdout]   60:     0x5638f646db25 - <alloc::boxed::Box<F,A> as core::ops::function::FnOnce<Args>>::call_once::h0d83cb2920a49046
[INFO] [stdout]                                at /rustc/1b7dd2252b99671ce5d1cb9664c5f8636329436d/library/alloc/src/boxed.rs:1973:9
[INFO] [stdout]   61:     0x5638f646db25 - <alloc::boxed::Box<F,A> as core::ops::function::FnOnce<Args>>::call_once::hbe0a008aa7d9ef59
[INFO] [stdout]                                at /rustc/1b7dd2252b99671ce5d1cb9664c5f8636329436d/library/alloc/src/boxed.rs:1973:9
[INFO] [stdout]   62:     0x5638f646db25 - std::sys::unix::thread::Thread::new::thread_start::h3a466996bdf6b1f9
[INFO] [stdout]                                at /rustc/1b7dd2252b99671ce5d1cb9664c5f8636329436d/library/std/src/sys/unix/thread.rs:108:17
[INFO] [stdout]   63:     0x7f22284c1b43 - <unknown>
[INFO] [stdout]   64:     0x7f2228552bb4 - __clone
[INFO] [stdout]   65:                0x0 - <unknown>
[INFO] [stdout] 
[INFO] [stdout] 
[INFO] [stdout] failures:
[INFO] [stdout]     deepl::test::plain_text_translation
[INFO] [stdout] 
[INFO] [stdout] test result: FAILED. 0 passed; 1 failed; 0 ignored; 0 measured; 0 filtered out; finished in 0.07s
[INFO] [stdout] 
[INFO] [stderr] error: test failed, to rerun pass `--lib`
[INFO] running `Command { std: "docker" "inspect" "7946502339f1fb96672322aa05a67b63a8982660629dc89f4879e5ee3655e7fa", kill_on_drop: false }`
[INFO] running `Command { std: "docker" "rm" "-f" "7946502339f1fb96672322aa05a67b63a8982660629dc89f4879e5ee3655e7fa", kill_on_drop: false }`
[INFO] [stdout] 7946502339f1fb96672322aa05a67b63a8982660629dc89f4879e5ee3655e7fa
