[INFO] fetching crate clvm_tools_rs 0.1.31...
[INFO] testing clvm_tools_rs-0.1.31 against beta-2023-04-20 for beta-1.70-1
[INFO] extracting crate clvm_tools_rs 0.1.31 into /workspace/builds/worker-0-tc2/source
[INFO] validating manifest of crates.io crate clvm_tools_rs 0.1.31 on toolchain beta-2023-04-20
[INFO] running `Command { std: CARGO_HOME="/workspace/cargo-home" RUSTUP_HOME="/workspace/rustup-home" "/workspace/cargo-home/bin/cargo" "+beta-2023-04-20" "metadata" "--manifest-path" "Cargo.toml" "--no-deps", kill_on_drop: false }`
[INFO] started tweaking crates.io crate clvm_tools_rs 0.1.31
[INFO] finished tweaking crates.io crate clvm_tools_rs 0.1.31
[INFO] tweaked toml for crates.io crate clvm_tools_rs 0.1.31 written to /workspace/builds/worker-0-tc2/source/Cargo.toml
[INFO] crate crates.io crate clvm_tools_rs 0.1.31 already has a lockfile, it will not be regenerated
[INFO] running `Command { std: CARGO_HOME="/workspace/cargo-home" RUSTUP_HOME="/workspace/rustup-home" "/workspace/cargo-home/bin/cargo" "+beta-2023-04-20" "fetch" "--manifest-path" "Cargo.toml", kill_on_drop: false }`
[INFO] [stderr]     Updating crates.io index
[INFO] [stderr]  Downloading crates ...
[INFO] [stderr]   Downloaded wasm-bindgen-futures v0.4.25
[INFO] [stderr]   Downloaded pyo3-build-config v0.15.2
[INFO] [stderr]   Downloaded paste v0.1.18
[INFO] [stderr]   Downloaded web-sys v0.3.52
[INFO] [stderr]   Downloaded binascii v0.1.4
[INFO] [stderr]   Downloaded funty v2.0.0
[INFO] [stderr]   Downloaded radium v0.7.0
[INFO] [stderr]   Downloaded wasm-bindgen-test-macro v0.3.25
[INFO] [stderr]   Downloaded bls12_381 v0.7.0
[INFO] [stderr]   Downloaded clvmr v0.1.24
[INFO] [stderr]   Downloaded wasm-bindgen-test v0.3.25
[INFO] [stderr]   Downloaded encoding8 v0.3.2
[INFO] [stderr]   Downloaded bitvec v1.0.1
[INFO] [stderr]   Downloaded ff v0.12.1
[INFO] [stderr]   Downloaded group v0.12.1
[INFO] [stderr]   Downloaded pyo3-build-config v0.14.5
[INFO] [stderr]   Downloaded pyo3-macros-backend v0.14.5
[INFO] [stderr]   Downloaded wyz v0.5.1
[INFO] [stderr]   Downloaded sha2 v0.10.2
[INFO] [stderr]   Downloaded indoc v0.3.6
[INFO] [stderr]   Downloaded cpufeatures v0.1.5
[INFO] [stderr]   Downloaded bytestream v0.4.1
[INFO] [stderr]   Downloaded tap v1.0.1
[INFO] [stderr]   Downloaded pairing v0.22.0
[INFO] [stderr]   Downloaded do-notation v0.1.3
[INFO] [stderr]   Downloaded indoc-impl v0.3.6
[INFO] [stderr]   Downloaded paste-impl v0.1.18
[INFO] [stderr]   Downloaded pyo3 v0.14.5
[INFO] [stderr]   Downloaded pyo3-macros v0.14.5
[INFO] [stderr]   Downloaded sha2 v0.9.5
[INFO] running `Command { std: "docker" "create" "-v" "/var/lib/crater-agent-workspace/builds/worker-0-tc2/target:/opt/rustwide/target:rw,Z" "-v" "/var/lib/crater-agent-workspace/builds/worker-0-tc2/source:/opt/rustwide/workdir:ro,Z" "-v" "/var/lib/crater-agent-workspace/cargo-home:/opt/rustwide/cargo-home:ro,Z" "-v" "/var/lib/crater-agent-workspace/rustup-home:/opt/rustwide/rustup-home:ro,Z" "-e" "SOURCE_DIR=/opt/rustwide/workdir" "-e" "CARGO_TARGET_DIR=/opt/rustwide/target" "-e" "CARGO_HOME=/opt/rustwide/cargo-home" "-e" "RUSTUP_HOME=/opt/rustwide/rustup-home" "-w" "/opt/rustwide/workdir" "-m" "1610612736" "--user" "0:0" "--network" "none" "ghcr.io/rust-lang/crates-build-env/linux@sha256:5ff2268d62e97bff2cde7d5815dd6ed5b47097566f13b8d0ca110b04b60e07ed" "/opt/rustwide/cargo-home/bin/cargo" "+beta-2023-04-20" "metadata" "--no-deps" "--format-version=1", kill_on_drop: false }`
[INFO] [stdout] 8528cb729fcd391aa6a6524b890c66138fbb79b2650fdf777333224fc46c7abf
[INFO] running `Command { std: "docker" "start" "-a" "8528cb729fcd391aa6a6524b890c66138fbb79b2650fdf777333224fc46c7abf", kill_on_drop: false }`
[INFO] running `Command { std: "docker" "inspect" "8528cb729fcd391aa6a6524b890c66138fbb79b2650fdf777333224fc46c7abf", kill_on_drop: false }`
[INFO] running `Command { std: "docker" "rm" "-f" "8528cb729fcd391aa6a6524b890c66138fbb79b2650fdf777333224fc46c7abf", kill_on_drop: false }`
[INFO] [stdout] 8528cb729fcd391aa6a6524b890c66138fbb79b2650fdf777333224fc46c7abf
[INFO] running `Command { std: "docker" "create" "-v" "/var/lib/crater-agent-workspace/builds/worker-0-tc2/target:/opt/rustwide/target:rw,Z" "-v" "/var/lib/crater-agent-workspace/builds/worker-0-tc2/source:/opt/rustwide/workdir:ro,Z" "-v" "/var/lib/crater-agent-workspace/cargo-home:/opt/rustwide/cargo-home:ro,Z" "-v" "/var/lib/crater-agent-workspace/rustup-home:/opt/rustwide/rustup-home:ro,Z" "-e" "SOURCE_DIR=/opt/rustwide/workdir" "-e" "CARGO_TARGET_DIR=/opt/rustwide/target" "-e" "CARGO_INCREMENTAL=0" "-e" "RUST_BACKTRACE=full" "-e" "RUSTFLAGS=--cap-lints=warn" "-e" "RUSTDOCFLAGS=--cap-lints=warn" "-e" "CARGO_HOME=/opt/rustwide/cargo-home" "-e" "RUSTUP_HOME=/opt/rustwide/rustup-home" "-w" "/opt/rustwide/workdir" "-m" "1610612736" "--user" "0:0" "--network" "none" "ghcr.io/rust-lang/crates-build-env/linux@sha256:5ff2268d62e97bff2cde7d5815dd6ed5b47097566f13b8d0ca110b04b60e07ed" "/opt/rustwide/cargo-home/bin/cargo" "+beta-2023-04-20" "build" "--frozen" "--message-format=json", kill_on_drop: false }`
[INFO] [stdout] 1ba9454c0aee222fc579da89c807ef8b58f3f8d54c9f9a62116b2a63d1be4aba
[INFO] running `Command { std: "docker" "start" "-a" "1ba9454c0aee222fc579da89c807ef8b58f3f8d54c9f9a62116b2a63d1be4aba", kill_on_drop: false }`
[INFO] [stderr]    Compiling proc-macro2 v1.0.39
[INFO] [stderr]    Compiling unicode-ident v1.0.1
[INFO] [stderr]    Compiling syn v1.0.96
[INFO] [stderr]    Compiling libc v0.2.126
[INFO] [stderr]    Compiling typenum v1.15.0
[INFO] [stderr]    Compiling num-traits v0.2.15
[INFO] [stderr]    Compiling generic-array v0.14.5
[INFO] [stderr]    Compiling serde_derive v1.0.137
[INFO] [stderr]    Compiling radium v0.7.0
[INFO] [stderr]    Compiling num-integer v0.1.45
[INFO] [stderr]    Compiling tap v1.0.1
[INFO] [stderr]    Compiling serde v1.0.137
[INFO] [stderr]    Compiling pyo3-build-config v0.14.5
[INFO] [stderr]    Compiling proc-macro-hack v0.5.19
[INFO] [stderr]    Compiling wyz v0.5.1
[INFO] [stderr]    Compiling quote v1.0.18
[INFO] [stderr]    Compiling funty v2.0.0
[INFO] [stderr]    Compiling once_cell v1.12.0
[INFO] [stderr]    Compiling getrandom v0.2.7
[INFO] [stderr]    Compiling num-bigint v0.4.3
[INFO] [stderr]    Compiling rand_core v0.6.3
[INFO] [stderr]    Compiling subtle v2.4.1
[INFO] [stderr]    Compiling bitvec v1.0.1
[INFO] [stderr]    Compiling lock_api v0.4.7
[INFO] [stderr]    Compiling parking_lot_core v0.8.5
[INFO] [stderr]    Compiling block-buffer v0.10.3
[INFO] [stderr]    Compiling crypto-common v0.1.6
[INFO] [stderr]    Compiling instant v0.1.12
[INFO] [stderr]    Compiling num-rational v0.4.0
[INFO] [stderr]    Compiling num-iter v0.1.43
[INFO] [stderr]    Compiling unindent v0.1.9
[INFO] [stderr]    Compiling smallvec v1.8.0
[INFO] [stderr]    Compiling scopeguard v1.1.0
[INFO] [stderr]    Compiling pyo3 v0.14.5
[INFO] [stderr]    Compiling digest v0.10.6
[INFO] [stderr]    Compiling paste-impl v0.1.18
[INFO] [stderr]    Compiling cpufeatures v0.2.5
[INFO] [stderr]    Compiling serde_json v1.0.81
[INFO] [stderr]    Compiling sha2 v0.10.2
[INFO] [stderr]    Compiling parking_lot v0.11.2
[INFO] [stderr]    Compiling digest v0.9.0
[INFO] [stderr]    Compiling block-buffer v0.9.0
[INFO] [stderr]    Compiling num-complex v0.4.1
[INFO] [stderr]    Compiling ryu v1.0.10
[INFO] [stderr]    Compiling itoa v1.0.2
[INFO] [stderr]    Compiling paste v0.1.18
[INFO] [stderr]    Compiling ff v0.12.1
[INFO] [stderr]    Compiling opaque-debug v0.3.0
[INFO] [stderr]    Compiling byteorder v1.4.3
[INFO] [stderr]    Compiling linked-hash-map v0.5.6
[INFO] [stderr]    Compiling fastrand v1.7.0
[INFO] [stderr]    Compiling group v0.12.1
[INFO] [stderr]    Compiling cpufeatures v0.1.5
[INFO] [stderr]    Compiling sha2 v0.9.5
[INFO] [stderr]    Compiling pairing v0.22.0
[INFO] [stderr]    Compiling yaml-rust v0.4.5
[INFO] [stderr]    Compiling tempfile v3.3.0
[INFO] [stderr]    Compiling bytestream v0.4.1
[INFO] [stderr]    Compiling indoc v1.0.6
[INFO] [stderr]    Compiling bls12_381 v0.7.0
[INFO] [stderr]    Compiling binascii v0.1.4
[INFO] [stderr]    Compiling do-notation v0.1.3
[INFO] [stderr]    Compiling unicode-segmentation v1.9.0
[INFO] [stderr]    Compiling encoding8 v0.3.2
[INFO] [stderr]    Compiling pyo3-macros-backend v0.14.5
[INFO] [stderr]    Compiling indoc-impl v0.3.6
[INFO] [stderr]    Compiling derivative v2.2.0
[INFO] [stderr]    Compiling indoc v0.3.6
[INFO] [stderr]    Compiling pyo3-macros v0.14.5
[INFO] [stderr]    Compiling clvmr v0.1.24
[INFO] [stderr]    Compiling num v0.4.0
[INFO] [stderr]    Compiling clvm_tools_rs v0.1.31 (/opt/rustwide/workdir)
[INFO] [stderr]     Finished dev [unoptimized + debuginfo] target(s) in 1m 15s
[INFO] running `Command { std: "docker" "inspect" "1ba9454c0aee222fc579da89c807ef8b58f3f8d54c9f9a62116b2a63d1be4aba", kill_on_drop: false }`
[INFO] running `Command { std: "docker" "rm" "-f" "1ba9454c0aee222fc579da89c807ef8b58f3f8d54c9f9a62116b2a63d1be4aba", kill_on_drop: false }`
[INFO] [stdout] 1ba9454c0aee222fc579da89c807ef8b58f3f8d54c9f9a62116b2a63d1be4aba
[INFO] running `Command { std: "docker" "create" "-v" "/var/lib/crater-agent-workspace/builds/worker-0-tc2/target:/opt/rustwide/target:rw,Z" "-v" "/var/lib/crater-agent-workspace/builds/worker-0-tc2/source:/opt/rustwide/workdir:ro,Z" "-v" "/var/lib/crater-agent-workspace/cargo-home:/opt/rustwide/cargo-home:ro,Z" "-v" "/var/lib/crater-agent-workspace/rustup-home:/opt/rustwide/rustup-home:ro,Z" "-e" "SOURCE_DIR=/opt/rustwide/workdir" "-e" "CARGO_TARGET_DIR=/opt/rustwide/target" "-e" "CARGO_INCREMENTAL=0" "-e" "RUST_BACKTRACE=full" "-e" "RUSTFLAGS=--cap-lints=warn" "-e" "RUSTDOCFLAGS=--cap-lints=warn" "-e" "CARGO_HOME=/opt/rustwide/cargo-home" "-e" "RUSTUP_HOME=/opt/rustwide/rustup-home" "-w" "/opt/rustwide/workdir" "-m" "1610612736" "--user" "0:0" "--network" "none" "ghcr.io/rust-lang/crates-build-env/linux@sha256:5ff2268d62e97bff2cde7d5815dd6ed5b47097566f13b8d0ca110b04b60e07ed" "/opt/rustwide/cargo-home/bin/cargo" "+beta-2023-04-20" "test" "--frozen" "--no-run" "--message-format=json", kill_on_drop: false }`
[INFO] [stdout] 02a27592dee08e57a1ae298d98c92f8df821849d1cbc615b722522840cddb864
[INFO] running `Command { std: "docker" "start" "-a" "02a27592dee08e57a1ae298d98c92f8df821849d1cbc615b722522840cddb864", kill_on_drop: false }`
[INFO] [stderr]    Compiling ppv-lite86 v0.2.16
[INFO] [stderr]    Compiling rand_chacha v0.3.1
[INFO] [stderr]    Compiling rand v0.8.5
[INFO] [stderr]    Compiling clvm_tools_rs v0.1.31 (/opt/rustwide/workdir)
[INFO] [stderr]     Finished test [unoptimized + debuginfo] target(s) in 22.79s
[INFO] running `Command { std: "docker" "inspect" "02a27592dee08e57a1ae298d98c92f8df821849d1cbc615b722522840cddb864", kill_on_drop: false }`
[INFO] running `Command { std: "docker" "rm" "-f" "02a27592dee08e57a1ae298d98c92f8df821849d1cbc615b722522840cddb864", kill_on_drop: false }`
[INFO] [stdout] 02a27592dee08e57a1ae298d98c92f8df821849d1cbc615b722522840cddb864
[INFO] running `Command { std: "docker" "create" "-v" "/var/lib/crater-agent-workspace/builds/worker-0-tc2/target:/opt/rustwide/target:rw,Z" "-v" "/var/lib/crater-agent-workspace/builds/worker-0-tc2/source:/opt/rustwide/workdir:ro,Z" "-v" "/var/lib/crater-agent-workspace/cargo-home:/opt/rustwide/cargo-home:ro,Z" "-v" "/var/lib/crater-agent-workspace/rustup-home:/opt/rustwide/rustup-home:ro,Z" "-e" "SOURCE_DIR=/opt/rustwide/workdir" "-e" "CARGO_TARGET_DIR=/opt/rustwide/target" "-e" "CARGO_INCREMENTAL=0" "-e" "RUST_BACKTRACE=full" "-e" "RUSTFLAGS=--cap-lints=warn" "-e" "RUSTDOCFLAGS=--cap-lints=warn" "-e" "CARGO_HOME=/opt/rustwide/cargo-home" "-e" "RUSTUP_HOME=/opt/rustwide/rustup-home" "-w" "/opt/rustwide/workdir" "-m" "1610612736" "--user" "0:0" "--network" "none" "ghcr.io/rust-lang/crates-build-env/linux@sha256:5ff2268d62e97bff2cde7d5815dd6ed5b47097566f13b8d0ca110b04b60e07ed" "/opt/rustwide/cargo-home/bin/cargo" "+beta-2023-04-20" "test" "--frozen", kill_on_drop: false }`
[INFO] [stdout] aab0bbfb36031de26510d4fd18e5177a36ceec4046497c6d7041c91789d28f26
[INFO] running `Command { std: "docker" "start" "-a" "aab0bbfb36031de26510d4fd18e5177a36ceec4046497c6d7041c91789d28f26", kill_on_drop: false }`
[INFO] [stderr]     Finished test [unoptimized + debuginfo] target(s) in 0.20s
[INFO] [stderr]      Running unittests src/lib.rs (/opt/rustwide/target/debug/deps/clvm_tools_rs-a87ce9d96786d6a2)
[INFO] [stdout] 
[INFO] [stdout] running 264 tests
[INFO] [stdout] test tests::classic::optimize::children_optimizer_test_2 ... ok
[INFO] [stdout] test tests::classic::optimize::cons_q_a_simple ... ok
[INFO] [stdout] test tests::classic::optimize::children_optimizer_example ... ok
[INFO] [stdout] test tests::classic::optimize::constant_optimizer_example ... ok
[INFO] [stdout] test tests::classic::optimize::test_path_optimizer_5 ... ok
[INFO] [stdout] test tests::classic::optimize::test_optimizer_q_empty_list ... ok
[INFO] [stdout] test tests::classic::optimize::test_path_optimizer_3 ... ok
[INFO] [stdout] test tests::classic::optimize::test_sub_args_1 ... ok
[INFO] [stdout] test tests::classic::optimize::seems_constant_quote_test ... ok
[INFO] [stdout] test tests::classic::optimize::cons_q_a_optimizer_example ... ok
[INFO] [stdout] test tests::classic::clvmc::test_compile_clvm_with_previous_data ... FAILED
[INFO] [stdout] test tests::classic::optimize::test_optimize_1 ... ok
[INFO] [stdout] test tests::classic::run::at_capture_destructure_2 ... ok
[INFO] [stdout] test tests::classic::run::at_capture_destructure_1 ... ok
[INFO] [stdout] test tests::classic::run::at_capture_destructure_3 ... ok
[INFO] [stdout] test tests::classic::run::add_1_test ... ok
[INFO] [stdout] test tests::classic::run::at_capture_destructure_4 ... ok
[INFO] [stdout] test tests::classic::run::at_capture_destructure_5 ... ok
[INFO] [stdout] test tests::classic::run::brun_v_test ... ok
[INFO] [stdout] test tests::classic::run::brun_y_1_test ... ok
[INFO] [stdout] test tests::classic::run::brun_constant_test ... ok
[INFO] [stdout] test tests::classic::run::basic_run_test ... ok
[INFO] [stdout] test tests::classic::run::test_check_tricky_arg_path_random ... ok
[INFO] [stdout] test tests::classic::run::at_capture_inline_1 ... ok
[INFO] [stdout] test tests::classic::run::at_capture_inline_3 ... ok
[INFO] [stdout] test tests::classic::run::div_test ... ok
[INFO] [stdout] test tests::classic::run::test_cost_reporting_0 ... ok
[INFO] [stdout] test tests::classic::run::test_classic_mod_form ... ok
[INFO] [stdout] test tests::classic::run::at_capture_inline_2 ... ok
[INFO] [stdout] test tests::classic::run::test_divmod ... ok
[INFO] [stdout] test tests::classic::run::at_capture_inline_4 ... ok
[INFO] [stdout] test tests::classic::run::inline_destructure_1 ... ok
[INFO] [stdout] test tests::classic::run::test_modern_sets_source_file_in_symbols ... FAILED
[INFO] [stdout] test tests::classic::run::test_get_dependencies_1 ... ok
[INFO] [stdout] test tests::classic::run::test_forms_of_destructuring_allowed_by_classic_1 ... ok
[INFO] [stdout] test tests::classic::run::test_treehash_constant_embedded_classic_loop ... ok
[INFO] [stdout] test tests::classic::run::test_num_encoding_just_less_than_5_bytes ... ok
[INFO] [stdout] test tests::classic::run::test_treehash_constant_embedded_fancy_order ... ok
[INFO] [stdout] test tests::classic::run::test_treehash_constant_embedded_classic ... ok
[INFO] [stdout] test tests::classic::run::test_treehash_constant_embedded_modern ... FAILED
[INFO] [stdout] test tests::classic::run::test_treehash_constant_embedded_modern_fun ... FAILED
[INFO] [stdout] test tests::classic::run::test_classic_sets_source_file_in_symbols_only_when_asked ... FAILED
[INFO] [stdout] test tests::classic::run::test_classic_sets_source_file_in_symbols ... FAILED
[INFO] [stdout] test tests::classic::smoke::basic_opc ... ok
[INFO] [stdout] test tests::classic::smoke::basic_opc_lil ... ok
[INFO] [stdout] test tests::classic::smoke::basic_opc_quoted_1 ... ok
[INFO] [stdout] test tests::classic::smoke::basic_opd ... ok
[INFO] [stdout] test tests::classic::smoke::basic_assert_macro ... ok
[INFO] [stdout] test tests::classic::smoke::basic_if_expansion ... ok
[INFO] [stdout] test tests::classic::smoke::can_do_operations ... ok
[INFO] [stdout] test tests::classic::smoke::can_echo_quoted ... ok
[INFO] [stdout] test tests::classic::smoke::can_echo_quoted_atom ... ok
[INFO] [stdout] test tests::classic::smoke::can_do_operations_kw ... ok
[INFO] [stdout] test tests::classic::smoke::can_echo_quoted_nil ... ok
[INFO] [stdout] test tests::classic::smoke::can_run_from_source_nil ... ok
[INFO] [stdout] test tests::classic::smoke::compile_function_macro ... ok
[INFO] [stdout] test tests::classic::run::test_treehash_constant_embedded_fancy_order_from_fun ... ok
[INFO] [stdout] test tests::classic::smoke::large_odd_sized_neg_opd ... ok
[INFO] [stdout] test tests::classic::smoke::large_odd_sized_pos_opc ... ok
[INFO] [stdout] test tests::classic::smoke::large_odd_sized_pos_opd ... ok
[INFO] [stdout] test tests::classic::smoke::large_odd_sized_neg_opc ... ok
[INFO] [stdout] test tests::classic::smoke::compile_prog_with_args ... ok
[INFO] [stdout] test tests::classic::smoke::mid_negative_value_bin ... ok
[INFO] [stdout] test tests::classic::smoke::mid_negative_value_disassemble ... ok
[INFO] [stdout] test tests::classic::smoke::mid_negative_value_opd_m1 ... ok
[INFO] [stdout] test tests::classic::smoke::mid_negative_value_opd_m2 ... ok
[INFO] [stdout] test tests::classic::smoke::mid_negative_value_opd_three_bytes ... ok
[INFO] [stdout] test tests::classic::smoke::mid_negative_value_opd_tricky_negative_2 ... ok
[INFO] [stdout] test tests::classic::smoke::mid_negative_value_opd_tricky_negative_3 ... ok
[INFO] [stdout] test tests::classic::smoke::mid_negative_value_opd_tricky_positive_2 ... ok
[INFO] [stdout] test tests::classic::smoke::mid_negative_value_opd_tricky_positive_3 ... ok
[INFO] [stdout] test tests::classic::smoke::mid_negative_value_opd_two_bytes ... ok
[INFO] [stdout] test tests::classic::smoke::nft_opc ... ok
[INFO] [stdout] test tests::classic::smoke::nil_in_list_opd ... ok
[INFO] [stdout] test tests::classic::smoke::node_path_2nd_of_list ... ok
[INFO] [stdout] test tests::classic::smoke::node_path_top_left ... ok
[INFO] [stdout] test tests::classic::smoke::node_path_top_right ... ok
[INFO] [stdout] test tests::classic::smoke::opc_ten_million ... ok
[INFO] [stdout] test tests::classic::smoke::map_6 ... ok
[INFO] [stdout] test tests::classic::smoke::quoted_negative ... ok
[INFO] [stdout] test tests::classic::smoke::small_test_opc ... ok
[INFO] [stdout] test tests::classic::smoke::test_argparse_not_present_option_1 ... ok
[INFO] [stdout] test tests::classic::smoke::test_argparse_not_present_option_2 ... ok
[INFO] [stdout] test tests::classic::smoke::test_bytes_to_pybytes_repr_0 ... ok
[INFO] [stdout] test tests::classic::smoke::test_check_simple_arg_path_0 ... ok
[INFO] [stdout] test tests::classic::smoke::test_fancy_destructuring_type_language ... ok
[INFO] [stdout] test tests::classic::smoke::test_io_err_from_syntax_err ... ok
[INFO] [stdout] test tests::classic::smoke::test_ir_debug_for_coverage ... ok
[INFO] [stdout] test tests::classic::smoke::big_decode_opd ... ok
[INFO] [stdout] test tests::classic::smoke::test_simple_brun_minus_x_1 ... ok
[INFO] [stdout] test tests::classic::smoke::test_simple_brun_minus_x_2 ... ok
[INFO] [stdout] test tests::classic::smoke::test_simple_opd_conversion ... ok
[INFO] [stdout] test tests::classic::smoke::test_syntax_err_smoke ... ok
[INFO] [stdout] test tests::classic::smoke::test_non_consed_args ... ok
[INFO] [stdout] test tests::classic::smoke::macro_mod_1 ... ok
[INFO] [stdout] test tests::classic::stage_2::test_classic_runner_has_compile_filename ... ok
[INFO] [stdout] test tests::classic::smoke::very_simple_compile ... ok
[INFO] [stdout] test tests::classic::run::test_treehash_constant_embedded_modern_loop ... ok
[INFO] [stdout] test tests::classic::stage_2::test_compile_during_assert_1 ... ok
[INFO] [stdout] test tests::classic::stage_2::test_get_last_path_component_0 ... ok
[INFO] [stdout] test tests::classic::stage_2::test_inner_macro_exp ... ok
[INFO] [stdout] test tests::classic::stage_2::test_macro_expansion ... ok
[INFO] [stdout] test tests::classic::stage_2::test_present_file_smoke_exists ... ok
[INFO] [stdout] test tests::classic::stage_2::test_present_file_smoke_not_exists ... ok
[INFO] [stdout] test tests::classic::stage_2::test_process_embed_file_as_hex ... ok
[INFO] [stdout] test tests::classic::stage_2::test_process_embed_file_as_sexp ... ok
[INFO] [stdout] test tests::classic::stage_2::test_process_embed_file_as_sexp_in_an_expected_location ... ok
[INFO] [stdout] test tests::classic::stage_2::test_process_embed_file_as_sexp_in_an_unexpected_location ... ok
[INFO] [stdout] test tests::classic::stage_2::test_stage_2_evaluate ... ok
[INFO] [stdout] test tests::classic::stage_2::test_stage_2_quote ... ok
[INFO] [stdout] test tests::classic::stage_2::test_stage_2_run ... ok
[INFO] [stdout] test tests::compiler::cldb::test_cldb_explicit_throw ... ok
[INFO] [stdout] test tests::compiler::cldb::test_cldb_hex_to_modern_sexp_fail_half_cons ... ok
[INFO] [stdout] test tests::compiler::cldb::test_cldb_hex_to_modern_sexp_fail_odd_hex ... ok
[INFO] [stdout] test tests::compiler::cldb::test_cldb_hex_to_modern_sexp_smoke_0 ... ok
[INFO] [stdout] test tests::compiler::cldb::test_cldb_hierarchy_mode ... ok
[INFO] [stdout] test tests::classic::stage_2::test_compile_assert_2 ... ok
[INFO] [stdout] test tests::compiler::cldb::test_run_clvm_in_cldb ... ok
[INFO] [stdout] test tests::compiler::clvm::test_clvm_1 ... ok
[INFO] [stdout] test tests::compiler::clvm::test_clvm_2 ... ok
[INFO] [stdout] test tests::compiler::clvm::test_clvm_3 ... ok
[INFO] [stdout] test tests::compiler::clvm::test_clvm_4 ... ok
[INFO] [stdout] test tests::classic::stage_2::test_classic_compiler_with_compiler_opts ... ok
[INFO] [stdout] test tests::compiler::clvm::test_sexp_parse_1 ... ok
[INFO] [stdout] test tests::compiler::clvm::test_sexp_parse_2 ... ok
[INFO] [stdout] test tests::compiler::clvm::test_sexp_parse_3 ... ok
[INFO] [stdout] test tests::compiler::clvm::test_sexp_parse_4 ... ok
[INFO] [stdout] test tests::compiler::clvm::test_sexp_parse_5 ... ok
[INFO] [stdout] test tests::classic::stage_2::test_compile_check_output_diag_assert ... ok
[INFO] [stdout] test tests::compiler::clvm::test_sexp_parse_7 ... ok
[INFO] [stdout] test tests::compiler::clvm::test_sexp_parse_6 ... ok
[INFO] [stdout] test tests::compiler::clvm::test_sexp_parse_8 ... ok
[INFO] [stdout] test tests::compiler::cldb::test_execute_program_and_capture_arguments ... ok
[INFO] [stdout] test tests::compiler::clvm::test_sha256_tree_hash ... ok
[INFO] [stdout] test tests::compiler::compiler::arg_destructure_test_1 ... ok
[INFO] [stdout] test tests::compiler::compiler::compile_test_1 ... ok
[INFO] [stdout] test tests::compiler::clvm::test_random_int_just_the_conversion_functions_and_no_other_things_from_the_stack_1 ... ok
[INFO] [stdout] test tests::compiler::compiler::compile_test_3 ... ok
[INFO] [stdout] test tests::compiler::compiler::cant_redefine_defconstant ... ok
[INFO] [stdout] test tests::compiler::compiler::compile_test_2 ... ok
[INFO] [stdout] test tests::compiler::compiler::cant_redefine_defun_with_defun ... ok
[INFO] [stdout] test tests::compiler::compiler::compile_test_6 ... ok
[INFO] [stdout] test tests::compiler::compiler::compile_test_5 ... ok
[INFO] [stdout] test tests::compiler::compiler::compile_test_7 ... ok
[INFO] [stdout] test tests::compiler::compiler::hash_handling_test_3 ... ok
[INFO] [stdout] test tests::compiler::compiler::hash_handling_test_2 ... ok
[INFO] [stdout] test tests::compiler::compiler::inline_compile_test ... ok
[INFO] [stdout] test tests::compiler::compiler::compile_test_4 ... ok
[INFO] [stdout] test tests::compiler::compiler::let_as_argument ... ok
[INFO] [stdout] test tests::compiler::compiler::run_inlines ... ok
[INFO] [stdout] test tests::compiler::compiler::run_inlines_2 ... ok
[INFO] [stdout] test tests::compiler::compiler::read_of_hex_constant_in_modern_chialisp ... ok
[INFO] [stdout] test tests::compiler::compiler::recursive_let_complicated_arguments ... ok
[INFO] [stdout] test tests::compiler::compiler::run_test_10 ... ok
[INFO] [stdout] test tests::compiler::compiler::run_test_1 ... ok
[INFO] [stdout] test tests::compiler::compiler::run_test_10_opt ... ok
[INFO] [stdout] test tests::compiler::compiler::run_test_1_opt ... ok
[INFO] [stdout] test tests::compiler::compiler::fancy_nested_let_bindings_should_work ... ok
[INFO] [stdout] test tests::compiler::compiler::run_test_2_opt ... ok
[INFO] [stdout] test tests::compiler::compiler::run_test_3 ... ok
[INFO] [stdout] test tests::compiler::compiler::run_test_2 ... ok
[INFO] [stdout] test tests::compiler::compiler::run_test_4 ... ok
[INFO] [stdout] test tests::compiler::compiler::run_test_5 ... ok
[INFO] [stdout] test tests::compiler::compiler::run_test_3_opt ... ok
[INFO] [stdout] test tests::compiler::compiler::run_test_6 ... ok
[INFO] [stdout] test tests::compiler::compiler::run_test_5_opt ... ok
[INFO] [stdout] test tests::compiler::compiler::run_test_4_opt ... ok
[INFO] [stdout] test tests::compiler::compiler::run_test_8 ... ok
[INFO] [stdout] test tests::compiler::compiler::run_test_7 ... ok
[INFO] [stdout] test tests::compiler::compiler::run_test_8_opt ... ok
[INFO] [stdout] test tests::compiler::compiler::run_test_9_opt ... ok
[INFO] [stdout] test tests::compiler::compiler::run_test_9 ... ok
[INFO] [stdout] test tests::compiler::compiler::run_test_at_form ... ok
[INFO] [stdout] test tests::compiler::compiler::run_test_6_opt ... ok
[INFO] [stdout] test tests::compiler::compiler::run_test_inline_with_macro_call ... ok
[INFO] [stdout] test tests::compiler::compiler::run_test_intermediate_let_1_1 ... ok
[INFO] [stdout] test tests::compiler::compiler::run_test_intermediate_let_1 ... ok
[INFO] [stdout] test tests::compiler::compiler::run_test_intermediate_let_1_2 ... ok
[INFO] [stdout] test tests::compiler::compiler::run_test_intermediate_let_1_4 ... ok
[INFO] [stdout] test tests::compiler::compiler::run_test_intermediate_let_final ... ok
[INFO] [stdout] test tests::compiler::compiler::run_test_intermediate_let_2 ... ok
[INFO] [stdout] test tests::compiler::compiler::run_test_let_star_2_deep ... ok
[INFO] [stdout] test tests::compiler::compiler::run_test_intermediate_let_1_3 ... ok
[INFO] [stdout] test tests::compiler::compiler::run_test_let_star_3_deep ... ok
[INFO] [stdout] test tests::compiler::compiler::run_test_normal_with_macro_call ... ok
[INFO] [stdout] test tests::compiler::compiler::run_test_7_opt ... ok
[INFO] [stdout] test tests::compiler::compiler::test_at_destructure_1 ... ok
[INFO] [stdout] test tests::compiler::compiler::test_assign_dont_detect_unrelated_inlines_as_recursive ... ok
[INFO] [stdout] test tests::compiler::compiler::test_at_destructure_3 ... ok
[INFO] [stdout] test tests::compiler::compiler::test_at_destructure_2 ... ok
[INFO] [stdout] test tests::compiler::compiler::test_at_destructure_4 ... ok
[INFO] [stdout] test tests::compiler::compiler::test_at_destructure_5 ... ok
[INFO] [stdout] test tests::compiler::compiler::test_collatz ... ok
[INFO] [stdout] test tests::compiler::compiler::test_defconstant_tree ... ok
[INFO] [stdout] test tests::compiler::compiler::test_defconstant ... ok
[INFO] [stdout] test tests::compiler::compiler::test_fuzz_seed_3956111146_1 ... ok
[INFO] [stdout] test tests::compiler::compiler::test_fuzz_seed_3956111146_1_alt_test_1 ... ok
[INFO] [stdout] test tests::compiler::compiler::test_inline_out_of_bounds_diagnostic ... ok
[INFO] [stdout] test tests::compiler::compiler::test_let_inline_1 ... ok
[INFO] [stdout] test tests::compiler::compiler::sebastian_hash_test_2 ... ok
[INFO] [stdout] test tests::compiler::compiler::test_modern_inline_at_capture ... ok
[INFO] [stdout] test tests::compiler::compiler::test_let_structure_access_1 ... ok
[INFO] [stdout] test tests::compiler::compiler::test_modern_inline_recurse ... ok
[INFO] [stdout] test tests::compiler::compiler::sebastian_hash_test_1 ... ok
[INFO] [stdout] test tests::compiler::compiler::test_modern_inline_recurse_deep ... ok
[INFO] [stdout] test tests::compiler::compiler::test_modern_mod_form ... ok
[INFO] [stdout] test tests::compiler::evaluate::test_basic_expand_macro ... ok
[INFO] [stdout] test tests::compiler::evaluate::test_basic_expand_macro_2 ... ok
[INFO] [stdout] test tests::compiler::evaluate::test_basic_expand_macro_3 ... ok
[INFO] [stdout] test tests::compiler::evaluate::test_basic_shrink_arithmetic ... ok
[INFO] [stdout] test tests::compiler::evaluate::test_simple_conversion_from_clvm_to_chialisp ... ok
[INFO] [stdout] test tests::compiler::evaluate::test_basic_expand_macro_4 ... ok
[INFO] [stdout] test tests::compiler::evaluate::test_simple_fe_opt_compile_1 ... ok
[INFO] [stdout] test tests::compiler::evaluate::test_expand_with_recursive_1 ... ok
[INFO] [stdout] test tests::compiler::repl::test_basic_repl_constant ... ok
[INFO] [stdout] test tests::compiler::repl::test_defconstant_2 ... ok
[INFO] [stdout] test tests::compiler::repl::test_basic_recursion ... ok
[INFO] [stdout] test tests::compiler::repl::test_eval_a_bit_more_than_forever_recursive ... ok
[INFO] [stdout] test tests::compiler::repl::test_eval_forever_recursive ... ok
[INFO] [stdout] test tests::compiler::repl::test_eval_less_than_forever_recursive ... ok
[INFO] [stdout] test tests::compiler::repl::test_collatz ... ok
[INFO] [stdout] test tests::compiler::repl::test_eval_list_partially_evaluated_xyz ... ok
[INFO] [stdout] test tests::compiler::repl::test_eval_list_partially_evaluated_abc ... ok
[INFO] [stdout] test tests::compiler::repl::test_eval_list_with_constants_yz ... ok
[INFO] [stdout] test tests::compiler::repl::test_eval_list_with_constants_xyz ... ok
[INFO] [stdout] test tests::compiler::repl::test_eval_list_with_constants_z ... ok
[INFO] [stdout] test tests::compiler::repl::test_last_of_pwcoin_1 ... ok
[INFO] [stdout] test tests::compiler::repl::test_mod_in_repl ... ok
[INFO] [stdout] test tests::compiler::repl::test_pw_coin ... ok
[INFO] [stdout] test tests::compiler::repl::test_repl_supports_at_capture ... ok
[INFO] [stdout] test tests::compiler::repl::test_last_of_pwcoin_2 ... ok
[INFO] [stdout] test tests::compiler::repl::test_toplevel_macros_1 ... ok
[INFO] [stdout] test tests::compiler::repl::test_toplevel_macros_2 ... ok
[INFO] [stdout] test tests::compiler::runtypes::test_runfailure_err ... ok
[INFO] [stdout] test tests::compiler::runtypes::test_runfailure_exn ... ok
[INFO] [stdout] test tests::compiler::srcloc::test_overlap_2 ... ok
[INFO] [stdout] test tests::compiler::srcloc::test_overlap_3 ... ok
[INFO] [stdout] test tests::compiler::srcloc::test_overlap_1 ... ok
[INFO] [stdout] test tests::compiler::srcloc::test_overlap_4 ... ok
[INFO] [stdout] test tests::compiler::srcloc::test_overlap_5 ... ok
[INFO] [stdout] test tests::compiler::test_sexp_parse_print ... ok
[INFO] [stdout] test tests::compiler::srcloc::test_overlap_6 ... ok
[INFO] [stdout] test tests::compiler::usecheck::check_unused_base_case_0 ... ok
[INFO] [stdout] test tests::compiler::usecheck::check_unused_base_case_2 ... ok
[INFO] [stdout] test tests::compiler::usecheck::check_unused_base_case_1 ... ok
[INFO] [stdout] test tests::compiler::usecheck::check_unused_base_case_4 ... ok
[INFO] [stdout] test tests::compiler::usecheck::check_unused_fun_1 ... ok
[INFO] [stdout] test tests::compiler::usecheck::check_unused_base_case_3 ... ok
[INFO] [stdout] test tests::compiler::usecheck::check_unused_fun_2 ... ok
[INFO] [stdout] test tests::compiler::usecheck::check_unused_fun_if_1 ... ok
[INFO] [stdout] test tests::compiler::usecheck::check_unused_fun_let_1 ... ok
[INFO] [stdout] test tests::compiler::usecheck::check_unused_fun_if_2 ... ok
[INFO] [stdout] test tests::compiler::usecheck::check_unused_fun_rec_1 ... ok
[INFO] [stdout] test tests::compiler::usecheck::check_unused_fun_rec_2 ... ok
[INFO] [stdout] test tests::compiler::usecheck::check_unused_fun_rec_4 ... ok
[INFO] [stdout] test tests::compiler::usecheck::check_unused_fun_rec_3 ... ok
[INFO] [stdout] test tests::compiler::compiler::test_let_structure_access_2 ... ok
[INFO] [stdout] test tests::compiler::usecheck::verify_use_check_with_singleton_top_layer_fails_when_we_comment_out_all_uses_of_lineage_proof ... ok
[INFO] [stdout] test tests::compiler::repl::test_eval_forever_primitive ... ok
[INFO] [stdout] test tests::classic::smoke::pool_member_innerpuz ... ok
[INFO] [stdout] test tests::classic::clvmc::test_compile_clvm_function_1 ... FAILED
[INFO] [stdout] test tests::classic::run::test_generate_extra_symbols ... ok
[INFO] [stdout] test tests::compiler::usecheck::verify_use_check_with_singleton_top_layer_works ... ok
[INFO] [stdout] test tests::classic::run::test_encoding_properties has been running for over 60 seconds
[INFO] [stdout] test tests::classic::run::test_encoding_properties ... ok
[INFO] [stdout] 
[INFO] [stdout] failures:
[INFO] [stdout] 
[INFO] [stdout] ---- tests::classic::clvmc::test_compile_clvm_with_previous_data stdout ----
[INFO] [stdout] thread 'tests::classic::clvmc::test_compile_clvm_with_previous_data' panicked at 'should write: Os { code: 30, kind: ReadOnlyFilesystem, message: "Read-only file system" }', src/tests/classic/clvmc.rs:43:44
[INFO] [stdout] stack backtrace:
[INFO] [stdout]    0:     0x55c6fc16194a - std::backtrace_rs::backtrace::libunwind::trace::h2f05d0192276a8f6
[INFO] [stdout]                                at /rustc/1b7dd2252b99671ce5d1cb9664c5f8636329436d/library/std/src/../../backtrace/src/backtrace/libunwind.rs:93:5
[INFO] [stdout]    1:     0x55c6fc16194a - std::backtrace_rs::backtrace::trace_unsynchronized::hedc23dff7a1af150
[INFO] [stdout]                                at /rustc/1b7dd2252b99671ce5d1cb9664c5f8636329436d/library/std/src/../../backtrace/src/backtrace/mod.rs:66:5
[INFO] [stdout]    2:     0x55c6fc16194a - std::sys_common::backtrace::_print_fmt::h17541ef7592f3ce2
[INFO] [stdout]                                at /rustc/1b7dd2252b99671ce5d1cb9664c5f8636329436d/library/std/src/sys_common/backtrace.rs:65:5
[INFO] [stdout]    3:     0x55c6fc16194a - <std::sys_common::backtrace::_print::DisplayBacktrace as core::fmt::Display>::fmt::h20f75df5ab0c0792
[INFO] [stdout]                                at /rustc/1b7dd2252b99671ce5d1cb9664c5f8636329436d/library/std/src/sys_common/backtrace.rs:44:22
[INFO] [stdout]    4:     0x55c6fc18634f - core::fmt::write::h78109e6f466b3af6
[INFO] [stdout]                                at /rustc/1b7dd2252b99671ce5d1cb9664c5f8636329436d/library/core/src/fmt/mod.rs:1254:17
[INFO] [stdout]    5:     0x55c6fc15eab5 - std::io::Write::write_fmt::hd24bfb68a1b35a25
[INFO] [stdout]                                at /rustc/1b7dd2252b99671ce5d1cb9664c5f8636329436d/library/std/src/io/mod.rs:1698:15
[INFO] [stdout]    6:     0x55c6fc161715 - std::sys_common::backtrace::_print::h8dac57a9f8fbf9a5
[INFO] [stdout]                                at /rustc/1b7dd2252b99671ce5d1cb9664c5f8636329436d/library/std/src/sys_common/backtrace.rs:47:5
[INFO] [stdout]    7:     0x55c6fc161715 - std::sys_common::backtrace::print::hf9ecbf41d1aa712f
[INFO] [stdout]                                at /rustc/1b7dd2252b99671ce5d1cb9664c5f8636329436d/library/std/src/sys_common/backtrace.rs:34:9
[INFO] [stdout]    8:     0x55c6fc1633ce - std::panicking::default_hook::{{closure}}::h04c07acfc84ca028
[INFO] [stdout]                                at /rustc/1b7dd2252b99671ce5d1cb9664c5f8636329436d/library/std/src/panicking.rs:269:22
[INFO] [stdout]    9:     0x55c6fc163101 - std::panicking::default_hook::h01f6bb23e1eceb2c
[INFO] [stdout]                                at /rustc/1b7dd2252b99671ce5d1cb9664c5f8636329436d/library/std/src/panicking.rs:285:9
[INFO] [stdout]   10:     0x55c6fc05b35b - <alloc::boxed::Box<F,A> as core::ops::function::Fn<Args>>::call::h87fe9f7b2fd49e4c
[INFO] [stdout]                                at /rustc/1b7dd2252b99671ce5d1cb9664c5f8636329436d/library/alloc/src/boxed.rs:1987:9
[INFO] [stdout]   11:     0x55c6fc05b35b - test::test_main::{{closure}}::he94d679243a7531b
[INFO] [stdout]                                at /rustc/1b7dd2252b99671ce5d1cb9664c5f8636329436d/library/test/src/lib.rs:134:21
[INFO] [stdout]   12:     0x55c6fc163ab4 - <alloc::boxed::Box<F,A> as core::ops::function::Fn<Args>>::call::h3f2d6d8b14c4769f
[INFO] [stdout]                                at /rustc/1b7dd2252b99671ce5d1cb9664c5f8636329436d/library/alloc/src/boxed.rs:1987:9
[INFO] [stdout]   13:     0x55c6fc163ab4 - std::panicking::rust_panic_with_hook::h2bb3722bbaf2f6df
[INFO] [stdout]                                at /rustc/1b7dd2252b99671ce5d1cb9664c5f8636329436d/library/std/src/panicking.rs:695:13
[INFO] [stdout]   14:     0x55c6fc163829 - std::panicking::begin_panic_handler::{{closure}}::h91bc7f36a4be011b
[INFO] [stdout]                                at /rustc/1b7dd2252b99671ce5d1cb9664c5f8636329436d/library/std/src/panicking.rs:582:13
[INFO] [stdout]   15:     0x55c6fc161db6 - std::sys_common::backtrace::__rust_end_short_backtrace::h8b3d3717114f9e59
[INFO] [stdout]                                at /rustc/1b7dd2252b99671ce5d1cb9664c5f8636329436d/library/std/src/sys_common/backtrace.rs:150:18
[INFO] [stdout]   16:     0x55c6fc163582 - rust_begin_unwind
[INFO] [stdout]                                at /rustc/1b7dd2252b99671ce5d1cb9664c5f8636329436d/library/std/src/panicking.rs:578:5
[INFO] [stdout]   17:     0x55c6fbdab103 - core::panicking::panic_fmt::hfd368e3fbdabea26
[INFO] [stdout]                                at /rustc/1b7dd2252b99671ce5d1cb9664c5f8636329436d/library/core/src/panicking.rs:67:14
[INFO] [stdout]   18:     0x55c6fbdab6a3 - core::result::unwrap_failed::he54eb4b2f125b26f
[INFO] [stdout]                                at /rustc/1b7dd2252b99671ce5d1cb9664c5f8636329436d/library/core/src/result.rs:1687:5
[INFO] [stdout]   19:     0x55c6fbecfedf - core::result::Result<T,E>::expect::h54528a28006da79c
[INFO] [stdout]                                at /rustc/1b7dd2252b99671ce5d1cb9664c5f8636329436d/library/core/src/result.rs:1046:23
[INFO] [stdout]   20:     0x55c6fbff47f5 - clvm_tools_rs::tests::classic::clvmc::test_compile_clvm_with_previous_data::h7ac7ea7c87ab300d
[INFO] [stdout]                                at /opt/rustwide/workdir/src/tests/classic/clvmc.rs:43:5
[INFO] [stdout]   21:     0x55c6fbff46b7 - clvm_tools_rs::tests::classic::clvmc::test_compile_clvm_with_previous_data::{{closure}}::h93f59e2319c1e909
[INFO] [stdout]                                at /opt/rustwide/workdir/src/tests/classic/clvmc.rs:36:43
[INFO] [stdout]   22:     0x55c6fbf5a755 - core::ops::function::FnOnce::call_once::h139c4e961c679fd6
[INFO] [stdout]                                at /rustc/1b7dd2252b99671ce5d1cb9664c5f8636329436d/library/core/src/ops/function.rs:250:5
[INFO] [stdout]   23:     0x55c6fc06022f - core::ops::function::FnOnce::call_once::ha6a70e79f7481a7e
[INFO] [stdout]                                at /rustc/1b7dd2252b99671ce5d1cb9664c5f8636329436d/library/core/src/ops/function.rs:250:5
[INFO] [stdout]   24:     0x55c6fc06022f - test::__rust_begin_short_backtrace::hce33033019b61e69
[INFO] [stdout]                                at /rustc/1b7dd2252b99671ce5d1cb9664c5f8636329436d/library/test/src/lib.rs:655:18
[INFO] [stdout]   25:     0x55c6fc02da1c - test::run_test::{{closure}}::h858d3528838ae3e5
[INFO] [stdout]                                at /rustc/1b7dd2252b99671ce5d1cb9664c5f8636329436d/library/test/src/lib.rs:646:30
[INFO] [stdout]   26:     0x55c6fc02da1c - core::ops::function::FnOnce::call_once{{vtable.shim}}::he8ac2b00f01ae79e
[INFO] [stdout]                                at /rustc/1b7dd2252b99671ce5d1cb9664c5f8636329436d/library/core/src/ops/function.rs:250:5
[INFO] [stdout]   27:     0x55c6fc05f306 - <alloc::boxed::Box<F,A> as core::ops::function::FnOnce<Args>>::call_once::h8093d25b522725ef
[INFO] [stdout]                                at /rustc/1b7dd2252b99671ce5d1cb9664c5f8636329436d/library/alloc/src/boxed.rs:1973:9
[INFO] [stdout]   28:     0x55c6fc05f306 - <core::panic::unwind_safe::AssertUnwindSafe<F> as core::ops::function::FnOnce<()>>::call_once::h5c334c204e4a3913
[INFO] [stdout]                                at /rustc/1b7dd2252b99671ce5d1cb9664c5f8636329436d/library/core/src/panic/unwind_safe.rs:271:9
[INFO] [stdout]   29:     0x55c6fc05f306 - std::panicking::try::do_call::ha8b740c7b9478074
[INFO] [stdout]                                at /rustc/1b7dd2252b99671ce5d1cb9664c5f8636329436d/library/std/src/panicking.rs:485:40
[INFO] [stdout]   30:     0x55c6fc05f306 - std::panicking::try::h5d34f63d0e41b64e
[INFO] [stdout]                                at /rustc/1b7dd2252b99671ce5d1cb9664c5f8636329436d/library/std/src/panicking.rs:449:19
[INFO] [stdout]   31:     0x55c6fc05f306 - std::panic::catch_unwind::hcfbb511e1aa7fc67
[INFO] [stdout]                                at /rustc/1b7dd2252b99671ce5d1cb9664c5f8636329436d/library/std/src/panic.rs:140:14
[INFO] [stdout]   32:     0x55c6fc05f306 - test::run_test_in_process::h9abda90f802eaf21
[INFO] [stdout]                                at /rustc/1b7dd2252b99671ce5d1cb9664c5f8636329436d/library/test/src/lib.rs:678:27
[INFO] [stdout]   33:     0x55c6fc05f306 - test::run_test::run_test_inner::{{closure}}::h0f058de91f6c6edf
[INFO] [stdout]                                at /rustc/1b7dd2252b99671ce5d1cb9664c5f8636329436d/library/test/src/lib.rs:572:39
[INFO] [stdout]   34:     0x55c6fc028225 - test::run_test::run_test_inner::{{closure}}::h5ca48a4c59c6c1fb
[INFO] [stdout]                                at /rustc/1b7dd2252b99671ce5d1cb9664c5f8636329436d/library/test/src/lib.rs:599:37
[INFO] [stdout]   35:     0x55c6fc028225 - std::sys_common::backtrace::__rust_begin_short_backtrace::h32bd51e1495d4a33
[INFO] [stdout]                                at /rustc/1b7dd2252b99671ce5d1cb9664c5f8636329436d/library/std/src/sys_common/backtrace.rs:134:18
[INFO] [stdout]   36:     0x55c6fc02d761 - std::thread::Builder::spawn_unchecked_::{{closure}}::{{closure}}::hc086fae9b128b2db
[INFO] [stdout]                                at /rustc/1b7dd2252b99671ce5d1cb9664c5f8636329436d/library/std/src/thread/mod.rs:526:17
[INFO] [stdout]   37:     0x55c6fc02d761 - <core::panic::unwind_safe::AssertUnwindSafe<F> as core::ops::function::FnOnce<()>>::call_once::hb66571888d270d43
[INFO] [stdout]                                at /rustc/1b7dd2252b99671ce5d1cb9664c5f8636329436d/library/core/src/panic/unwind_safe.rs:271:9
[INFO] [stdout]   38:     0x55c6fc02d761 - std::panicking::try::do_call::h4fa2ef4f6e51fecf
[INFO] [stdout]                                at /rustc/1b7dd2252b99671ce5d1cb9664c5f8636329436d/library/std/src/panicking.rs:485:40
[INFO] [stdout]   39:     0x55c6fc02d761 - std::panicking::try::h1e9e22b8584489b5
[INFO] [stdout]                                at /rustc/1b7dd2252b99671ce5d1cb9664c5f8636329436d/library/std/src/panicking.rs:449:19
[INFO] [stdout]   40:     0x55c6fc02d761 - std::panic::catch_unwind::h44698a3de0e0769e
[INFO] [stdout]                                at /rustc/1b7dd2252b99671ce5d1cb9664c5f8636329436d/library/std/src/panic.rs:140:14
[INFO] [stdout]   41:     0x55c6fc02d761 - std::thread::Builder::spawn_unchecked_::{{closure}}::h50153abde3fe239e
[INFO] [stdout]                                at /rustc/1b7dd2252b99671ce5d1cb9664c5f8636329436d/library/std/src/thread/mod.rs:525:30
[INFO] [stdout]   42:     0x55c6fc02d761 - core::ops::function::FnOnce::call_once{{vtable.shim}}::hbe5bbf6f38394364
[INFO] [stdout]                                at /rustc/1b7dd2252b99671ce5d1cb9664c5f8636329436d/library/core/src/ops/function.rs:250:5
[INFO] [stdout]   43:     0x55c6fc1680c5 - <alloc::boxed::Box<F,A> as core::ops::function::FnOnce<Args>>::call_once::h0d83cb2920a49046
[INFO] [stdout]                                at /rustc/1b7dd2252b99671ce5d1cb9664c5f8636329436d/library/alloc/src/boxed.rs:1973:9
[INFO] [stdout]   44:     0x55c6fc1680c5 - <alloc::boxed::Box<F,A> as core::ops::function::FnOnce<Args>>::call_once::hbe0a008aa7d9ef59
[INFO] [stdout]                                at /rustc/1b7dd2252b99671ce5d1cb9664c5f8636329436d/library/alloc/src/boxed.rs:1973:9
[INFO] [stdout]   45:     0x55c6fc1680c5 - std::sys::unix::thread::Thread::new::thread_start::h3a466996bdf6b1f9
[INFO] [stdout]                                at /rustc/1b7dd2252b99671ce5d1cb9664c5f8636329436d/library/std/src/sys/unix/thread.rs:108:17
[INFO] [stdout]   46:     0x7fce03012b43 - <unknown>
[INFO] [stdout]   47:     0x7fce030a3bb4 - __clone
[INFO] [stdout]   48:                0x0 - <unknown>
[INFO] [stdout] 
[INFO] [stdout] ---- tests::classic::run::test_modern_sets_source_file_in_symbols stdout ----
[INFO] [stdout] thread 'tests::classic::run::test_modern_sets_source_file_in_symbols' panicked at 'writing symbols: "failed to write test_modern_sets_source_file_in_symbols.sym"', src/classic/clvm_tools/cmds.rs:1215:71
[INFO] [stdout] stack backtrace:
[INFO] [stdout]    0:     0x55c6fc16194a - std::backtrace_rs::backtrace::libunwind::trace::h2f05d0192276a8f6
[INFO] [stdout]                                at /rustc/1b7dd2252b99671ce5d1cb9664c5f8636329436d/library/std/src/../../backtrace/src/backtrace/libunwind.rs:93:5
[INFO] [stdout]    1:     0x55c6fc16194a - std::backtrace_rs::backtrace::trace_unsynchronized::hedc23dff7a1af150
[INFO] [stdout]                                at /rustc/1b7dd2252b99671ce5d1cb9664c5f8636329436d/library/std/src/../../backtrace/src/backtrace/mod.rs:66:5
[INFO] [stdout]    2:     0x55c6fc16194a - std::sys_common::backtrace::_print_fmt::h17541ef7592f3ce2
[INFO] [stdout]                                at /rustc/1b7dd2252b99671ce5d1cb9664c5f8636329436d/library/std/src/sys_common/backtrace.rs:65:5
[INFO] [stdout]    3:     0x55c6fc16194a - <std::sys_common::backtrace::_print::DisplayBacktrace as core::fmt::Display>::fmt::h20f75df5ab0c0792
[INFO] [stdout]                                at /rustc/1b7dd2252b99671ce5d1cb9664c5f8636329436d/library/std/src/sys_common/backtrace.rs:44:22
[INFO] [stdout]    4:     0x55c6fc18634f - core::fmt::write::h78109e6f466b3af6
[INFO] [stdout]                                at /rustc/1b7dd2252b99671ce5d1cb9664c5f8636329436d/library/core/src/fmt/mod.rs:1254:17
[INFO] [stdout]    5:     0x55c6fc15eab5 - std::io::Write::write_fmt::hd24bfb68a1b35a25
[INFO] [stdout]                                at /rustc/1b7dd2252b99671ce5d1cb9664c5f8636329436d/library/std/src/io/mod.rs:1698:15
[INFO] [stdout]    6:     0x55c6fc161715 - std::sys_common::backtrace::_print::h8dac57a9f8fbf9a5
[INFO] [stdout]                                at /rustc/1b7dd2252b99671ce5d1cb9664c5f8636329436d/library/std/src/sys_common/backtrace.rs:47:5
[INFO] [stdout]    7:     0x55c6fc161715 - std::sys_common::backtrace::print::hf9ecbf41d1aa712f
[INFO] [stdout]                                at /rustc/1b7dd2252b99671ce5d1cb9664c5f8636329436d/library/std/src/sys_common/backtrace.rs:34:9
[INFO] [stdout]    8:     0x55c6fc1633ce - std::panicking::default_hook::{{closure}}::h04c07acfc84ca028
[INFO] [stdout]                                at /rustc/1b7dd2252b99671ce5d1cb9664c5f8636329436d/library/std/src/panicking.rs:269:22
[INFO] [stdout]    9:     0x55c6fc163101 - std::panicking::default_hook::h01f6bb23e1eceb2c
[INFO] [stdout]                                at /rustc/1b7dd2252b99671ce5d1cb9664c5f8636329436d/library/std/src/panicking.rs:285:9
[INFO] [stdout]   10:     0x55c6fc05b35b - <alloc::boxed::Box<F,A> as core::ops::function::Fn<Args>>::call::h87fe9f7b2fd49e4c
[INFO] [stdout]                                at /rustc/1b7dd2252b99671ce5d1cb9664c5f8636329436d/library/alloc/src/boxed.rs:1987:9
[INFO] [stdout]   11:     0x55c6fc05b35b - test::test_main::{{closure}}::he94d679243a7531b
[INFO] [stdout]                                at /rustc/1b7dd2252b99671ce5d1cb9664c5f8636329436d/library/test/src/lib.rs:134:21
[INFO] [stdout]   12:     0x55c6fc163ab4 - <alloc::boxed::Box<F,A> as core::ops::function::Fn<Args>>::call::h3f2d6d8b14c4769f
[INFO] [stdout]                                at /rustc/1b7dd2252b99671ce5d1cb9664c5f8636329436d/library/alloc/src/boxed.rs:1987:9
[INFO] [stdout]   13:     0x55c6fc163ab4 - std::panicking::rust_panic_with_hook::h2bb3722bbaf2f6df
[INFO] [stdout]                                at /rustc/1b7dd2252b99671ce5d1cb9664c5f8636329436d/library/std/src/panicking.rs:695:13
[INFO] [stdout]   14:     0x55c6fc163829 - std::panicking::begin_panic_handler::{{closure}}::h91bc7f36a4be011b
[INFO] [stdout]                                at /rustc/1b7dd2252b99671ce5d1cb9664c5f8636329436d/library/std/src/panicking.rs:582:13
[INFO] [stdout]   15:     0x55c6fc161db6 - std::sys_common::backtrace::__rust_end_short_backtrace::h8b3d3717114f9e59
[INFO] [stdout]                                at /rustc/1b7dd2252b99671ce5d1cb9664c5f8636329436d/library/std/src/sys_common/backtrace.rs:150:18
[INFO] [stdout]   16:     0x55c6fc163582 - rust_begin_unwind
[INFO] [stdout]                                at /rustc/1b7dd2252b99671ce5d1cb9664c5f8636329436d/library/std/src/panicking.rs:578:5
[INFO] [stdout]   17:     0x55c6fbdab103 - core::panicking::panic_fmt::hfd368e3fbdabea26
[INFO] [stdout]                                at /rustc/1b7dd2252b99671ce5d1cb9664c5f8636329436d/library/core/src/panicking.rs:67:14
[INFO] [stdout]   18:     0x55c6fbdab6a3 - core::result::unwrap_failed::he54eb4b2f125b26f
[INFO] [stdout]                                at /rustc/1b7dd2252b99671ce5d1cb9664c5f8636329436d/library/core/src/result.rs:1687:5
[INFO] [stdout]   19:     0x55c6fbecf988 - core::result::Result<T,E>::expect::h1dec1e5200e98967
[INFO] [stdout]                                at /rustc/1b7dd2252b99671ce5d1cb9664c5f8636329436d/library/core/src/result.rs:1046:23
[INFO] [stdout]   20:     0x55c6fbfaf088 - clvm_tools_rs::classic::clvm_tools::cmds::launch_tool::hf54a19d6b541a8f1
[INFO] [stdout]                                at /opt/rustwide/workdir/src/classic/clvm_tools/cmds.rs:1215:17
[INFO] [stdout]   21:     0x55c6fbe9ce59 - clvm_tools_rs::tests::classic::run::do_basic_run::ha7cc35a399563918
[INFO] [stdout]                                at /opt/rustwide/workdir/src/tests/classic/run.rs:40:5
[INFO] [stdout]   22:     0x55c6fbeaa56c - clvm_tools_rs::tests::classic::run::test_modern_sets_source_file_in_symbols::h4d5c6dd901bedbbc
[INFO] [stdout]                                at /opt/rustwide/workdir/src/tests/classic/run.rs:839:5
[INFO] [stdout]   23:     0x55c6fbeaa2c7 - clvm_tools_rs::tests::classic::run::test_modern_sets_source_file_in_symbols::{{closure}}::hd7e10514a6fc0ddf
[INFO] [stdout]                                at /opt/rustwide/workdir/src/tests/classic/run.rs:837:46
[INFO] [stdout]   24:     0x55c6fbf5aaa5 - core::ops::function::FnOnce::call_once::h1d7f88e117cc0f0e
[INFO] [stdout]                                at /rustc/1b7dd2252b99671ce5d1cb9664c5f8636329436d/library/core/src/ops/function.rs:250:5
[INFO] [stdout]   25:     0x55c6fc06022f - core::ops::function::FnOnce::call_once::ha6a70e79f7481a7e
[INFO] [stdout]                                at /rustc/1b7dd2252b99671ce5d1cb9664c5f8636329436d/library/core/src/ops/function.rs:250:5
[INFO] [stdout]   26:     0x55c6fc06022f - test::__rust_begin_short_backtrace::hce33033019b61e69
[INFO] [stdout]                                at /rustc/1b7dd2252b99671ce5d1cb9664c5f8636329436d/library/test/src/lib.rs:655:18
[INFO] [stdout]   27:     0x55c6fc02da1c - test::run_test::{{closure}}::h858d3528838ae3e5
[INFO] [stdout]                                at /rustc/1b7dd2252b99671ce5d1cb9664c5f8636329436d/library/test/src/lib.rs:646:30
[INFO] [stdout]   28:     0x55c6fc02da1c - core::ops::function::FnOnce::call_once{{vtable.shim}}::he8ac2b00f01ae79e
[INFO] [stdout]                                at /rustc/1b7dd2252b99671ce5d1cb9664c5f8636329436d/library/core/src/ops/function.rs:250:5
[INFO] [stdout]   29:     0x55c6fc05f306 - <alloc::boxed::Box<F,A> as core::ops::function::FnOnce<Args>>::call_once::h8093d25b522725ef
[INFO] [stdout]                                at /rustc/1b7dd2252b99671ce5d1cb9664c5f8636329436d/library/alloc/src/boxed.rs:1973:9
[INFO] [stdout]   30:     0x55c6fc05f306 - <core::panic::unwind_safe::AssertUnwindSafe<F> as core::ops::function::FnOnce<()>>::call_once::h5c334c204e4a3913
[INFO] [stdout]                                at /rustc/1b7dd2252b99671ce5d1cb9664c5f8636329436d/library/core/src/panic/unwind_safe.rs:271:9
[INFO] [stdout]   31:     0x55c6fc05f306 - std::panicking::try::do_call::ha8b740c7b9478074
[INFO] [stdout]                                at /rustc/1b7dd2252b99671ce5d1cb9664c5f8636329436d/library/std/src/panicking.rs:485:40
[INFO] [stdout]   32:     0x55c6fc05f306 - std::panicking::try::h5d34f63d0e41b64e
[INFO] [stdout]                                at /rustc/1b7dd2252b99671ce5d1cb9664c5f8636329436d/library/std/src/panicking.rs:449:19
[INFO] [stdout]   33:     0x55c6fc05f306 - std::panic::catch_unwind::hcfbb511e1aa7fc67
[INFO] [stdout]                                at /rustc/1b7dd2252b99671ce5d1cb9664c5f8636329436d/library/std/src/panic.rs:140:14
[INFO] [stdout]   34:     0x55c6fc05f306 - test::run_test_in_process::h9abda90f802eaf21
[INFO] [stdout]                                at /rustc/1b7dd2252b99671ce5d1cb9664c5f8636329436d/library/test/src/lib.rs:678:27
[INFO] [stdout]   35:     0x55c6fc05f306 - test::run_test::run_test_inner::{{closure}}::h0f058de91f6c6edf
[INFO] [stdout]                                at /rustc/1b7dd2252b99671ce5d1cb9664c5f8636329436d/library/test/src/lib.rs:572:39
[INFO] [stdout]   36:     0x55c6fc028225 - test::run_test::run_test_inner::{{closure}}::h5ca48a4c59c6c1fb
[INFO] [stdout]                                at /rustc/1b7dd2252b99671ce5d1cb9664c5f8636329436d/library/test/src/lib.rs:599:37
[INFO] [stdout]   37:     0x55c6fc028225 - std::sys_common::backtrace::__rust_begin_short_backtrace::h32bd51e1495d4a33
[INFO] [stdout]                                at /rustc/1b7dd2252b99671ce5d1cb9664c5f8636329436d/library/std/src/sys_common/backtrace.rs:134:18
[INFO] [stdout]   38:     0x55c6fc02d761 - std::thread::Builder::spawn_unchecked_::{{closure}}::{{closure}}::hc086fae9b128b2db
[INFO] [stdout]                                at /rustc/1b7dd2252b99671ce5d1cb9664c5f8636329436d/library/std/src/thread/mod.rs:526:17
[INFO] [stdout]   39:     0x55c6fc02d761 - <core::panic::unwind_safe::AssertUnwindSafe<F> as core::ops::function::FnOnce<()>>::call_once::hb66571888d270d43
[INFO] [stdout]                                at /rustc/1b7dd2252b99671ce5d1cb9664c5f8636329436d/library/core/src/panic/unwind_safe.rs:271:9
[INFO] [stdout]   40:     0x55c6fc02d761 - std::panicking::try::do_call::h4fa2ef4f6e51fecf
[INFO] [stdout]                                at /rustc/1b7dd2252b99671ce5d1cb9664c5f8636329436d/library/std/src/panicking.rs:485:40
[INFO] [stdout]   41:     0x55c6fc02d761 - std::panicking::try::h1e9e22b8584489b5
[INFO] [stdout]                                at /rustc/1b7dd2252b99671ce5d1cb9664c5f8636329436d/library/std/src/panicking.rs:449:19
[INFO] [stdout]   42:     0x55c6fc02d761 - std::panic::catch_unwind::h44698a3de0e0769e
[INFO] [stdout]                                at /rustc/1b7dd2252b99671ce5d1cb9664c5f8636329436d/library/std/src/panic.rs:140:14
[INFO] [stdout]   43:     0x55c6fc02d761 - std::thread::Builder::spawn_unchecked_::{{closure}}::h50153abde3fe239e
[INFO] [stdout]                                at /rustc/1b7dd2252b99671ce5d1cb9664c5f8636329436d/library/std/src/thread/mod.rs:525:30
[INFO] [stdout]   44:     0x55c6fc02d761 - core::ops::function::FnOnce::call_once{{vtable.shim}}::hbe5bbf6f38394364
[INFO] [stdout]                                at /rustc/1b7dd2252b99671ce5d1cb9664c5f8636329436d/library/core/src/ops/function.rs:250:5
[INFO] [stdout]   45:     0x55c6fc1680c5 - <alloc::boxed::Box<F,A> as core::ops::function::FnOnce<Args>>::call_once::h0d83cb2920a49046
[INFO] [stdout]                                at /rustc/1b7dd2252b99671ce5d1cb9664c5f8636329436d/library/alloc/src/boxed.rs:1973:9
[INFO] [stdout]   46:     0x55c6fc1680c5 - <alloc::boxed::Box<F,A> as core::ops::function::FnOnce<Args>>::call_once::hbe0a008aa7d9ef59
[INFO] [stdout]                                at /rustc/1b7dd2252b99671ce5d1cb9664c5f8636329436d/library/alloc/src/boxed.rs:1973:9
[INFO] [stdout]   47:     0x55c6fc1680c5 - std::sys::unix::thread::Thread::new::thread_start::h3a466996bdf6b1f9
[INFO] [stdout]                                at /rustc/1b7dd2252b99671ce5d1cb9664c5f8636329436d/library/std/src/sys/unix/thread.rs:108:17
[INFO] [stdout]   48:     0x7fce03012b43 - <unknown>
[INFO] [stdout]   49:     0x7fce030a3bb4 - __clone
[INFO] [stdout]   50:                0x0 - <unknown>
[INFO] [stdout] 
[INFO] [stdout] ---- tests::classic::run::test_treehash_constant_embedded_modern stdout ----
[INFO] [stdout] thread 'tests::classic::run::test_treehash_constant_embedded_modern' panicked at 'writing symbols: "failed to write main.sym"', src/classic/clvm_tools/cmds.rs:1215:71
[INFO] [stdout] stack backtrace:
[INFO] [stdout]    0:     0x55c6fc16194a - std::backtrace_rs::backtrace::libunwind::trace::h2f05d0192276a8f6
[INFO] [stdout]                                at /rustc/1b7dd2252b99671ce5d1cb9664c5f8636329436d/library/std/src/../../backtrace/src/backtrace/libunwind.rs:93:5
[INFO] [stdout]    1:     0x55c6fc16194a - std::backtrace_rs::backtrace::trace_unsynchronized::hedc23dff7a1af150
[INFO] [stdout]                                at /rustc/1b7dd2252b99671ce5d1cb9664c5f8636329436d/library/std/src/../../backtrace/src/backtrace/mod.rs:66:5
[INFO] [stdout]    2:     0x55c6fc16194a - std::sys_common::backtrace::_print_fmt::h17541ef7592f3ce2
[INFO] [stdout]                                at /rustc/1b7dd2252b99671ce5d1cb9664c5f8636329436d/library/std/src/sys_common/backtrace.rs:65:5
[INFO] [stdout]    3:     0x55c6fc16194a - <std::sys_common::backtrace::_print::DisplayBacktrace as core::fmt::Display>::fmt::h20f75df5ab0c0792
[INFO] [stdout]                                at /rustc/1b7dd2252b99671ce5d1cb9664c5f8636329436d/library/std/src/sys_common/backtrace.rs:44:22
[INFO] [stdout]    4:     0x55c6fc18634f - core::fmt::write::h78109e6f466b3af6
[INFO] [stdout]                                at /rustc/1b7dd2252b99671ce5d1cb9664c5f8636329436d/library/core/src/fmt/mod.rs:1254:17
[INFO] [stdout]    5:     0x55c6fc15eab5 - std::io::Write::write_fmt::hd24bfb68a1b35a25
[INFO] [stdout]                                at /rustc/1b7dd2252b99671ce5d1cb9664c5f8636329436d/library/std/src/io/mod.rs:1698:15
[INFO] [stdout]    6:     0x55c6fc161715 - std::sys_common::backtrace::_print::h8dac57a9f8fbf9a5
[INFO] [stdout]                                at /rustc/1b7dd2252b99671ce5d1cb9664c5f8636329436d/library/std/src/sys_common/backtrace.rs:47:5
[INFO] [stdout]    7:     0x55c6fc161715 - std::sys_common::backtrace::print::hf9ecbf41d1aa712f
[INFO] [stdout]                                at /rustc/1b7dd2252b99671ce5d1cb9664c5f8636329436d/library/std/src/sys_common/backtrace.rs:34:9
[INFO] [stdout]    8:     0x55c6fc1633ce - std::panicking::default_hook::{{closure}}::h04c07acfc84ca028
[INFO] [stdout]                                at /rustc/1b7dd2252b99671ce5d1cb9664c5f8636329436d/library/std/src/panicking.rs:269:22
[INFO] [stdout]    9:     0x55c6fc163101 - std::panicking::default_hook::h01f6bb23e1eceb2c
[INFO] [stdout]                                at /rustc/1b7dd2252b99671ce5d1cb9664c5f8636329436d/library/std/src/panicking.rs:285:9
[INFO] [stdout]   10:     0x55c6fc05b35b - <alloc::boxed::Box<F,A> as core::ops::function::Fn<Args>>::call::h87fe9f7b2fd49e4c
[INFO] [stdout]                                at /rustc/1b7dd2252b99671ce5d1cb9664c5f8636329436d/library/alloc/src/boxed.rs:1987:9
[INFO] [stdout]   11:     0x55c6fc05b35b - test::test_main::{{closure}}::he94d679243a7531b
[INFO] [stdout]                                at /rustc/1b7dd2252b99671ce5d1cb9664c5f8636329436d/library/test/src/lib.rs:134:21
[INFO] [stdout]   12:     0x55c6fc163ab4 - <alloc::boxed::Box<F,A> as core::ops::function::Fn<Args>>::call::h3f2d6d8b14c4769f
[INFO] [stdout]                                at /rustc/1b7dd2252b99671ce5d1cb9664c5f8636329436d/library/alloc/src/boxed.rs:1987:9
[INFO] [stdout]   13:     0x55c6fc163ab4 - std::panicking::rust_panic_with_hook::h2bb3722bbaf2f6df
[INFO] [stdout]                                at /rustc/1b7dd2252b99671ce5d1cb9664c5f8636329436d/library/std/src/panicking.rs:695:13
[INFO] [stdout]   14:     0x55c6fc163829 - std::panicking::begin_panic_handler::{{closure}}::h91bc7f36a4be011b
[INFO] [stdout]                                at /rustc/1b7dd2252b99671ce5d1cb9664c5f8636329436d/library/std/src/panicking.rs:582:13
[INFO] [stdout]   15:     0x55c6fc161db6 - std::sys_common::backtrace::__rust_end_short_backtrace::h8b3d3717114f9e59
[INFO] [stdout]                                at /rustc/1b7dd2252b99671ce5d1cb9664c5f8636329436d/library/std/src/sys_common/backtrace.rs:150:18
[INFO] [stdout]   16:     0x55c6fc163582 - rust_begin_unwind
[INFO] [stdout]                                at /rustc/1b7dd2252b99671ce5d1cb9664c5f8636329436d/library/std/src/panicking.rs:578:5
[INFO] [stdout]   17:     0x55c6fbdab103 - core::panicking::panic_fmt::hfd368e3fbdabea26
[INFO] [stdout]                                at /rustc/1b7dd2252b99671ce5d1cb9664c5f8636329436d/library/core/src/panicking.rs:67:14
[INFO] [stdout]   18:     0x55c6fbdab6a3 - core::result::unwrap_failed::he54eb4b2f125b26f
[INFO] [stdout]                                at /rustc/1b7dd2252b99671ce5d1cb9664c5f8636329436d/library/core/src/result.rs:1687:5
[INFO] [stdout]   19:     0x55c6fbecf988 - core::result::Result<T,E>::expect::h1dec1e5200e98967
[INFO] [stdout]                                at /rustc/1b7dd2252b99671ce5d1cb9664c5f8636329436d/library/core/src/result.rs:1046:23
[INFO] [stdout]   20:     0x55c6fbfaf088 - clvm_tools_rs::classic::clvm_tools::cmds::launch_tool::hf54a19d6b541a8f1
[INFO] [stdout]                                at /opt/rustwide/workdir/src/classic/clvm_tools/cmds.rs:1215:17
[INFO] [stdout]   21:     0x55c6fbe9ce59 - clvm_tools_rs::tests::classic::run::do_basic_run::ha7cc35a399563918
[INFO] [stdout]                                at /opt/rustwide/workdir/src/tests/classic/run.rs:40:5
[INFO] [stdout]   22:     0x55c6fbea4c73 - clvm_tools_rs::tests::classic::run::test_treehash_constant_embedded_modern::h2f3efdb0ceed4210
[INFO] [stdout]                                at /opt/rustwide/workdir/src/tests/classic/run.rs:450:23
[INFO] [stdout]   23:     0x55c6fbea4a57 - clvm_tools_rs::tests::classic::run::test_treehash_constant_embedded_modern::{{closure}}::hfbb068a47f94947f
[INFO] [stdout]                                at /opt/rustwide/workdir/src/tests/classic/run.rs:449:45
[INFO] [stdout]   24:     0x55c6fbf5fbf5 - core::ops::function::FnOnce::call_once::hcb1f6c954cb7f135
[INFO] [stdout]                                at /rustc/1b7dd2252b99671ce5d1cb9664c5f8636329436d/library/core/src/ops/function.rs:250:5
[INFO] [stdout]   25:     0x55c6fc06022f - core::ops::function::FnOnce::call_once::ha6a70e79f7481a7e
[INFO] [stdout]                                at /rustc/1b7dd2252b99671ce5d1cb9664c5f8636329436d/library/core/src/ops/function.rs:250:5
[INFO] [stdout]   26:     0x55c6fc06022f - test::__rust_begin_short_backtrace::hce33033019b61e69
[INFO] [stdout]                                at /rustc/1b7dd2252b99671ce5d1cb9664c5f8636329436d/library/test/src/lib.rs:655:18
[INFO] [stdout]   27:     0x55c6fc02da1c - test::run_test::{{closure}}::h858d3528838ae3e5
[INFO] [stdout]                                at /rustc/1b7dd2252b99671ce5d1cb9664c5f8636329436d/library/test/src/lib.rs:646:30
[INFO] [stdout]   28:     0x55c6fc02da1c - core::ops::function::FnOnce::call_once{{vtable.shim}}::he8ac2b00f01ae79e
[INFO] [stdout]                                at /rustc/1b7dd2252b99671ce5d1cb9664c5f8636329436d/library/core/src/ops/function.rs:250:5
[INFO] [stdout]   29:     0x55c6fc05f306 - <alloc::boxed::Box<F,A> as core::ops::function::FnOnce<Args>>::call_once::h8093d25b522725ef
[INFO] [stdout]                                at /rustc/1b7dd2252b99671ce5d1cb9664c5f8636329436d/library/alloc/src/boxed.rs:1973:9
[INFO] [stdout]   30:     0x55c6fc05f306 - <core::panic::unwind_safe::AssertUnwindSafe<F> as core::ops::function::FnOnce<()>>::call_once::h5c334c204e4a3913
[INFO] [stdout]                                at /rustc/1b7dd2252b99671ce5d1cb9664c5f8636329436d/library/core/src/panic/unwind_safe.rs:271:9
[INFO] [stdout]   31:     0x55c6fc05f306 - std::panicking::try::do_call::ha8b740c7b9478074
[INFO] [stdout]                                at /rustc/1b7dd2252b99671ce5d1cb9664c5f8636329436d/library/std/src/panicking.rs:485:40
[INFO] [stdout]   32:     0x55c6fc05f306 - std::panicking::try::h5d34f63d0e41b64e
[INFO] [stdout]                                at /rustc/1b7dd2252b99671ce5d1cb9664c5f8636329436d/library/std/src/panicking.rs:449:19
[INFO] [stdout]   33:     0x55c6fc05f306 - std::panic::catch_unwind::hcfbb511e1aa7fc67
[INFO] [stdout]                                at /rustc/1b7dd2252b99671ce5d1cb9664c5f8636329436d/library/std/src/panic.rs:140:14
[INFO] [stdout]   34:     0x55c6fc05f306 - test::run_test_in_process::h9abda90f802eaf21
[INFO] [stdout]                                at /rustc/1b7dd2252b99671ce5d1cb9664c5f8636329436d/library/test/src/lib.rs:678:27
[INFO] [stdout]   35:     0x55c6fc05f306 - test::run_test::run_test_inner::{{closure}}::h0f058de91f6c6edf
[INFO] [stdout]                                at /rustc/1b7dd2252b99671ce5d1cb9664c5f8636329436d/library/test/src/lib.rs:572:39
[INFO] [stdout]   36:     0x55c6fc028225 - test::run_test::run_test_inner::{{closure}}::h5ca48a4c59c6c1fb
[INFO] [stdout]                                at /rustc/1b7dd2252b99671ce5d1cb9664c5f8636329436d/library/test/src/lib.rs:599:37
[INFO] [stdout]   37:     0x55c6fc028225 - std::sys_common::backtrace::__rust_begin_short_backtrace::h32bd51e1495d4a33
[INFO] [stdout]                                at /rustc/1b7dd2252b99671ce5d1cb9664c5f8636329436d/library/std/src/sys_common/backtrace.rs:134:18
[INFO] [stdout]   38:     0x55c6fc02d761 - std::thread::Builder::spawn_unchecked_::{{closure}}::{{closure}}::hc086fae9b128b2db
[INFO] [stdout]                                at /rustc/1b7dd2252b99671ce5d1cb9664c5f8636329436d/library/std/src/thread/mod.rs:526:17
[INFO] [stdout]   39:     0x55c6fc02d761 - <core::panic::unwind_safe::AssertUnwindSafe<F> as core::ops::function::FnOnce<()>>::call_once::hb66571888d270d43
[INFO] [stdout]                                at /rustc/1b7dd2252b99671ce5d1cb9664c5f8636329436d/library/core/src/panic/unwind_safe.rs:271:9
[INFO] [stdout]   40:     0x55c6fc02d761 - std::panicking::try::do_call::h4fa2ef4f6e51fecf
[INFO] [stdout]                                at /rustc/1b7dd2252b99671ce5d1cb9664c5f8636329436d/library/std/src/panicking.rs:485:40
[INFO] [stdout]   41:     0x55c6fc02d761 - std::panicking::try::h1e9e22b8584489b5
[INFO] [stdout]                                at /rustc/1b7dd2252b99671ce5d1cb9664c5f8636329436d/library/std/src/panicking.rs:449:19
[INFO] [stdout]   42:     0x55c6fc02d761 - std::panic::catch_unwind::h44698a3de0e0769e
[INFO] [stdout]                                at /rustc/1b7dd2252b99671ce5d1cb9664c5f8636329436d/library/std/src/panic.rs:140:14
[INFO] [stdout]   43:     0x55c6fc02d761 - std::thread::Builder::spawn_unchecked_::{{closure}}::h50153abde3fe239e
[INFO] [stdout]                                at /rustc/1b7dd2252b99671ce5d1cb9664c5f8636329436d/library/std/src/thread/mod.rs:525:30
[INFO] [stdout]   44:     0x55c6fc02d761 - core::ops::function::FnOnce::call_once{{vtable.shim}}::hbe5bbf6f38394364
[INFO] [stdout]                                at /rustc/1b7dd2252b99671ce5d1cb9664c5f8636329436d/library/core/src/ops/function.rs:250:5
[INFO] [stdout]   45:     0x55c6fc1680c5 - <alloc::boxed::Box<F,A> as core::ops::function::FnOnce<Args>>::call_once::h0d83cb2920a49046
[INFO] [stdout]                                at /rustc/1b7dd2252b99671ce5d1cb9664c5f8636329436d/library/alloc/src/boxed.rs:1973:9
[INFO] [stdout]   46:     0x55c6fc1680c5 - <alloc::boxed::Box<F,A> as core::ops::function::FnOnce<Args>>::call_once::hbe0a008aa7d9ef59
[INFO] [stdout]                                at /rustc/1b7dd2252b99671ce5d1cb9664c5f8636329436d/library/alloc/src/boxed.rs:1973:9
[INFO] [stdout]   47:     0x55c6fc1680c5 - std::sys::unix::thread::Thread::new::thread_start::h3a466996bdf6b1f9
[INFO] [stdout]                                at /rustc/1b7dd2252b99671ce5d1cb9664c5f8636329436d/library/std/src/sys/unix/thread.rs:108:17
[INFO] [stdout]   48:     0x7fce03012b43 - <unknown>
[INFO] [stdout]   49:     0x7fce030a3bb4 - __clone
[INFO] [stdout]   50:                0x0 - <unknown>
[INFO] [stdout] 
[INFO] [stdout] ---- tests::classic::run::test_treehash_constant_embedded_modern_fun stdout ----
[INFO] [stdout] thread 'tests::classic::run::test_treehash_constant_embedded_modern_fun' panicked at 'writing symbols: "failed to write main.sym"', src/classic/clvm_tools/cmds.rs:1215:71
[INFO] [stdout] stack backtrace:
[INFO] [stdout]    0:     0x55c6fc16194a - std::backtrace_rs::backtrace::libunwind::trace::h2f05d0192276a8f6
[INFO] [stdout]                                at /rustc/1b7dd2252b99671ce5d1cb9664c5f8636329436d/library/std/src/../../backtrace/src/backtrace/libunwind.rs:93:5
[INFO] [stdout]    1:     0x55c6fc16194a - std::backtrace_rs::backtrace::trace_unsynchronized::hedc23dff7a1af150
[INFO] [stdout]                                at /rustc/1b7dd2252b99671ce5d1cb9664c5f8636329436d/library/std/src/../../backtrace/src/backtrace/mod.rs:66:5
[INFO] [stdout]    2:     0x55c6fc16194a - std::sys_common::backtrace::_print_fmt::h17541ef7592f3ce2
[INFO] [stdout]                                at /rustc/1b7dd2252b99671ce5d1cb9664c5f8636329436d/library/std/src/sys_common/backtrace.rs:65:5
[INFO] [stdout]    3:     0x55c6fc16194a - <std::sys_common::backtrace::_print::DisplayBacktrace as core::fmt::Display>::fmt::h20f75df5ab0c0792
[INFO] [stdout]                                at /rustc/1b7dd2252b99671ce5d1cb9664c5f8636329436d/library/std/src/sys_common/backtrace.rs:44:22
[INFO] [stdout]    4:     0x55c6fc18634f - core::fmt::write::h78109e6f466b3af6
[INFO] [stdout]                                at /rustc/1b7dd2252b99671ce5d1cb9664c5f8636329436d/library/core/src/fmt/mod.rs:1254:17
[INFO] [stdout]    5:     0x55c6fc15eab5 - std::io::Write::write_fmt::hd24bfb68a1b35a25
[INFO] [stdout]                                at /rustc/1b7dd2252b99671ce5d1cb9664c5f8636329436d/library/std/src/io/mod.rs:1698:15
[INFO] [stdout]    6:     0x55c6fc161715 - std::sys_common::backtrace::_print::h8dac57a9f8fbf9a5
[INFO] [stdout]                                at /rustc/1b7dd2252b99671ce5d1cb9664c5f8636329436d/library/std/src/sys_common/backtrace.rs:47:5
[INFO] [stdout]    7:     0x55c6fc161715 - std::sys_common::backtrace::print::hf9ecbf41d1aa712f
[INFO] [stdout]                                at /rustc/1b7dd2252b99671ce5d1cb9664c5f8636329436d/library/std/src/sys_common/backtrace.rs:34:9
[INFO] [stdout]    8:     0x55c6fc1633ce - std::panicking::default_hook::{{closure}}::h04c07acfc84ca028
[INFO] [stdout]                                at /rustc/1b7dd2252b99671ce5d1cb9664c5f8636329436d/library/std/src/panicking.rs:269:22
[INFO] [stdout]    9:     0x55c6fc163101 - std::panicking::default_hook::h01f6bb23e1eceb2c
[INFO] [stdout]                                at /rustc/1b7dd2252b99671ce5d1cb9664c5f8636329436d/library/std/src/panicking.rs:285:9
[INFO] [stdout]   10:     0x55c6fc05b35b - <alloc::boxed::Box<F,A> as core::ops::function::Fn<Args>>::call::h87fe9f7b2fd49e4c
[INFO] [stdout]                                at /rustc/1b7dd2252b99671ce5d1cb9664c5f8636329436d/library/alloc/src/boxed.rs:1987:9
[INFO] [stdout]   11:     0x55c6fc05b35b - test::test_main::{{closure}}::he94d679243a7531b
[INFO] [stdout]                                at /rustc/1b7dd2252b99671ce5d1cb9664c5f8636329436d/library/test/src/lib.rs:134:21
[INFO] [stdout]   12:     0x55c6fc163ab4 - <alloc::boxed::Box<F,A> as core::ops::function::Fn<Args>>::call::h3f2d6d8b14c4769f
[INFO] [stdout]                                at /rustc/1b7dd2252b99671ce5d1cb9664c5f8636329436d/library/alloc/src/boxed.rs:1987:9
[INFO] [stdout]   13:     0x55c6fc163ab4 - std::panicking::rust_panic_with_hook::h2bb3722bbaf2f6df
[INFO] [stdout]                                at /rustc/1b7dd2252b99671ce5d1cb9664c5f8636329436d/library/std/src/panicking.rs:695:13
[INFO] [stdout]   14:     0x55c6fc163829 - std::panicking::begin_panic_handler::{{closure}}::h91bc7f36a4be011b
[INFO] [stdout]                                at /rustc/1b7dd2252b99671ce5d1cb9664c5f8636329436d/library/std/src/panicking.rs:582:13
[INFO] [stdout]   15:     0x55c6fc161db6 - std::sys_common::backtrace::__rust_end_short_backtrace::h8b3d3717114f9e59
[INFO] [stdout]                                at /rustc/1b7dd2252b99671ce5d1cb9664c5f8636329436d/library/std/src/sys_common/backtrace.rs:150:18
[INFO] [stdout]   16:     0x55c6fc163582 - rust_begin_unwind
[INFO] [stdout]                                at /rustc/1b7dd2252b99671ce5d1cb9664c5f8636329436d/library/std/src/panicking.rs:578:5
[INFO] [stdout]   17:     0x55c6fbdab103 - core::panicking::panic_fmt::hfd368e3fbdabea26
[INFO] [stdout]                                at /rustc/1b7dd2252b99671ce5d1cb9664c5f8636329436d/library/core/src/panicking.rs:67:14
[INFO] [stdout]   18:     0x55c6fbdab6a3 - core::result::unwrap_failed::he54eb4b2f125b26f
[INFO] [stdout]                                at /rustc/1b7dd2252b99671ce5d1cb9664c5f8636329436d/library/core/src/result.rs:1687:5
[INFO] [stdout]   19:     0x55c6fbecf988 - core::result::Result<T,E>::expect::h1dec1e5200e98967
[INFO] [stdout]                                at /rustc/1b7dd2252b99671ce5d1cb9664c5f8636329436d/library/core/src/result.rs:1046:23
[INFO] [stdout]   20:     0x55c6fbfaf088 - clvm_tools_rs::classic::clvm_tools::cmds::launch_tool::hf54a19d6b541a8f1
[INFO] [stdout]                                at /opt/rustwide/workdir/src/classic/clvm_tools/cmds.rs:1215:17
[INFO] [stdout]   21:     0x55c6fbe9ce59 - clvm_tools_rs::tests::classic::run::do_basic_run::ha7cc35a399563918
[INFO] [stdout]                                at /opt/rustwide/workdir/src/tests/classic/run.rs:40:5
[INFO] [stdout]   22:     0x55c6fbea53ed - clvm_tools_rs::tests::classic::run::test_treehash_constant_embedded_modern_fun::hba192662d6e2eeea
[INFO] [stdout]                                at /opt/rustwide/workdir/src/tests/classic/run.rs:482:23
[INFO] [stdout]   23:     0x55c6fbea51d7 - clvm_tools_rs::tests::classic::run::test_treehash_constant_embedded_modern_fun::{{closure}}::h599476b6f39ecf42
[INFO] [stdout]                                at /opt/rustwide/workdir/src/tests/classic/run.rs:481:49
[INFO] [stdout]   24:     0x55c6fbf60e25 - core::ops::function::FnOnce::call_once::hf48767e0fc6b1422
[INFO] [stdout]                                at /rustc/1b7dd2252b99671ce5d1cb9664c5f8636329436d/library/core/src/ops/function.rs:250:5
[INFO] [stdout]   25:     0x55c6fc06022f - core::ops::function::FnOnce::call_once::ha6a70e79f7481a7e
[INFO] [stdout]                                at /rustc/1b7dd2252b99671ce5d1cb9664c5f8636329436d/library/core/src/ops/function.rs:250:5
[INFO] [stdout]   26:     0x55c6fc06022f - test::__rust_begin_short_backtrace::hce33033019b61e69
[INFO] [stdout]                                at /rustc/1b7dd2252b99671ce5d1cb9664c5f8636329436d/library/test/src/lib.rs:655:18
[INFO] [stdout]   27:     0x55c6fc02da1c - test::run_test::{{closure}}::h858d3528838ae3e5
[INFO] [stdout]                                at /rustc/1b7dd2252b99671ce5d1cb9664c5f8636329436d/library/test/src/lib.rs:646:30
[INFO] [stdout]   28:     0x55c6fc02da1c - core::ops::function::FnOnce::call_once{{vtable.shim}}::he8ac2b00f01ae79e
[INFO] [stdout]                                at /rustc/1b7dd2252b99671ce5d1cb9664c5f8636329436d/library/core/src/ops/function.rs:250:5
[INFO] [stdout]   29:     0x55c6fc05f306 - <alloc::boxed::Box<F,A> as core::ops::function::FnOnce<Args>>::call_once::h8093d25b522725ef
[INFO] [stdout]                                at /rustc/1b7dd2252b99671ce5d1cb9664c5f8636329436d/library/alloc/src/boxed.rs:1973:9
[INFO] [stdout]   30:     0x55c6fc05f306 - <core::panic::unwind_safe::AssertUnwindSafe<F> as core::ops::function::FnOnce<()>>::call_once::h5c334c204e4a3913
[INFO] [stdout]                                at /rustc/1b7dd2252b99671ce5d1cb9664c5f8636329436d/library/core/src/panic/unwind_safe.rs:271:9
[INFO] [stdout]   31:     0x55c6fc05f306 - std::panicking::try::do_call::ha8b740c7b9478074
[INFO] [stdout]                                at /rustc/1b7dd2252b99671ce5d1cb9664c5f8636329436d/library/std/src/panicking.rs:485:40
[INFO] [stdout]   32:     0x55c6fc05f306 - std::panicking::try::h5d34f63d0e41b64e
[INFO] [stdout]                                at /rustc/1b7dd2252b99671ce5d1cb9664c5f8636329436d/library/std/src/panicking.rs:449:19
[INFO] [stdout]   33:     0x55c6fc05f306 - std::panic::catch_unwind::hcfbb511e1aa7fc67
[INFO] [stdout]                                at /rustc/1b7dd2252b99671ce5d1cb9664c5f8636329436d/library/std/src/panic.rs:140:14
[INFO] [stdout]   34:     0x55c6fc05f306 - test::run_test_in_process::h9abda90f802eaf21
[INFO] [stdout]                                at /rustc/1b7dd2252b99671ce5d1cb9664c5f8636329436d/library/test/src/lib.rs:678:27
[INFO] [stdout]   35:     0x55c6fc05f306 - test::run_test::run_test_inner::{{closure}}::h0f058de91f6c6edf
[INFO] [stdout]                                at /rustc/1b7dd2252b99671ce5d1cb9664c5f8636329436d/library/test/src/lib.rs:572:39
[INFO] [stdout]   36:     0x55c6fc028225 - test::run_test::run_test_inner::{{closure}}::h5ca48a4c59c6c1fb
[INFO] [stdout]                                at /rustc/1b7dd2252b99671ce5d1cb9664c5f8636329436d/library/test/src/lib.rs:599:37
[INFO] [stdout]   37:     0x55c6fc028225 - std::sys_common::backtrace::__rust_begin_short_backtrace::h32bd51e1495d4a33
[INFO] [stdout]                                at /rustc/1b7dd2252b99671ce5d1cb9664c5f8636329436d/library/std/src/sys_common/backtrace.rs:134:18
[INFO] [stdout]   38:     0x55c6fc02d761 - std::thread::Builder::spawn_unchecked_::{{closure}}::{{closure}}::hc086fae9b128b2db
[INFO] [stdout]                                at /rustc/1b7dd2252b99671ce5d1cb9664c5f8636329436d/library/std/src/thread/mod.rs:526:17
[INFO] [stdout]   39:     0x55c6fc02d761 - <core::panic::unwind_safe::AssertUnwindSafe<F> as core::ops::function::FnOnce<()>>::call_once::hb66571888d270d43
[INFO] [stdout]                                at /rustc/1b7dd2252b99671ce5d1cb9664c5f8636329436d/library/core/src/panic/unwind_safe.rs:271:9
[INFO] [stdout]   40:     0x55c6fc02d761 - std::panicking::try::do_call::h4fa2ef4f6e51fecf
[INFO] [stdout]                                at /rustc/1b7dd2252b99671ce5d1cb9664c5f8636329436d/library/std/src/panicking.rs:485:40
[INFO] [stdout]   41:     0x55c6fc02d761 - std::panicking::try::h1e9e22b8584489b5
[INFO] [stdout]                                at /rustc/1b7dd2252b99671ce5d1cb9664c5f8636329436d/library/std/src/panicking.rs:449:19
[INFO] [stdout]   42:     0x55c6fc02d761 - std::panic::catch_unwind::h44698a3de0e0769e
[INFO] [stdout]                                at /rustc/1b7dd2252b99671ce5d1cb9664c5f8636329436d/library/std/src/panic.rs:140:14
[INFO] [stdout]   43:     0x55c6fc02d761 - std::thread::Builder::spawn_unchecked_::{{closure}}::h50153abde3fe239e
[INFO] [stdout]                                at /rustc/1b7dd2252b99671ce5d1cb9664c5f8636329436d/library/std/src/thread/mod.rs:525:30
[INFO] [stdout]   44:     0x55c6fc02d761 - core::ops::function::FnOnce::call_once{{vtable.shim}}::hbe5bbf6f38394364
[INFO] [stdout]                                at /rustc/1b7dd2252b99671ce5d1cb9664c5f8636329436d/library/core/src/ops/function.rs:250:5
[INFO] [stdout]   45:     0x55c6fc1680c5 - <alloc::boxed::Box<F,A> as core::ops::function::FnOnce<Args>>::call_once::h0d83cb2920a49046
[INFO] [stdout]                                at /rustc/1b7dd2252b99671ce5d1cb9664c5f8636329436d/library/alloc/src/boxed.rs:1973:9
[INFO] [stdout]   46:     0x55c6fc1680c5 - <alloc::boxed::Box<F,A> as core::ops::function::FnOnce<Args>>::call_once::hbe0a008aa7d9ef59
[INFO] [stdout]                                at /rustc/1b7dd2252b99671ce5d1cb9664c5f8636329436d/library/alloc/src/boxed.rs:1973:9
[INFO] [stdout]   47:     0x55c6fc1680c5 - std::sys::unix::thread::Thread::new::thread_start::h3a466996bdf6b1f9
[INFO] [stdout]                                at /rustc/1b7dd2252b99671ce5d1cb9664c5f8636329436d/library/std/src/sys/unix/thread.rs:108:17
[INFO] [stdout]   48:     0x7fce03012b43 - <unknown>
[INFO] [stdout]   49:     0x7fce030a3bb4 - __clone
[INFO] [stdout]   50:                0x0 - <unknown>
[INFO] [stdout] 
[INFO] [stdout] ---- tests::classic::run::test_classic_sets_source_file_in_symbols_only_when_asked stdout ----
[INFO] [stdout] thread 'tests::classic::run::test_classic_sets_source_file_in_symbols_only_when_asked' panicked at 'should have dropped symbols: Os { code: 2, kind: NotFound, message: "No such file or directory" }', src/tests/classic/run.rs:829:51
[INFO] [stdout] stack backtrace:
[INFO] [stdout]    0:     0x55c6fc16194a - std::backtrace_rs::backtrace::libunwind::trace::h2f05d0192276a8f6
[INFO] [stdout]                                at /rustc/1b7dd2252b99671ce5d1cb9664c5f8636329436d/library/std/src/../../backtrace/src/backtrace/libunwind.rs:93:5
[INFO] [stdout]    1:     0x55c6fc16194a - std::backtrace_rs::backtrace::trace_unsynchronized::hedc23dff7a1af150
[INFO] [stdout]                                at /rustc/1b7dd2252b99671ce5d1cb9664c5f8636329436d/library/std/src/../../backtrace/src/backtrace/mod.rs:66:5
[INFO] [stdout]    2:     0x55c6fc16194a - std::sys_common::backtrace::_print_fmt::h17541ef7592f3ce2
[INFO] [stdout]                                at /rustc/1b7dd2252b99671ce5d1cb9664c5f8636329436d/library/std/src/sys_common/backtrace.rs:65:5
[INFO] [stdout]    3:     0x55c6fc16194a - <std::sys_common::backtrace::_print::DisplayBacktrace as core::fmt::Display>::fmt::h20f75df5ab0c0792
[INFO] [stdout]                                at /rustc/1b7dd2252b99671ce5d1cb9664c5f8636329436d/library/std/src/sys_common/backtrace.rs:44:22
[INFO] [stdout]    4:     0x55c6fc18634f - core::fmt::write::h78109e6f466b3af6
[INFO] [stdout]                                at /rustc/1b7dd2252b99671ce5d1cb9664c5f8636329436d/library/core/src/fmt/mod.rs:1254:17
[INFO] [stdout]    5:     0x55c6fc15eab5 - std::io::Write::write_fmt::hd24bfb68a1b35a25
[INFO] [stdout]                                at /rustc/1b7dd2252b99671ce5d1cb9664c5f8636329436d/library/std/src/io/mod.rs:1698:15
[INFO] [stdout]    6:     0x55c6fc161715 - std::sys_common::backtrace::_print::h8dac57a9f8fbf9a5
[INFO] [stdout]                                at /rustc/1b7dd2252b99671ce5d1cb9664c5f8636329436d/library/std/src/sys_common/backtrace.rs:47:5
[INFO] [stdout]    7:     0x55c6fc161715 - std::sys_common::backtrace::print::hf9ecbf41d1aa712f
[INFO] [stdout]                                at /rustc/1b7dd2252b99671ce5d1cb9664c5f8636329436d/library/std/src/sys_common/backtrace.rs:34:9
[INFO] [stdout]    8:     0x55c6fc1633ce - std::panicking::default_hook::{{closure}}::h04c07acfc84ca028
[INFO] [stdout]                                at /rustc/1b7dd2252b99671ce5d1cb9664c5f8636329436d/library/std/src/panicking.rs:269:22
[INFO] [stdout]    9:     0x55c6fc163101 - std::panicking::default_hook::h01f6bb23e1eceb2c
[INFO] [stdout]                                at /rustc/1b7dd2252b99671ce5d1cb9664c5f8636329436d/library/std/src/panicking.rs:285:9
[INFO] [stdout]   10:     0x55c6fc05b35b - <alloc::boxed::Box<F,A> as core::ops::function::Fn<Args>>::call::h87fe9f7b2fd49e4c
[INFO] [stdout]                                at /rustc/1b7dd2252b99671ce5d1cb9664c5f8636329436d/library/alloc/src/boxed.rs:1987:9
[INFO] [stdout]   11:     0x55c6fc05b35b - test::test_main::{{closure}}::he94d679243a7531b
[INFO] [stdout]                                at /rustc/1b7dd2252b99671ce5d1cb9664c5f8636329436d/library/test/src/lib.rs:134:21
[INFO] [stdout]   12:     0x55c6fc163ab4 - <alloc::boxed::Box<F,A> as core::ops::function::Fn<Args>>::call::h3f2d6d8b14c4769f
[INFO] [stdout]                                at /rustc/1b7dd2252b99671ce5d1cb9664c5f8636329436d/library/alloc/src/boxed.rs:1987:9
[INFO] [stdout]   13:     0x55c6fc163ab4 - std::panicking::rust_panic_with_hook::h2bb3722bbaf2f6df
[INFO] [stdout]                                at /rustc/1b7dd2252b99671ce5d1cb9664c5f8636329436d/library/std/src/panicking.rs:695:13
[INFO] [stdout]   14:     0x55c6fc163829 - std::panicking::begin_panic_handler::{{closure}}::h91bc7f36a4be011b
[INFO] [stdout]                                at /rustc/1b7dd2252b99671ce5d1cb9664c5f8636329436d/library/std/src/panicking.rs:582:13
[INFO] [stdout]   15:     0x55c6fc161db6 - std::sys_common::backtrace::__rust_end_short_backtrace::h8b3d3717114f9e59
[INFO] [stdout]                                at /rustc/1b7dd2252b99671ce5d1cb9664c5f8636329436d/library/std/src/sys_common/backtrace.rs:150:18
[INFO] [stdout]   16:     0x55c6fc163582 - rust_begin_unwind
[INFO] [stdout]                                at /rustc/1b7dd2252b99671ce5d1cb9664c5f8636329436d/library/std/src/panicking.rs:578:5
[INFO] [stdout]   17:     0x55c6fbdab103 - core::panicking::panic_fmt::hfd368e3fbdabea26
[INFO] [stdout]                                at /rustc/1b7dd2252b99671ce5d1cb9664c5f8636329436d/library/core/src/panicking.rs:67:14
[INFO] [stdout]   18:     0x55c6fbdab6a3 - core::result::unwrap_failed::he54eb4b2f125b26f
[INFO] [stdout]                                at /rustc/1b7dd2252b99671ce5d1cb9664c5f8636329436d/library/core/src/result.rs:1687:5
[INFO] [stdout]   19:     0x55c6fbed05ce - core::result::Result<T,E>::expect::haa53b59c0a47c013
[INFO] [stdout]                                at /rustc/1b7dd2252b99671ce5d1cb9664c5f8636329436d/library/core/src/result.rs:1046:23
[INFO] [stdout]   20:     0x55c6fbeaa0bf - clvm_tools_rs::tests::classic::run::test_classic_sets_source_file_in_symbols_only_when_asked::h4893c557e70e9999
[INFO] [stdout]                                at /opt/rustwide/workdir/src/tests/classic/run.rs:829:24
[INFO] [stdout]   21:     0x55c6fbea9df7 - clvm_tools_rs::tests::classic::run::test_classic_sets_source_file_in_symbols_only_when_asked::{{closure}}::hb6c8860cf697d86b
[INFO] [stdout]                                at /opt/rustwide/workdir/src/tests/classic/run.rs:821:63
[INFO] [stdout]   22:     0x55c6fbf5f6a5 - core::ops::function::FnOnce::call_once::hbf50365b568f7512
[INFO] [stdout]                                at /rustc/1b7dd2252b99671ce5d1cb9664c5f8636329436d/library/core/src/ops/function.rs:250:5
[INFO] [stdout]   23:     0x55c6fc06022f - core::ops::function::FnOnce::call_once::ha6a70e79f7481a7e
[INFO] [stdout]                                at /rustc/1b7dd2252b99671ce5d1cb9664c5f8636329436d/library/core/src/ops/function.rs:250:5
[INFO] [stdout]   24:     0x55c6fc06022f - test::__rust_begin_short_backtrace::hce33033019b61e69
[INFO] [stdout]                                at /rustc/1b7dd2252b99671ce5d1cb9664c5f8636329436d/library/test/src/lib.rs:655:18
[INFO] [stdout]   25:     0x55c6fc02da1c - test::run_test::{{closure}}::h858d3528838ae3e5
[INFO] [stdout]                                at /rustc/1b7dd2252b99671ce5d1cb9664c5f8636329436d/library/test/src/lib.rs:646:30
[INFO] [stdout]   26:     0x55c6fc02da1c - core::ops::function::FnOnce::call_once{{vtable.shim}}::he8ac2b00f01ae79e
[INFO] [stdout]                                at /rustc/1b7dd2252b99671ce5d1cb9664c5f8636329436d/library/core/src/ops/function.rs:250:5
[INFO] [stdout]   27:     0x55c6fc05f306 - <alloc::boxed::Box<F,A> as core::ops::function::FnOnce<Args>>::call_once::h8093d25b522725ef
[INFO] [stdout]                                at /rustc/1b7dd2252b99671ce5d1cb9664c5f8636329436d/library/alloc/src/boxed.rs:1973:9
[INFO] [stdout]   28:     0x55c6fc05f306 - <core::panic::unwind_safe::AssertUnwindSafe<F> as core::ops::function::FnOnce<()>>::call_once::h5c334c204e4a3913
[INFO] [stdout]                                at /rustc/1b7dd2252b99671ce5d1cb9664c5f8636329436d/library/core/src/panic/unwind_safe.rs:271:9
[INFO] [stdout]   29:     0x55c6fc05f306 - std::panicking::try::do_call::ha8b740c7b9478074
[INFO] [stdout]                                at /rustc/1b7dd2252b99671ce5d1cb9664c5f8636329436d/library/std/src/panicking.rs:485:40
[INFO] [stdout]   30:     0x55c6fc05f306 - std::panicking::try::h5d34f63d0e41b64e
[INFO] [stdout]                                at /rustc/1b7dd2252b99671ce5d1cb9664c5f8636329436d/library/std/src/panicking.rs:449:19
[INFO] [stdout]   31:     0x55c6fc05f306 - std::panic::catch_unwind::hcfbb511e1aa7fc67
[INFO] [stdout]                                at /rustc/1b7dd2252b99671ce5d1cb9664c5f8636329436d/library/std/src/panic.rs:140:14
[INFO] [stdout]   32:     0x55c6fc05f306 - test::run_test_in_process::h9abda90f802eaf21
[INFO] [stdout]                                at /rustc/1b7dd2252b99671ce5d1cb9664c5f8636329436d/library/test/src/lib.rs:678:27
[INFO] [stdout]   33:     0x55c6fc05f306 - test::run_test::run_test_inner::{{closure}}::h0f058de91f6c6edf
[INFO] [stdout]                                at /rustc/1b7dd2252b99671ce5d1cb9664c5f8636329436d/library/test/src/lib.rs:572:39
[INFO] [stdout]   34:     0x55c6fc028225 - test::run_test::run_test_inner::{{closure}}::h5ca48a4c59c6c1fb
[INFO] [stdout]                                at /rustc/1b7dd2252b99671ce5d1cb9664c5f8636329436d/library/test/src/lib.rs:599:37
[INFO] [stdout]   35:     0x55c6fc028225 - std::sys_common::backtrace::__rust_begin_short_backtrace::h32bd51e1495d4a33
[INFO] [stdout]                                at /rustc/1b7dd2252b99671ce5d1cb9664c5f8636329436d/library/std/src/sys_common/backtrace.rs:134:18
[INFO] [stdout]   36:     0x55c6fc02d761 - std::thread::Builder::spawn_unchecked_::{{closure}}::{{closure}}::hc086fae9b128b2db
[INFO] [stdout]                                at /rustc/1b7dd2252b99671ce5d1cb9664c5f8636329436d/library/std/src/thread/mod.rs:526:17
[INFO] [stdout]   37:     0x55c6fc02d761 - <core::panic::unwind_safe::AssertUnwindSafe<F> as core::ops::function::FnOnce<()>>::call_once::hb66571888d270d43
[INFO] [stdout]                                at /rustc/1b7dd2252b99671ce5d1cb9664c5f8636329436d/library/core/src/panic/unwind_safe.rs:271:9
[INFO] [stdout]   38:     0x55c6fc02d761 - std::panicking::try::do_call::h4fa2ef4f6e51fecf
[INFO] [stdout]                                at /rustc/1b7dd2252b99671ce5d1cb9664c5f8636329436d/library/std/src/panicking.rs:485:40
[INFO] [stdout]   39:     0x55c6fc02d761 - std::panicking::try::h1e9e22b8584489b5
[INFO] [stdout]                                at /rustc/1b7dd2252b99671ce5d1cb9664c5f8636329436d/library/std/src/panicking.rs:449:19
[INFO] [stdout]   40:     0x55c6fc02d761 - std::panic::catch_unwind::h44698a3de0e0769e
[INFO] [stdout]                                at /rustc/1b7dd2252b99671ce5d1cb9664c5f8636329436d/library/std/src/panic.rs:140:14
[INFO] [stdout]   41:     0x55c6fc02d761 - std::thread::Builder::spawn_unchecked_::{{closure}}::h50153abde3fe239e
[INFO] [stdout]                                at /rustc/1b7dd2252b99671ce5d1cb9664c5f8636329436d/library/std/src/thread/mod.rs:525:30
[INFO] [stdout]   42:     0x55c6fc02d761 - core::ops::function::FnOnce::call_once{{vtable.shim}}::hbe5bbf6f38394364
[INFO] [stdout]                                at /rustc/1b7dd2252b99671ce5d1cb9664c5f8636329436d/library/core/src/ops/function.rs:250:5
[INFO] [stdout]   43:     0x55c6fc1680c5 - <alloc::boxed::Box<F,A> as core::ops::function::FnOnce<Args>>::call_once::h0d83cb2920a49046
[INFO] [stdout]                                at /rustc/1b7dd2252b99671ce5d1cb9664c5f8636329436d/library/alloc/src/boxed.rs:1973:9
[INFO] [stdout]   44:     0x55c6fc1680c5 - <alloc::boxed::Box<F,A> as core::ops::function::FnOnce<Args>>::call_once::hbe0a008aa7d9ef59
[INFO] [stdout]                                at /rustc/1b7dd2252b99671ce5d1cb9664c5f8636329436d/library/alloc/src/boxed.rs:1973:9
[INFO] [stdout]   45:     0x55c6fc1680c5 - std::sys::unix::thread::Thread::new::thread_start::h3a466996bdf6b1f9
[INFO] [stdout]                                at /rustc/1b7dd2252b99671ce5d1cb9664c5f8636329436d/library/std/src/sys/unix/thread.rs:108:17
[INFO] [stdout]   46:     0x7fce03012b43 - <unknown>
[INFO] [stdout]   47:     0x7fce030a3bb4 - __clone
[INFO] [stdout]   48:                0x0 - <unknown>
[INFO] [stdout] 
[INFO] [stdout] ---- tests::classic::run::test_classic_sets_source_file_in_symbols stdout ----
[INFO] [stdout] thread 'tests::classic::run::test_classic_sets_source_file_in_symbols' panicked at 'should have dropped symbols: Os { code: 2, kind: NotFound, message: "No such file or directory" }', src/tests/classic/run.rs:810:51
[INFO] [stdout] stack backtrace:
[INFO] [stdout]    0:     0x55c6fc16194a - std::backtrace_rs::backtrace::libunwind::trace::h2f05d0192276a8f6
[INFO] [stdout]                                at /rustc/1b7dd2252b99671ce5d1cb9664c5f8636329436d/library/std/src/../../backtrace/src/backtrace/libunwind.rs:93:5
[INFO] [stdout]    1:     0x55c6fc16194a - std::backtrace_rs::backtrace::trace_unsynchronized::hedc23dff7a1af150
[INFO] [stdout]                                at /rustc/1b7dd2252b99671ce5d1cb9664c5f8636329436d/library/std/src/../../backtrace/src/backtrace/mod.rs:66:5
[INFO] [stdout]    2:     0x55c6fc16194a - std::sys_common::backtrace::_print_fmt::h17541ef7592f3ce2
[INFO] [stdout]                                at /rustc/1b7dd2252b99671ce5d1cb9664c5f8636329436d/library/std/src/sys_common/backtrace.rs:65:5
[INFO] [stdout]    3:     0x55c6fc16194a - <std::sys_common::backtrace::_print::DisplayBacktrace as core::fmt::Display>::fmt::h20f75df5ab0c0792
[INFO] [stdout]                                at /rustc/1b7dd2252b99671ce5d1cb9664c5f8636329436d/library/std/src/sys_common/backtrace.rs:44:22
[INFO] [stdout]    4:     0x55c6fc18634f - core::fmt::write::h78109e6f466b3af6
[INFO] [stdout]                                at /rustc/1b7dd2252b99671ce5d1cb9664c5f8636329436d/library/core/src/fmt/mod.rs:1254:17
[INFO] [stdout]    5:     0x55c6fc15eab5 - std::io::Write::write_fmt::hd24bfb68a1b35a25
[INFO] [stdout]                                at /rustc/1b7dd2252b99671ce5d1cb9664c5f8636329436d/library/std/src/io/mod.rs:1698:15
[INFO] [stdout]    6:     0x55c6fc161715 - std::sys_common::backtrace::_print::h8dac57a9f8fbf9a5
[INFO] [stdout]                                at /rustc/1b7dd2252b99671ce5d1cb9664c5f8636329436d/library/std/src/sys_common/backtrace.rs:47:5
[INFO] [stdout]    7:     0x55c6fc161715 - std::sys_common::backtrace::print::hf9ecbf41d1aa712f
[INFO] [stdout]                                at /rustc/1b7dd2252b99671ce5d1cb9664c5f8636329436d/library/std/src/sys_common/backtrace.rs:34:9
[INFO] [stdout]    8:     0x55c6fc1633ce - std::panicking::default_hook::{{closure}}::h04c07acfc84ca028
[INFO] [stdout]                                at /rustc/1b7dd2252b99671ce5d1cb9664c5f8636329436d/library/std/src/panicking.rs:269:22
[INFO] [stdout]    9:     0x55c6fc163101 - std::panicking::default_hook::h01f6bb23e1eceb2c
[INFO] [stdout]                                at /rustc/1b7dd2252b99671ce5d1cb9664c5f8636329436d/library/std/src/panicking.rs:285:9
[INFO] [stdout]   10:     0x55c6fc05b35b - <alloc::boxed::Box<F,A> as core::ops::function::Fn<Args>>::call::h87fe9f7b2fd49e4c
[INFO] [stdout]                                at /rustc/1b7dd2252b99671ce5d1cb9664c5f8636329436d/library/alloc/src/boxed.rs:1987:9
[INFO] [stdout]   11:     0x55c6fc05b35b - test::test_main::{{closure}}::he94d679243a7531b
[INFO] [stdout]                                at /rustc/1b7dd2252b99671ce5d1cb9664c5f8636329436d/library/test/src/lib.rs:134:21
[INFO] [stdout]   12:     0x55c6fc163ab4 - <alloc::boxed::Box<F,A> as core::ops::function::Fn<Args>>::call::h3f2d6d8b14c4769f
[INFO] [stdout]                                at /rustc/1b7dd2252b99671ce5d1cb9664c5f8636329436d/library/alloc/src/boxed.rs:1987:9
[INFO] [stdout]   13:     0x55c6fc163ab4 - std::panicking::rust_panic_with_hook::h2bb3722bbaf2f6df
[INFO] [stdout]                                at /rustc/1b7dd2252b99671ce5d1cb9664c5f8636329436d/library/std/src/panicking.rs:695:13
[INFO] [stdout]   14:     0x55c6fc163829 - std::panicking::begin_panic_handler::{{closure}}::h91bc7f36a4be011b
[INFO] [stdout]                                at /rustc/1b7dd2252b99671ce5d1cb9664c5f8636329436d/library/std/src/panicking.rs:582:13
[INFO] [stdout]   15:     0x55c6fc161db6 - std::sys_common::backtrace::__rust_end_short_backtrace::h8b3d3717114f9e59
[INFO] [stdout]                                at /rustc/1b7dd2252b99671ce5d1cb9664c5f8636329436d/library/std/src/sys_common/backtrace.rs:150:18
[INFO] [stdout]   16:     0x55c6fc163582 - rust_begin_unwind
[INFO] [stdout]                                at /rustc/1b7dd2252b99671ce5d1cb9664c5f8636329436d/library/std/src/panicking.rs:578:5
[INFO] [stdout]   17:     0x55c6fbdab103 - core::panicking::panic_fmt::hfd368e3fbdabea26
[INFO] [stdout]                                at /rustc/1b7dd2252b99671ce5d1cb9664c5f8636329436d/library/core/src/panicking.rs:67:14
[INFO] [stdout]   18:     0x55c6fbdab6a3 - core::result::unwrap_failed::he54eb4b2f125b26f
[INFO] [stdout]                                at /rustc/1b7dd2252b99671ce5d1cb9664c5f8636329436d/library/core/src/result.rs:1687:5
[INFO] [stdout]   19:     0x55c6fbed05ce - core::result::Result<T,E>::expect::haa53b59c0a47c013
[INFO] [stdout]                                at /rustc/1b7dd2252b99671ce5d1cb9664c5f8636329436d/library/core/src/result.rs:1046:23
[INFO] [stdout]   20:     0x55c6fbea9afb - clvm_tools_rs::tests::classic::run::test_classic_sets_source_file_in_symbols::hb53d93a014169c19
[INFO] [stdout]                                at /opt/rustwide/workdir/src/tests/classic/run.rs:810:24
[INFO] [stdout]   21:     0x55c6fbea97c7 - clvm_tools_rs::tests::classic::run::test_classic_sets_source_file_in_symbols::{{closure}}::ha14cd9a547e206c2
[INFO] [stdout]                                at /opt/rustwide/workdir/src/tests/classic/run.rs:801:47
[INFO] [stdout]   22:     0x55c6fbf5f935 - core::ops::function::FnOnce::call_once::hc4b559534da5118c
[INFO] [stdout]                                at /rustc/1b7dd2252b99671ce5d1cb9664c5f8636329436d/library/core/src/ops/function.rs:250:5
[INFO] [stdout]   23:     0x55c6fc06022f - core::ops::function::FnOnce::call_once::ha6a70e79f7481a7e
[INFO] [stdout]                                at /rustc/1b7dd2252b99671ce5d1cb9664c5f8636329436d/library/core/src/ops/function.rs:250:5
[INFO] [stdout]   24:     0x55c6fc06022f - test::__rust_begin_short_backtrace::hce33033019b61e69
[INFO] [stdout]                                at /rustc/1b7dd2252b99671ce5d1cb9664c5f8636329436d/library/test/src/lib.rs:655:18
[INFO] [stdout]   25:     0x55c6fc02da1c - test::run_test::{{closure}}::h858d3528838ae3e5
[INFO] [stdout]                                at /rustc/1b7dd2252b99671ce5d1cb9664c5f8636329436d/library/test/src/lib.rs:646:30
[INFO] [stdout]   26:     0x55c6fc02da1c - core::ops::function::FnOnce::call_once{{vtable.shim}}::he8ac2b00f01ae79e
[INFO] [stdout]                                at /rustc/1b7dd2252b99671ce5d1cb9664c5f8636329436d/library/core/src/ops/function.rs:250:5
[INFO] [stdout]   27:     0x55c6fc05f306 - <alloc::boxed::Box<F,A> as core::ops::function::FnOnce<Args>>::call_once::h8093d25b522725ef
[INFO] [stdout]                                at /rustc/1b7dd2252b99671ce5d1cb9664c5f8636329436d/library/alloc/src/boxed.rs:1973:9
[INFO] [stdout]   28:     0x55c6fc05f306 - <core::panic::unwind_safe::AssertUnwindSafe<F> as core::ops::function::FnOnce<()>>::call_once::h5c334c204e4a3913
[INFO] [stdout]                                at /rustc/1b7dd2252b99671ce5d1cb9664c5f8636329436d/library/core/src/panic/unwind_safe.rs:271:9
[INFO] [stdout]   29:     0x55c6fc05f306 - std::panicking::try::do_call::ha8b740c7b9478074
[INFO] [stdout]                                at /rustc/1b7dd2252b99671ce5d1cb9664c5f8636329436d/library/std/src/panicking.rs:485:40
[INFO] [stdout]   30:     0x55c6fc05f306 - std::panicking::try::h5d34f63d0e41b64e
[INFO] [stdout]                                at /rustc/1b7dd2252b99671ce5d1cb9664c5f8636329436d/library/std/src/panicking.rs:449:19
[INFO] [stdout]   31:     0x55c6fc05f306 - std::panic::catch_unwind::hcfbb511e1aa7fc67
[INFO] [stdout]                                at /rustc/1b7dd2252b99671ce5d1cb9664c5f8636329436d/library/std/src/panic.rs:140:14
[INFO] [stdout]   32:     0x55c6fc05f306 - test::run_test_in_process::h9abda90f802eaf21
[INFO] [stdout]                                at /rustc/1b7dd2252b99671ce5d1cb9664c5f8636329436d/library/test/src/lib.rs:678:27
[INFO] [stdout]   33:     0x55c6fc05f306 - test::run_test::run_test_inner::{{closure}}::h0f058de91f6c6edf
[INFO] [stdout]                                at /rustc/1b7dd2252b99671ce5d1cb9664c5f8636329436d/library/test/src/lib.rs:572:39
[INFO] [stdout]   34:     0x55c6fc028225 - test::run_test::run_test_inner::{{closure}}::h5ca48a4c59c6c1fb
[INFO] [stdout]                                at /rustc/1b7dd2252b99671ce5d1cb9664c5f8636329436d/library/test/src/lib.rs:599:37
[INFO] [stdout]   35:     0x55c6fc028225 - std::sys_common::backtrace::__rust_begin_short_backtrace::h32bd51e1495d4a33
[INFO] [stdout]                                at /rustc/1b7dd2252b99671ce5d1cb9664c5f8636329436d/library/std/src/sys_common/backtrace.rs:134:18
[INFO] [stdout]   36:     0x55c6fc02d761 - std::thread::Builder::spawn_unchecked_::{{closure}}::{{closure}}::hc086fae9b128b2db
[INFO] [stdout]                                at /rustc/1b7dd2252b99671ce5d1cb9664c5f8636329436d/library/std/src/thread/mod.rs:526:17
[INFO] [stdout]   37:     0x55c6fc02d761 - <core::panic::unwind_safe::AssertUnwindSafe<F> as core::ops::function::FnOnce<()>>::call_once::hb66571888d270d43
[INFO] [stdout]                                at /rustc/1b7dd2252b99671ce5d1cb9664c5f8636329436d/library/core/src/panic/unwind_safe.rs:271:9
[INFO] [stdout]   38:     0x55c6fc02d761 - std::panicking::try::do_call::h4fa2ef4f6e51fecf
[INFO] [stdout]                                at /rustc/1b7dd2252b99671ce5d1cb9664c5f8636329436d/library/std/src/panicking.rs:485:40
[INFO] [stdout]   39:     0x55c6fc02d761 - std::panicking::try::h1e9e22b8584489b5
[INFO] [stdout]                                at /rustc/1b7dd2252b99671ce5d1cb9664c5f8636329436d/library/std/src/panicking.rs:449:19
[INFO] [stdout]   40:     0x55c6fc02d761 - std::panic::catch_unwind::h44698a3de0e0769e
[INFO] [stdout]                                at /rustc/1b7dd2252b99671ce5d1cb9664c5f8636329436d/library/std/src/panic.rs:140:14
[INFO] [stdout]   41:     0x55c6fc02d761 - std::thread::Builder::spawn_unchecked_::{{closure}}::h50153abde3fe239e
[INFO] [stdout]                                at /rustc/1b7dd2252b99671ce5d1cb9664c5f8636329436d/library/std/src/thread/mod.rs:525:30
[INFO] [stdout]   42:     0x55c6fc02d761 - core::ops::function::FnOnce::call_once{{vtable.shim}}::hbe5bbf6f38394364
[INFO] [stdout]                                at /rustc/1b7dd2252b99671ce5d1cb9664c5f8636329436d/library/core/src/ops/function.rs:250:5
[INFO] [stdout]   43:     0x55c6fc1680c5 - <alloc::boxed::Box<F,A> as core::ops::function::FnOnce<Args>>::call_once::h0d83cb2920a49046
[INFO] [stdout]                                at /rustc/1b7dd2252b99671ce5d1cb9664c5f8636329436d/library/alloc/src/boxed.rs:1973:9
[INFO] [stdout]   44:     0x55c6fc1680c5 - <alloc::boxed::Box<F,A> as core::ops::function::FnOnce<Args>>::call_once::hbe0a008aa7d9ef59
[INFO] [stdout]                                at /rustc/1b7dd2252b99671ce5d1cb9664c5f8636329436d/library/alloc/src/boxed.rs:1973:9
[INFO] [stdout]   45:     0x55c6fc1680c5 - std::sys::unix::thread::Thread::new::thread_start::h3a466996bdf6b1f9
[INFO] [stdout]                                at /rustc/1b7dd2252b99671ce5d1cb9664c5f8636329436d/library/std/src/sys/unix/thread.rs:108:17
[INFO] [stdout]   46:     0x7fce03012b43 - <unknown>
[INFO] [stdout]   47:     0x7fce030a3bb4 - __clone
[INFO] [stdout]   48:                0x0 - <unknown>
[INFO] [stdout] 
[INFO] [stdout] ---- tests::classic::clvmc::test_compile_clvm_function_1 stdout ----
[INFO] [stdout] thread 'tests::classic::clvmc::test_compile_clvm_function_1' panicked at 'should compile: "error creating temporary compiler output for resources/tests/bridgeref/validation_taproot.clsp: Custom { kind: ReadOnlyFilesystem, error: PathError { path: \"/opt/rustwide/workdir/.tmpBjOGMd\", err: Os { code: 30, kind: ReadOnlyFilesystem, message: \"Read-only file system\" } } }"', src/tests/classic/clvmc.rs:19:6
[INFO] [stdout] stack backtrace:
[INFO] [stdout]    0:     0x55c6fc16194a - std::backtrace_rs::backtrace::libunwind::trace::h2f05d0192276a8f6
[INFO] [stdout]                                at /rustc/1b7dd2252b99671ce5d1cb9664c5f8636329436d/library/std/src/../../backtrace/src/backtrace/libunwind.rs:93:5
[INFO] [stdout]    1:     0x55c6fc16194a - std::backtrace_rs::backtrace::trace_unsynchronized::hedc23dff7a1af150
[INFO] [stdout]                                at /rustc/1b7dd2252b99671ce5d1cb9664c5f8636329436d/library/std/src/../../backtrace/src/backtrace/mod.rs:66:5
[INFO] [stdout]    2:     0x55c6fc16194a - std::sys_common::backtrace::_print_fmt::h17541ef7592f3ce2
[INFO] [stdout]                                at /rustc/1b7dd2252b99671ce5d1cb9664c5f8636329436d/library/std/src/sys_common/backtrace.rs:65:5
[INFO] [stdout]    3:     0x55c6fc16194a - <std::sys_common::backtrace::_print::DisplayBacktrace as core::fmt::Display>::fmt::h20f75df5ab0c0792
[INFO] [stdout]                                at /rustc/1b7dd2252b99671ce5d1cb9664c5f8636329436d/library/std/src/sys_common/backtrace.rs:44:22
[INFO] [stdout]    4:     0x55c6fc18634f - core::fmt::write::h78109e6f466b3af6
[INFO] [stdout]                                at /rustc/1b7dd2252b99671ce5d1cb9664c5f8636329436d/library/core/src/fmt/mod.rs:1254:17
[INFO] [stdout]    5:     0x55c6fc15eab5 - std::io::Write::write_fmt::hd24bfb68a1b35a25
[INFO] [stdout]                                at /rustc/1b7dd2252b99671ce5d1cb9664c5f8636329436d/library/std/src/io/mod.rs:1698:15
[INFO] [stdout]    6:     0x55c6fc161715 - std::sys_common::backtrace::_print::h8dac57a9f8fbf9a5
[INFO] [stdout]                                at /rustc/1b7dd2252b99671ce5d1cb9664c5f8636329436d/library/std/src/sys_common/backtrace.rs:47:5
[INFO] [stdout]    7:     0x55c6fc161715 - std::sys_common::backtrace::print::hf9ecbf41d1aa712f
[INFO] [stdout]                                at /rustc/1b7dd2252b99671ce5d1cb9664c5f8636329436d/library/std/src/sys_common/backtrace.rs:34:9
[INFO] [stdout]    8:     0x55c6fc1633ce - std::panicking::default_hook::{{closure}}::h04c07acfc84ca028
[INFO] [stdout]                                at /rustc/1b7dd2252b99671ce5d1cb9664c5f8636329436d/library/std/src/panicking.rs:269:22
[INFO] [stdout]    9:     0x55c6fc163101 - std::panicking::default_hook::h01f6bb23e1eceb2c
[INFO] [stdout]                                at /rustc/1b7dd2252b99671ce5d1cb9664c5f8636329436d/library/std/src/panicking.rs:285:9
[INFO] [stdout]   10:     0x55c6fc05b35b - <alloc::boxed::Box<F,A> as core::ops::function::Fn<Args>>::call::h87fe9f7b2fd49e4c
[INFO] [stdout]                                at /rustc/1b7dd2252b99671ce5d1cb9664c5f8636329436d/library/alloc/src/boxed.rs:1987:9
[INFO] [stdout]   11:     0x55c6fc05b35b - test::test_main::{{closure}}::he94d679243a7531b
[INFO] [stdout]                                at /rustc/1b7dd2252b99671ce5d1cb9664c5f8636329436d/library/test/src/lib.rs:134:21
[INFO] [stdout]   12:     0x55c6fc163ab4 - <alloc::boxed::Box<F,A> as core::ops::function::Fn<Args>>::call::h3f2d6d8b14c4769f
[INFO] [stdout]                                at /rustc/1b7dd2252b99671ce5d1cb9664c5f8636329436d/library/alloc/src/boxed.rs:1987:9
[INFO] [stdout]   13:     0x55c6fc163ab4 - std::panicking::rust_panic_with_hook::h2bb3722bbaf2f6df
[INFO] [stdout]                                at /rustc/1b7dd2252b99671ce5d1cb9664c5f8636329436d/library/std/src/panicking.rs:695:13
[INFO] [stdout]   14:     0x55c6fc163829 - std::panicking::begin_panic_handler::{{closure}}::h91bc7f36a4be011b
[INFO] [stdout]                                at /rustc/1b7dd2252b99671ce5d1cb9664c5f8636329436d/library/std/src/panicking.rs:582:13
[INFO] [stdout]   15:     0x55c6fc161db6 - std::sys_common::backtrace::__rust_end_short_backtrace::h8b3d3717114f9e59
[INFO] [stdout]                                at /rustc/1b7dd2252b99671ce5d1cb9664c5f8636329436d/library/std/src/sys_common/backtrace.rs:150:18
[INFO] [stdout]   16:     0x55c6fc163582 - rust_begin_unwind
[INFO] [stdout]                                at /rustc/1b7dd2252b99671ce5d1cb9664c5f8636329436d/library/std/src/panicking.rs:578:5
[INFO] [stdout]   17:     0x55c6fbdab103 - core::panicking::panic_fmt::hfd368e3fbdabea26
[INFO] [stdout]                                at /rustc/1b7dd2252b99671ce5d1cb9664c5f8636329436d/library/core/src/panicking.rs:67:14
[INFO] [stdout]   18:     0x55c6fbdab6a3 - core::result::unwrap_failed::he54eb4b2f125b26f
[INFO] [stdout]                                at /rustc/1b7dd2252b99671ce5d1cb9664c5f8636329436d/library/core/src/result.rs:1687:5
[INFO] [stdout]   19:     0x55c6fbecf826 - core::result::Result<T,E>::expect::h0b58ea3dd578bbb2
[INFO] [stdout]                                at /rustc/1b7dd2252b99671ce5d1cb9664c5f8636329436d/library/core/src/result.rs:1046:23
[INFO] [stdout]   20:     0x55c6fbff425c - clvm_tools_rs::tests::classic::clvmc::test_compile_clvm_function_1::h6a766b8bd0ce5d68
[INFO] [stdout]                                at /opt/rustwide/workdir/src/tests/classic/clvmc.rs:13:13
[INFO] [stdout]   21:     0x55c6fbff4107 - clvm_tools_rs::tests::classic::clvmc::test_compile_clvm_function_1::{{closure}}::h531458ff6ad86530
[INFO] [stdout]                                at /opt/rustwide/workdir/src/tests/classic/clvmc.rs:8:35
[INFO] [stdout]   22:     0x55c6fbf5f235 - core::ops::function::FnOnce::call_once::hb5072b16d0d0d42a
[INFO] [stdout]                                at /rustc/1b7dd2252b99671ce5d1cb9664c5f8636329436d/library/core/src/ops/function.rs:250:5
[INFO] [stdout]   23:     0x55c6fc06022f - core::ops::function::FnOnce::call_once::ha6a70e79f7481a7e
[INFO] [stdout]                                at /rustc/1b7dd2252b99671ce5d1cb9664c5f8636329436d/library/core/src/ops/function.rs:250:5
[INFO] [stdout]   24:     0x55c6fc06022f - test::__rust_begin_short_backtrace::hce33033019b61e69
[INFO] [stdout]                                at /rustc/1b7dd2252b99671ce5d1cb9664c5f8636329436d/library/test/src/lib.rs:655:18
[INFO] [stdout]   25:     0x55c6fc02da1c - test::run_test::{{closure}}::h858d3528838ae3e5
[INFO] [stdout]                                at /rustc/1b7dd2252b99671ce5d1cb9664c5f8636329436d/library/test/src/lib.rs:646:30
[INFO] [stdout]   26:     0x55c6fc02da1c - core::ops::function::FnOnce::call_once{{vtable.shim}}::he8ac2b00f01ae79e
[INFO] [stdout]                                at /rustc/1b7dd2252b99671ce5d1cb9664c5f8636329436d/library/core/src/ops/function.rs:250:5
[INFO] [stdout]   27:     0x55c6fc05f306 - <alloc::boxed::Box<F,A> as core::ops::function::FnOnce<Args>>::call_once::h8093d25b522725ef
[INFO] [stdout]                                at /rustc/1b7dd2252b99671ce5d1cb9664c5f8636329436d/library/alloc/src/boxed.rs:1973:9
[INFO] [stdout]   28:     0x55c6fc05f306 - <core::panic::unwind_safe::AssertUnwindSafe<F> as core::ops::function::FnOnce<()>>::call_once::h5c334c204e4a3913
[INFO] [stdout]                                at /rustc/1b7dd2252b99671ce5d1cb9664c5f8636329436d/library/core/src/panic/unwind_safe.rs:271:9
[INFO] [stdout]   29:     0x55c6fc05f306 - std::panicking::try::do_call::ha8b740c7b9478074
[INFO] [stdout]                                at /rustc/1b7dd2252b99671ce5d1cb9664c5f8636329436d/library/std/src/panicking.rs:485:40
[INFO] [stdout]   30:     0x55c6fc05f306 - std::panicking::try::h5d34f63d0e41b64e
[INFO] [stdout]                                at /rustc/1b7dd2252b99671ce5d1cb9664c5f8636329436d/library/std/src/panicking.rs:449:19
[INFO] [stdout]   31:     0x55c6fc05f306 - std::panic::catch_unwind::hcfbb511e1aa7fc67
[INFO] [stdout]                                at /rustc/1b7dd2252b99671ce5d1cb9664c5f8636329436d/library/std/src/panic.rs:140:14
[INFO] [stdout]   32:     0x55c6fc05f306 - test::run_test_in_process::h9abda90f802eaf21
[INFO] [stdout]                                at /rustc/1b7dd2252b99671ce5d1cb9664c5f8636329436d/library/test/src/lib.rs:678:27
[INFO] [stdout]   33:     0x55c6fc05f306 - test::run_test::run_test_inner::{{closure}}::h0f058de91f6c6edf
[INFO] [stdout]                                at /rustc/1b7dd2252b99671ce5d1cb9664c5f8636329436d/library/test/src/lib.rs:572:39
[INFO] [stdout]   34:     0x55c6fc028225 - test::run_test::run_test_inner::{{closure}}::h5ca48a4c59c6c1fb
[INFO] [stdout]                                at /rustc/1b7dd2252b99671ce5d1cb9664c5f8636329436d/library/test/src/lib.rs:599:37
[INFO] [stdout]   35:     0x55c6fc028225 - std::sys_common::backtrace::__rust_begin_short_backtrace::h32bd51e1495d4a33
[INFO] [stdout]                                at /rustc/1b7dd2252b99671ce5d1cb9664c5f8636329436d/library/std/src/sys_common/backtrace.rs:134:18
[INFO] [stdout]   36:     0x55c6fc02d761 - std::thread::Builder::spawn_unchecked_::{{closure}}::{{closure}}::hc086fae9b128b2db
[INFO] [stdout]                                at /rustc/1b7dd2252b99671ce5d1cb9664c5f8636329436d/library/std/src/thread/mod.rs:526:17
[INFO] [stdout]   37:     0x55c6fc02d761 - <core::panic::unwind_safe::AssertUnwindSafe<F> as core::ops::function::FnOnce<()>>::call_once::hb66571888d270d43
[INFO] [stdout]                                at /rustc/1b7dd2252b99671ce5d1cb9664c5f8636329436d/library/core/src/panic/unwind_safe.rs:271:9
[INFO] [stdout]   38:     0x55c6fc02d761 - std::panicking::try::do_call::h4fa2ef4f6e51fecf
[INFO] [stdout]                                at /rustc/1b7dd2252b99671ce5d1cb9664c5f8636329436d/library/std/src/panicking.rs:485:40
[INFO] [stdout]   39:     0x55c6fc02d761 - std::panicking::try::h1e9e22b8584489b5
[INFO] [stdout]                                at /rustc/1b7dd2252b99671ce5d1cb9664c5f8636329436d/library/std/src/panicking.rs:449:19
[INFO] [stdout]   40:     0x55c6fc02d761 - std::panic::catch_unwind::h44698a3de0e0769e
[INFO] [stdout]                                at /rustc/1b7dd2252b99671ce5d1cb9664c5f8636329436d/library/std/src/panic.rs:140:14
[INFO] [stdout]   41:     0x55c6fc02d761 - std::thread::Builder::spawn_unchecked_::{{closure}}::h50153abde3fe239e
[INFO] [stdout]                                at /rustc/1b7dd2252b99671ce5d1cb9664c5f8636329436d/library/std/src/thread/mod.rs:525:30
[INFO] [stdout]   42:     0x55c6fc02d761 - core::ops::function::FnOnce::call_once{{vtable.shim}}::hbe5bbf6f38394364
[INFO] [stdout]                                at /rustc/1b7dd2252b99671ce5d1cb9664c5f8636329436d/library/core/src/ops/function.rs:250:5
[INFO] [stdout]   43:     0x55c6fc1680c5 - <alloc::boxed::Box<F,A> as core::ops::function::FnOnce<Args>>::call_once::h0d83cb2920a49046
[INFO] [stdout]                                at /rustc/1b7dd2252b99671ce5d1cb9664c5f8636329436d/library/alloc/src/boxed.rs:1973:9
[INFO] [stdout]   44:     0x55c6fc1680c5 - <alloc::boxed::Box<F,A> as core::ops::function::FnOnce<Args>>::call_once::hbe0a008aa7d9ef59
[INFO] [stdout]                                at /rustc/1b7dd2252b99671ce5d1cb9664c5f8636329436d/library/alloc/src/boxed.rs:1973:9
[INFO] [stdout]   45:     0x55c6fc1680c5 - std::sys::unix::thread::Thread::new::thread_start::h3a466996bdf6b1f9
[INFO] [stdout]                                at /rustc/1b7dd2252b99671ce5d1cb9664c5f8636329436d/library/std/src/sys/unix/thread.rs:108:17
[INFO] [stdout]   46:     0x7fce03012b43 - <unknown>
[INFO] [stdout]   47:     0x7fce030a3bb4 - __clone
[INFO] [stdout]   48:                0x0 - <unknown>
[INFO] [stdout] 
[INFO] [stdout] 
[INFO] [stdout] failures:
[INFO] [stdout]     tests::classic::clvmc::test_compile_clvm_function_1
[INFO] [stdout]     tests::classic::clvmc::test_compile_clvm_with_previous_data
[INFO] [stdout]     tests::classic::run::test_classic_sets_source_file_in_symbols
[INFO] [stdout]     tests::classic::run::test_classic_sets_source_file_in_symbols_only_when_asked
[INFO] [stdout]     tests::classic::run::test_modern_sets_source_file_in_symbols
[INFO] [stdout]     tests::classic::run::test_treehash_constant_embedded_modern
[INFO] [stdout]     tests::classic::run::test_treehash_constant_embedded_modern_fun
[INFO] [stdout] 
[INFO] [stdout] test result: FAILED. 257 passed; 7 failed; 0 ignored; 0 measured; 0 filtered out; finished in 62.41s
[INFO] [stdout] 
[INFO] [stderr] error: test failed, to rerun pass `--lib`
[INFO] running `Command { std: "docker" "inspect" "aab0bbfb36031de26510d4fd18e5177a36ceec4046497c6d7041c91789d28f26", kill_on_drop: false }`
[INFO] running `Command { std: "docker" "rm" "-f" "aab0bbfb36031de26510d4fd18e5177a36ceec4046497c6d7041c91789d28f26", kill_on_drop: false }`
[INFO] [stdout] aab0bbfb36031de26510d4fd18e5177a36ceec4046497c6d7041c91789d28f26
