[INFO] fetching crate cloyster 0.1.0-alpha.0...
[INFO] testing cloyster-0.1.0-alpha.0 against 1.69.0 for beta-1.70-1
[INFO] extracting crate cloyster 0.1.0-alpha.0 into /workspace/builds/worker-7-tc1/source
[INFO] validating manifest of crates.io crate cloyster 0.1.0-alpha.0 on toolchain 1.69.0
[INFO] running `Command { std: CARGO_HOME="/workspace/cargo-home" RUSTUP_HOME="/workspace/rustup-home" "/workspace/cargo-home/bin/cargo" "+1.69.0" "metadata" "--manifest-path" "Cargo.toml" "--no-deps", kill_on_drop: false }`
[INFO] started tweaking crates.io crate cloyster 0.1.0-alpha.0
[INFO] finished tweaking crates.io crate cloyster 0.1.0-alpha.0
[INFO] tweaked toml for crates.io crate cloyster 0.1.0-alpha.0 written to /workspace/builds/worker-7-tc1/source/Cargo.toml
[INFO] crate crates.io crate cloyster 0.1.0-alpha.0 already has a lockfile, it will not be regenerated
[INFO] running `Command { std: CARGO_HOME="/workspace/cargo-home" RUSTUP_HOME="/workspace/rustup-home" "/workspace/cargo-home/bin/cargo" "+1.69.0" "fetch" "--manifest-path" "Cargo.toml", kill_on_drop: false }`
[INFO] [stderr]     Blocking waiting for file lock on package cache
[INFO] [stderr]  Downloading crates ...
[INFO] [stderr]   Downloaded compare v0.1.0
[INFO] [stderr]   Downloaded binary-heap-plus v0.4.1
[INFO] [stderr]   Downloaded serde_derive v1.0.133
[INFO] [stderr]   Downloaded rustversion v1.0.6
[INFO] [stderr]   Downloaded pin-project-lite v0.2.8
[INFO] [stderr]   Downloaded crc32fast v1.3.0
[INFO] [stderr]   Downloaded crossbeam-epoch v0.9.5
[INFO] [stderr]   Downloaded crossbeam-utils v0.8.5
[INFO] [stderr]   Downloaded generator v0.7.0
[INFO] [stderr]   Downloaded loom v0.5.4
[INFO] [stderr]   Downloaded serde v1.0.133
[INFO] [stderr]   Downloaded crossbeam-channel v0.5.1
[INFO] [stderr]   Downloaded serde_json v1.0.74
[INFO] [stderr]   Downloaded im v15.0.0
[INFO] [stderr]   Downloaded syn v1.0.84
[INFO] [stderr]   Downloaded blake3 v1.2.0
[INFO] [stderr]   Downloaded tracing-subscriber v0.3.5
[INFO] [stderr]   Downloaded libc v0.2.112
[INFO] running `Command { std: "docker" "create" "-v" "/var/lib/crater-agent-workspace/builds/worker-7-tc1/target:/opt/rustwide/target:rw,Z" "-v" "/var/lib/crater-agent-workspace/builds/worker-7-tc1/source:/opt/rustwide/workdir:ro,Z" "-v" "/var/lib/crater-agent-workspace/cargo-home:/opt/rustwide/cargo-home:ro,Z" "-v" "/var/lib/crater-agent-workspace/rustup-home:/opt/rustwide/rustup-home:ro,Z" "-e" "SOURCE_DIR=/opt/rustwide/workdir" "-e" "CARGO_TARGET_DIR=/opt/rustwide/target" "-e" "CARGO_HOME=/opt/rustwide/cargo-home" "-e" "RUSTUP_HOME=/opt/rustwide/rustup-home" "-w" "/opt/rustwide/workdir" "-m" "1610612736" "--user" "0:0" "--network" "none" "ghcr.io/rust-lang/crates-build-env/linux@sha256:5ff2268d62e97bff2cde7d5815dd6ed5b47097566f13b8d0ca110b04b60e07ed" "/opt/rustwide/cargo-home/bin/cargo" "+1.69.0" "metadata" "--no-deps" "--format-version=1", kill_on_drop: false }`
[INFO] [stdout] 598f68470cc46eb90a244c3c8a05351d9f2f97f6e2816ff3afeceb4fc64e25cc
[INFO] running `Command { std: "docker" "start" "-a" "598f68470cc46eb90a244c3c8a05351d9f2f97f6e2816ff3afeceb4fc64e25cc", kill_on_drop: false }`
[INFO] running `Command { std: "docker" "inspect" "598f68470cc46eb90a244c3c8a05351d9f2f97f6e2816ff3afeceb4fc64e25cc", kill_on_drop: false }`
[INFO] running `Command { std: "docker" "rm" "-f" "598f68470cc46eb90a244c3c8a05351d9f2f97f6e2816ff3afeceb4fc64e25cc", kill_on_drop: false }`
[INFO] [stdout] 598f68470cc46eb90a244c3c8a05351d9f2f97f6e2816ff3afeceb4fc64e25cc
[INFO] running `Command { std: "docker" "create" "-v" "/var/lib/crater-agent-workspace/builds/worker-7-tc1/target:/opt/rustwide/target:rw,Z" "-v" "/var/lib/crater-agent-workspace/builds/worker-7-tc1/source:/opt/rustwide/workdir:ro,Z" "-v" "/var/lib/crater-agent-workspace/cargo-home:/opt/rustwide/cargo-home:ro,Z" "-v" "/var/lib/crater-agent-workspace/rustup-home:/opt/rustwide/rustup-home:ro,Z" "-e" "SOURCE_DIR=/opt/rustwide/workdir" "-e" "CARGO_TARGET_DIR=/opt/rustwide/target" "-e" "CARGO_INCREMENTAL=0" "-e" "RUST_BACKTRACE=full" "-e" "RUSTFLAGS=--cap-lints=warn" "-e" "RUSTDOCFLAGS=--cap-lints=warn" "-e" "CARGO_HOME=/opt/rustwide/cargo-home" "-e" "RUSTUP_HOME=/opt/rustwide/rustup-home" "-w" "/opt/rustwide/workdir" "-m" "1610612736" "--user" "0:0" "--network" "none" "ghcr.io/rust-lang/crates-build-env/linux@sha256:5ff2268d62e97bff2cde7d5815dd6ed5b47097566f13b8d0ca110b04b60e07ed" "/opt/rustwide/cargo-home/bin/cargo" "+1.69.0" "build" "--frozen" "--message-format=json", kill_on_drop: false }`
[INFO] [stdout] 68bbcc25e23fd0ab7f503ff831d5ccaf41dce7689270aa4fd9b89e2e8e001759
[INFO] running `Command { std: "docker" "start" "-a" "68bbcc25e23fd0ab7f503ff831d5ccaf41dce7689270aa4fd9b89e2e8e001759", kill_on_drop: false }`
[INFO] [stderr]    Compiling proc-macro2 v1.0.36
[INFO] [stderr]    Compiling unicode-xid v0.2.2
[INFO] [stderr]    Compiling version_check v0.9.4
[INFO] [stderr]    Compiling typenum v1.15.0
[INFO] [stderr]    Compiling syn v1.0.84
[INFO] [stderr]    Compiling libc v0.2.112
[INFO] [stderr]    Compiling crossbeam-utils v0.8.5
[INFO] [stderr]    Compiling autocfg v1.0.1
[INFO] [stderr]    Compiling serde_derive v1.0.133
[INFO] [stderr]    Compiling cc v1.0.72
[INFO] [stderr]    Compiling serde v1.0.133
[INFO] [stderr]    Compiling lazy_static v1.4.0
[INFO] [stderr]    Compiling scopeguard v1.1.0
[INFO] [stderr]    Compiling parking_lot_core v0.8.5
[INFO] [stderr]    Compiling instant v0.1.12
[INFO] [stderr]    Compiling log v0.4.14
[INFO] [stderr]    Compiling rand_core v0.5.1
[INFO] [stderr]    Compiling smallvec v1.7.0
[INFO] [stderr]    Compiling crossbeam-epoch v0.9.5
[INFO] [stderr]    Compiling crc32fast v1.3.0
[INFO] [stderr]    Compiling rand_xoshiro v0.4.0
[INFO] [stderr]    Compiling generic-array v0.14.4
[INFO] [stderr]    Compiling im v15.0.0
[INFO] [stderr]    Compiling lock_api v0.4.5
[INFO] [stderr]    Compiling arrayref v0.3.6
[INFO] [stderr]    Compiling arrayvec v0.7.2
[INFO] [stderr]    Compiling compare v0.1.0
[INFO] [stderr]    Compiling byteorder v1.4.3
[INFO] [stderr]    Compiling constant_time_eq v0.1.5
[INFO] [stderr]    Compiling memoffset v0.6.5
[INFO] [stderr]    Compiling crossbeam-channel v0.5.1
[INFO] [stderr]    Compiling binary-heap-plus v0.4.1
[INFO] [stderr]    Compiling once_cell v1.9.0
[INFO] [stderr]    Compiling either v1.6.1
[INFO] [stderr]    Compiling fxhash v0.2.1
[INFO] [stderr]    Compiling blake3 v1.2.0
[INFO] [stderr]    Compiling fs2 v0.4.3
[INFO] [stderr]    Compiling quote v1.0.14
[INFO] [stderr]    Compiling bitmaps v2.1.0
[INFO] [stderr]    Compiling parking_lot v0.11.2
[INFO] [stderr]    Compiling digest v0.9.0
[INFO] [stderr]    Compiling sized-chunks v0.6.5
[INFO] [stderr]    Compiling thiserror-impl v1.0.30
[INFO] [stderr]    Compiling thiserror v1.0.30
[INFO] [stderr]    Compiling bincode v1.3.3
[INFO] [stderr]    Compiling cloyster v0.1.0-alpha.0 (/opt/rustwide/workdir)
[INFO] [stdout] warning: use of deprecated method `std::sync::atomic::AtomicU64::compare_and_swap`: Use `compare_exchange` or `compare_exchange_weak` instead
[INFO] [stdout]    --> src/pagecache/iobuf.rs:819:31
[INFO] [stdout]     |
[INFO] [stdout] 819 |         let res = self.header.compare_and_swap(old, new, SeqCst);
[INFO] [stdout]     |                               ^^^^^^^^^^^^^^^^
[INFO] [stdout]     |
[INFO] [stdout]     = note: `#[warn(deprecated)]` on by default
[INFO] [stdout] 
[INFO] [stdout] 
[INFO] [stdout] warning: unused variable: `node`
[INFO] [stdout]   --> src/ds/dll.rs:62:13
[INFO] [stdout]    |
[INFO] [stdout] 62 |         let node = Node::new(item);
[INFO] [stdout]    |             ^^^^ help: if this is intentional, prefix it with an underscore: `_node`
[INFO] [stdout]    |
[INFO] [stdout]    = note: `#[warn(unused_variables)]` on by default
[INFO] [stdout] 
[INFO] [stdout] 
[INFO] [stdout] warning: associated function `new` is never used
[INFO] [stdout]   --> src/ds/dll.rs:11:12
[INFO] [stdout]    |
[INFO] [stdout] 11 |     pub fn new(item: Item) -> Self {
[INFO] [stdout]    |            ^^^
[INFO] [stdout]    |
[INFO] [stdout]    = note: `#[warn(dead_code)]` on by default
[INFO] [stdout] 
[INFO] [stdout] 
[INFO] [stdout] warning: method `remove` is never used
[INFO] [stdout]   --> src/ds/dll.rs:15:12
[INFO] [stdout]    |
[INFO] [stdout] 15 |     pub fn remove(&mut self) {
[INFO] [stdout]    |            ^^^^^^
[INFO] [stdout] 
[INFO] [stdout] 
[INFO] [stdout] warning: method `push_head` is never used
[INFO] [stdout]   --> src/ds/dll.rs:49:12
[INFO] [stdout]    |
[INFO] [stdout] 49 |     pub fn push_head(&mut self, item: Item) -> *mut Node<Item> {
[INFO] [stdout]    |            ^^^^^^^^^
[INFO] [stdout] 
[INFO] [stdout] 
[INFO] [stdout] warning: method `push_tail` is never used
[INFO] [stdout]   --> src/ds/dll.rs:60:12
[INFO] [stdout]    |
[INFO] [stdout] 60 |     pub fn push_tail(&mut self, item: Item) -> *mut Node<Item> {
[INFO] [stdout]    |            ^^^^^^^^^
[INFO] [stdout] 
[INFO] [stdout] 
[INFO] [stdout] warning: method `len` is never used
[INFO] [stdout]   --> src/ds/dll.rs:67:12
[INFO] [stdout]    |
[INFO] [stdout] 67 |     pub fn len(&self) -> usize {
[INFO] [stdout]    |            ^^^
[INFO] [stdout] 
[INFO] [stdout] 
[INFO] [stdout] warning: type alias `CasResult` is never used
[INFO] [stdout]  --> src/ds/stack.rs:6:6
[INFO] [stdout]   |
[INFO] [stdout] 6 | type CasResult<'g, T> = Either<Shared<'g, Node<T>>, (Shared<'g, Node<T>>, Owned<Node<T>>)>;
[INFO] [stdout]   |      ^^^^^^^^^
[INFO] [stdout] 
[INFO] [stdout] 
[INFO] [stdout] warning: method `head` is never used
[INFO] [stdout]   --> src/ds/stack.rs:66:12
[INFO] [stdout]    |
[INFO] [stdout] 66 |     pub fn head<'g>(&self, guard: &'g Guard) -> Shared<'g, Node<T>> {
[INFO] [stdout]    |            ^^^^
[INFO] [stdout] 
[INFO] [stdout] 
[INFO] [stdout] warning: method `push` is never used
[INFO] [stdout]   --> src/ds/stack.rs:70:12
[INFO] [stdout]    |
[INFO] [stdout] 70 |     pub fn push(&self, inner: T) {
[INFO] [stdout]    |            ^^^^
[INFO] [stdout] 
[INFO] [stdout] 
[INFO] [stdout] warning: method `cas` is never used
[INFO] [stdout]    --> src/ds/stack.rs:100:12
[INFO] [stdout]     |
[INFO] [stdout] 100 |     pub fn cas<'g>(
[INFO] [stdout]     |            ^^^
[INFO] [stdout] 
[INFO] [stdout] 
[INFO] [stdout] warning: method `cap` is never used
[INFO] [stdout]    --> src/ds/stack.rs:126:12
[INFO] [stdout]     |
[INFO] [stdout] 126 |     pub fn cap<'g>(
[INFO] [stdout]     |            ^^^
[INFO] [stdout] 
[INFO] [stdout] 
[INFO] [stdout] warning: field `guard` is never read
[INFO] [stdout]   --> src/iter.rs:13:5
[INFO] [stdout]    |
[INFO] [stdout] 7  | pub struct Iter {
[INFO] [stdout]    |            ---- field in this struct
[INFO] [stdout] ...
[INFO] [stdout] 13 |     guard: Guard,
[INFO] [stdout]    |     ^^^^^
[INFO] [stdout] 
[INFO] [stdout] 
[INFO] [stdout] warning: associated function `new` is never used
[INFO] [stdout]   --> src/lock.rs:23:18
[INFO] [stdout]    |
[INFO] [stdout] 23 |     pub const fn new(inner: T) -> FastLock<T> {
[INFO] [stdout]    |                  ^^^
[INFO] [stdout] 
[INFO] [stdout] 
[INFO] [stdout] warning: method `try_lock` is never used
[INFO] [stdout]   --> src/lock.rs:32:12
[INFO] [stdout]    |
[INFO] [stdout] 32 |     pub fn try_lock(&self) -> Option<FastLockGuard<'_, T>> {
[INFO] [stdout]    |            ^^^^^^^^
[INFO] [stdout] 
[INFO] [stdout] 
[INFO] [stdout] warning: method `pop` is never used
[INFO] [stdout]    --> src/pagecache/ds/stack.rs:102:8
[INFO] [stdout]     |
[INFO] [stdout] 102 |     fn pop(&self, guard: &Guard) -> Option<T> {
[INFO] [stdout]     |        ^^^
[INFO] [stdout] 
[INFO] [stdout] 
[INFO] [stdout] warning: unused return value of `Vec::<T, A>::split_off` that must be used
[INFO] [stdout]    --> src/pagecache/config.rs:385:9
[INFO] [stdout]     |
[INFO] [stdout] 385 |         buf.split_off(len - 4);
[INFO] [stdout]     |         ^^^^^^^^^^^^^^^^^^^^^^
[INFO] [stdout]     |
[INFO] [stdout]     = note: use `.truncate()` if you don't need the other half
[INFO] [stdout]     = note: `#[warn(unused_must_use)]` on by default
[INFO] [stdout] 
[INFO] [stdout] 
[INFO] [stdout] warning: unused return value of `Vec::<T, A>::split_off` that must be used
[INFO] [stdout]    --> src/pagecache/snapshot.rs:192:5
[INFO] [stdout]     |
[INFO] [stdout] 192 |     buf.split_off(len - 12);
[INFO] [stdout]     |     ^^^^^^^^^^^^^^^^^^^^^^^
[INFO] [stdout]     |
[INFO] [stdout]     = note: use `.truncate()` if you don't need the other half
[INFO] [stdout] 
[INFO] [stdout] 
[INFO] [stdout] warning: 18 warnings emitted
[INFO] [stdout] 
[INFO] [stdout] 
[INFO] [stderr]     Finished dev [unoptimized + debuginfo] target(s) in 27.74s
[INFO] running `Command { std: "docker" "inspect" "68bbcc25e23fd0ab7f503ff831d5ccaf41dce7689270aa4fd9b89e2e8e001759", kill_on_drop: false }`
[INFO] running `Command { std: "docker" "rm" "-f" "68bbcc25e23fd0ab7f503ff831d5ccaf41dce7689270aa4fd9b89e2e8e001759", kill_on_drop: false }`
[INFO] [stdout] 68bbcc25e23fd0ab7f503ff831d5ccaf41dce7689270aa4fd9b89e2e8e001759
[INFO] running `Command { std: "docker" "create" "-v" "/var/lib/crater-agent-workspace/builds/worker-7-tc1/target:/opt/rustwide/target:rw,Z" "-v" "/var/lib/crater-agent-workspace/builds/worker-7-tc1/source:/opt/rustwide/workdir:ro,Z" "-v" "/var/lib/crater-agent-workspace/cargo-home:/opt/rustwide/cargo-home:ro,Z" "-v" "/var/lib/crater-agent-workspace/rustup-home:/opt/rustwide/rustup-home:ro,Z" "-e" "SOURCE_DIR=/opt/rustwide/workdir" "-e" "CARGO_TARGET_DIR=/opt/rustwide/target" "-e" "CARGO_INCREMENTAL=0" "-e" "RUST_BACKTRACE=full" "-e" "RUSTFLAGS=--cap-lints=warn" "-e" "RUSTDOCFLAGS=--cap-lints=warn" "-e" "CARGO_HOME=/opt/rustwide/cargo-home" "-e" "RUSTUP_HOME=/opt/rustwide/rustup-home" "-w" "/opt/rustwide/workdir" "-m" "1610612736" "--user" "0:0" "--network" "none" "ghcr.io/rust-lang/crates-build-env/linux@sha256:5ff2268d62e97bff2cde7d5815dd6ed5b47097566f13b8d0ca110b04b60e07ed" "/opt/rustwide/cargo-home/bin/cargo" "+1.69.0" "test" "--frozen" "--no-run" "--message-format=json", kill_on_drop: false }`
[INFO] [stdout] 21daf4faa2e399f2cc3eac7f03245e605662e4bf1e6750c2f540735aa6f635c9
[INFO] running `Command { std: "docker" "start" "-a" "21daf4faa2e399f2cc3eac7f03245e605662e4bf1e6750c2f540735aa6f635c9", kill_on_drop: false }`
[INFO] [stderr]    Compiling memchr v2.4.1
[INFO] [stderr]    Compiling regex-syntax v0.6.25
[INFO] [stderr]    Compiling getrandom v0.2.3
[INFO] [stderr]    Compiling ppv-lite86 v0.2.16
[INFO] [stderr]    Compiling atty v0.2.14
[INFO] [stderr]    Compiling humantime v2.1.0
[INFO] [stderr]    Compiling termcolor v1.1.2
[INFO] [stdout] warning: use of deprecated method `std::sync::atomic::AtomicU64::compare_and_swap`: Use `compare_exchange` or `compare_exchange_weak` instead
[INFO] [stdout]    --> src/pagecache/iobuf.rs:819:31
[INFO] [stdout]     |
[INFO] [stdout] 819 |         let res = self.header.compare_and_swap(old, new, SeqCst);
[INFO] [stdout]     |                               ^^^^^^^^^^^^^^^^
[INFO] [stdout]     |
[INFO] [stdout]     = note: `#[warn(deprecated)]` on by default
[INFO] [stdout] 
[INFO] [stdout] 
[INFO] [stdout] warning: unused variable: `node`
[INFO] [stdout]   --> src/ds/dll.rs:62:13
[INFO] [stdout]    |
[INFO] [stdout] 62 |         let node = Node::new(item);
[INFO] [stdout]    |             ^^^^ help: if this is intentional, prefix it with an underscore: `_node`
[INFO] [stdout]    |
[INFO] [stdout]    = note: `#[warn(unused_variables)]` on by default
[INFO] [stdout] 
[INFO] [stdout] 
[INFO] [stdout] warning: associated function `new` is never used
[INFO] [stdout]   --> src/ds/dll.rs:11:12
[INFO] [stdout]    |
[INFO] [stdout] 11 |     pub fn new(item: Item) -> Self {
[INFO] [stdout]    |            ^^^
[INFO] [stdout]    |
[INFO] [stdout]    = note: `#[warn(dead_code)]` on by default
[INFO] [stdout] 
[INFO] [stdout] 
[INFO] [stdout] warning: method `remove` is never used
[INFO] [stdout]   --> src/ds/dll.rs:15:12
[INFO] [stdout]    |
[INFO] [stdout] 15 |     pub fn remove(&mut self) {
[INFO] [stdout]    |            ^^^^^^
[INFO] [stdout] 
[INFO] [stdout] 
[INFO] [stdout] warning: method `push_head` is never used
[INFO] [stdout]   --> src/ds/dll.rs:49:12
[INFO] [stdout]    |
[INFO] [stdout] 49 |     pub fn push_head(&mut self, item: Item) -> *mut Node<Item> {
[INFO] [stdout]    |            ^^^^^^^^^
[INFO] [stdout] 
[INFO] [stdout] 
[INFO] [stdout] warning: method `push_tail` is never used
[INFO] [stdout]   --> src/ds/dll.rs:60:12
[INFO] [stdout]    |
[INFO] [stdout] 60 |     pub fn push_tail(&mut self, item: Item) -> *mut Node<Item> {
[INFO] [stdout]    |            ^^^^^^^^^
[INFO] [stdout] 
[INFO] [stdout] 
[INFO] [stdout] warning: method `len` is never used
[INFO] [stdout]   --> src/ds/dll.rs:67:12
[INFO] [stdout]    |
[INFO] [stdout] 67 |     pub fn len(&self) -> usize {
[INFO] [stdout]    |            ^^^
[INFO] [stdout] 
[INFO] [stdout] 
[INFO] [stdout] warning: type alias `CasResult` is never used
[INFO] [stdout]  --> src/ds/stack.rs:6:6
[INFO] [stdout]   |
[INFO] [stdout] 6 | type CasResult<'g, T> = Either<Shared<'g, Node<T>>, (Shared<'g, Node<T>>, Owned<Node<T>>)>;
[INFO] [stdout]   |      ^^^^^^^^^
[INFO] [stdout] 
[INFO] [stdout] 
[INFO] [stdout] warning: method `head` is never used
[INFO] [stdout]   --> src/ds/stack.rs:66:12
[INFO] [stdout]    |
[INFO] [stdout] 66 |     pub fn head<'g>(&self, guard: &'g Guard) -> Shared<'g, Node<T>> {
[INFO] [stdout]    |            ^^^^
[INFO] [stdout] 
[INFO] [stdout] 
[INFO] [stdout] warning: method `push` is never used
[INFO] [stdout]   --> src/ds/stack.rs:70:12
[INFO] [stdout]    |
[INFO] [stdout] 70 |     pub fn push(&self, inner: T) {
[INFO] [stdout]    |            ^^^^
[INFO] [stdout] 
[INFO] [stdout] 
[INFO] [stdout] warning: method `cas` is never used
[INFO] [stdout]    --> src/ds/stack.rs:100:12
[INFO] [stdout]     |
[INFO] [stdout] 100 |     pub fn cas<'g>(
[INFO] [stdout]     |            ^^^
[INFO] [stdout] 
[INFO] [stdout] 
[INFO] [stdout] warning: method `cap` is never used
[INFO] [stdout]    --> src/ds/stack.rs:126:12
[INFO] [stdout]     |
[INFO] [stdout] 126 |     pub fn cap<'g>(
[INFO] [stdout]     |            ^^^
[INFO] [stdout] 
[INFO] [stdout] 
[INFO] [stdout] warning: field `guard` is never read
[INFO] [stdout]   --> src/iter.rs:13:5
[INFO] [stdout]    |
[INFO] [stdout] 7  | pub struct Iter {
[INFO] [stdout]    |            ---- field in this struct
[INFO] [stdout] ...
[INFO] [stdout] 13 |     guard: Guard,
[INFO] [stdout]    |     ^^^^^
[INFO] [stdout] 
[INFO] [stdout] 
[INFO] [stdout] warning: associated function `new` is never used
[INFO] [stdout]   --> src/lock.rs:23:18
[INFO] [stdout]    |
[INFO] [stdout] 23 |     pub const fn new(inner: T) -> FastLock<T> {
[INFO] [stdout]    |                  ^^^
[INFO] [stdout] 
[INFO] [stdout] 
[INFO] [stdout] warning: method `try_lock` is never used
[INFO] [stdout]   --> src/lock.rs:32:12
[INFO] [stdout]    |
[INFO] [stdout] 32 |     pub fn try_lock(&self) -> Option<FastLockGuard<'_, T>> {
[INFO] [stdout]    |            ^^^^^^^^
[INFO] [stdout] 
[INFO] [stdout] 
[INFO] [stdout] warning: method `pop` is never used
[INFO] [stdout]    --> src/pagecache/ds/stack.rs:102:8
[INFO] [stdout]     |
[INFO] [stdout] 102 |     fn pop(&self, guard: &Guard) -> Option<T> {
[INFO] [stdout]     |        ^^^
[INFO] [stdout] 
[INFO] [stdout] 
[INFO] [stdout] warning: unused return value of `Vec::<T, A>::split_off` that must be used
[INFO] [stdout]    --> src/pagecache/config.rs:385:9
[INFO] [stdout]     |
[INFO] [stdout] 385 |         buf.split_off(len - 4);
[INFO] [stdout]     |         ^^^^^^^^^^^^^^^^^^^^^^
[INFO] [stdout]     |
[INFO] [stdout]     = note: use `.truncate()` if you don't need the other half
[INFO] [stdout]     = note: `#[warn(unused_must_use)]` on by default
[INFO] [stdout] 
[INFO] [stdout] 
[INFO] [stdout] warning: unused return value of `Vec::<T, A>::split_off` that must be used
[INFO] [stdout]    --> src/pagecache/snapshot.rs:192:5
[INFO] [stdout]     |
[INFO] [stdout] 192 |     buf.split_off(len - 12);
[INFO] [stdout]     |     ^^^^^^^^^^^^^^^^^^^^^^^
[INFO] [stdout]     |
[INFO] [stdout]     = note: use `.truncate()` if you don't need the other half
[INFO] [stdout] 
[INFO] [stdout] 
[INFO] [stdout] warning: 18 warnings emitted
[INFO] [stdout] 
[INFO] [stdout] 
[INFO] [stderr]    Compiling rand_core v0.6.3
[INFO] [stderr]    Compiling rand_chacha v0.3.1
[INFO] [stderr]    Compiling aho-corasick v0.7.18
[INFO] [stderr]    Compiling rand v0.8.4
[INFO] [stderr]    Compiling regex v1.5.4
[INFO] [stderr]    Compiling env_logger v0.9.0
[INFO] [stderr]    Compiling cloyster v0.1.0-alpha.0 (/opt/rustwide/workdir)
[INFO] [stdout] warning: unused import: `Config`
[INFO] [stdout]  --> examples/demo.rs:2:38
[INFO] [stdout]   |
[INFO] [stdout] 2 | use cloyster::pagecache::{self, pin, Config, Materializer};
[INFO] [stdout]   |                                      ^^^^^^
[INFO] [stdout]   |
[INFO] [stdout]   = note: `#[warn(unused_imports)]` on by default
[INFO] [stdout] 
[INFO] [stdout] 
[INFO] [stdout] warning: value assigned to `key` is never read
[INFO] [stdout]   --> examples/demo.rs:33:9
[INFO] [stdout]    |
[INFO] [stdout] 33 |         key = pc.link(id, key, TestState("c".to_owned()), &guard).unwrap().unwrap();
[INFO] [stdout]    |         ^^^
[INFO] [stdout]    |
[INFO] [stdout]    = help: maybe it is overwritten before being read?
[INFO] [stdout]    = note: `#[warn(unused_assignments)]` on by default
[INFO] [stdout] 
[INFO] [stdout] 
[INFO] [stdout] warning: unused variable: `key`
[INFO] [stdout]   --> examples/demo.rs:41:18
[INFO] [stdout]    |
[INFO] [stdout] 41 |         let (mut key, page, size_on_disk) = pc.get(id, &guard).unwrap().unwrap();
[INFO] [stdout]    |                  ^^^ help: if this is intentional, prefix it with an underscore: `_key`
[INFO] [stdout]    |
[INFO] [stdout]    = note: `#[warn(unused_variables)]` on by default
[INFO] [stdout] 
[INFO] [stdout] 
[INFO] [stdout] warning: unused variable: `size_on_disk`
[INFO] [stdout]   --> examples/demo.rs:41:29
[INFO] [stdout]    |
[INFO] [stdout] 41 |         let (mut key, page, size_on_disk) = pc.get(id, &guard).unwrap().unwrap();
[INFO] [stdout]    |                             ^^^^^^^^^^^^ help: if this is intentional, prefix it with an underscore: `_size_on_disk`
[INFO] [stdout] 
[INFO] [stdout] 
[INFO] [stdout] warning: variable does not need to be mutable
[INFO] [stdout]   --> examples/demo.rs:41:14
[INFO] [stdout]    |
[INFO] [stdout] 41 |         let (mut key, page, size_on_disk) = pc.get(id, &guard).unwrap().unwrap();
[INFO] [stdout]    |              ----^^^
[INFO] [stdout]    |              |
[INFO] [stdout]    |              help: remove this `mut`
[INFO] [stdout]    |
[INFO] [stdout]    = note: `#[warn(unused_mut)]` on by default
[INFO] [stdout] 
[INFO] [stdout] 
[INFO] [stdout] warning: use of deprecated method `std::sync::atomic::AtomicU64::compare_and_swap`: Use `compare_exchange` or `compare_exchange_weak` instead
[INFO] [stdout]    --> src/pagecache/iobuf.rs:819:31
[INFO] [stdout]     |
[INFO] [stdout] 819 |         let res = self.header.compare_and_swap(old, new, SeqCst);
[INFO] [stdout]     |                               ^^^^^^^^^^^^^^^^
[INFO] [stdout]     |
[INFO] [stdout]     = note: `#[warn(deprecated)]` on by default
[INFO] [stdout] 
[INFO] [stdout] 
[INFO] [stdout] warning: unused variable: `node`
[INFO] [stdout]   --> src/ds/dll.rs:62:13
[INFO] [stdout]    |
[INFO] [stdout] 62 |         let node = Node::new(item);
[INFO] [stdout]    |             ^^^^ help: if this is intentional, prefix it with an underscore: `_node`
[INFO] [stdout]    |
[INFO] [stdout]    = note: `#[warn(unused_variables)]` on by default
[INFO] [stdout] 
[INFO] [stdout] 
[INFO] [stdout] warning: 5 warnings emitted
[INFO] [stdout] 
[INFO] [stdout] 
[INFO] [stdout] warning: associated function `new` is never used
[INFO] [stdout]   --> src/ds/dll.rs:11:12
[INFO] [stdout]    |
[INFO] [stdout] 11 |     pub fn new(item: Item) -> Self {
[INFO] [stdout]    |            ^^^
[INFO] [stdout]    |
[INFO] [stdout]    = note: `#[warn(dead_code)]` on by default
[INFO] [stdout] 
[INFO] [stdout] 
[INFO] [stdout] warning: method `remove` is never used
[INFO] [stdout]   --> src/ds/dll.rs:15:12
[INFO] [stdout]    |
[INFO] [stdout] 15 |     pub fn remove(&mut self) {
[INFO] [stdout]    |            ^^^^^^
[INFO] [stdout] 
[INFO] [stdout] 
[INFO] [stdout] warning: method `push_head` is never used
[INFO] [stdout]   --> src/ds/dll.rs:49:12
[INFO] [stdout]    |
[INFO] [stdout] 49 |     pub fn push_head(&mut self, item: Item) -> *mut Node<Item> {
[INFO] [stdout]    |            ^^^^^^^^^
[INFO] [stdout] 
[INFO] [stdout] 
[INFO] [stdout] warning: method `push_tail` is never used
[INFO] [stdout]   --> src/ds/dll.rs:60:12
[INFO] [stdout]    |
[INFO] [stdout] 60 |     pub fn push_tail(&mut self, item: Item) -> *mut Node<Item> {
[INFO] [stdout]    |            ^^^^^^^^^
[INFO] [stdout] 
[INFO] [stdout] 
[INFO] [stdout] warning: method `len` is never used
[INFO] [stdout]   --> src/ds/dll.rs:67:12
[INFO] [stdout]    |
[INFO] [stdout] 67 |     pub fn len(&self) -> usize {
[INFO] [stdout]    |            ^^^
[INFO] [stdout] 
[INFO] [stdout] 
[INFO] [stdout] warning: type alias `CasResult` is never used
[INFO] [stdout]  --> src/ds/stack.rs:6:6
[INFO] [stdout]   |
[INFO] [stdout] 6 | type CasResult<'g, T> = Either<Shared<'g, Node<T>>, (Shared<'g, Node<T>>, Owned<Node<T>>)>;
[INFO] [stdout]   |      ^^^^^^^^^
[INFO] [stdout] 
[INFO] [stdout] 
[INFO] [stdout] warning: method `head` is never used
[INFO] [stdout]   --> src/ds/stack.rs:66:12
[INFO] [stdout]    |
[INFO] [stdout] 66 |     pub fn head<'g>(&self, guard: &'g Guard) -> Shared<'g, Node<T>> {
[INFO] [stdout]    |            ^^^^
[INFO] [stdout] 
[INFO] [stdout] 
[INFO] [stdout] warning: method `push` is never used
[INFO] [stdout]   --> src/ds/stack.rs:70:12
[INFO] [stdout]    |
[INFO] [stdout] 70 |     pub fn push(&self, inner: T) {
[INFO] [stdout]    |            ^^^^
[INFO] [stdout] 
[INFO] [stdout] 
[INFO] [stdout] warning: method `cas` is never used
[INFO] [stdout]    --> src/ds/stack.rs:100:12
[INFO] [stdout]     |
[INFO] [stdout] 100 |     pub fn cas<'g>(
[INFO] [stdout]     |            ^^^
[INFO] [stdout] 
[INFO] [stdout] 
[INFO] [stdout] warning: method `cap` is never used
[INFO] [stdout]    --> src/ds/stack.rs:126:12
[INFO] [stdout]     |
[INFO] [stdout] 126 |     pub fn cap<'g>(
[INFO] [stdout]     |            ^^^
[INFO] [stdout] 
[INFO] [stdout] 
[INFO] [stdout] warning: field `guard` is never read
[INFO] [stdout]   --> src/iter.rs:13:5
[INFO] [stdout]    |
[INFO] [stdout] 7  | pub struct Iter {
[INFO] [stdout]    |            ---- field in this struct
[INFO] [stdout] ...
[INFO] [stdout] 13 |     guard: Guard,
[INFO] [stdout]    |     ^^^^^
[INFO] [stdout] 
[INFO] [stdout] 
[INFO] [stdout] warning: associated function `new` is never used
[INFO] [stdout]   --> src/lock.rs:23:18
[INFO] [stdout]    |
[INFO] [stdout] 23 |     pub const fn new(inner: T) -> FastLock<T> {
[INFO] [stdout]    |                  ^^^
[INFO] [stdout] 
[INFO] [stdout] 
[INFO] [stdout] warning: method `try_lock` is never used
[INFO] [stdout]   --> src/lock.rs:32:12
[INFO] [stdout]    |
[INFO] [stdout] 32 |     pub fn try_lock(&self) -> Option<FastLockGuard<'_, T>> {
[INFO] [stdout]    |            ^^^^^^^^
[INFO] [stdout] 
[INFO] [stdout] 
[INFO] [stdout] warning: unused return value of `Vec::<T, A>::split_off` that must be used
[INFO] [stdout]    --> src/pagecache/config.rs:385:9
[INFO] [stdout]     |
[INFO] [stdout] 385 |         buf.split_off(len - 4);
[INFO] [stdout]     |         ^^^^^^^^^^^^^^^^^^^^^^
[INFO] [stdout]     |
[INFO] [stdout]     = note: use `.truncate()` if you don't need the other half
[INFO] [stdout]     = note: `#[warn(unused_must_use)]` on by default
[INFO] [stdout] 
[INFO] [stdout] 
[INFO] [stdout] warning: unused return value of `Vec::<T, A>::split_off` that must be used
[INFO] [stdout]    --> src/pagecache/snapshot.rs:192:5
[INFO] [stdout]     |
[INFO] [stdout] 192 |     buf.split_off(len - 12);
[INFO] [stdout]     |     ^^^^^^^^^^^^^^^^^^^^^^^
[INFO] [stdout]     |
[INFO] [stdout]     = note: use `.truncate()` if you don't need the other half
[INFO] [stdout] 
[INFO] [stdout] 
[INFO] [stdout] warning: 17 warnings emitted
[INFO] [stdout] 
[INFO] [stdout] 
[INFO] [stderr]     Finished test [unoptimized + debuginfo] target(s) in 16.43s
[INFO] running `Command { std: "docker" "inspect" "21daf4faa2e399f2cc3eac7f03245e605662e4bf1e6750c2f540735aa6f635c9", kill_on_drop: false }`
[INFO] running `Command { std: "docker" "rm" "-f" "21daf4faa2e399f2cc3eac7f03245e605662e4bf1e6750c2f540735aa6f635c9", kill_on_drop: false }`
[INFO] [stdout] 21daf4faa2e399f2cc3eac7f03245e605662e4bf1e6750c2f540735aa6f635c9
[INFO] running `Command { std: "docker" "create" "-v" "/var/lib/crater-agent-workspace/builds/worker-7-tc1/target:/opt/rustwide/target:rw,Z" "-v" "/var/lib/crater-agent-workspace/builds/worker-7-tc1/source:/opt/rustwide/workdir:ro,Z" "-v" "/var/lib/crater-agent-workspace/cargo-home:/opt/rustwide/cargo-home:ro,Z" "-v" "/var/lib/crater-agent-workspace/rustup-home:/opt/rustwide/rustup-home:ro,Z" "-e" "SOURCE_DIR=/opt/rustwide/workdir" "-e" "CARGO_TARGET_DIR=/opt/rustwide/target" "-e" "CARGO_INCREMENTAL=0" "-e" "RUST_BACKTRACE=full" "-e" "RUSTFLAGS=--cap-lints=warn" "-e" "RUSTDOCFLAGS=--cap-lints=warn" "-e" "CARGO_HOME=/opt/rustwide/cargo-home" "-e" "RUSTUP_HOME=/opt/rustwide/rustup-home" "-w" "/opt/rustwide/workdir" "-m" "1610612736" "--user" "0:0" "--network" "none" "ghcr.io/rust-lang/crates-build-env/linux@sha256:5ff2268d62e97bff2cde7d5815dd6ed5b47097566f13b8d0ca110b04b60e07ed" "/opt/rustwide/cargo-home/bin/cargo" "+1.69.0" "test" "--frozen", kill_on_drop: false }`
[INFO] [stdout] 3585987e08581011c98bd4d82a5a2b3b19859a93694dc2ee8f903830721e3ef9
[INFO] running `Command { std: "docker" "start" "-a" "3585987e08581011c98bd4d82a5a2b3b19859a93694dc2ee8f903830721e3ef9", kill_on_drop: false }`
[INFO] [stderr]     Blocking waiting for file lock on package cache
[INFO] [stderr] warning: use of deprecated method `std::sync::atomic::AtomicU64::compare_and_swap`: Use `compare_exchange` or `compare_exchange_weak` instead
[INFO] [stderr]    --> src/pagecache/iobuf.rs:819:31
[INFO] [stderr]     |
[INFO] [stderr] 819 |         let res = self.header.compare_and_swap(old, new, SeqCst);
[INFO] [stderr]     |                               ^^^^^^^^^^^^^^^^
[INFO] [stderr]     |
[INFO] [stderr]     = note: `#[warn(deprecated)]` on by default
[INFO] [stderr] 
[INFO] [stderr] warning: unused variable: `node`
[INFO] [stderr]   --> src/ds/dll.rs:62:13
[INFO] [stderr]    |
[INFO] [stderr] 62 |         let node = Node::new(item);
[INFO] [stderr]    |             ^^^^ help: if this is intentional, prefix it with an underscore: `_node`
[INFO] [stderr]    |
[INFO] [stderr]    = note: `#[warn(unused_variables)]` on by default
[INFO] [stderr] 
[INFO] [stderr] warning: associated function `new` is never used
[INFO] [stderr]   --> src/ds/dll.rs:11:12
[INFO] [stderr]    |
[INFO] [stderr] 11 |     pub fn new(item: Item) -> Self {
[INFO] [stderr]    |            ^^^
[INFO] [stderr]    |
[INFO] [stderr]    = note: `#[warn(dead_code)]` on by default
[INFO] [stderr] 
[INFO] [stderr] warning: method `remove` is never used
[INFO] [stderr]   --> src/ds/dll.rs:15:12
[INFO] [stderr]    |
[INFO] [stderr] 15 |     pub fn remove(&mut self) {
[INFO] [stderr]    |            ^^^^^^
[INFO] [stderr] 
[INFO] [stderr] warning: method `push_head` is never used
[INFO] [stderr]   --> src/ds/dll.rs:49:12
[INFO] [stderr]    |
[INFO] [stderr] 49 |     pub fn push_head(&mut self, item: Item) -> *mut Node<Item> {
[INFO] [stderr]    |            ^^^^^^^^^
[INFO] [stderr] 
[INFO] [stderr] warning: method `push_tail` is never used
[INFO] [stderr]   --> src/ds/dll.rs:60:12
[INFO] [stderr]    |
[INFO] [stderr] 60 |     pub fn push_tail(&mut self, item: Item) -> *mut Node<Item> {
[INFO] [stderr]    |            ^^^^^^^^^
[INFO] [stderr] 
[INFO] [stderr] warning: method `len` is never used
[INFO] [stderr]   --> src/ds/dll.rs:67:12
[INFO] [stderr]    |
[INFO] [stderr] 67 |     pub fn len(&self) -> usize {
[INFO] [stderr]    |            ^^^
[INFO] [stderr] 
[INFO] [stderr] warning: type alias `CasResult` is never used
[INFO] [stderr]  --> src/ds/stack.rs:6:6
[INFO] [stderr]   |
[INFO] [stderr] 6 | type CasResult<'g, T> = Either<Shared<'g, Node<T>>, (Shared<'g, Node<T>>, Owned<Node<T>>)>;
[INFO] [stderr]   |      ^^^^^^^^^
[INFO] [stderr] 
[INFO] [stderr] warning: method `head` is never used
[INFO] [stderr]   --> src/ds/stack.rs:66:12
[INFO] [stderr]    |
[INFO] [stderr] 66 |     pub fn head<'g>(&self, guard: &'g Guard) -> Shared<'g, Node<T>> {
[INFO] [stderr]    |            ^^^^
[INFO] [stderr] 
[INFO] [stderr] warning: method `push` is never used
[INFO] [stderr]   --> src/ds/stack.rs:70:12
[INFO] [stderr]    |
[INFO] [stderr] 70 |     pub fn push(&self, inner: T) {
[INFO] [stderr]    |            ^^^^
[INFO] [stderr] 
[INFO] [stderr] warning: method `cas` is never used
[INFO] [stderr]    --> src/ds/stack.rs:100:12
[INFO] [stderr]     |
[INFO] [stderr] 100 |     pub fn cas<'g>(
[INFO] [stderr]     |            ^^^
[INFO] [stderr] 
[INFO] [stderr] warning: method `cap` is never used
[INFO] [stderr]    --> src/ds/stack.rs:126:12
[INFO] [stderr]     |
[INFO] [stderr] 126 |     pub fn cap<'g>(
[INFO] [stderr]     |            ^^^
[INFO] [stderr] 
[INFO] [stderr] warning: field `guard` is never read
[INFO] [stderr]   --> src/iter.rs:13:5
[INFO] [stderr]    |
[INFO] [stderr] 7  | pub struct Iter {
[INFO] [stderr]    |            ---- field in this struct
[INFO] [stderr] ...
[INFO] [stderr] 13 |     guard: Guard,
[INFO] [stderr]    |     ^^^^^
[INFO] [stderr] 
[INFO] [stderr] warning: associated function `new` is never used
[INFO] [stderr]   --> src/lock.rs:23:18
[INFO] [stderr]    |
[INFO] [stderr] 23 |     pub const fn new(inner: T) -> FastLock<T> {
[INFO] [stderr]    |                  ^^^
[INFO] [stderr] 
[INFO] [stderr] warning: method `try_lock` is never used
[INFO] [stderr]   --> src/lock.rs:32:12
[INFO] [stderr]    |
[INFO] [stderr] 32 |     pub fn try_lock(&self) -> Option<FastLockGuard<'_, T>> {
[INFO] [stderr]    |            ^^^^^^^^
[INFO] [stderr] 
[INFO] [stderr] warning: method `pop` is never used
[INFO] [stderr]    --> src/pagecache/ds/stack.rs:102:8
[INFO] [stderr]     |
[INFO] [stderr] 102 |     fn pop(&self, guard: &Guard) -> Option<T> {
[INFO] [stderr]     |        ^^^
[INFO] [stderr] 
[INFO] [stderr] warning: unused return value of `Vec::<T, A>::split_off` that must be used
[INFO] [stderr]    --> src/pagecache/config.rs:385:9
[INFO] [stderr]     |
[INFO] [stderr] 385 |         buf.split_off(len - 4);
[INFO] [stderr]     |         ^^^^^^^^^^^^^^^^^^^^^^
[INFO] [stderr]     |
[INFO] [stderr]     = note: use `.truncate()` if you don't need the other half
[INFO] [stderr]     = note: `#[warn(unused_must_use)]` on by default
[INFO] [stderr] 
[INFO] [stderr] warning: unused return value of `Vec::<T, A>::split_off` that must be used
[INFO] [stderr]    --> src/pagecache/snapshot.rs:192:5
[INFO] [stderr]     |
[INFO] [stderr] 192 |     buf.split_off(len - 12);
[INFO] [stderr]     |     ^^^^^^^^^^^^^^^^^^^^^^^
[INFO] [stderr]     |
[INFO] [stderr]     = note: use `.truncate()` if you don't need the other half
[INFO] [stderr] 
[INFO] [stderr] warning: `cloyster` (lib) generated 18 warnings (run `cargo fix --lib -p cloyster` to apply 1 suggestion)
[INFO] [stderr] warning: `cloyster` (lib test) generated 17 warnings (17 duplicates)
[INFO] [stderr] warning: unused import: `Config`
[INFO] [stderr]  --> examples/demo.rs:2:38
[INFO] [stderr]   |
[INFO] [stderr] 2 | use cloyster::pagecache::{self, pin, Config, Materializer};
[INFO] [stderr]   |                                      ^^^^^^
[INFO] [stderr]   |
[INFO] [stderr]   = note: `#[warn(unused_imports)]` on by default
[INFO] [stderr] 
[INFO] [stderr] warning: value assigned to `key` is never read
[INFO] [stderr]   --> examples/demo.rs:33:9
[INFO] [stderr]    |
[INFO] [stderr] 33 |         key = pc.link(id, key, TestState("c".to_owned()), &guard).unwrap().unwrap();
[INFO] [stderr]    |         ^^^
[INFO] [stderr]    |
[INFO] [stderr]    = help: maybe it is overwritten before being read?
[INFO] [stderr]    = note: `#[warn(unused_assignments)]` on by default
[INFO] [stderr] 
[INFO] [stderr] warning: unused variable: `key`
[INFO] [stderr]   --> examples/demo.rs:41:18
[INFO] [stderr]    |
[INFO] [stderr] 41 |         let (mut key, page, size_on_disk) = pc.get(id, &guard).unwrap().unwrap();
[INFO] [stderr]    |                  ^^^ help: if this is intentional, prefix it with an underscore: `_key`
[INFO] [stderr]    |
[INFO] [stderr]    = note: `#[warn(unused_variables)]` on by default
[INFO] [stderr] 
[INFO] [stderr] warning: unused variable: `size_on_disk`
[INFO] [stderr]   --> examples/demo.rs:41:29
[INFO] [stderr]    |
[INFO] [stderr] 41 |         let (mut key, page, size_on_disk) = pc.get(id, &guard).unwrap().unwrap();
[INFO] [stderr]    |                             ^^^^^^^^^^^^ help: if this is intentional, prefix it with an underscore: `_size_on_disk`
[INFO] [stderr] 
[INFO] [stderr] warning: variable does not need to be mutable
[INFO] [stderr]   --> examples/demo.rs:41:14
[INFO] [stderr]    |
[INFO] [stderr] 41 |         let (mut key, page, size_on_disk) = pc.get(id, &guard).unwrap().unwrap();
[INFO] [stderr]    |              ----^^^
[INFO] [stderr]    |              |
[INFO] [stderr]    |              help: remove this `mut`
[INFO] [stderr]    |
[INFO] [stderr]    = note: `#[warn(unused_mut)]` on by default
[INFO] [stderr] 
[INFO] [stderr] warning: `cloyster` (example "demo") generated 5 warnings (run `cargo fix --example "demo"` to apply 4 suggestions)
[INFO] [stderr]     Finished test [unoptimized + debuginfo] target(s) in 0.33s
[INFO] [stderr]      Running unittests src/lib.rs (/opt/rustwide/target/debug/deps/cloyster-dcf16b35a404fcfb)
[INFO] [stdout] 
[INFO] [stdout] running 13 tests
[INFO] [stdout] test pagecache::ds::dll::test_dll ... ok
[INFO] [stdout] test pagecache::ds::pagetable::test_split_fanout ... ok
[INFO] [stdout] test pagecache::ds::pagetable::basic_functionality ... ok
[INFO] [stdout] test promise::tests::test_promise_unwire ... ok
[INFO] [stdout] test promise::tests::test_promise_resolve ... ok
[INFO] [stdout] test pagecache::ds::stack::tests::basic_functionality ... ok
[INFO] [stdout] test tree::tests::test_block_persistence ... FAILED
[INFO] [stdout] test promise::tests::test_promise_timeout ... ok
[INFO] [stdout] test tree::tests::test_block_range ... ok
[INFO] [stdout] test tree::tests::test_block_insert_get ... ok
[INFO] [stdout] test tree::tests::test_open_block ... ok
[INFO] [stdout] test tree::tests::test_block_iter_count ... ok
[INFO] [stdout] test tree::tests::test_block_scan_prefix ... ok
[INFO] [stderr] error: test failed, to rerun pass `--lib`
[INFO] [stdout] 
[INFO] [stdout] failures:
[INFO] [stdout] 
[INFO] [stdout] ---- tree::tests::test_block_persistence stdout ----
[INFO] [stdout] thread 'tree::tests::test_block_persistence' panicked at 'open file at "./cloyster.db/db": IO error: Read-only file system (os error 30)', src/pagecache/config.rs:155:13
[INFO] [stdout] stack backtrace:
[INFO] [stdout]    0:     0x5607dbf00c8a - std::backtrace_rs::backtrace::libunwind::trace::ha9053a9a07ca49cb
[INFO] [stdout]                                at /rustc/84c898d65adf2f39a5a98507f1fe0ce10a2b8dbc/library/std/src/../../backtrace/src/backtrace/libunwind.rs:93:5
[INFO] [stdout]    1:     0x5607dbf00c8a - std::backtrace_rs::backtrace::trace_unsynchronized::h9c2852a457ad564e
[INFO] [stdout]                                at /rustc/84c898d65adf2f39a5a98507f1fe0ce10a2b8dbc/library/std/src/../../backtrace/src/backtrace/mod.rs:66:5
[INFO] [stdout]    2:     0x5607dbf00c8a - std::sys_common::backtrace::_print_fmt::h457936fbfaa0070f
[INFO] [stdout]                                at /rustc/84c898d65adf2f39a5a98507f1fe0ce10a2b8dbc/library/std/src/sys_common/backtrace.rs:65:5
[INFO] [stdout]    3:     0x5607dbf00c8a - <std::sys_common::backtrace::_print::DisplayBacktrace as core::fmt::Display>::fmt::h5779d7bf7f70cb0c
[INFO] [stdout]                                at /rustc/84c898d65adf2f39a5a98507f1fe0ce10a2b8dbc/library/std/src/sys_common/backtrace.rs:44:22
[INFO] [stdout]    4:     0x5607dbf25fee - core::fmt::write::h5a4baaff1bcd3eb5
[INFO] [stdout]                                at /rustc/84c898d65adf2f39a5a98507f1fe0ce10a2b8dbc/library/core/src/fmt/mod.rs:1232:17
[INFO] [stdout]    5:     0x5607dbefd915 - std::io::Write::write_fmt::h478f79c628ef31d1
[INFO] [stdout]                                at /rustc/84c898d65adf2f39a5a98507f1fe0ce10a2b8dbc/library/std/src/io/mod.rs:1684:15
[INFO] [stdout]    6:     0x5607dbf00a55 - std::sys_common::backtrace::_print::h5fcdc36060f177e8
[INFO] [stdout]                                at /rustc/84c898d65adf2f39a5a98507f1fe0ce10a2b8dbc/library/std/src/sys_common/backtrace.rs:47:5
[INFO] [stdout]    7:     0x5607dbf00a55 - std::sys_common::backtrace::print::h54ca9458b876c8bf
[INFO] [stdout]                                at /rustc/84c898d65adf2f39a5a98507f1fe0ce10a2b8dbc/library/std/src/sys_common/backtrace.rs:34:9
[INFO] [stdout]    8:     0x5607dbf0281f - std::panicking::default_hook::{{closure}}::hbe471161c7664ed6
[INFO] [stdout]                                at /rustc/84c898d65adf2f39a5a98507f1fe0ce10a2b8dbc/library/std/src/panicking.rs:271:22
[INFO] [stdout]    9:     0x5607dbf024df - std::panicking::default_hook::ha3500da57aa4ac4f
[INFO] [stdout]                                at /rustc/84c898d65adf2f39a5a98507f1fe0ce10a2b8dbc/library/std/src/panicking.rs:287:9
[INFO] [stdout]   10:     0x5607dbe69587 - <alloc::boxed::Box<F,A> as core::ops::function::Fn<Args>>::call::hdf1b89dd137ece34
[INFO] [stdout]                                at /rustc/84c898d65adf2f39a5a98507f1fe0ce10a2b8dbc/library/alloc/src/boxed.rs:2001:9
[INFO] [stdout]   11:     0x5607dbe69587 - test::test_main::{{closure}}::h9081a79f20e75698
[INFO] [stdout]                                at /rustc/84c898d65adf2f39a5a98507f1fe0ce10a2b8dbc/library/test/src/lib.rs:135:21
[INFO] [stdout]   12:     0x5607dbf02f4d - <alloc::boxed::Box<F,A> as core::ops::function::Fn<Args>>::call::h6507bddc3eebb4a5
[INFO] [stdout]                                at /rustc/84c898d65adf2f39a5a98507f1fe0ce10a2b8dbc/library/alloc/src/boxed.rs:2001:9
[INFO] [stdout]   13:     0x5607dbf02f4d - std::panicking::rust_panic_with_hook::h50c09d000dc561d2
[INFO] [stdout]                                at /rustc/84c898d65adf2f39a5a98507f1fe0ce10a2b8dbc/library/std/src/panicking.rs:696:13
[INFO] [stdout]   14:     0x5607dbf02cc9 - std::panicking::begin_panic_handler::{{closure}}::h9e2b2176e00e0d9c
[INFO] [stdout]                                at /rustc/84c898d65adf2f39a5a98507f1fe0ce10a2b8dbc/library/std/src/panicking.rs:583:13
[INFO] [stdout]   15:     0x5607dbf010f6 - std::sys_common::backtrace::__rust_end_short_backtrace::h5739b8e512c09d02
[INFO] [stdout]                                at /rustc/84c898d65adf2f39a5a98507f1fe0ce10a2b8dbc/library/std/src/sys_common/backtrace.rs:150:18
[INFO] [stdout]   16:     0x5607dbf029d2 - rust_begin_unwind
[INFO] [stdout]                                at /rustc/84c898d65adf2f39a5a98507f1fe0ce10a2b8dbc/library/std/src/panicking.rs:579:5
[INFO] [stdout]   17:     0x5607dbcd87b3 - core::panicking::panic_fmt::hf33a1475b4dc5c3e
[INFO] [stdout]                                at /rustc/84c898d65adf2f39a5a98507f1fe0ce10a2b8dbc/library/core/src/panicking.rs:64:14
[INFO] [stdout]   18:     0x5607dbd545e4 - cloyster::pagecache::config::ConfigBuilder::build::{{closure}}::h8be39a0482ad461f
[INFO] [stdout]                                at /opt/rustwide/workdir/src/pagecache/config.rs:155:13
[INFO] [stdout]   19:     0x5607dbd2b233 - core::result::Result<T,E>::unwrap_or_else::h90dc8c04c330987c
[INFO] [stdout]                                at /rustc/84c898d65adf2f39a5a98507f1fe0ce10a2b8dbc/library/core/src/result.rs:1465:23
[INFO] [stdout]   20:     0x5607dbd5436d - cloyster::pagecache::config::ConfigBuilder::build::h7199fe9b33475936
[INFO] [stdout]                                at /opt/rustwide/workdir/src/pagecache/config.rs:154:20
[INFO] [stdout]   21:     0x5607dbe26f26 - cloyster::context::Context::new::hda2d7f2c5cf0df7b
[INFO] [stdout]                                at /opt/rustwide/workdir/src/context.rs:27:13
[INFO] [stdout]   22:     0x5607dbdc4e05 - cloyster::database::Database::open::h4a94ac086b775a43
[INFO] [stdout]                                at /opt/rustwide/workdir/src/database.rs:25:23
[INFO] [stdout]   23:     0x5607dbd34d3e - cloyster::tree::tests::test_block_persistence::h3da2cdcab904b169
[INFO] [stdout]                                at /opt/rustwide/workdir/src/tree.rs:266:18
[INFO] [stdout]   24:     0x5607dbd34cd7 - cloyster::tree::tests::test_block_persistence::{{closure}}::hf2b86e92a8b36306
[INFO] [stdout]                                at /opt/rustwide/workdir/src/tree.rs:265:33
[INFO] [stdout]   25:     0x5607dbe138c5 - core::ops::function::FnOnce::call_once::h2c64b1a606c3b1f5
[INFO] [stdout]                                at /rustc/84c898d65adf2f39a5a98507f1fe0ce10a2b8dbc/library/core/src/ops/function.rs:250:5
[INFO] [stdout]   26:     0x5607dbe6e96f - core::ops::function::FnOnce::call_once::h7d969581be7d0075
[INFO] [stdout]                                at /rustc/84c898d65adf2f39a5a98507f1fe0ce10a2b8dbc/library/core/src/ops/function.rs:250:5
[INFO] [stdout]   27:     0x5607dbe6e96f - test::__rust_begin_short_backtrace::hca25a52684e56655
[INFO] [stdout]                                at /rustc/84c898d65adf2f39a5a98507f1fe0ce10a2b8dbc/library/test/src/lib.rs:656:18
[INFO] [stdout]   28:     0x5607dbe3ff8c - test::run_test::{{closure}}::ha8ac744c4af1a4bb
[INFO] [stdout]                                at /rustc/84c898d65adf2f39a5a98507f1fe0ce10a2b8dbc/library/test/src/lib.rs:647:30
[INFO] [stdout]   29:     0x5607dbe3ff8c - core::ops::function::FnOnce::call_once{{vtable.shim}}::h7b411a9ed45bdecf
[INFO] [stdout]                                at /rustc/84c898d65adf2f39a5a98507f1fe0ce10a2b8dbc/library/core/src/ops/function.rs:250:5
[INFO] [stdout]   30:     0x5607dbe6d936 - <alloc::boxed::Box<F,A> as core::ops::function::FnOnce<Args>>::call_once::hd05328869a8ed200
[INFO] [stdout]                                at /rustc/84c898d65adf2f39a5a98507f1fe0ce10a2b8dbc/library/alloc/src/boxed.rs:1987:9
[INFO] [stdout]   31:     0x5607dbe6d936 - <core::panic::unwind_safe::AssertUnwindSafe<F> as core::ops::function::FnOnce<()>>::call_once::h0c601ce20bd5b2be
[INFO] [stdout]                                at /rustc/84c898d65adf2f39a5a98507f1fe0ce10a2b8dbc/library/core/src/panic/unwind_safe.rs:271:9
[INFO] [stdout]   32:     0x5607dbe6d936 - std::panicking::try::do_call::ha4be5c164fe30854
[INFO] [stdout]                                at /rustc/84c898d65adf2f39a5a98507f1fe0ce10a2b8dbc/library/std/src/panicking.rs:487:40
[INFO] [stdout]   33:     0x5607dbe6d936 - std::panicking::try::h604546f3609af05f
[INFO] [stdout]                                at /rustc/84c898d65adf2f39a5a98507f1fe0ce10a2b8dbc/library/std/src/panicking.rs:451:19
[INFO] [stdout]   34:     0x5607dbe6d936 - std::panic::catch_unwind::h5bfa8afe44c9c2f9
[INFO] [stdout]                                at /rustc/84c898d65adf2f39a5a98507f1fe0ce10a2b8dbc/library/std/src/panic.rs:140:14
[INFO] [stdout]   35:     0x5607dbe6d936 - test::run_test_in_process::hd50dee55dd63e6aa
[INFO] [stdout]                                at /rustc/84c898d65adf2f39a5a98507f1fe0ce10a2b8dbc/library/test/src/lib.rs:679:27
[INFO] [stdout]   36:     0x5607dbe6d936 - test::run_test::run_test_inner::{{closure}}::h4aa0f433aa85cea8
[INFO] [stdout]                                at /rustc/84c898d65adf2f39a5a98507f1fe0ce10a2b8dbc/library/test/src/lib.rs:573:39
[INFO] [stdout]   37:     0x5607dbe3a601 - test::run_test::run_test_inner::{{closure}}::had56431adf24b4d6
[INFO] [stdout]                                at /rustc/84c898d65adf2f39a5a98507f1fe0ce10a2b8dbc/library/test/src/lib.rs:600:37
[INFO] [stdout]   38:     0x5607dbe3a601 - std::sys_common::backtrace::__rust_begin_short_backtrace::ha8d9890e0c73bf13
[INFO] [stdout]                                at /rustc/84c898d65adf2f39a5a98507f1fe0ce10a2b8dbc/library/std/src/sys_common/backtrace.rs:134:18
[INFO] [stdout]   39:     0x5607dbe4001b - std::thread::Builder::spawn_unchecked_::{{closure}}::{{closure}}::h251832bcb4a95327
[INFO] [stdout]                                at /rustc/84c898d65adf2f39a5a98507f1fe0ce10a2b8dbc/library/std/src/thread/mod.rs:560:17
[INFO] [stdout]   40:     0x5607dbe4001b - <core::panic::unwind_safe::AssertUnwindSafe<F> as core::ops::function::FnOnce<()>>::call_once::h8fdff598fa414831
[INFO] [stdout]                                at /rustc/84c898d65adf2f39a5a98507f1fe0ce10a2b8dbc/library/core/src/panic/unwind_safe.rs:271:9
[INFO] [stdout]   41:     0x5607dbe4001b - std::panicking::try::do_call::h455dd2f7764a950f
[INFO] [stdout]                                at /rustc/84c898d65adf2f39a5a98507f1fe0ce10a2b8dbc/library/std/src/panicking.rs:487:40
[INFO] [stdout]   42:     0x5607dbe4001b - std::panicking::try::had6f23b7b73ae72a
[INFO] [stdout]                                at /rustc/84c898d65adf2f39a5a98507f1fe0ce10a2b8dbc/library/std/src/panicking.rs:451:19
[INFO] [stdout]   43:     0x5607dbe4001b - std::panic::catch_unwind::ha6a5ca3915b4dad0
[INFO] [stdout]                                at /rustc/84c898d65adf2f39a5a98507f1fe0ce10a2b8dbc/library/std/src/panic.rs:140:14
[INFO] [stdout]   44:     0x5607dbe4001b - std::thread::Builder::spawn_unchecked_::{{closure}}::h883b72ef75da6231
[INFO] [stdout]                                at /rustc/84c898d65adf2f39a5a98507f1fe0ce10a2b8dbc/library/std/src/thread/mod.rs:559:30
[INFO] [stdout]   45:     0x5607dbe4001b - core::ops::function::FnOnce::call_once{{vtable.shim}}::hb7dff73dc8bd2ccb
[INFO] [stdout]                                at /rustc/84c898d65adf2f39a5a98507f1fe0ce10a2b8dbc/library/core/src/ops/function.rs:250:5
[INFO] [stdout]   46:     0x5607dbf082c3 - <alloc::boxed::Box<F,A> as core::ops::function::FnOnce<Args>>::call_once::h39990b24eedef2ab
[INFO] [stdout]                                at /rustc/84c898d65adf2f39a5a98507f1fe0ce10a2b8dbc/library/alloc/src/boxed.rs:1987:9
[INFO] [stdout]   47:     0x5607dbf082c3 - <alloc::boxed::Box<F,A> as core::ops::function::FnOnce<Args>>::call_once::h01a027258444143b
[INFO] [stdout]                                at /rustc/84c898d65adf2f39a5a98507f1fe0ce10a2b8dbc/library/alloc/src/boxed.rs:1987:9
[INFO] [stdout]   48:     0x5607dbf082c3 - std::sys::unix::thread::Thread::new::thread_start::ha4f1cdd9c25884ba
[INFO] [stdout]                                at /rustc/84c898d65adf2f39a5a98507f1fe0ce10a2b8dbc/library/std/src/sys/unix/thread.rs:108:17
[INFO] [stdout]   49:     0x7fad22b6db43 - <unknown>
[INFO] [stdout]   50:     0x7fad22bfebb4 - __clone
[INFO] [stdout]   51:                0x0 - <unknown>
[INFO] [stdout] 
[INFO] [stdout] 
[INFO] [stdout] failures:
[INFO] [stdout]     tree::tests::test_block_persistence
[INFO] [stdout] 
[INFO] [stdout] test result: FAILED. 12 passed; 1 failed; 0 ignored; 0 measured; 0 filtered out; finished in 0.25s
[INFO] [stdout] 
[INFO] running `Command { std: "docker" "inspect" "3585987e08581011c98bd4d82a5a2b3b19859a93694dc2ee8f903830721e3ef9", kill_on_drop: false }`
[INFO] running `Command { std: "docker" "rm" "-f" "3585987e08581011c98bd4d82a5a2b3b19859a93694dc2ee8f903830721e3ef9", kill_on_drop: false }`
[INFO] [stdout] 3585987e08581011c98bd4d82a5a2b3b19859a93694dc2ee8f903830721e3ef9
