[INFO] fetching crate closure-demon 0.1.0...
[INFO] testing closure-demon-0.1.0 against 1.69.0 for beta-1.70-1
[INFO] extracting crate closure-demon 0.1.0 into /workspace/builds/worker-1-tc1/source
[INFO] validating manifest of crates.io crate closure-demon 0.1.0 on toolchain 1.69.0
[INFO] running `Command { std: CARGO_HOME="/workspace/cargo-home" RUSTUP_HOME="/workspace/rustup-home" "/workspace/cargo-home/bin/cargo" "+1.69.0" "metadata" "--manifest-path" "Cargo.toml" "--no-deps", kill_on_drop: false }`
[INFO] started tweaking crates.io crate closure-demon 0.1.0
[INFO] finished tweaking crates.io crate closure-demon 0.1.0
[INFO] tweaked toml for crates.io crate closure-demon 0.1.0 written to /workspace/builds/worker-1-tc1/source/Cargo.toml
[INFO] crate crates.io crate closure-demon 0.1.0 already has a lockfile, it will not be regenerated
[INFO] running `Command { std: CARGO_HOME="/workspace/cargo-home" RUSTUP_HOME="/workspace/rustup-home" "/workspace/cargo-home/bin/cargo" "+1.69.0" "fetch" "--manifest-path" "Cargo.toml", kill_on_drop: false }`
[INFO] running `Command { std: "docker" "create" "-v" "/var/lib/crater-agent-workspace/builds/worker-1-tc1/target:/opt/rustwide/target:rw,Z" "-v" "/var/lib/crater-agent-workspace/builds/worker-1-tc1/source:/opt/rustwide/workdir:ro,Z" "-v" "/var/lib/crater-agent-workspace/cargo-home:/opt/rustwide/cargo-home:ro,Z" "-v" "/var/lib/crater-agent-workspace/rustup-home:/opt/rustwide/rustup-home:ro,Z" "-e" "SOURCE_DIR=/opt/rustwide/workdir" "-e" "CARGO_TARGET_DIR=/opt/rustwide/target" "-e" "CARGO_HOME=/opt/rustwide/cargo-home" "-e" "RUSTUP_HOME=/opt/rustwide/rustup-home" "-w" "/opt/rustwide/workdir" "-m" "1610612736" "--user" "0:0" "--network" "none" "ghcr.io/rust-lang/crates-build-env/linux@sha256:5ff2268d62e97bff2cde7d5815dd6ed5b47097566f13b8d0ca110b04b60e07ed" "/opt/rustwide/cargo-home/bin/cargo" "+1.69.0" "metadata" "--no-deps" "--format-version=1", kill_on_drop: false }`
[INFO] [stdout] 848a1e0496fa8d7b5510cc00dad6d841800f3d93bc68f5c8326bcd1017bd40df
[INFO] running `Command { std: "docker" "start" "-a" "848a1e0496fa8d7b5510cc00dad6d841800f3d93bc68f5c8326bcd1017bd40df", kill_on_drop: false }`
[INFO] running `Command { std: "docker" "inspect" "848a1e0496fa8d7b5510cc00dad6d841800f3d93bc68f5c8326bcd1017bd40df", kill_on_drop: false }`
[INFO] running `Command { std: "docker" "rm" "-f" "848a1e0496fa8d7b5510cc00dad6d841800f3d93bc68f5c8326bcd1017bd40df", kill_on_drop: false }`
[INFO] [stdout] 848a1e0496fa8d7b5510cc00dad6d841800f3d93bc68f5c8326bcd1017bd40df
[INFO] running `Command { std: "docker" "create" "-v" "/var/lib/crater-agent-workspace/builds/worker-1-tc1/target:/opt/rustwide/target:rw,Z" "-v" "/var/lib/crater-agent-workspace/builds/worker-1-tc1/source:/opt/rustwide/workdir:ro,Z" "-v" "/var/lib/crater-agent-workspace/cargo-home:/opt/rustwide/cargo-home:ro,Z" "-v" "/var/lib/crater-agent-workspace/rustup-home:/opt/rustwide/rustup-home:ro,Z" "-e" "SOURCE_DIR=/opt/rustwide/workdir" "-e" "CARGO_TARGET_DIR=/opt/rustwide/target" "-e" "CARGO_INCREMENTAL=0" "-e" "RUST_BACKTRACE=full" "-e" "RUSTFLAGS=--cap-lints=warn" "-e" "RUSTDOCFLAGS=--cap-lints=warn" "-e" "CARGO_HOME=/opt/rustwide/cargo-home" "-e" "RUSTUP_HOME=/opt/rustwide/rustup-home" "-w" "/opt/rustwide/workdir" "-m" "1610612736" "--user" "0:0" "--network" "none" "ghcr.io/rust-lang/crates-build-env/linux@sha256:5ff2268d62e97bff2cde7d5815dd6ed5b47097566f13b8d0ca110b04b60e07ed" "/opt/rustwide/cargo-home/bin/cargo" "+1.69.0" "build" "--frozen" "--message-format=json", kill_on_drop: false }`
[INFO] [stdout] 88610f3e2be3e2fa337a7186bf3faff373d898faa0f32bbfd4531e34f42450a8
[INFO] running `Command { std: "docker" "start" "-a" "88610f3e2be3e2fa337a7186bf3faff373d898faa0f32bbfd4531e34f42450a8", kill_on_drop: false }`
[INFO] [stderr]    Compiling closure-demon v0.1.0 (/opt/rustwide/workdir)
[INFO] [stdout] warning: unused import: `crate::kinds`
[INFO] [stdout]   --> src/lib.rs:45:9
[INFO] [stdout]    |
[INFO] [stdout] 45 |     use crate::kinds;
[INFO] [stdout]    |         ^^^^^^^^^^^^
[INFO] [stdout]    |
[INFO] [stdout]    = note: `#[warn(unused_imports)]` on by default
[INFO] [stdout] 
[INFO] [stdout] 
[INFO] [stdout] warning: unused variable: `c1`
[INFO] [stdout]   --> src/lib.rs:48:16
[INFO] [stdout]    |
[INFO] [stdout] 48 |     pub fn mix(c1:PrimaryColor,c2:PrimaryColor)->SecondaryColor{
[INFO] [stdout]    |                ^^ help: if this is intentional, prefix it with an underscore: `_c1`
[INFO] [stdout]    |
[INFO] [stdout]    = note: `#[warn(unused_variables)]` on by default
[INFO] [stdout] 
[INFO] [stdout] 
[INFO] [stdout] warning: unused variable: `c2`
[INFO] [stdout]   --> src/lib.rs:48:32
[INFO] [stdout]    |
[INFO] [stdout] 48 |     pub fn mix(c1:PrimaryColor,c2:PrimaryColor)->SecondaryColor{
[INFO] [stdout]    |                                ^^ help: if this is intentional, prefix it with an underscore: `_c2`
[INFO] [stdout] 
[INFO] [stdout] 
[INFO] [stdout] warning: 3 warnings emitted
[INFO] [stdout] 
[INFO] [stdout] 
[INFO] [stdout] warning: unused variable: `num`
[INFO] [stdout]   --> src/main.rs:70:43
[INFO] [stdout]    |
[INFO] [stdout] 70 |   let mut expensive_clouse=  Cacher::new(|num|{
[INFO] [stdout]    |                                           ^^^ help: if this is intentional, prefix it with an underscore: `_num`
[INFO] [stdout]    |
[INFO] [stdout]    = note: `#[warn(unused_variables)]` on by default
[INFO] [stdout] 
[INFO] [stdout] 
[INFO] [stdout] warning: function `test2` is never used
[INFO] [stdout]   --> src/main.rs:50:4
[INFO] [stdout]    |
[INFO] [stdout] 50 | fn test2(){
[INFO] [stdout]    |    ^^^^^
[INFO] [stdout]    |
[INFO] [stdout]    = note: `#[warn(dead_code)]` on by default
[INFO] [stdout] 
[INFO] [stdout] 
[INFO] [stdout] warning: function `simulated_expensive_calculation` is never used
[INFO] [stdout]   --> src/main.rs:61:4
[INFO] [stdout]    |
[INFO] [stdout] 61 | fn simulated_expensive_calculation(intensity: u32) -> u32 {
[INFO] [stdout]    |    ^^^^^^^^^^^^^^^^^^^^^^^^^^^^^^^
[INFO] [stdout] 
[INFO] [stdout] 
[INFO] [stderr]     Finished dev [unoptimized + debuginfo] target(s) in 0.66s
[INFO] [stdout] warning: 3 warnings emitted
[INFO] [stdout] 
[INFO] [stdout] 
[INFO] running `Command { std: "docker" "inspect" "88610f3e2be3e2fa337a7186bf3faff373d898faa0f32bbfd4531e34f42450a8", kill_on_drop: false }`
[INFO] running `Command { std: "docker" "rm" "-f" "88610f3e2be3e2fa337a7186bf3faff373d898faa0f32bbfd4531e34f42450a8", kill_on_drop: false }`
[INFO] [stdout] 88610f3e2be3e2fa337a7186bf3faff373d898faa0f32bbfd4531e34f42450a8
[INFO] running `Command { std: "docker" "create" "-v" "/var/lib/crater-agent-workspace/builds/worker-1-tc1/target:/opt/rustwide/target:rw,Z" "-v" "/var/lib/crater-agent-workspace/builds/worker-1-tc1/source:/opt/rustwide/workdir:ro,Z" "-v" "/var/lib/crater-agent-workspace/cargo-home:/opt/rustwide/cargo-home:ro,Z" "-v" "/var/lib/crater-agent-workspace/rustup-home:/opt/rustwide/rustup-home:ro,Z" "-e" "SOURCE_DIR=/opt/rustwide/workdir" "-e" "CARGO_TARGET_DIR=/opt/rustwide/target" "-e" "CARGO_INCREMENTAL=0" "-e" "RUST_BACKTRACE=full" "-e" "RUSTFLAGS=--cap-lints=warn" "-e" "RUSTDOCFLAGS=--cap-lints=warn" "-e" "CARGO_HOME=/opt/rustwide/cargo-home" "-e" "RUSTUP_HOME=/opt/rustwide/rustup-home" "-w" "/opt/rustwide/workdir" "-m" "1610612736" "--user" "0:0" "--network" "none" "ghcr.io/rust-lang/crates-build-env/linux@sha256:5ff2268d62e97bff2cde7d5815dd6ed5b47097566f13b8d0ca110b04b60e07ed" "/opt/rustwide/cargo-home/bin/cargo" "+1.69.0" "test" "--frozen" "--no-run" "--message-format=json", kill_on_drop: false }`
[INFO] [stdout] 2ca364526b0101a8d4267054aea6faed8f4fc37d4ac1a9ba0f081b83e48c722c
[INFO] running `Command { std: "docker" "start" "-a" "2ca364526b0101a8d4267054aea6faed8f4fc37d4ac1a9ba0f081b83e48c722c", kill_on_drop: false }`
[INFO] [stderr]    Compiling closure-demon v0.1.0 (/opt/rustwide/workdir)
[INFO] [stdout] warning: unused import: `crate::kinds`
[INFO] [stdout]   --> src/lib.rs:45:9
[INFO] [stdout]    |
[INFO] [stdout] 45 |     use crate::kinds;
[INFO] [stdout]    |         ^^^^^^^^^^^^
[INFO] [stdout]    |
[INFO] [stdout]    = note: `#[warn(unused_imports)]` on by default
[INFO] [stdout] 
[INFO] [stdout] 
[INFO] [stdout] warning: unused variable: `c1`
[INFO] [stdout]   --> src/lib.rs:48:16
[INFO] [stdout]    |
[INFO] [stdout] 48 |     pub fn mix(c1:PrimaryColor,c2:PrimaryColor)->SecondaryColor{
[INFO] [stdout]    |                ^^ help: if this is intentional, prefix it with an underscore: `_c1`
[INFO] [stdout]    |
[INFO] [stdout]    = note: `#[warn(unused_variables)]` on by default
[INFO] [stdout] 
[INFO] [stdout] 
[INFO] [stdout] warning: unused variable: `c2`
[INFO] [stdout]   --> src/lib.rs:48:32
[INFO] [stdout]    |
[INFO] [stdout] 48 |     pub fn mix(c1:PrimaryColor,c2:PrimaryColor)->SecondaryColor{
[INFO] [stdout]    |                                ^^ help: if this is intentional, prefix it with an underscore: `_c2`
[INFO] [stdout] 
[INFO] [stdout] 
[INFO] [stdout] warning: 3 warnings emitted
[INFO] [stdout] 
[INFO] [stdout] 
[INFO] [stdout] warning: unused variable: `num`
[INFO] [stdout]   --> src/main.rs:70:43
[INFO] [stdout]    |
[INFO] [stdout] 70 |   let mut expensive_clouse=  Cacher::new(|num|{
[INFO] [stdout]    |                                           ^^^ help: if this is intentional, prefix it with an underscore: `_num`
[INFO] [stdout]    |
[INFO] [stdout]    = note: `#[warn(unused_variables)]` on by default
[INFO] [stdout] 
[INFO] [stdout] 
[INFO] [stdout] warning: function `test2` is never used
[INFO] [stdout]   --> src/main.rs:50:4
[INFO] [stdout]    |
[INFO] [stdout] 50 | fn test2(){
[INFO] [stdout]    |    ^^^^^
[INFO] [stdout]    |
[INFO] [stdout]    = note: `#[warn(dead_code)]` on by default
[INFO] [stdout] 
[INFO] [stdout] 
[INFO] [stdout] warning: function `simulated_expensive_calculation` is never used
[INFO] [stdout]   --> src/main.rs:61:4
[INFO] [stdout]    |
[INFO] [stdout] 61 | fn simulated_expensive_calculation(intensity: u32) -> u32 {
[INFO] [stdout]    |    ^^^^^^^^^^^^^^^^^^^^^^^^^^^^^^^
[INFO] [stdout] 
[INFO] [stdout] 
[INFO] [stdout] warning: unused import: `crate::kinds`
[INFO] [stdout]   --> src/lib.rs:45:9
[INFO] [stdout]    |
[INFO] [stdout] 45 |     use crate::kinds;
[INFO] [stdout]    |         ^^^^^^^^^^^^
[INFO] [stdout]    |
[INFO] [stdout]    = note: `#[warn(unused_imports)]` on by default
[INFO] [stdout] 
[INFO] [stdout] 
[INFO] [stdout] warning: unused variable: `c1`
[INFO] [stdout]   --> src/lib.rs:48:16
[INFO] [stdout]    |
[INFO] [stdout] 48 |     pub fn mix(c1:PrimaryColor,c2:PrimaryColor)->SecondaryColor{
[INFO] [stdout]    |                ^^ help: if this is intentional, prefix it with an underscore: `_c1`
[INFO] [stdout]    |
[INFO] [stdout]    = note: `#[warn(unused_variables)]` on by default
[INFO] [stdout] 
[INFO] [stdout] 
[INFO] [stdout] warning: unused variable: `c2`
[INFO] [stdout]   --> src/lib.rs:48:32
[INFO] [stdout]    |
[INFO] [stdout] 48 |     pub fn mix(c1:PrimaryColor,c2:PrimaryColor)->SecondaryColor{
[INFO] [stdout]    |                                ^^ help: if this is intentional, prefix it with an underscore: `_c2`
[INFO] [stdout] 
[INFO] [stdout] 
[INFO] [stdout] warning: 3 warnings emitted
[INFO] [stdout] 
[INFO] [stdout] 
[INFO] [stdout] warning: 3 warnings emitted
[INFO] [stdout] 
[INFO] [stdout] 
[INFO] [stderr]     Finished test [unoptimized + debuginfo] target(s) in 0.65s
[INFO] running `Command { std: "docker" "inspect" "2ca364526b0101a8d4267054aea6faed8f4fc37d4ac1a9ba0f081b83e48c722c", kill_on_drop: false }`
[INFO] running `Command { std: "docker" "rm" "-f" "2ca364526b0101a8d4267054aea6faed8f4fc37d4ac1a9ba0f081b83e48c722c", kill_on_drop: false }`
[INFO] [stdout] 2ca364526b0101a8d4267054aea6faed8f4fc37d4ac1a9ba0f081b83e48c722c
[INFO] running `Command { std: "docker" "create" "-v" "/var/lib/crater-agent-workspace/builds/worker-1-tc1/target:/opt/rustwide/target:rw,Z" "-v" "/var/lib/crater-agent-workspace/builds/worker-1-tc1/source:/opt/rustwide/workdir:ro,Z" "-v" "/var/lib/crater-agent-workspace/cargo-home:/opt/rustwide/cargo-home:ro,Z" "-v" "/var/lib/crater-agent-workspace/rustup-home:/opt/rustwide/rustup-home:ro,Z" "-e" "SOURCE_DIR=/opt/rustwide/workdir" "-e" "CARGO_TARGET_DIR=/opt/rustwide/target" "-e" "CARGO_INCREMENTAL=0" "-e" "RUST_BACKTRACE=full" "-e" "RUSTFLAGS=--cap-lints=warn" "-e" "RUSTDOCFLAGS=--cap-lints=warn" "-e" "CARGO_HOME=/opt/rustwide/cargo-home" "-e" "RUSTUP_HOME=/opt/rustwide/rustup-home" "-w" "/opt/rustwide/workdir" "-m" "1610612736" "--user" "0:0" "--network" "none" "ghcr.io/rust-lang/crates-build-env/linux@sha256:5ff2268d62e97bff2cde7d5815dd6ed5b47097566f13b8d0ca110b04b60e07ed" "/opt/rustwide/cargo-home/bin/cargo" "+1.69.0" "test" "--frozen", kill_on_drop: false }`
[INFO] [stdout] 1e0f53d29ce550cf7d878f71d661df680cfc4b478b5fa1fc58b03cfacdd571c8
[INFO] running `Command { std: "docker" "start" "-a" "1e0f53d29ce550cf7d878f71d661df680cfc4b478b5fa1fc58b03cfacdd571c8", kill_on_drop: false }`
[INFO] [stderr] warning: unused import: `crate::kinds`
[INFO] [stderr]   --> src/lib.rs:45:9
[INFO] [stderr]    |
[INFO] [stderr] 45 |     use crate::kinds;
[INFO] [stderr]    |         ^^^^^^^^^^^^
[INFO] [stderr]    |
[INFO] [stderr]    = note: `#[warn(unused_imports)]` on by default
[INFO] [stderr] 
[INFO] [stderr] warning: unused variable: `c1`
[INFO] [stderr]   --> src/lib.rs:48:16
[INFO] [stderr]    |
[INFO] [stderr] 48 |     pub fn mix(c1:PrimaryColor,c2:PrimaryColor)->SecondaryColor{
[INFO] [stderr]    |                ^^ help: if this is intentional, prefix it with an underscore: `_c1`
[INFO] [stderr]    |
[INFO] [stderr]    = note: `#[warn(unused_variables)]` on by default
[INFO] [stderr] 
[INFO] [stderr] warning: unused variable: `c2`
[INFO] [stderr]   --> src/lib.rs:48:32
[INFO] [stderr]    |
[INFO] [stderr] 48 |     pub fn mix(c1:PrimaryColor,c2:PrimaryColor)->SecondaryColor{
[INFO] [stderr]    |                                ^^ help: if this is intentional, prefix it with an underscore: `_c2`
[INFO] [stderr] 
[INFO] [stderr] warning: `closure-demon` (lib) generated 3 warnings (run `cargo fix --lib -p closure-demon` to apply 3 suggestions)
[INFO] [stderr] warning: unused variable: `num`
[INFO] [stderr]   --> src/main.rs:70:43
[INFO] [stderr]    |
[INFO] [stderr] 70 |   let mut expensive_clouse=  Cacher::new(|num|{
[INFO] [stderr]    |                                           ^^^ help: if this is intentional, prefix it with an underscore: `_num`
[INFO] [stderr]    |
[INFO] [stderr]    = note: `#[warn(unused_variables)]` on by default
[INFO] [stderr] 
[INFO] [stderr] warning: function `test2` is never used
[INFO] [stderr]   --> src/main.rs:50:4
[INFO] [stderr]    |
[INFO] [stderr] 50 | fn test2(){
[INFO] [stderr]    |    ^^^^^
[INFO] [stderr]    |
[INFO] [stderr]    = note: `#[warn(dead_code)]` on by default
[INFO] [stderr] 
[INFO] [stderr] warning: function `simulated_expensive_calculation` is never used
[INFO] [stderr]   --> src/main.rs:61:4
[INFO] [stderr]    |
[INFO] [stderr] 61 | fn simulated_expensive_calculation(intensity: u32) -> u32 {
[INFO] [stderr]    |    ^^^^^^^^^^^^^^^^^^^^^^^^^^^^^^^
[INFO] [stderr] 
[INFO] [stderr] warning: `closure-demon` (bin "closure-demon" test) generated 3 warnings (run `cargo fix --bin "closure-demon" --tests` to apply 1 suggestion)
[INFO] [stderr] warning: `closure-demon` (lib test) generated 3 warnings (3 duplicates)
[INFO] [stderr]     Finished test [unoptimized + debuginfo] target(s) in 0.00s
[INFO] [stderr]      Running unittests src/lib.rs (/opt/rustwide/target/debug/deps/closure_demon-cd87089f049d70fe)
[INFO] [stdout] 
[INFO] [stderr]      Running unittests src/main.rs (/opt/rustwide/target/debug/deps/closure_demon-5eeae7d8e0f75a07)
[INFO] [stdout] running 0 tests
[INFO] [stdout] 
[INFO] [stdout] test result: ok. 0 passed; 0 failed; 0 ignored; 0 measured; 0 filtered out; finished in 0.00s
[INFO] [stdout] 
[INFO] [stdout] 
[INFO] [stdout] running 0 tests
[INFO] [stderr]    Doc-tests closure-demon
[INFO] [stdout] 
[INFO] [stdout] test result: ok. 0 passed; 0 failed; 0 ignored; 0 measured; 0 filtered out; finished in 0.00s
[INFO] [stdout] 
[INFO] [stdout] 
[INFO] [stdout] running 1 test
[INFO] [stdout] test src/lib.rs - add_one (line 10) ... FAILED
[INFO] [stdout] 
[INFO] [stdout] failures:
[INFO] [stdout] 
[INFO] [stdout] ---- src/lib.rs - add_one (line 10) stdout ----
[INFO] [stdout] error[E0433]: failed to resolve: use of undeclared crate or module `closure`
[INFO] [stdout]  --> src/lib.rs:12:13
[INFO] [stdout]   |
[INFO] [stdout] 4 | let answer =closure::add_one(arg);
[INFO] [stdout]   |             ^^^^^^^ use of undeclared crate or module `closure`
[INFO] [stdout] 
[INFO] [stdout] error: aborting due to previous error
[INFO] [stdout] 
[INFO] [stdout] For more information about this error, try `rustc --explain E0433`.
[INFO] [stdout] Couldn't compile the test.
[INFO] [stdout] 
[INFO] [stdout] failures:
[INFO] [stdout]     src/lib.rs - add_one (line 10)
[INFO] [stdout] 
[INFO] [stdout] test result: FAILED. 0 passed; 1 failed; 0 ignored; 0 measured; 0 filtered out; finished in 0.08s
[INFO] [stdout] 
[INFO] [stderr] error: doctest failed, to rerun pass `--doc`
[INFO] running `Command { std: "docker" "inspect" "1e0f53d29ce550cf7d878f71d661df680cfc4b478b5fa1fc58b03cfacdd571c8", kill_on_drop: false }`
[INFO] running `Command { std: "docker" "rm" "-f" "1e0f53d29ce550cf7d878f71d661df680cfc4b478b5fa1fc58b03cfacdd571c8", kill_on_drop: false }`
[INFO] [stdout] 1e0f53d29ce550cf7d878f71d661df680cfc4b478b5fa1fc58b03cfacdd571c8
