[INFO] fetching crate clippet 0.1.8...
[INFO] testing clippet-0.1.8 against beta-2023-04-20 for beta-1.70-1
[INFO] extracting crate clippet 0.1.8 into /workspace/builds/worker-4-tc2/source
[INFO] validating manifest of crates.io crate clippet 0.1.8 on toolchain beta-2023-04-20
[INFO] running `Command { std: CARGO_HOME="/workspace/cargo-home" RUSTUP_HOME="/workspace/rustup-home" "/workspace/cargo-home/bin/cargo" "+beta-2023-04-20" "metadata" "--manifest-path" "Cargo.toml" "--no-deps", kill_on_drop: false }`
[INFO] started tweaking crates.io crate clippet 0.1.8
[INFO] finished tweaking crates.io crate clippet 0.1.8
[INFO] tweaked toml for crates.io crate clippet 0.1.8 written to /workspace/builds/worker-4-tc2/source/Cargo.toml
[INFO] running `Command { std: CARGO_HOME="/workspace/cargo-home" RUSTUP_HOME="/workspace/rustup-home" __CARGO_TEST_CHANNEL_OVERRIDE_DO_NOT_USE_THIS="nightly" "/workspace/cargo-home/bin/cargo" "+beta-2023-04-20" "generate-lockfile" "--manifest-path" "Cargo.toml" "-Zno-index-update", kill_on_drop: false }`
[INFO] running `Command { std: CARGO_HOME="/workspace/cargo-home" RUSTUP_HOME="/workspace/rustup-home" "/workspace/cargo-home/bin/cargo" "+beta-2023-04-20" "fetch" "--manifest-path" "Cargo.toml", kill_on_drop: false }`
[INFO] running `Command { std: "docker" "create" "-v" "/var/lib/crater-agent-workspace/builds/worker-4-tc2/target:/opt/rustwide/target:rw,Z" "-v" "/var/lib/crater-agent-workspace/builds/worker-4-tc2/source:/opt/rustwide/workdir:ro,Z" "-v" "/var/lib/crater-agent-workspace/cargo-home:/opt/rustwide/cargo-home:ro,Z" "-v" "/var/lib/crater-agent-workspace/rustup-home:/opt/rustwide/rustup-home:ro,Z" "-e" "SOURCE_DIR=/opt/rustwide/workdir" "-e" "CARGO_TARGET_DIR=/opt/rustwide/target" "-e" "CARGO_HOME=/opt/rustwide/cargo-home" "-e" "RUSTUP_HOME=/opt/rustwide/rustup-home" "-w" "/opt/rustwide/workdir" "-m" "1610612736" "--user" "0:0" "--network" "none" "ghcr.io/rust-lang/crates-build-env/linux@sha256:5ff2268d62e97bff2cde7d5815dd6ed5b47097566f13b8d0ca110b04b60e07ed" "/opt/rustwide/cargo-home/bin/cargo" "+beta-2023-04-20" "metadata" "--no-deps" "--format-version=1", kill_on_drop: false }`
[INFO] [stdout] b4764bc39e322a24a3ac7d477d22f57696df86887f917145ac12b4e8c4104241
[INFO] running `Command { std: "docker" "start" "-a" "b4764bc39e322a24a3ac7d477d22f57696df86887f917145ac12b4e8c4104241", kill_on_drop: false }`
[INFO] running `Command { std: "docker" "inspect" "b4764bc39e322a24a3ac7d477d22f57696df86887f917145ac12b4e8c4104241", kill_on_drop: false }`
[INFO] running `Command { std: "docker" "rm" "-f" "b4764bc39e322a24a3ac7d477d22f57696df86887f917145ac12b4e8c4104241", kill_on_drop: false }`
[INFO] [stdout] b4764bc39e322a24a3ac7d477d22f57696df86887f917145ac12b4e8c4104241
[INFO] running `Command { std: "docker" "create" "-v" "/var/lib/crater-agent-workspace/builds/worker-4-tc2/target:/opt/rustwide/target:rw,Z" "-v" "/var/lib/crater-agent-workspace/builds/worker-4-tc2/source:/opt/rustwide/workdir:ro,Z" "-v" "/var/lib/crater-agent-workspace/cargo-home:/opt/rustwide/cargo-home:ro,Z" "-v" "/var/lib/crater-agent-workspace/rustup-home:/opt/rustwide/rustup-home:ro,Z" "-e" "SOURCE_DIR=/opt/rustwide/workdir" "-e" "CARGO_TARGET_DIR=/opt/rustwide/target" "-e" "CARGO_INCREMENTAL=0" "-e" "RUST_BACKTRACE=full" "-e" "RUSTFLAGS=--cap-lints=warn" "-e" "RUSTDOCFLAGS=--cap-lints=warn" "-e" "CARGO_HOME=/opt/rustwide/cargo-home" "-e" "RUSTUP_HOME=/opt/rustwide/rustup-home" "-w" "/opt/rustwide/workdir" "-m" "1610612736" "--user" "0:0" "--network" "none" "ghcr.io/rust-lang/crates-build-env/linux@sha256:5ff2268d62e97bff2cde7d5815dd6ed5b47097566f13b8d0ca110b04b60e07ed" "/opt/rustwide/cargo-home/bin/cargo" "+beta-2023-04-20" "build" "--frozen" "--message-format=json", kill_on_drop: false }`
[INFO] [stdout] 2295fa1fd6be5286887fd1c9baf6de4965587579d9aed6f4cc4b5e8cda103295
[INFO] running `Command { std: "docker" "start" "-a" "2295fa1fd6be5286887fd1c9baf6de4965587579d9aed6f4cc4b5e8cda103295", kill_on_drop: false }`
[INFO] [stderr]    Compiling clippet v0.1.8 (/opt/rustwide/workdir)
[INFO] [stderr]     Finished dev [unoptimized + debuginfo] target(s) in 0.42s
[INFO] running `Command { std: "docker" "inspect" "2295fa1fd6be5286887fd1c9baf6de4965587579d9aed6f4cc4b5e8cda103295", kill_on_drop: false }`
[INFO] running `Command { std: "docker" "rm" "-f" "2295fa1fd6be5286887fd1c9baf6de4965587579d9aed6f4cc4b5e8cda103295", kill_on_drop: false }`
[INFO] [stdout] 2295fa1fd6be5286887fd1c9baf6de4965587579d9aed6f4cc4b5e8cda103295
[INFO] running `Command { std: "docker" "create" "-v" "/var/lib/crater-agent-workspace/builds/worker-4-tc2/target:/opt/rustwide/target:rw,Z" "-v" "/var/lib/crater-agent-workspace/builds/worker-4-tc2/source:/opt/rustwide/workdir:ro,Z" "-v" "/var/lib/crater-agent-workspace/cargo-home:/opt/rustwide/cargo-home:ro,Z" "-v" "/var/lib/crater-agent-workspace/rustup-home:/opt/rustwide/rustup-home:ro,Z" "-e" "SOURCE_DIR=/opt/rustwide/workdir" "-e" "CARGO_TARGET_DIR=/opt/rustwide/target" "-e" "CARGO_INCREMENTAL=0" "-e" "RUST_BACKTRACE=full" "-e" "RUSTFLAGS=--cap-lints=warn" "-e" "RUSTDOCFLAGS=--cap-lints=warn" "-e" "CARGO_HOME=/opt/rustwide/cargo-home" "-e" "RUSTUP_HOME=/opt/rustwide/rustup-home" "-w" "/opt/rustwide/workdir" "-m" "1610612736" "--user" "0:0" "--network" "none" "ghcr.io/rust-lang/crates-build-env/linux@sha256:5ff2268d62e97bff2cde7d5815dd6ed5b47097566f13b8d0ca110b04b60e07ed" "/opt/rustwide/cargo-home/bin/cargo" "+beta-2023-04-20" "test" "--frozen" "--no-run" "--message-format=json", kill_on_drop: false }`
[INFO] [stdout] a3fca60fbeb6a492277f0160c3977c39af7198aa8e1ac45e51a3ad03674764b7
[INFO] running `Command { std: "docker" "start" "-a" "a3fca60fbeb6a492277f0160c3977c39af7198aa8e1ac45e51a3ad03674764b7", kill_on_drop: false }`
[INFO] [stderr]    Compiling clippet v0.1.8 (/opt/rustwide/workdir)
[INFO] [stderr]     Finished test [unoptimized + debuginfo] target(s) in 0.54s
[INFO] running `Command { std: "docker" "inspect" "a3fca60fbeb6a492277f0160c3977c39af7198aa8e1ac45e51a3ad03674764b7", kill_on_drop: false }`
[INFO] running `Command { std: "docker" "rm" "-f" "a3fca60fbeb6a492277f0160c3977c39af7198aa8e1ac45e51a3ad03674764b7", kill_on_drop: false }`
[INFO] [stdout] a3fca60fbeb6a492277f0160c3977c39af7198aa8e1ac45e51a3ad03674764b7
[INFO] running `Command { std: "docker" "create" "-v" "/var/lib/crater-agent-workspace/builds/worker-4-tc2/target:/opt/rustwide/target:rw,Z" "-v" "/var/lib/crater-agent-workspace/builds/worker-4-tc2/source:/opt/rustwide/workdir:ro,Z" "-v" "/var/lib/crater-agent-workspace/cargo-home:/opt/rustwide/cargo-home:ro,Z" "-v" "/var/lib/crater-agent-workspace/rustup-home:/opt/rustwide/rustup-home:ro,Z" "-e" "SOURCE_DIR=/opt/rustwide/workdir" "-e" "CARGO_TARGET_DIR=/opt/rustwide/target" "-e" "CARGO_INCREMENTAL=0" "-e" "RUST_BACKTRACE=full" "-e" "RUSTFLAGS=--cap-lints=warn" "-e" "RUSTDOCFLAGS=--cap-lints=warn" "-e" "CARGO_HOME=/opt/rustwide/cargo-home" "-e" "RUSTUP_HOME=/opt/rustwide/rustup-home" "-w" "/opt/rustwide/workdir" "-m" "1610612736" "--user" "0:0" "--network" "none" "ghcr.io/rust-lang/crates-build-env/linux@sha256:5ff2268d62e97bff2cde7d5815dd6ed5b47097566f13b8d0ca110b04b60e07ed" "/opt/rustwide/cargo-home/bin/cargo" "+beta-2023-04-20" "test" "--frozen", kill_on_drop: false }`
[INFO] [stdout] 9a957d7f25e82088e11208ffdfc60728f415879d4a082ef58964be84a3054593
[INFO] running `Command { std: "docker" "start" "-a" "9a957d7f25e82088e11208ffdfc60728f415879d4a082ef58964be84a3054593", kill_on_drop: false }`
[INFO] [stderr]     Finished test [unoptimized + debuginfo] target(s) in 0.00s
[INFO] [stderr]      Running unittests src/lib.rs (/opt/rustwide/target/debug/deps/clippet-7e8c865146f1d07e)
[INFO] [stdout] 
[INFO] [stdout] running 0 tests
[INFO] [stdout] 
[INFO] [stdout] test result: ok. 0 passed; 0 failed; 0 ignored; 0 measured; 0 filtered out; finished in 0.00s
[INFO] [stdout] 
[INFO] [stderr]    Doc-tests clippet
[INFO] [stdout] 
[INFO] [stdout] running 13 tests
[INFO] [stdout] test src/lib.rs - Clippet::drop_bytes (line 57) - compile ... FAILED
[INFO] [stdout] test src/lib.rs - Clippet::from_file (line 103) - compile ... FAILED
[INFO] [stdout] test src/lib.rs - Clippet::dechunk (line 182) - compile ... FAILED
[INFO] [stdout] test src/lib.rs - Clippet::from_bytes (line 125) - compile ... FAILED
[INFO] [stdout] test src/lib.rs - Clippet::from_string (line 140) - compile ... FAILED
[INFO] [stdout] test src/lib.rs - Clippet::combine (line 162) - compile ... FAILED
[INFO] [stdout] test src/lib.rs - Clippet::get_as_string (line 88) - compile ... FAILED
[INFO] [stdout] test src/lib.rs - Clippet::add_bytes (line 45) - compile ... FAILED
[INFO] [stdout] test src/lib.rs - Clippet::get_data (line 78) - compile ... FAILED
[INFO] [stdout] test src/lib.rs - Clippet::rechunk (line 196) - compile ... FAILED
[INFO] [stdout] test src/lib.rs - Clippet::get_size (line 69) - compile ... FAILED
[INFO] [stdout] test src/lib.rs - Clippet::set_label (line 30) - compile ... FAILED
[INFO] [stdout] test src/lib.rs - Clippet::get_label (line 21) - compile ... FAILED
[INFO] [stdout] 
[INFO] [stdout] failures:
[INFO] [stdout] 
[INFO] [stdout] ---- src/lib.rs - Clippet::drop_bytes (line 57) stdout ----
[INFO] [stdout] error: expected identifier, found `...`
[INFO] [stdout]  --> src/lib.rs:58:26
[INFO] [stdout]   |
[INFO] [stdout] 3 | let mut data = Clippet { ... };
[INFO] [stdout]   |                -------   ^^^ expected identifier
[INFO] [stdout]   |                |
[INFO] [stdout]   |                while parsing this struct
[INFO] [stdout] 
[INFO] [stdout] error: expected `;`, found `data`
[INFO] [stdout]  --> src/lib.rs:59:16
[INFO] [stdout]   |
[INFO] [stdout] 4 | data.get_size() // e.g. 10
[INFO] [stdout]   |                ^ help: add `;` here
[INFO] [stdout] 5 | data.drop_bytes(5) // drops 6th sequence of bytes
[INFO] [stdout]   | ---- unexpected token
[INFO] [stdout] 
[INFO] [stdout] error: expected `;`, found `data`
[INFO] [stdout]  --> src/lib.rs:60:19
[INFO] [stdout]   |
[INFO] [stdout] 5 | data.drop_bytes(5) // drops 6th sequence of bytes
[INFO] [stdout]   |                   ^ help: add `;` here
[INFO] [stdout] 6 | data.get_size() // 9
[INFO] [stdout]   | ---- unexpected token
[INFO] [stdout] 
[INFO] [stdout] error[E0422]: cannot find struct, variant or union type `Clippet` in this scope
[INFO] [stdout]  --> src/lib.rs:58:16
[INFO] [stdout]   |
[INFO] [stdout] 3 | let mut data = Clippet { ... };
[INFO] [stdout]   |                ^^^^^^^ not found in this scope
[INFO] [stdout]   |
[INFO] [stdout] help: consider importing this struct
[INFO] [stdout]   |
[INFO] [stdout] 2 + use clippet::Clippet;
[INFO] [stdout]   |
[INFO] [stdout] 
[INFO] [stdout] error: aborting due to 4 previous errors
[INFO] [stdout] 
[INFO] [stdout] For more information about this error, try `rustc --explain E0422`.
[INFO] [stdout] Couldn't compile the test.
[INFO] [stdout] ---- src/lib.rs - Clippet::from_file (line 103) stdout ----
[INFO] [stdout] error[E0433]: failed to resolve: use of undeclared type `Clippet`
[INFO] [stdout]  --> src/lib.rs:104:12
[INFO] [stdout]   |
[INFO] [stdout] 3 | let data = Clippet::from_file("example.txt", 512);
[INFO] [stdout]   |            ^^^^^^^ use of undeclared type `Clippet`
[INFO] [stdout]   |
[INFO] [stdout] help: consider importing this struct
[INFO] [stdout]   |
[INFO] [stdout] 2 + use clippet::Clippet;
[INFO] [stdout]   |
[INFO] [stdout] 
[INFO] [stdout] error: aborting due to previous error
[INFO] [stdout] 
[INFO] [stdout] For more information about this error, try `rustc --explain E0433`.
[INFO] [stdout] Couldn't compile the test.
[INFO] [stdout] ---- src/lib.rs - Clippet::dechunk (line 182) stdout ----
[INFO] [stdout] error[E0433]: failed to resolve: use of undeclared type `Clippet`
[INFO] [stdout]  --> src/lib.rs:183:12
[INFO] [stdout]   |
[INFO] [stdout] 3 | let data = Clippet::from_string("HelloWorld", 5); // [b"Hello", b"World"]
[INFO] [stdout]   |            ^^^^^^^ use of undeclared type `Clippet`
[INFO] [stdout]   |
[INFO] [stdout] help: consider importing this struct
[INFO] [stdout]   |
[INFO] [stdout] 2 + use clippet::Clippet;
[INFO] [stdout]   |
[INFO] [stdout] 
[INFO] [stdout] error: aborting due to previous error
[INFO] [stdout] 
[INFO] [stdout] For more information about this error, try `rustc --explain E0433`.
[INFO] [stdout] Couldn't compile the test.
[INFO] [stdout] ---- src/lib.rs - Clippet::from_bytes (line 125) stdout ----
[INFO] [stdout] error[E0433]: failed to resolve: use of undeclared type `Clippet`
[INFO] [stdout]  --> src/lib.rs:126:12
[INFO] [stdout]   |
[INFO] [stdout] 3 | let data = Clippet::from_bytes(foo);
[INFO] [stdout]   |            ^^^^^^^ use of undeclared type `Clippet`
[INFO] [stdout]   |
[INFO] [stdout] help: consider importing this struct
[INFO] [stdout]   |
[INFO] [stdout] 2 + use clippet::Clippet;
[INFO] [stdout]   |
[INFO] [stdout] 
[INFO] [stdout] error[E0425]: cannot find value `foo` in this scope
[INFO] [stdout]  --> src/lib.rs:126:32
[INFO] [stdout]   |
[INFO] [stdout] 3 | let data = Clippet::from_bytes(foo);
[INFO] [stdout]   |                                ^^^ not found in this scope
[INFO] [stdout] 
[INFO] [stdout] error: aborting due to 2 previous errors
[INFO] [stdout] 
[INFO] [stdout] Some errors have detailed explanations: E0425, E0433.
[INFO] [stdout] For more information about an error, try `rustc --explain E0425`.
[INFO] [stdout] Couldn't compile the test.
[INFO] [stdout] ---- src/lib.rs - Clippet::from_string (line 140) stdout ----
[INFO] [stdout] error[E0433]: failed to resolve: use of undeclared type `Clippet`
[INFO] [stdout]  --> src/lib.rs:141:12
[INFO] [stdout]   |
[INFO] [stdout] 3 | let data = Clippet::from_string("Lorem ipsum dolor amet...", 512);
[INFO] [stdout]   |            ^^^^^^^ use of undeclared type `Clippet`
[INFO] [stdout]   |
[INFO] [stdout] help: consider importing this struct
[INFO] [stdout]   |
[INFO] [stdout] 2 + use clippet::Clippet;
[INFO] [stdout]   |
[INFO] [stdout] 
[INFO] [stdout] error: aborting due to previous error
[INFO] [stdout] 
[INFO] [stdout] For more information about this error, try `rustc --explain E0433`.
[INFO] [stdout] Couldn't compile the test.
[INFO] [stdout] ---- src/lib.rs - Clippet::combine (line 162) stdout ----
[INFO] [stdout] error[E0585]: found a documentation comment that doesn't document anything
[INFO] [stdout]  --> src/lib.rs:164:33
[INFO] [stdout]   |
[INFO] [stdout] 4 | println!("{}", data.combine()); /// Hello, World!
[INFO] [stdout]   |                                 ^^^^^^^^^^^^^^^^^
[INFO] [stdout]   |
[INFO] [stdout]   = help: doc comments must come before what they document, if a comment was intended use `//`
[INFO] [stdout] 
[INFO] [stdout] error[E0433]: failed to resolve: use of undeclared type `Clippet`
[INFO] [stdout]  --> src/lib.rs:163:12
[INFO] [stdout]   |
[INFO] [stdout] 3 | let data = Clippet::from_string("Hello, World!", 512);
[INFO] [stdout]   |            ^^^^^^^ use of undeclared type `Clippet`
[INFO] [stdout]   |
[INFO] [stdout] help: consider importing this struct
[INFO] [stdout]   |
[INFO] [stdout] 2 + use clippet::Clippet;
[INFO] [stdout]   |
[INFO] [stdout] 
[INFO] [stdout] error: aborting due to 2 previous errors
[INFO] [stdout] 
[INFO] [stdout] Some errors have detailed explanations: E0433, E0585.
[INFO] [stdout] For more information about an error, try `rustc --explain E0433`.
[INFO] [stdout] Couldn't compile the test.
[INFO] [stdout] ---- src/lib.rs - Clippet::get_as_string (line 88) stdout ----
[INFO] [stdout] error: expected identifier, found `...`
[INFO] [stdout]  --> src/lib.rs:90:26
[INFO] [stdout]   |
[INFO] [stdout] 4 | let mut data = Clippet { ... };
[INFO] [stdout]   |                -------   ^^^ expected identifier
[INFO] [stdout]   |                |
[INFO] [stdout]   |                while parsing this struct
[INFO] [stdout] 
[INFO] [stdout] error[E0433]: failed to resolve: use of undeclared type `BytesMut`
[INFO] [stdout]  --> src/lib.rs:89:13
[INFO] [stdout]   |
[INFO] [stdout] 3 | let bytes = BytesMut::from("Hello, world!");
[INFO] [stdout]   |             ^^^^^^^^ use of undeclared type `BytesMut`
[INFO] [stdout]   |
[INFO] [stdout] help: consider importing this struct
[INFO] [stdout]   |
[INFO] [stdout] 2 + use bytes::BytesMut;
[INFO] [stdout]   |
[INFO] [stdout] 
[INFO] [stdout] error[E0422]: cannot find struct, variant or union type `Clippet` in this scope
[INFO] [stdout]  --> src/lib.rs:90:16
[INFO] [stdout]   |
[INFO] [stdout] 4 | let mut data = Clippet { ... };
[INFO] [stdout]   |                ^^^^^^^ not found in this scope
[INFO] [stdout]   |
[INFO] [stdout] help: consider importing this struct
[INFO] [stdout]   |
[INFO] [stdout] 2 + use clippet::Clippet;
[INFO] [stdout]   |
[INFO] [stdout] 
[INFO] [stdout] error: aborting due to 3 previous errors
[INFO] [stdout] 
[INFO] [stdout] Some errors have detailed explanations: E0422, E0433.
[INFO] [stdout] For more information about an error, try `rustc --explain E0422`.
[INFO] [stdout] Couldn't compile the test.
[INFO] [stdout] ---- src/lib.rs - Clippet::add_bytes (line 45) stdout ----
[INFO] [stdout] error: expected identifier, found `...`
[INFO] [stdout]  --> src/lib.rs:47:26
[INFO] [stdout]   |
[INFO] [stdout] 4 | let mut data = Clippet { ... };
[INFO] [stdout]   |                -------   ^^^ expected identifier
[INFO] [stdout]   |                |
[INFO] [stdout]   |                while parsing this struct
[INFO] [stdout] 
[INFO] [stdout] error[E0433]: failed to resolve: use of undeclared type `BytesMut`
[INFO] [stdout]  --> src/lib.rs:46:13
[INFO] [stdout]   |
[INFO] [stdout] 3 | let bytes = BytesMut::from("Hello, world!");
[INFO] [stdout]   |             ^^^^^^^^ use of undeclared type `BytesMut`
[INFO] [stdout]   |
[INFO] [stdout] help: consider importing this struct
[INFO] [stdout]   |
[INFO] [stdout] 2 + use bytes::BytesMut;
[INFO] [stdout]   |
[INFO] [stdout] 
[INFO] [stdout] error[E0422]: cannot find struct, variant or union type `Clippet` in this scope
[INFO] [stdout]  --> src/lib.rs:47:16
[INFO] [stdout]   |
[INFO] [stdout] 4 | let mut data = Clippet { ... };
[INFO] [stdout]   |                ^^^^^^^ not found in this scope
[INFO] [stdout]   |
[INFO] [stdout] help: consider importing this struct
[INFO] [stdout]   |
[INFO] [stdout] 2 + use clippet::Clippet;
[INFO] [stdout]   |
[INFO] [stdout] 
[INFO] [stdout] error: aborting due to 3 previous errors
[INFO] [stdout] 
[INFO] [stdout] Some errors have detailed explanations: E0422, E0433.
[INFO] [stdout] For more information about an error, try `rustc --explain E0422`.
[INFO] [stdout] Couldn't compile the test.
[INFO] [stdout] ---- src/lib.rs - Clippet::get_data (line 78) stdout ----
[INFO] [stdout] error: expected identifier, found `...`
[INFO] [stdout]  --> src/lib.rs:80:26
[INFO] [stdout]   |
[INFO] [stdout] 4 | let mut data = Clippet { ... };
[INFO] [stdout]   |                -------   ^^^ expected identifier
[INFO] [stdout]   |                |
[INFO] [stdout]   |                while parsing this struct
[INFO] [stdout] 
[INFO] [stdout] error[E0433]: failed to resolve: use of undeclared type `BytesMut`
[INFO] [stdout]  --> src/lib.rs:79:13
[INFO] [stdout]   |
[INFO] [stdout] 3 | let bytes = BytesMut::from("Hello, world!");
[INFO] [stdout]   |             ^^^^^^^^ use of undeclared type `BytesMut`
[INFO] [stdout]   |
[INFO] [stdout] help: consider importing this struct
[INFO] [stdout]   |
[INFO] [stdout] 2 + use bytes::BytesMut;
[INFO] [stdout]   |
[INFO] [stdout] 
[INFO] [stdout] error[E0422]: cannot find struct, variant or union type `Clippet` in this scope
[INFO] [stdout]  --> src/lib.rs:80:16
[INFO] [stdout]   |
[INFO] [stdout] 4 | let mut data = Clippet { ... };
[INFO] [stdout]   |                ^^^^^^^ not found in this scope
[INFO] [stdout]   |
[INFO] [stdout] help: consider importing this struct
[INFO] [stdout]   |
[INFO] [stdout] 2 + use clippet::Clippet;
[INFO] [stdout]   |
[INFO] [stdout] 
[INFO] [stdout] error: aborting due to 3 previous errors
[INFO] [stdout] 
[INFO] [stdout] Some errors have detailed explanations: E0422, E0433.
[INFO] [stdout] For more information about an error, try `rustc --explain E0422`.
[INFO] [stdout] Couldn't compile the test.
[INFO] [stdout] ---- src/lib.rs - Clippet::rechunk (line 196) stdout ----
[INFO] [stdout] error: expected `;`, found `}`
[INFO] [stdout]  --> src/lib.rs:199:30
[INFO] [stdout]   |
[INFO] [stdout] 5 | let data = data.rechunk(1024) // size: 2
[INFO] [stdout]   |                              ^ help: add `;` here
[INFO] [stdout] 6 | } _doctest_main_src_lib_rs_196_0() }
[INFO] [stdout]   | - unexpected token
[INFO] [stdout] 
[INFO] [stdout] error[E0433]: failed to resolve: use of undeclared type `Clippet`
[INFO] [stdout]  --> src/lib.rs:198:12
[INFO] [stdout]   |
[INFO] [stdout] 4 | let data = Clippet::from_string(longstring, 512); // size: 4
[INFO] [stdout]   |            ^^^^^^^ use of undeclared type `Clippet`
[INFO] [stdout]   |
[INFO] [stdout] help: consider importing this struct
[INFO] [stdout]   |
[INFO] [stdout] 2 + use clippet::Clippet;
[INFO] [stdout]   |
[INFO] [stdout] 
[INFO] [stdout] error: aborting due to 2 previous errors
[INFO] [stdout] 
[INFO] [stdout] For more information about this error, try `rustc --explain E0433`.
[INFO] [stdout] Couldn't compile the test.
[INFO] [stdout] ---- src/lib.rs - Clippet::get_size (line 69) stdout ----
[INFO] [stdout] error: expected identifier, found `...`
[INFO] [stdout]  --> src/lib.rs:70:22
[INFO] [stdout]   |
[INFO] [stdout] 3 | let data = Clippet { ... };
[INFO] [stdout]   |            -------   ^^^ expected identifier
[INFO] [stdout]   |            |
[INFO] [stdout]   |            while parsing this struct
[INFO] [stdout] 
[INFO] [stdout] error[E0422]: cannot find struct, variant or union type `Clippet` in this scope
[INFO] [stdout]  --> src/lib.rs:70:12
[INFO] [stdout]   |
[INFO] [stdout] 3 | let data = Clippet { ... };
[INFO] [stdout]   |            ^^^^^^^ not found in this scope
[INFO] [stdout]   |
[INFO] [stdout] help: consider importing this struct
[INFO] [stdout]   |
[INFO] [stdout] 2 + use clippet::Clippet;
[INFO] [stdout]   |
[INFO] [stdout] 
[INFO] [stdout] error: aborting due to 2 previous errors
[INFO] [stdout] 
[INFO] [stdout] For more information about this error, try `rustc --explain E0422`.
[INFO] [stdout] Couldn't compile the test.
[INFO] [stdout] ---- src/lib.rs - Clippet::set_label (line 30) stdout ----
[INFO] [stdout] error: expected identifier, found `...`
[INFO] [stdout]  --> src/lib.rs:31:22
[INFO] [stdout]   |
[INFO] [stdout] 3 | let data = Clippet { ... };
[INFO] [stdout]   |            -------   ^^^ expected identifier
[INFO] [stdout]   |            |
[INFO] [stdout]   |            while parsing this struct
[INFO] [stdout] 
[INFO] [stdout] error[E0422]: cannot find struct, variant or union type `Clippet` in this scope
[INFO] [stdout]  --> src/lib.rs:31:12
[INFO] [stdout]   |
[INFO] [stdout] 3 | let data = Clippet { ... };
[INFO] [stdout]   |            ^^^^^^^ not found in this scope
[INFO] [stdout]   |
[INFO] [stdout] help: consider importing this struct
[INFO] [stdout]   |
[INFO] [stdout] 2 + use clippet::Clippet;
[INFO] [stdout]   |
[INFO] [stdout] 
[INFO] [stdout] error: aborting due to 2 previous errors
[INFO] [stdout] 
[INFO] [stdout] For more information about this error, try `rustc --explain E0422`.
[INFO] [stdout] Couldn't compile the test.
[INFO] [stdout] ---- src/lib.rs - Clippet::get_label (line 21) stdout ----
[INFO] [stdout] error: expected identifier, found `...`
[INFO] [stdout]  --> src/lib.rs:22:52
[INFO] [stdout]   |
[INFO] [stdout] 3 | let data = Clippet { label : "Hello!".to_string(), ... };
[INFO] [stdout]   |            ------- while parsing this struct       ^^^ expected identifier
[INFO] [stdout] 
[INFO] [stdout] error[E0422]: cannot find struct, variant or union type `Clippet` in this scope
[INFO] [stdout]  --> src/lib.rs:22:12
[INFO] [stdout]   |
[INFO] [stdout] 3 | let data = Clippet { label : "Hello!".to_string(), ... };
[INFO] [stdout]   |            ^^^^^^^ not found in this scope
[INFO] [stdout]   |
[INFO] [stdout] help: consider importing this struct
[INFO] [stdout]   |
[INFO] [stdout] 2 + use clippet::Clippet;
[INFO] [stdout]   |
[INFO] [stdout] 
[INFO] [stdout] error: aborting due to 2 previous errors
[INFO] [stdout] 
[INFO] [stdout] For more information about this error, try `rustc --explain E0422`.
[INFO] [stdout] Couldn't compile the test.
[INFO] [stdout] 
[INFO] [stdout] failures:
[INFO] [stdout]     src/lib.rs - Clippet::add_bytes (line 45)
[INFO] [stdout]     src/lib.rs - Clippet::combine (line 162)
[INFO] [stdout]     src/lib.rs - Clippet::dechunk (line 182)
[INFO] [stdout]     src/lib.rs - Clippet::drop_bytes (line 57)
[INFO] [stdout]     src/lib.rs - Clippet::from_bytes (line 125)
[INFO] [stdout]     src/lib.rs - Clippet::from_file (line 103)
[INFO] [stdout]     src/lib.rs - Clippet::from_string (line 140)
[INFO] [stdout]     src/lib.rs - Clippet::get_as_string (line 88)
[INFO] [stdout]     src/lib.rs - Clippet::get_data (line 78)
[INFO] [stdout]     src/lib.rs - Clippet::get_label (line 21)
[INFO] [stdout]     src/lib.rs - Clippet::get_size (line 69)
[INFO] [stdout]     src/lib.rs - Clippet::rechunk (line 196)
[INFO] [stdout]     src/lib.rs - Clippet::set_label (line 30)
[INFO] [stdout] 
[INFO] [stdout] test result: FAILED. 0 passed; 13 failed; 0 ignored; 0 measured; 0 filtered out; finished in 0.46s
[INFO] [stdout] 
[INFO] [stderr] error: doctest failed, to rerun pass `--doc`
[INFO] running `Command { std: "docker" "inspect" "9a957d7f25e82088e11208ffdfc60728f415879d4a082ef58964be84a3054593", kill_on_drop: false }`
[INFO] running `Command { std: "docker" "rm" "-f" "9a957d7f25e82088e11208ffdfc60728f415879d4a082ef58964be84a3054593", kill_on_drop: false }`
[INFO] [stdout] 9a957d7f25e82088e11208ffdfc60728f415879d4a082ef58964be84a3054593
