[INFO] fetching crate clia-turn 0.6.2...
[INFO] testing clia-turn-0.6.2 against beta-2023-04-20 for beta-1.70-1
[INFO] extracting crate clia-turn 0.6.2 into /workspace/builds/worker-6-tc2/source
[INFO] validating manifest of crates.io crate clia-turn 0.6.2 on toolchain beta-2023-04-20
[INFO] running `Command { std: CARGO_HOME="/workspace/cargo-home" RUSTUP_HOME="/workspace/rustup-home" "/workspace/cargo-home/bin/cargo" "+beta-2023-04-20" "metadata" "--manifest-path" "Cargo.toml" "--no-deps", kill_on_drop: false }`
[INFO] started tweaking crates.io crate clia-turn 0.6.2
[INFO] removed 0 missing examples
[INFO] finished tweaking crates.io crate clia-turn 0.6.2
[INFO] tweaked toml for crates.io crate clia-turn 0.6.2 written to /workspace/builds/worker-6-tc2/source/Cargo.toml
[INFO] crate crates.io crate clia-turn 0.6.2 already has a lockfile, it will not be regenerated
[INFO] running `Command { std: CARGO_HOME="/workspace/cargo-home" RUSTUP_HOME="/workspace/rustup-home" "/workspace/cargo-home/bin/cargo" "+beta-2023-04-20" "fetch" "--manifest-path" "Cargo.toml", kill_on_drop: false }`
[INFO] [stderr]     Updating crates.io index
[INFO] [stderr]  Downloading crates ...
[INFO] [stderr]   Downloaded webrtc-util v0.7.0
[INFO] [stderr]   Downloaded criterion v0.3.6
[INFO] [stderr]   Downloaded serde_json v1.0.88
[INFO] [stderr]   Downloaded criterion-plot v0.4.5
[INFO] [stderr]   Downloaded serde_cbor v0.11.2
[INFO] [stderr]   Downloaded crc-catalog v2.1.0
[INFO] [stderr]   Downloaded crc v3.0.0
[INFO] [stderr]   Downloaded stun v0.4.4
[INFO] [stderr]   Downloaded crossbeam-epoch v0.9.11
[INFO] running `Command { std: "docker" "create" "-v" "/var/lib/crater-agent-workspace/builds/worker-6-tc2/target:/opt/rustwide/target:rw,Z" "-v" "/var/lib/crater-agent-workspace/builds/worker-6-tc2/source:/opt/rustwide/workdir:ro,Z" "-v" "/var/lib/crater-agent-workspace/cargo-home:/opt/rustwide/cargo-home:ro,Z" "-v" "/var/lib/crater-agent-workspace/rustup-home:/opt/rustwide/rustup-home:ro,Z" "-e" "SOURCE_DIR=/opt/rustwide/workdir" "-e" "CARGO_TARGET_DIR=/opt/rustwide/target" "-e" "CARGO_HOME=/opt/rustwide/cargo-home" "-e" "RUSTUP_HOME=/opt/rustwide/rustup-home" "-w" "/opt/rustwide/workdir" "-m" "1610612736" "--user" "0:0" "--network" "none" "ghcr.io/rust-lang/crates-build-env/linux@sha256:5ff2268d62e97bff2cde7d5815dd6ed5b47097566f13b8d0ca110b04b60e07ed" "/opt/rustwide/cargo-home/bin/cargo" "+beta-2023-04-20" "metadata" "--no-deps" "--format-version=1", kill_on_drop: false }`
[INFO] [stdout] a13d58fabac294b762f1c5f8d0224ab7ce53a215642a9494254e2d86d3fa8d18
[INFO] running `Command { std: "docker" "start" "-a" "a13d58fabac294b762f1c5f8d0224ab7ce53a215642a9494254e2d86d3fa8d18", kill_on_drop: false }`
[INFO] running `Command { std: "docker" "inspect" "a13d58fabac294b762f1c5f8d0224ab7ce53a215642a9494254e2d86d3fa8d18", kill_on_drop: false }`
[INFO] running `Command { std: "docker" "rm" "-f" "a13d58fabac294b762f1c5f8d0224ab7ce53a215642a9494254e2d86d3fa8d18", kill_on_drop: false }`
[INFO] [stdout] a13d58fabac294b762f1c5f8d0224ab7ce53a215642a9494254e2d86d3fa8d18
[INFO] running `Command { std: "docker" "create" "-v" "/var/lib/crater-agent-workspace/builds/worker-6-tc2/target:/opt/rustwide/target:rw,Z" "-v" "/var/lib/crater-agent-workspace/builds/worker-6-tc2/source:/opt/rustwide/workdir:ro,Z" "-v" "/var/lib/crater-agent-workspace/cargo-home:/opt/rustwide/cargo-home:ro,Z" "-v" "/var/lib/crater-agent-workspace/rustup-home:/opt/rustwide/rustup-home:ro,Z" "-e" "SOURCE_DIR=/opt/rustwide/workdir" "-e" "CARGO_TARGET_DIR=/opt/rustwide/target" "-e" "CARGO_INCREMENTAL=0" "-e" "RUST_BACKTRACE=full" "-e" "RUSTFLAGS=--cap-lints=warn" "-e" "RUSTDOCFLAGS=--cap-lints=warn" "-e" "CARGO_HOME=/opt/rustwide/cargo-home" "-e" "RUSTUP_HOME=/opt/rustwide/rustup-home" "-w" "/opt/rustwide/workdir" "-m" "1610612736" "--user" "0:0" "--network" "none" "ghcr.io/rust-lang/crates-build-env/linux@sha256:5ff2268d62e97bff2cde7d5815dd6ed5b47097566f13b8d0ca110b04b60e07ed" "/opt/rustwide/cargo-home/bin/cargo" "+beta-2023-04-20" "build" "--frozen" "--message-format=json", kill_on_drop: false }`
[INFO] [stdout] 76df5096ac915d6b540b3b58b2d89e04b4d01817b4d4308fabf30544c6ef5e14
[INFO] running `Command { std: "docker" "start" "-a" "76df5096ac915d6b540b3b58b2d89e04b4d01817b4d4308fabf30544c6ef5e14", kill_on_drop: false }`
[INFO] [stderr]    Compiling libc v0.2.137
[INFO] [stderr]    Compiling proc-macro2 v1.0.47
[INFO] [stderr]    Compiling unicode-ident v1.0.5
[INFO] [stderr]    Compiling quote v1.0.21
[INFO] [stderr]    Compiling syn v1.0.103
[INFO] [stderr]    Compiling cc v1.0.77
[INFO] [stderr]    Compiling lock_api v0.4.9
[INFO] [stderr]    Compiling parking_lot_core v0.9.4
[INFO] [stderr]    Compiling futures-core v0.3.25
[INFO] [stderr]    Compiling memoffset v0.6.5
[INFO] [stderr]    Compiling generic-array v0.14.6
[INFO] [stderr]    Compiling slab v0.4.7
[INFO] [stderr]    Compiling futures-channel v0.3.25
[INFO] [stderr]    Compiling futures-task v0.3.25
[INFO] [stderr]    Compiling tinyvec_macros v0.1.0
[INFO] [stderr]    Compiling smallvec v1.10.0
[INFO] [stderr]    Compiling tinyvec v1.6.0
[INFO] [stderr]    Compiling tokio v1.22.0
[INFO] [stderr]    Compiling async-trait v0.1.58
[INFO] [stderr]    Compiling thiserror v1.0.37
[INFO] [stderr]    Compiling futures-sink v0.3.25
[INFO] [stderr]    Compiling ppv-lite86 v0.2.17
[INFO] [stderr]    Compiling futures-util v0.3.25
[INFO] [stderr]    Compiling bytes v1.3.0
[INFO] [stderr]    Compiling unicode-bidi v0.3.8
[INFO] [stderr]    Compiling futures-io v0.3.25
[INFO] [stderr]    Compiling ipnet v2.5.1
[INFO] [stderr]    Compiling crc-catalog v2.1.0
[INFO] [stderr]    Compiling once_cell v1.16.0
[INFO] [stderr]    Compiling base64 v0.13.1
[INFO] [stderr]    Compiling subtle v2.4.1
[INFO] [stderr]    Compiling crc v3.0.0
[INFO] [stderr]    Compiling ring v0.16.20
[INFO] [stderr]    Compiling webrtc-util v0.7.0
[INFO] [stderr]    Compiling crypto-common v0.1.6
[INFO] [stderr]    Compiling block-buffer v0.10.3
[INFO] [stderr]    Compiling unicode-normalization v0.1.22
[INFO] [stderr]    Compiling digest v0.10.6
[INFO] [stderr]    Compiling md-5 v0.10.5
[INFO] [stderr]    Compiling idna v0.3.0
[INFO] [stderr]    Compiling getrandom v0.2.8
[INFO] [stderr]    Compiling socket2 v0.4.7
[INFO] [stderr]    Compiling num_cpus v1.14.0
[INFO] [stderr]    Compiling signal-hook-registry v1.4.0
[INFO] [stderr]    Compiling mio v0.8.5
[INFO] [stderr]    Compiling nix v0.24.2
[INFO] [stderr]    Compiling rand_core v0.6.4
[INFO] [stderr]    Compiling parking_lot v0.12.1
[INFO] [stderr]    Compiling rand_chacha v0.3.1
[INFO] [stderr]    Compiling url v2.3.1
[INFO] [stderr]    Compiling rand v0.8.5
[INFO] [stderr]    Compiling thiserror-impl v1.0.37
[INFO] [stderr]    Compiling tokio-macros v1.8.0
[INFO] [stderr]    Compiling futures-macro v0.3.25
[INFO] [stderr]    Compiling futures-executor v0.3.25
[INFO] [stderr]    Compiling futures v0.3.25
[INFO] [stderr]    Compiling stun v0.4.4
[INFO] [stderr]    Compiling clia-turn v0.6.2 (/opt/rustwide/workdir)
[INFO] [stderr]     Finished dev [unoptimized + debuginfo] target(s) in 13.46s
[INFO] running `Command { std: "docker" "inspect" "76df5096ac915d6b540b3b58b2d89e04b4d01817b4d4308fabf30544c6ef5e14", kill_on_drop: false }`
[INFO] running `Command { std: "docker" "rm" "-f" "76df5096ac915d6b540b3b58b2d89e04b4d01817b4d4308fabf30544c6ef5e14", kill_on_drop: false }`
[INFO] [stdout] 76df5096ac915d6b540b3b58b2d89e04b4d01817b4d4308fabf30544c6ef5e14
[INFO] running `Command { std: "docker" "create" "-v" "/var/lib/crater-agent-workspace/builds/worker-6-tc2/target:/opt/rustwide/target:rw,Z" "-v" "/var/lib/crater-agent-workspace/builds/worker-6-tc2/source:/opt/rustwide/workdir:ro,Z" "-v" "/var/lib/crater-agent-workspace/cargo-home:/opt/rustwide/cargo-home:ro,Z" "-v" "/var/lib/crater-agent-workspace/rustup-home:/opt/rustwide/rustup-home:ro,Z" "-e" "SOURCE_DIR=/opt/rustwide/workdir" "-e" "CARGO_TARGET_DIR=/opt/rustwide/target" "-e" "CARGO_INCREMENTAL=0" "-e" "RUST_BACKTRACE=full" "-e" "RUSTFLAGS=--cap-lints=warn" "-e" "RUSTDOCFLAGS=--cap-lints=warn" "-e" "CARGO_HOME=/opt/rustwide/cargo-home" "-e" "RUSTUP_HOME=/opt/rustwide/rustup-home" "-w" "/opt/rustwide/workdir" "-m" "1610612736" "--user" "0:0" "--network" "none" "ghcr.io/rust-lang/crates-build-env/linux@sha256:5ff2268d62e97bff2cde7d5815dd6ed5b47097566f13b8d0ca110b04b60e07ed" "/opt/rustwide/cargo-home/bin/cargo" "+beta-2023-04-20" "test" "--frozen" "--no-run" "--message-format=json", kill_on_drop: false }`
[INFO] [stdout] 11a31014a64232b43a14bddd93d02ec8af955cd4003c111e46ae3d71f538b054
[INFO] running `Command { std: "docker" "start" "-a" "11a31014a64232b43a14bddd93d02ec8af955cd4003c111e46ae3d71f538b054", kill_on_drop: false }`
[INFO] [stderr]    Compiling crossbeam-utils v0.8.12
[INFO] [stderr]    Compiling serde v1.0.147
[INFO] [stderr]    Compiling crossbeam-epoch v0.9.11
[INFO] [stderr]    Compiling num-traits v0.2.15
[INFO] [stderr]    Compiling rayon-core v1.10.1
[INFO] [stderr]    Compiling ryu v1.0.11
[INFO] [stderr]    Compiling either v1.8.0
[INFO] [stderr]    Compiling serde_json v1.0.88
[INFO] [stderr]    Compiling aho-corasick v0.7.20
[INFO] [stderr]    Compiling atty v0.2.14
[INFO] [stderr]    Compiling indexmap v1.9.2
[INFO] [stderr]    Compiling plotters-backend v0.3.4
[INFO] [stderr]    Compiling unicode-width v0.1.10
[INFO] [stderr]    Compiling regex-automata v0.1.10
[INFO] [stderr]    Compiling serde_derive v1.0.147
[INFO] [stderr]    Compiling regex-syntax v0.6.28
[INFO] [stderr]    Compiling itoa v1.0.4
[INFO] [stderr]    Compiling textwrap v0.11.0
[INFO] [stderr]    Compiling itertools v0.10.5
[INFO] [stderr]    Compiling async-stream-impl v0.3.3
[INFO] [stderr]    Compiling csv-core v0.1.10
[INFO] [stderr]    Compiling cast v0.3.0
[INFO] [stderr]    Compiling same-file v1.0.6
[INFO] [stderr]    Compiling plotters-svg v0.3.3
[INFO] [stderr]    Compiling itoa v0.4.8
[INFO] [stderr]    Compiling os_str_bytes v6.4.1
[INFO] [stderr]    Compiling half v1.8.2
[INFO] [stderr]    Compiling walkdir v2.3.2
[INFO] [stderr]    Compiling clap v2.34.0
[INFO] [stderr]    Compiling tokio-stream v0.1.11
[INFO] [stderr]    Compiling clap_lex v0.2.4
[INFO] [stderr]    Compiling time v0.1.44
[INFO] [stderr]    Compiling crossbeam-channel v0.5.6
[INFO] [stderr]    Compiling iana-time-zone v0.1.53
[INFO] [stderr]    Compiling crossbeam-deque v0.8.2
[INFO] [stderr]    Compiling oorandom v11.1.3
[INFO] [stderr]    Compiling humantime v2.1.0
[INFO] [stderr]    Compiling textwrap v0.16.0
[INFO] [stderr]    Compiling async-stream v0.3.3
[INFO] [stderr]    Compiling regex v1.7.0
[INFO] [stderr]    Compiling tokio-test v0.4.2
[INFO] [stderr]    Compiling clap v3.2.23
[INFO] [stderr]    Compiling criterion-plot v0.4.5
[INFO] [stderr]    Compiling plotters v0.3.4
[INFO] [stderr]    Compiling num-integer v0.1.45
[INFO] [stderr]    Compiling rayon v1.6.0
[INFO] [stderr]    Compiling chrono v0.4.23
[INFO] [stderr]    Compiling env_logger v0.9.3
[INFO] [stderr]    Compiling bstr v0.2.17
[INFO] [stderr]    Compiling serde_cbor v0.11.2
[INFO] [stderr]    Compiling csv v1.1.6
[INFO] [stderr]    Compiling tinytemplate v1.2.1
[INFO] [stderr]    Compiling criterion v0.3.6
[INFO] [stderr]    Compiling clia-turn v0.6.2 (/opt/rustwide/workdir)
[INFO] [stderr]     Finished test [unoptimized + debuginfo] target(s) in 16.91s
[INFO] running `Command { std: "docker" "inspect" "11a31014a64232b43a14bddd93d02ec8af955cd4003c111e46ae3d71f538b054", kill_on_drop: false }`
[INFO] running `Command { std: "docker" "rm" "-f" "11a31014a64232b43a14bddd93d02ec8af955cd4003c111e46ae3d71f538b054", kill_on_drop: false }`
[INFO] [stdout] 11a31014a64232b43a14bddd93d02ec8af955cd4003c111e46ae3d71f538b054
[INFO] running `Command { std: "docker" "create" "-v" "/var/lib/crater-agent-workspace/builds/worker-6-tc2/target:/opt/rustwide/target:rw,Z" "-v" "/var/lib/crater-agent-workspace/builds/worker-6-tc2/source:/opt/rustwide/workdir:ro,Z" "-v" "/var/lib/crater-agent-workspace/cargo-home:/opt/rustwide/cargo-home:ro,Z" "-v" "/var/lib/crater-agent-workspace/rustup-home:/opt/rustwide/rustup-home:ro,Z" "-e" "SOURCE_DIR=/opt/rustwide/workdir" "-e" "CARGO_TARGET_DIR=/opt/rustwide/target" "-e" "CARGO_INCREMENTAL=0" "-e" "RUST_BACKTRACE=full" "-e" "RUSTFLAGS=--cap-lints=warn" "-e" "RUSTDOCFLAGS=--cap-lints=warn" "-e" "CARGO_HOME=/opt/rustwide/cargo-home" "-e" "RUSTUP_HOME=/opt/rustwide/rustup-home" "-w" "/opt/rustwide/workdir" "-m" "1610612736" "--user" "0:0" "--network" "none" "ghcr.io/rust-lang/crates-build-env/linux@sha256:5ff2268d62e97bff2cde7d5815dd6ed5b47097566f13b8d0ca110b04b60e07ed" "/opt/rustwide/cargo-home/bin/cargo" "+beta-2023-04-20" "test" "--frozen", kill_on_drop: false }`
[INFO] [stdout] 31a27ca571ccda4afdb8cffb3793a80d6ae1daf4cb89bc68b0fdf55c2ffe92e9
[INFO] running `Command { std: "docker" "start" "-a" "31a27ca571ccda4afdb8cffb3793a80d6ae1daf4cb89bc68b0fdf55c2ffe92e9", kill_on_drop: false }`
[INFO] [stderr]     Finished test [unoptimized + debuginfo] target(s) in 0.14s
[INFO] [stderr]      Running unittests src/lib.rs (/opt/rustwide/target/debug/deps/clia_turn-764cc6680a2355bd)
[INFO] [stdout] 
[INFO] [stdout] running 64 tests
[INFO] [stdout] test allocation::allocation_test::test_add_channel_bind ... ok
[INFO] [stdout] test allocation::allocation_test::test_get_channel_by_addr ... ok
[INFO] [stdout] test allocation::allocation_test::test_remove_channel_bind ... ok
[INFO] [stdout] test allocation::five_tuple::five_tuple_test::test_five_tuple_protocol ... ok
[INFO] [stdout] test allocation::five_tuple::five_tuple_test::test_five_tuple_equal ... ok
[INFO] [stdout] test allocation::allocation_test::test_remove_permission ... ok
[INFO] [stdout] test allocation::allocation_test::test_get_channel_by_number ... ok
[INFO] [stdout] test auth::auth_test::test_generate_auth_key ... ok
[INFO] [stdout] test auth::auth_test::test_lt_cred ... ok
[INFO] [stdout] test client::binding::binding_test::test_binding_manager_failure ... ok
[INFO] [stdout] test auth::auth_test::test_new_long_term_auth_handler ... ok
[INFO] [stdout] test client::binding::binding_test::test_binding_manager_number_assignment ... ok
[INFO] [stdout] test client::binding::binding_test::test_binding_manager_method ... ok
[INFO] [stdout] test allocation::allocation_manager::allocation_manager_test::test_create_allocation_duplicate_five_tuple ... ok
[INFO] [stdout] test allocation::allocation_manager::allocation_manager_test::test_delete_allocation ... ok
[INFO] [stdout] test allocation::allocation_test::test_add_permission ... ok
[INFO] [stdout] test allocation::allocation_test::test_allocation_refresh ... ok
[INFO] [stdout] test allocation::channel_bind::channel_bind_test::test_channel_bind ... ok
[INFO] [stdout] test allocation::allocation_test::test_allocation_close ... ok
[INFO] [stdout] test allocation::allocation_test::test_has_permission ... ok
[INFO] [stdout] test allocation::allocation_manager::allocation_manager_test::test_delete_allocation_by_username ... ok
[INFO] [stdout] test proto::addr::addr_test::test_addr_from_socket_addr ... ok
[INFO] [stdout] test proto::addr::addr_test::test_addr_equal_ip ... ok
[INFO] [stdout] test proto::addr::addr_test::test_five_tuple_equal ... ok
[INFO] [stdout] test client::relay_conn::relay_conn_test::test_relay_conn ... ok
[INFO] [stdout] test proto::addr::addr_test::test_five_tuple_string ... ok
[INFO] [stdout] test proto::chandata::chandata_test::test_channel_data_decode ... ok
[INFO] [stdout] test allocation::allocation_manager::allocation_manager_test::test_packet_handler ... ok
[INFO] [stdout] test proto::chandata::chandata_test::test_channel_data_equal ... ok
[INFO] [stdout] test proto::chandata::chandata_test::test_is_channel_data ... ok
[INFO] [stdout] test proto::chandata::chandata_test::test_channel_data_reset ... ok
[INFO] [stdout] test proto::channum::channnum_test::test_channel_number_add_to ... ok
[INFO] [stdout] test proto::chandata::chandata_test::test_channel_data_encode ... ok
[INFO] [stdout] test proto::chandata::chandata_test::test_chrome_channel_data ... ok
[INFO] [stdout] test proto::data::data_test::test_data_add_to ... ok
[INFO] [stdout] test proto::channum::channnum_test::test_channel_number_string ... ok
[INFO] [stdout] test proto::dontfrag::dontfrag_test::test_dont_fragment_false ... ok
[INFO] [stdout] test proto::evenport::evenport_test::test_even_port_false ... ok
[INFO] [stdout] test proto::dontfrag::dontfrag_test::test_dont_fragment_add_to ... ok
[INFO] [stdout] test proto::evenport::evenport_test::test_even_port_add_to ... ok
[INFO] [stdout] test client::client_test::test_client_nonce_expiration ... ok
[INFO] [stdout] test proto::lifetime::lifetime_test::test_lifetime_add_to ... ok
[INFO] [stdout] test proto::evenport::evenport_test::test_even_port_string ... ok
[INFO] [stdout] test proto::lifetime::lifetime_test::test_lifetime_string ... ok
[INFO] [stdout] test client::client_test::test_client_with_stun_send_binding_request ... FAILED
[INFO] [stdout] test proto::peeraddr::peeraddr_test::test_peer_address ... ok
[INFO] [stdout] test proto::relayaddr::relayaddr_test::test_relayed_address ... ok
[INFO] [stdout] test proto::reqfamily::reqfamily_test::test_requested_address_family_add_to ... ok
[INFO] [stdout] test proto::reqtrans::reqtrans_test::test_requested_transport_add_to ... ok
[INFO] [stdout] test proto::reqtrans::reqtrans_test::test_requested_transport_string ... ok
[INFO] [stdout] test client::client_test::test_client_with_stun_send_binding_request_to_parallel ... FAILED
[INFO] [stdout] test proto::rsrvtoken::rsrvtoken_test::test_reservation_token ... ok
[INFO] [stdout] test proto::reqfamily::reqfamily_test::test_requested_address_family_string ... ok
[INFO] [stdout] test proto::proto_test::test_chrome_alloc_request ... ok
[INFO] [stdout] test server::request::request_test::test_allocation_lifetime_parsing ... ok
[INFO] [stdout] test server::request::request_test::test_allocation_lifetime_overflow ... ok
[INFO] [stdout] test server::request::request_test::test_allocation_lifetime_deletion_zero_lifetime ... ok
[INFO] [stdout] test server::server_test::test_server_simple ... ok
[INFO] [stdout] test server::server_test::test_server_vnet_send_binding_request ... ok
[INFO] [stdout] test allocation::allocation_manager::allocation_manager_test::test_manager_close ... ok
[INFO] [stdout] test allocation::allocation_manager::allocation_manager_test::test_allocation_timeout ... ok
[INFO] [stdout] test client::periodic_timer::periodic_timer_test::test_periodic_timer ... ok
[INFO] [stdout] test server::server_test::test_server_vnet_echo_via_relay ... ok
[INFO] [stdout] test client::client_test::test_client_with_stun_send_binding_request_to_timeout ... ok
[INFO] [stdout] 
[INFO] [stdout] failures:
[INFO] [stdout] 
[INFO] [stdout] ---- client::client_test::test_client_with_stun_send_binding_request stdout ----
[INFO] [stdout] Error: Util(Io(IoError(Custom { kind: Uncategorized, error: "failed to lookup address information: Temporary failure in name resolution" })))
[INFO] [stdout] 
[INFO] [stdout] ---- client::client_test::test_client_with_stun_send_binding_request_to_parallel stdout ----
[INFO] [stdout] Error: Util(Io(IoError(Custom { kind: Uncategorized, error: "failed to lookup address information: Temporary failure in name resolution" })))
[INFO] [stdout] 
[INFO] [stdout] 
[INFO] [stdout] failures:
[INFO] [stdout]     client::client_test::test_client_with_stun_send_binding_request
[INFO] [stdout]     client::client_test::test_client_with_stun_send_binding_request_to_parallel
[INFO] [stdout] 
[INFO] [stdout] test result: FAILED. 62 passed; 2 failed; 0 ignored; 0 measured; 0 filtered out; finished in 1.32s
[INFO] [stdout] 
[INFO] [stderr] error: test failed, to rerun pass `--lib`
[INFO] running `Command { std: "docker" "inspect" "31a27ca571ccda4afdb8cffb3793a80d6ae1daf4cb89bc68b0fdf55c2ffe92e9", kill_on_drop: false }`
[INFO] running `Command { std: "docker" "rm" "-f" "31a27ca571ccda4afdb8cffb3793a80d6ae1daf4cb89bc68b0fdf55c2ffe92e9", kill_on_drop: false }`
[INFO] [stdout] 31a27ca571ccda4afdb8cffb3793a80d6ae1daf4cb89bc68b0fdf55c2ffe92e9
