[INFO] fetching crate cleu-orm-derive 0.1.0...
[INFO] testing cleu-orm-derive-0.1.0 against beta-2023-04-20 for beta-1.70-1
[INFO] extracting crate cleu-orm-derive 0.1.0 into /workspace/builds/worker-5-tc2/source
[INFO] validating manifest of crates.io crate cleu-orm-derive 0.1.0 on toolchain beta-2023-04-20
[INFO] running `Command { std: CARGO_HOME="/workspace/cargo-home" RUSTUP_HOME="/workspace/rustup-home" "/workspace/cargo-home/bin/cargo" "+beta-2023-04-20" "metadata" "--manifest-path" "Cargo.toml" "--no-deps", kill_on_drop: false }`
[INFO] started tweaking crates.io crate cleu-orm-derive 0.1.0
[INFO] finished tweaking crates.io crate cleu-orm-derive 0.1.0
[INFO] tweaked toml for crates.io crate cleu-orm-derive 0.1.0 written to /workspace/builds/worker-5-tc2/source/Cargo.toml
[INFO] running `Command { std: CARGO_HOME="/workspace/cargo-home" RUSTUP_HOME="/workspace/rustup-home" __CARGO_TEST_CHANNEL_OVERRIDE_DO_NOT_USE_THIS="nightly" "/workspace/cargo-home/bin/cargo" "+beta-2023-04-20" "generate-lockfile" "--manifest-path" "Cargo.toml" "-Zno-index-update", kill_on_drop: false }`
[INFO] running `Command { std: CARGO_HOME="/workspace/cargo-home" RUSTUP_HOME="/workspace/rustup-home" "/workspace/cargo-home/bin/cargo" "+beta-2023-04-20" "fetch" "--manifest-path" "Cargo.toml", kill_on_drop: false }`
[INFO] [stderr]  Downloading crates ...
[INFO] [stderr]   Downloaded trybuild v1.0.80
[INFO] running `Command { std: "docker" "create" "-v" "/var/lib/crater-agent-workspace/builds/worker-5-tc2/target:/opt/rustwide/target:rw,Z" "-v" "/var/lib/crater-agent-workspace/builds/worker-5-tc2/source:/opt/rustwide/workdir:ro,Z" "-v" "/var/lib/crater-agent-workspace/cargo-home:/opt/rustwide/cargo-home:ro,Z" "-v" "/var/lib/crater-agent-workspace/rustup-home:/opt/rustwide/rustup-home:ro,Z" "-e" "SOURCE_DIR=/opt/rustwide/workdir" "-e" "CARGO_TARGET_DIR=/opt/rustwide/target" "-e" "CARGO_HOME=/opt/rustwide/cargo-home" "-e" "RUSTUP_HOME=/opt/rustwide/rustup-home" "-w" "/opt/rustwide/workdir" "-m" "1610612736" "--user" "0:0" "--network" "none" "ghcr.io/rust-lang/crates-build-env/linux@sha256:5ff2268d62e97bff2cde7d5815dd6ed5b47097566f13b8d0ca110b04b60e07ed" "/opt/rustwide/cargo-home/bin/cargo" "+beta-2023-04-20" "metadata" "--no-deps" "--format-version=1", kill_on_drop: false }`
[INFO] [stdout] f7c4fc47f4174dca3aa87a8d4bedcebe855f1f584421e20fc9a662c37a447862
[INFO] running `Command { std: "docker" "start" "-a" "f7c4fc47f4174dca3aa87a8d4bedcebe855f1f584421e20fc9a662c37a447862", kill_on_drop: false }`
[INFO] running `Command { std: "docker" "inspect" "f7c4fc47f4174dca3aa87a8d4bedcebe855f1f584421e20fc9a662c37a447862", kill_on_drop: false }`
[INFO] running `Command { std: "docker" "rm" "-f" "f7c4fc47f4174dca3aa87a8d4bedcebe855f1f584421e20fc9a662c37a447862", kill_on_drop: false }`
[INFO] [stdout] f7c4fc47f4174dca3aa87a8d4bedcebe855f1f584421e20fc9a662c37a447862
[INFO] running `Command { std: "docker" "create" "-v" "/var/lib/crater-agent-workspace/builds/worker-5-tc2/target:/opt/rustwide/target:rw,Z" "-v" "/var/lib/crater-agent-workspace/builds/worker-5-tc2/source:/opt/rustwide/workdir:ro,Z" "-v" "/var/lib/crater-agent-workspace/cargo-home:/opt/rustwide/cargo-home:ro,Z" "-v" "/var/lib/crater-agent-workspace/rustup-home:/opt/rustwide/rustup-home:ro,Z" "-e" "SOURCE_DIR=/opt/rustwide/workdir" "-e" "CARGO_TARGET_DIR=/opt/rustwide/target" "-e" "CARGO_INCREMENTAL=0" "-e" "RUST_BACKTRACE=full" "-e" "RUSTFLAGS=--cap-lints=warn" "-e" "RUSTDOCFLAGS=--cap-lints=warn" "-e" "CARGO_HOME=/opt/rustwide/cargo-home" "-e" "RUSTUP_HOME=/opt/rustwide/rustup-home" "-w" "/opt/rustwide/workdir" "-m" "1610612736" "--user" "0:0" "--network" "none" "ghcr.io/rust-lang/crates-build-env/linux@sha256:5ff2268d62e97bff2cde7d5815dd6ed5b47097566f13b8d0ca110b04b60e07ed" "/opt/rustwide/cargo-home/bin/cargo" "+beta-2023-04-20" "build" "--frozen" "--message-format=json", kill_on_drop: false }`
[INFO] [stdout] 1a45bf3b0e650cc7edb5c7fdccf1686b326c85a7d30fa86ac74b65c82bcd6dbd
[INFO] running `Command { std: "docker" "start" "-a" "1a45bf3b0e650cc7edb5c7fdccf1686b326c85a7d30fa86ac74b65c82bcd6dbd", kill_on_drop: false }`
[INFO] [stderr]    Compiling proc-macro2 v1.0.56
[INFO] [stderr]    Compiling unicode-ident v1.0.8
[INFO] [stderr]    Compiling quote v1.0.26
[INFO] [stderr]    Compiling syn v1.0.109
[INFO] [stderr]    Compiling cleu-orm-derive v0.1.0 (/opt/rustwide/workdir)
[INFO] [stderr]     Finished dev [unoptimized + debuginfo] target(s) in 7.19s
[INFO] running `Command { std: "docker" "inspect" "1a45bf3b0e650cc7edb5c7fdccf1686b326c85a7d30fa86ac74b65c82bcd6dbd", kill_on_drop: false }`
[INFO] running `Command { std: "docker" "rm" "-f" "1a45bf3b0e650cc7edb5c7fdccf1686b326c85a7d30fa86ac74b65c82bcd6dbd", kill_on_drop: false }`
[INFO] [stdout] 1a45bf3b0e650cc7edb5c7fdccf1686b326c85a7d30fa86ac74b65c82bcd6dbd
[INFO] running `Command { std: "docker" "create" "-v" "/var/lib/crater-agent-workspace/builds/worker-5-tc2/target:/opt/rustwide/target:rw,Z" "-v" "/var/lib/crater-agent-workspace/builds/worker-5-tc2/source:/opt/rustwide/workdir:ro,Z" "-v" "/var/lib/crater-agent-workspace/cargo-home:/opt/rustwide/cargo-home:ro,Z" "-v" "/var/lib/crater-agent-workspace/rustup-home:/opt/rustwide/rustup-home:ro,Z" "-e" "SOURCE_DIR=/opt/rustwide/workdir" "-e" "CARGO_TARGET_DIR=/opt/rustwide/target" "-e" "CARGO_INCREMENTAL=0" "-e" "RUST_BACKTRACE=full" "-e" "RUSTFLAGS=--cap-lints=warn" "-e" "RUSTDOCFLAGS=--cap-lints=warn" "-e" "CARGO_HOME=/opt/rustwide/cargo-home" "-e" "RUSTUP_HOME=/opt/rustwide/rustup-home" "-w" "/opt/rustwide/workdir" "-m" "1610612736" "--user" "0:0" "--network" "none" "ghcr.io/rust-lang/crates-build-env/linux@sha256:5ff2268d62e97bff2cde7d5815dd6ed5b47097566f13b8d0ca110b04b60e07ed" "/opt/rustwide/cargo-home/bin/cargo" "+beta-2023-04-20" "test" "--frozen" "--no-run" "--message-format=json", kill_on_drop: false }`
[INFO] [stdout] 0ce789ebf10e67bcdeba7a4219960860705c9bb4b640323d51ac805fb1eed3b5
[INFO] running `Command { std: "docker" "start" "-a" "0ce789ebf10e67bcdeba7a4219960860705c9bb4b640323d51ac805fb1eed3b5", kill_on_drop: false }`
[INFO] [stderr]    Compiling unicode-ident v1.0.8
[INFO] [stderr]    Compiling proc-macro2 v1.0.56
[INFO] [stderr]    Compiling quote v1.0.26
[INFO] [stderr]    Compiling serde v1.0.160
[INFO] [stderr]    Compiling serde_derive v1.0.160
[INFO] [stderr]    Compiling serde_json v1.0.96
[INFO] [stderr]    Compiling trybuild v1.0.80
[INFO] [stderr]    Compiling syn v1.0.109
[INFO] [stderr]    Compiling itoa v1.0.6
[INFO] [stderr]    Compiling ryu v1.0.13
[INFO] [stderr]    Compiling termcolor v1.2.0
[INFO] [stderr]    Compiling once_cell v1.17.1
[INFO] [stderr]    Compiling glob v0.3.1
[INFO] [stderr]    Compiling syn v2.0.15
[INFO] [stderr]    Compiling cleu-orm-derive v0.1.0 (/opt/rustwide/workdir)
[INFO] [stderr]    Compiling basic-toml v0.1.2
[INFO] [stderr]     Finished test [unoptimized + debuginfo] target(s) in 26.91s
[INFO] running `Command { std: "docker" "inspect" "0ce789ebf10e67bcdeba7a4219960860705c9bb4b640323d51ac805fb1eed3b5", kill_on_drop: false }`
[INFO] running `Command { std: "docker" "rm" "-f" "0ce789ebf10e67bcdeba7a4219960860705c9bb4b640323d51ac805fb1eed3b5", kill_on_drop: false }`
[INFO] [stdout] 0ce789ebf10e67bcdeba7a4219960860705c9bb4b640323d51ac805fb1eed3b5
[INFO] running `Command { std: "docker" "create" "-v" "/var/lib/crater-agent-workspace/builds/worker-5-tc2/target:/opt/rustwide/target:rw,Z" "-v" "/var/lib/crater-agent-workspace/builds/worker-5-tc2/source:/opt/rustwide/workdir:ro,Z" "-v" "/var/lib/crater-agent-workspace/cargo-home:/opt/rustwide/cargo-home:ro,Z" "-v" "/var/lib/crater-agent-workspace/rustup-home:/opt/rustwide/rustup-home:ro,Z" "-e" "SOURCE_DIR=/opt/rustwide/workdir" "-e" "CARGO_TARGET_DIR=/opt/rustwide/target" "-e" "CARGO_INCREMENTAL=0" "-e" "RUST_BACKTRACE=full" "-e" "RUSTFLAGS=--cap-lints=warn" "-e" "RUSTDOCFLAGS=--cap-lints=warn" "-e" "CARGO_HOME=/opt/rustwide/cargo-home" "-e" "RUSTUP_HOME=/opt/rustwide/rustup-home" "-w" "/opt/rustwide/workdir" "-m" "1610612736" "--user" "0:0" "--network" "none" "ghcr.io/rust-lang/crates-build-env/linux@sha256:5ff2268d62e97bff2cde7d5815dd6ed5b47097566f13b8d0ca110b04b60e07ed" "/opt/rustwide/cargo-home/bin/cargo" "+beta-2023-04-20" "test" "--frozen", kill_on_drop: false }`
[INFO] [stdout] b6d7f91724c9a81508d31f12b8035b39993421501163725a63e14d0cf4dc461f
[INFO] running `Command { std: "docker" "start" "-a" "b6d7f91724c9a81508d31f12b8035b39993421501163725a63e14d0cf4dc461f", kill_on_drop: false }`
[INFO] [stderr]     Finished test [unoptimized + debuginfo] target(s) in 0.02s
[INFO] [stderr]      Running unittests src/lib.rs (/opt/rustwide/target/debug/deps/cleu_orm_derive-ca28640d2b8ca2b5)
[INFO] [stdout] 
[INFO] [stdout] running 0 tests
[INFO] [stdout] 
[INFO] [stdout] test result: ok. 0 passed; 0 failed; 0 ignored; 0 measured; 0 filtered out; finished in 0.00s
[INFO] [stderr]      Running tests/tests.rs (/opt/rustwide/target/debug/deps/tests-d8ef904ad3a25ae4)
[INFO] [stdout] 
[INFO] [stdout] 
[INFO] [stdout] running 1 test
[INFO] [stderr]    Compiling proc-macro2 v1.0.56
[INFO] [stderr]    Compiling quote v1.0.26
[INFO] [stderr]    Compiling syn v1.0.109
[INFO] [stderr]    Compiling unicode-ident v1.0.8
[INFO] [stderr]    Compiling cleu-orm-derive v0.1.0 (/opt/rustwide/workdir)
[INFO] [stderr]    Compiling cleu-orm-derive-tests v0.0.0 (/opt/rustwide/target/tests/trybuild/cleu-orm-derive)
[INFO] [stderr]     Finished dev [unoptimized + debuginfo] target(s) in 8.30s
[INFO] [stderr] 
[INFO] [stderr] 
[INFO] [stderr] test tests/fail/non-named-fiels.rs [should fail to compile] ... mismatch
[INFO] [stderr] 
[INFO] [stderr] EXPECTED:
[INFO] [stderr] ┈┈┈┈┈┈┈┈┈┈┈┈┈┈┈┈┈┈┈┈┈┈┈┈┈┈┈┈┈┈┈┈┈┈┈┈┈┈┈┈┈┈┈┈┈┈┈┈┈┈┈┈┈┈┈┈┈┈┈┈
[INFO] [stderr] error: Table element must be a structure with named fields
[INFO] [stderr]  --> tests/fail/non-named-fiels.rs:3:1
[INFO] [stderr]   |
[INFO] [stderr] 3 | pub struct Foo(i32);
[INFO] [stderr]   | ^^^^^^^^^^^^^^^^^^^^
[INFO] [stderr] ┈┈┈┈┈┈┈┈┈┈┈┈┈┈┈┈┈┈┈┈┈┈┈┈┈┈┈┈┈┈┈┈┈┈┈┈┈┈┈┈┈┈┈┈┈┈┈┈┈┈┈┈┈┈┈┈┈┈┈┈
[INFO] [stderr] 
[INFO] [stderr] ACTUAL OUTPUT:
[INFO] [stderr] ┈┈┈┈┈┈┈┈┈┈┈┈┈┈┈┈┈┈┈┈┈┈┈┈┈┈┈┈┈┈┈┈┈┈┈┈┈┈┈┈┈┈┈┈┈┈┈┈┈┈┈┈┈┈┈┈┈┈┈┈
[INFO] [stderr] error: Table element must be a structure with named fields
[INFO] [stderr]  --> tests/fail/non-named-fiels.rs:3:1
[INFO] [stderr]   |
[INFO] [stderr] 3 | pub struct Foo(i32);
[INFO] [stderr]   | ^^^
[INFO] [stderr] ┈┈┈┈┈┈┈┈┈┈┈┈┈┈┈┈┈┈┈┈┈┈┈┈┈┈┈┈┈┈┈┈┈┈┈┈┈┈┈┈┈┈┈┈┈┈┈┈┈┈┈┈┈┈┈┈┈┈┈┈
[INFO] [stderr] note: If the actual output is the correct output you can bless it by rerunning
[INFO] [stderr]       your test with the environment variable TRYBUILD=overwrite
[INFO] [stderr] 
[INFO] [stderr] test tests/pass/accepts-custom-error.rs [should pass] ... error
[INFO] [stderr] ┈┈┈┈┈┈┈┈┈┈┈┈┈┈┈┈┈┈┈┈┈┈┈┈┈┈┈┈┈┈┈┈┈┈┈┈┈┈┈┈┈┈┈┈┈┈┈┈┈┈┈┈┈┈┈┈┈┈┈┈
[INFO] [stderr] error[E0433]: failed to resolve: use of undeclared crate or module `cleu_orm`
[INFO] [stderr]  --> tests/pass/accepts-custom-error.rs:6:11
[INFO] [stderr]   |
[INFO] [stderr] 6 | impl From<cleu_orm::Error> for Error {
[INFO] [stderr]   |           ^^^^^^^^ use of undeclared crate or module `cleu_orm`
[INFO] [stderr] 
[INFO] [stderr] error[E0433]: failed to resolve: use of undeclared crate or module `cleu_orm`
[INFO] [stderr]  --> tests/pass/accepts-custom-error.rs:7:14
[INFO] [stderr]   |
[INFO] [stderr] 7 |   fn from(_: cleu_orm::Error) -> Self {
[INFO] [stderr]   |              ^^^^^^^^ use of undeclared crate or module `cleu_orm`
[INFO] [stderr] 
[INFO] [stderr] error[E0433]: failed to resolve: use of undeclared crate or module `cleu_orm`
[INFO] [stderr]   --> tests/pass/accepts-custom-error.rs:12:17
[INFO] [stderr]    |
[INFO] [stderr] 12 | #[derive(Debug, cleu_orm_derive::TableParams)]
[INFO] [stderr]    |                 ^^^^^^^^^^^^^^^^^^^^^^^^^^^^ use of undeclared crate or module `cleu_orm`
[INFO] [stderr]    |
[INFO] [stderr]    = note: this error originates in the derive macro `cleu_orm_derive::TableParams` (in Nightly builds, run with -Z macro-backtrace for more info)
[INFO] [stderr] 
[INFO] [stderr] error[E0433]: failed to resolve: use of undeclared crate or module `cleu_orm`
[INFO] [stderr]   --> tests/pass/accepts-custom-error.rs:12:17
[INFO] [stderr]    |
[INFO] [stderr] 12 | #[derive(Debug, cleu_orm_derive::TableParams)]
[INFO] [stderr]    |                 ^^^^^^^^^^^^^^^^^^^^^^^^^^^^ use of undeclared crate or module `cleu_orm`
[INFO] [stderr]    |
[INFO] [stderr]    = note: this error originates in the derive macro `cleu_orm_derive::TableParams` (in Nightly builds, run with -Z macro-backtrace for more info)
[INFO] [stderr] help: consider importing this struct
[INFO] [stderr]    |
[INFO] [stderr] 1  + use syn::Field;
[INFO] [stderr]    |
[INFO] [stderr] help: if you import `Field`, refer to it directly
[INFO] [stderr]    |
[INFO] [stderr] 12 | #[derive(Debug, cleu_orm_derive::TableParams)]
[INFO] [stderr]    |
[INFO] [stderr] ┈┈┈┈┈┈┈┈┈┈┈┈┈┈┈┈┈┈┈┈┈┈┈┈┈┈┈┈┈┈┈┈┈┈┈┈┈┈┈┈┈┈┈┈┈┈┈┈┈┈┈┈┈┈┈┈┈┈┈┈
[INFO] [stderr] 
[INFO] [stderr] test tests/pass/derive-implements-expected-structures.rs [should pass] ... error
[INFO] [stderr] ┈┈┈┈┈┈┈┈┈┈┈┈┈┈┈┈┈┈┈┈┈┈┈┈┈┈┈┈┈┈┈┈┈┈┈┈┈┈┈┈┈┈┈┈┈┈┈┈┈┈┈┈┈┈┈┈┈┈┈┈
[INFO] [stderr] error[E0432]: unresolved import `cleu_orm`
[INFO] [stderr]  --> tests/pass/derive-implements-expected-structures.rs:1:5
[INFO] [stderr]   |
[INFO] [stderr] 1 | use cleu_orm::TableParams;
[INFO] [stderr]   |     ^^^^^^^^ use of undeclared crate or module `cleu_orm`
[INFO] [stderr] 
[INFO] [stderr] error[E0433]: failed to resolve: use of undeclared crate or module `cleu_orm`
[INFO] [stderr]  --> tests/pass/derive-implements-expected-structures.rs:3:17
[INFO] [stderr]   |
[INFO] [stderr] 3 | #[derive(Debug, cleu_orm_derive::TableParams)]
[INFO] [stderr]   |                 ^^^^^^^^^^^^^^^^^^^^^^^^^^^^ use of undeclared crate or module `cleu_orm`
[INFO] [stderr]   |
[INFO] [stderr]   = note: this error originates in the derive macro `cleu_orm_derive::TableParams` (in Nightly builds, run with -Z macro-backtrace for more info)
[INFO] [stderr] 
[INFO] [stderr] error[E0433]: failed to resolve: use of undeclared crate or module `cleu_orm`
[INFO] [stderr]  --> tests/pass/derive-implements-expected-structures.rs:9:17
[INFO] [stderr]   |
[INFO] [stderr] 9 | #[derive(Debug, cleu_orm_derive::TableParams)]pub struct Bar {
[INFO] [stderr]   |                 ^^^^^^^^^^^^^^^^^^^^^^^^^^^^ use of undeclared crate or module `cleu_orm`
[INFO] [stderr]   |
[INFO] [stderr]   = note: this error originates in the derive macro `cleu_orm_derive::TableParams` (in Nightly builds, run with -Z macro-backtrace for more info)
[INFO] [stderr] 
[INFO] [stderr] error[E0433]: failed to resolve: use of undeclared crate or module `cleu_orm`
[INFO] [stderr]  --> tests/pass/derive-implements-expected-structures.rs:3:17
[INFO] [stderr]   |
[INFO] [stderr] 3 | #[derive(Debug, cleu_orm_derive::TableParams)]
[INFO] [stderr]   |                 ^^^^^^^^^^^^^^^^^^^^^^^^^^^^ use of undeclared crate or module `cleu_orm`
[INFO] [stderr]   |
[INFO] [stderr]   = note: this error originates in the derive macro `cleu_orm_derive::TableParams` (in Nightly builds, run with -Z macro-backtrace for more info)
[INFO] [stderr] help: consider importing this struct
[INFO] [stderr]   |
[INFO] [stderr] 1 + use syn::Field;
[INFO] [stderr]   |
[INFO] [stderr] help: if you import `Field`, refer to it directly
[INFO] [stderr]   |
[INFO] [stderr] 3 | #[derive(Debug, cleu_orm_derive::TableParams)]
[INFO] [stderr]   |
[INFO] [stderr] 
[INFO] [stderr] error[E0433]: failed to resolve: use of undeclared crate or module `cleu_orm`
[INFO] [stderr]  --> tests/pass/derive-implements-expected-structures.rs:9:17
[INFO] [stderr]   |
[INFO] [stderr] 9 | #[derive(Debug, cleu_orm_derive::TableParams)]pub struct Bar {
[INFO] [stderr]   |                 ^^^^^^^^^^^^^^^^^^^^^^^^^^^^ use of undeclared crate or module `cleu_orm`
[INFO] [stderr]   |
[INFO] [stderr]   = note: this error originates in the derive macro `cleu_orm_derive::TableParams` (in Nightly builds, run with -Z macro-backtrace for more info)
[INFO] [stderr] help: consider importing this struct
[INFO] [stderr]   |
[INFO] [stderr] 1 + use syn::Field;
[INFO] [stderr]   |
[INFO] [stderr] help: if you import `Field`, refer to it directly
[INFO] [stderr]   |
[INFO] [stderr] 9 | #[derive(Debug, cleu_orm_derive::TableParams)]pub struct Bar {
[INFO] [stderr]   |
[INFO] [stderr] ┈┈┈┈┈┈┈┈┈┈┈┈┈┈┈┈┈┈┈┈┈┈┈┈┈┈┈┈┈┈┈┈┈┈┈┈┈┈┈┈┈┈┈┈┈┈┈┈┈┈┈┈┈┈┈┈┈┈┈┈
[INFO] [stderr] 
[INFO] [stderr] test tests/pass/table-group-changes-table-definitions.rs [should pass] ... error
[INFO] [stderr] ┈┈┈┈┈┈┈┈┈┈┈┈┈┈┈┈┈┈┈┈┈┈┈┈┈┈┈┈┈┈┈┈┈┈┈┈┈┈┈┈┈┈┈┈┈┈┈┈┈┈┈┈┈┈┈┈┈┈┈┈
[INFO] [stderr] error[E0432]: unresolved import `cleu_orm`
[INFO] [stderr]  --> tests/pass/table-group-changes-table-definitions.rs:1:5
[INFO] [stderr]   |
[INFO] [stderr] 1 | use cleu_orm::TableParams;
[INFO] [stderr]   |     ^^^^^^^^ use of undeclared crate or module `cleu_orm`
[INFO] [stderr] 
[INFO] [stderr] error[E0433]: failed to resolve: use of undeclared crate or module `cleu_orm`
[INFO] [stderr]  --> tests/pass/table-group-changes-table-definitions.rs:3:17
[INFO] [stderr]   |
[INFO] [stderr] 3 | #[derive(Debug, cleu_orm_derive::TableParams)]
[INFO] [stderr]   |                 ^^^^^^^^^^^^^^^^^^^^^^^^^^^^ use of undeclared crate or module `cleu_orm`
[INFO] [stderr]   |
[INFO] [stderr]   = note: this error originates in the derive macro `cleu_orm_derive::TableParams` (in Nightly builds, run with -Z macro-backtrace for more info)
[INFO] [stderr] 
[INFO] [stderr] error[E0433]: failed to resolve: use of undeclared crate or module `cleu_orm`
[INFO] [stderr]  --> tests/pass/table-group-changes-table-definitions.rs:3:17
[INFO] [stderr]   |
[INFO] [stderr] 3 | #[derive(Debug, cleu_orm_derive::TableParams)]
[INFO] [stderr]   |                 ^^^^^^^^^^^^^^^^^^^^^^^^^^^^ use of undeclared crate or module `cleu_orm`
[INFO] [stderr]   |
[INFO] [stderr]   = note: this error originates in the derive macro `cleu_orm_derive::TableParams` (in Nightly builds, run with -Z macro-backtrace for more info)
[INFO] [stderr] help: consider importing this struct
[INFO] [stderr]   |
[INFO] [stderr] 1 + use syn::Field;
[INFO] [stderr]   |
[INFO] [stderr] help: if you import `Field`, refer to it directly
[INFO] [stderr]   |
[INFO] [stderr] 3 | #[derive(Debug, cleu_orm_derive::TableParams)]
[INFO] [stderr]   |
[INFO] [stderr] ┈┈┈┈┈┈┈┈┈┈┈┈┈┈┈┈┈┈┈┈┈┈┈┈┈┈┈┈┈┈┈┈┈┈┈┈┈┈┈┈┈┈┈┈┈┈┈┈┈┈┈┈┈┈┈┈┈┈┈┈
[INFO] [stderr] 
[INFO] [stderr] 
[INFO] [stderr] 
[INFO] [stdout] test tests ... FAILED
[INFO] [stdout] 
[INFO] [stdout] failures:
[INFO] [stdout] 
[INFO] [stdout] ---- tests stdout ----
[INFO] [stdout] thread 'tests' panicked at '4 of 4 tests failed', /opt/rustwide/cargo-home/registry/src/index.crates.io-6f17d22bba15001f/trybuild-1.0.80/src/run.rs:101:13
[INFO] [stdout] stack backtrace:
[INFO] [stdout]    0:     0x557f4a4c78aa - std::backtrace_rs::backtrace::libunwind::trace::h2f05d0192276a8f6
[INFO] [stdout]                                at /rustc/1b7dd2252b99671ce5d1cb9664c5f8636329436d/library/std/src/../../backtrace/src/backtrace/libunwind.rs:93:5
[INFO] [stdout]    1:     0x557f4a4c78aa - std::backtrace_rs::backtrace::trace_unsynchronized::hedc23dff7a1af150
[INFO] [stdout]                                at /rustc/1b7dd2252b99671ce5d1cb9664c5f8636329436d/library/std/src/../../backtrace/src/backtrace/mod.rs:66:5
[INFO] [stdout]    2:     0x557f4a4c78aa - std::sys_common::backtrace::_print_fmt::h17541ef7592f3ce2
[INFO] [stdout]                                at /rustc/1b7dd2252b99671ce5d1cb9664c5f8636329436d/library/std/src/sys_common/backtrace.rs:65:5
[INFO] [stdout]    3:     0x557f4a4c78aa - <std::sys_common::backtrace::_print::DisplayBacktrace as core::fmt::Display>::fmt::h20f75df5ab0c0792
[INFO] [stdout]                                at /rustc/1b7dd2252b99671ce5d1cb9664c5f8636329436d/library/std/src/sys_common/backtrace.rs:44:22
[INFO] [stdout]    4:     0x557f4a4edbef - core::fmt::write::h78109e6f466b3af6
[INFO] [stdout]                                at /rustc/1b7dd2252b99671ce5d1cb9664c5f8636329436d/library/core/src/fmt/mod.rs:1254:17
[INFO] [stdout]    5:     0x557f4a4c3e35 - std::io::Write::write_fmt::hd24bfb68a1b35a25
[INFO] [stdout]                                at /rustc/1b7dd2252b99671ce5d1cb9664c5f8636329436d/library/std/src/io/mod.rs:1698:15
[INFO] [stdout]    6:     0x557f4a4c7675 - std::sys_common::backtrace::_print::h8dac57a9f8fbf9a5
[INFO] [stdout]                                at /rustc/1b7dd2252b99671ce5d1cb9664c5f8636329436d/library/std/src/sys_common/backtrace.rs:47:5
[INFO] [stdout]    7:     0x557f4a4c7675 - std::sys_common::backtrace::print::hf9ecbf41d1aa712f
[INFO] [stdout]                                at /rustc/1b7dd2252b99671ce5d1cb9664c5f8636329436d/library/std/src/sys_common/backtrace.rs:34:9
[INFO] [stdout]    8:     0x557f4a4c932e - std::panicking::default_hook::{{closure}}::h04c07acfc84ca028
[INFO] [stdout]                                at /rustc/1b7dd2252b99671ce5d1cb9664c5f8636329436d/library/std/src/panicking.rs:269:22
[INFO] [stdout]    9:     0x557f4a4c9061 - std::panicking::default_hook::h01f6bb23e1eceb2c
[INFO] [stdout]                                at /rustc/1b7dd2252b99671ce5d1cb9664c5f8636329436d/library/std/src/panicking.rs:285:9
[INFO] [stdout]   10:     0x557f4a49ab3b - <alloc::boxed::Box<F,A> as core::ops::function::Fn<Args>>::call::h87fe9f7b2fd49e4c
[INFO] [stdout]                                at /rustc/1b7dd2252b99671ce5d1cb9664c5f8636329436d/library/alloc/src/boxed.rs:1987:9
[INFO] [stdout]   11:     0x557f4a49ab3b - test::test_main::{{closure}}::he94d679243a7531b
[INFO] [stdout]                                at /rustc/1b7dd2252b99671ce5d1cb9664c5f8636329436d/library/test/src/lib.rs:134:21
[INFO] [stdout]   12:     0x557f4a4c9a14 - <alloc::boxed::Box<F,A> as core::ops::function::Fn<Args>>::call::h3f2d6d8b14c4769f
[INFO] [stdout]                                at /rustc/1b7dd2252b99671ce5d1cb9664c5f8636329436d/library/alloc/src/boxed.rs:1987:9
[INFO] [stdout]   13:     0x557f4a4c9a14 - std::panicking::rust_panic_with_hook::h2bb3722bbaf2f6df
[INFO] [stdout]                                at /rustc/1b7dd2252b99671ce5d1cb9664c5f8636329436d/library/std/src/panicking.rs:695:13
[INFO] [stdout]   14:     0x557f4a4c9789 - std::panicking::begin_panic_handler::{{closure}}::h91bc7f36a4be011b
[INFO] [stdout]                                at /rustc/1b7dd2252b99671ce5d1cb9664c5f8636329436d/library/std/src/panicking.rs:582:13
[INFO] [stdout]   15:     0x557f4a4c7d16 - std::sys_common::backtrace::__rust_end_short_backtrace::h8b3d3717114f9e59
[INFO] [stdout]                                at /rustc/1b7dd2252b99671ce5d1cb9664c5f8636329436d/library/std/src/sys_common/backtrace.rs:150:18
[INFO] [stdout]   16:     0x557f4a4c94e2 - rust_begin_unwind
[INFO] [stdout]                                at /rustc/1b7dd2252b99671ce5d1cb9664c5f8636329436d/library/std/src/panicking.rs:578:5
[INFO] [stdout]   17:     0x557f4a275e73 - core::panicking::panic_fmt::hfd368e3fbdabea26
[INFO] [stdout]                                at /rustc/1b7dd2252b99671ce5d1cb9664c5f8636329436d/library/core/src/panicking.rs:67:14
[INFO] [stdout]   18:     0x557f4a2d75d7 - trybuild::run::<impl trybuild::Runner>::run::h91f6c3005e74ac7a
[INFO] [stdout]                                at /opt/rustwide/cargo-home/registry/src/index.crates.io-6f17d22bba15001f/trybuild-1.0.80/src/run.rs:101:13
[INFO] [stdout]   19:     0x557f4a2dce4a - <trybuild::TestCases as core::ops::drop::Drop>::drop::h6931fefefcbcb0df
[INFO] [stdout]                                at /opt/rustwide/cargo-home/registry/src/index.crates.io-6f17d22bba15001f/trybuild-1.0.80/src/lib.rs:315:13
[INFO] [stdout]   20:     0x557f4a277807 - core::ptr::drop_in_place<trybuild::TestCases>::h74afcf6352e7740a
[INFO] [stdout]                                at /rustc/1b7dd2252b99671ce5d1cb9664c5f8636329436d/library/core/src/ptr/mod.rs:490:1
[INFO] [stdout]   21:     0x557f4a2776cb - tests::tests::he67ac42330266813
[INFO] [stdout]                                at /opt/rustwide/workdir/tests/tests.rs:6:1
[INFO] [stdout]   22:     0x557f4a277647 - tests::tests::{{closure}}::h6450beb87201c559
[INFO] [stdout]                                at /opt/rustwide/workdir/tests/tests.rs:2:12
[INFO] [stdout]   23:     0x557f4a277765 - core::ops::function::FnOnce::call_once::h20a2bb0d49ba117c
[INFO] [stdout]                                at /rustc/1b7dd2252b99671ce5d1cb9664c5f8636329436d/library/core/src/ops/function.rs:250:5
[INFO] [stdout]   24:     0x557f4a49fa0f - core::ops::function::FnOnce::call_once::ha6a70e79f7481a7e
[INFO] [stdout]                                at /rustc/1b7dd2252b99671ce5d1cb9664c5f8636329436d/library/core/src/ops/function.rs:250:5
[INFO] [stdout]   25:     0x557f4a49fa0f - test::__rust_begin_short_backtrace::hce33033019b61e69
[INFO] [stdout]                                at /rustc/1b7dd2252b99671ce5d1cb9664c5f8636329436d/library/test/src/lib.rs:655:18
[INFO] [stdout]   26:     0x557f4a46d1fc - test::run_test::{{closure}}::h858d3528838ae3e5
[INFO] [stdout]                                at /rustc/1b7dd2252b99671ce5d1cb9664c5f8636329436d/library/test/src/lib.rs:646:30
[INFO] [stdout]   27:     0x557f4a46d1fc - core::ops::function::FnOnce::call_once{{vtable.shim}}::he8ac2b00f01ae79e
[INFO] [stdout]                                at /rustc/1b7dd2252b99671ce5d1cb9664c5f8636329436d/library/core/src/ops/function.rs:250:5
[INFO] [stdout]   28:     0x557f4a49eae6 - <alloc::boxed::Box<F,A> as core::ops::function::FnOnce<Args>>::call_once::h8093d25b522725ef
[INFO] [stdout]                                at /rustc/1b7dd2252b99671ce5d1cb9664c5f8636329436d/library/alloc/src/boxed.rs:1973:9
[INFO] [stdout]   29:     0x557f4a49eae6 - <core::panic::unwind_safe::AssertUnwindSafe<F> as core::ops::function::FnOnce<()>>::call_once::h5c334c204e4a3913
[INFO] [stdout]                                at /rustc/1b7dd2252b99671ce5d1cb9664c5f8636329436d/library/core/src/panic/unwind_safe.rs:271:9
[INFO] [stdout]   30:     0x557f4a49eae6 - std::panicking::try::do_call::ha8b740c7b9478074
[INFO] [stdout]                                at /rustc/1b7dd2252b99671ce5d1cb9664c5f8636329436d/library/std/src/panicking.rs:485:40
[INFO] [stdout]   31:     0x557f4a49eae6 - std::panicking::try::h5d34f63d0e41b64e
[INFO] [stdout]                                at /rustc/1b7dd2252b99671ce5d1cb9664c5f8636329436d/library/std/src/panicking.rs:449:19
[INFO] [stdout]   32:     0x557f4a49eae6 - std::panic::catch_unwind::hcfbb511e1aa7fc67
[INFO] [stdout]                                at /rustc/1b7dd2252b99671ce5d1cb9664c5f8636329436d/library/std/src/panic.rs:140:14
[INFO] [stdout]   33:     0x557f4a49eae6 - test::run_test_in_process::h9abda90f802eaf21
[INFO] [stdout]                                at /rustc/1b7dd2252b99671ce5d1cb9664c5f8636329436d/library/test/src/lib.rs:678:27
[INFO] [stdout]   34:     0x557f4a49eae6 - test::run_test::run_test_inner::{{closure}}::h0f058de91f6c6edf
[INFO] [stdout]                                at /rustc/1b7dd2252b99671ce5d1cb9664c5f8636329436d/library/test/src/lib.rs:572:39
[INFO] [stdout]   35:     0x557f4a467a05 - test::run_test::run_test_inner::{{closure}}::h5ca48a4c59c6c1fb
[INFO] [stdout]                                at /rustc/1b7dd2252b99671ce5d1cb9664c5f8636329436d/library/test/src/lib.rs:599:37
[INFO] [stdout]   36:     0x557f4a467a05 - std::sys_common::backtrace::__rust_begin_short_backtrace::h32bd51e1495d4a33
[INFO] [stdout]                                at /rustc/1b7dd2252b99671ce5d1cb9664c5f8636329436d/library/std/src/sys_common/backtrace.rs:134:18
[INFO] [stdout]   37:     0x557f4a46cf41 - std::thread::Builder::spawn_unchecked_::{{closure}}::{{closure}}::hc086fae9b128b2db
[INFO] [stdout]                                at /rustc/1b7dd2252b99671ce5d1cb9664c5f8636329436d/library/std/src/thread/mod.rs:526:17
[INFO] [stdout]   38:     0x557f4a46cf41 - <core::panic::unwind_safe::AssertUnwindSafe<F> as core::ops::function::FnOnce<()>>::call_once::hb66571888d270d43
[INFO] [stdout]                                at /rustc/1b7dd2252b99671ce5d1cb9664c5f8636329436d/library/core/src/panic/unwind_safe.rs:271:9
[INFO] [stdout]   39:     0x557f4a46cf41 - std::panicking::try::do_call::h4fa2ef4f6e51fecf
[INFO] [stdout]                                at /rustc/1b7dd2252b99671ce5d1cb9664c5f8636329436d/library/std/src/panicking.rs:485:40
[INFO] [stdout]   40:     0x557f4a46cf41 - std::panicking::try::h1e9e22b8584489b5
[INFO] [stdout]                                at /rustc/1b7dd2252b99671ce5d1cb9664c5f8636329436d/library/std/src/panicking.rs:449:19
[INFO] [stdout]   41:     0x557f4a46cf41 - std::panic::catch_unwind::h44698a3de0e0769e
[INFO] [stdout]                                at /rustc/1b7dd2252b99671ce5d1cb9664c5f8636329436d/library/std/src/panic.rs:140:14
[INFO] [stdout]   42:     0x557f4a46cf41 - std::thread::Builder::spawn_unchecked_::{{closure}}::h50153abde3fe239e
[INFO] [stdout]                                at /rustc/1b7dd2252b99671ce5d1cb9664c5f8636329436d/library/std/src/thread/mod.rs:525:30
[INFO] [stdout]   43:     0x557f4a46cf41 - core::ops::function::FnOnce::call_once{{vtable.shim}}::hbe5bbf6f38394364
[INFO] [stdout]                                at /rustc/1b7dd2252b99671ce5d1cb9664c5f8636329436d/library/core/src/ops/function.rs:250:5
[INFO] [stdout]   44:     0x557f4a4cee65 - <alloc::boxed::Box<F,A> as core::ops::function::FnOnce<Args>>::call_once::h0d83cb2920a49046
[INFO] [stdout]                                at /rustc/1b7dd2252b99671ce5d1cb9664c5f8636329436d/library/alloc/src/boxed.rs:1973:9
[INFO] [stdout]   45:     0x557f4a4cee65 - <alloc::boxed::Box<F,A> as core::ops::function::FnOnce<Args>>::call_once::hbe0a008aa7d9ef59
[INFO] [stdout]                                at /rustc/1b7dd2252b99671ce5d1cb9664c5f8636329436d/library/alloc/src/boxed.rs:1973:9
[INFO] [stdout]   46:     0x557f4a4cee65 - std::sys::unix::thread::Thread::new::thread_start::h3a466996bdf6b1f9
[INFO] [stdout]                                at /rustc/1b7dd2252b99671ce5d1cb9664c5f8636329436d/library/std/src/sys/unix/thread.rs:108:17
[INFO] [stdout]   47:     0x7fce10c54b43 - <unknown>
[INFO] [stdout]   48:     0x7fce10ce5bb4 - __clone
[INFO] [stdout]   49:                0x0 - <unknown>
[INFO] [stdout] 
[INFO] [stdout] 
[INFO] [stdout] failures:
[INFO] [stdout]     tests
[INFO] [stdout] 
[INFO] [stdout] test result: FAILED. 0 passed; 1 failed; 0 ignored; 0 measured; 0 filtered out; finished in 9.20s
[INFO] [stdout] 
[INFO] [stderr] error: test failed, to rerun pass `--test tests`
[INFO] running `Command { std: "docker" "inspect" "b6d7f91724c9a81508d31f12b8035b39993421501163725a63e14d0cf4dc461f", kill_on_drop: false }`
[INFO] running `Command { std: "docker" "rm" "-f" "b6d7f91724c9a81508d31f12b8035b39993421501163725a63e14d0cf4dc461f", kill_on_drop: false }`
[INFO] [stdout] b6d7f91724c9a81508d31f12b8035b39993421501163725a63e14d0cf4dc461f
